142.111.152.149 - - [15/May/2026:08:12:35 -0400] "POST /wp-login.php HTTP/1.1" 401 3404 "-" "Mozilla/5.0"
67.223.118.104 - - [15/May/2026:08:12:52 -0400] "POST /wp-cron.php?doing_wp_cron=1778847172.7369410991668701171875 HTTP/1.1" 200 0 "-" "WordPress/6.9.4; https://ayeshacloset.com"
142.111.152.152 - - [15/May/2026:08:12:35 -0400] "POST /wp-login.php HTTP/1.1" 401 3405 "-" "Mozilla/5.0"
67.223.118.104 - - [15/May/2026:08:21:47 -0400] "POST /wp-cron.php?doing_wp_cron=1778847707.3426580429077148437500 HTTP/1.1" 200 0 "-" "WordPress/6.9.4; https://ayeshacloset.com"
142.111.152.46 - - [15/May/2026:08:21:30 -0400] "POST /wp-login.php HTTP/1.1" 401 3404 "-" "Mozilla/5.0"
142.111.152.154 - - [15/May/2026:08:21:30 -0400] "POST /wp-login.php HTTP/1.1" 401 3406 "-" "Mozilla/5.0"
155.2.215.67 - - [15/May/2026:08:30:23 -0400] "POST /wp-login.php HTTP/1.1" 200 0 "-" "Mozilla/5.0"
155.2.215.57 - - [15/May/2026:08:30:24 -0400] "POST /wp-login.php HTTP/1.1" 200 0 "-" "Mozilla/5.0"
67.223.118.104 - - [15/May/2026:08:31:10 -0400] "POST /wp-cron.php?doing_wp_cron=1778848270.8383219242095947265625 HTTP/1.1" 200 0 "-" "WordPress/6.9.4; https://ayeshacloset.com"
67.223.118.104 - - [15/May/2026:08:31:10 -0400] "POST /wp-cron.php?doing_wp_cron=1778848270.8380420207977294921875 HTTP/1.1" 200 0 "-" "WordPress/6.9.4; https://ayeshacloset.com"
216.244.66.228 - - [15/May/2026:08:33:04 -0400] "GET /robots.txt HTTP/1.1" 200 269 "-" "Mozilla/5.0 (compatible; DotBot/1.2; +https://opensiteexplorer.org/dotbot; help@moz.com)"
83.37.156.107 - - [15/May/2026:08:36:40 -0400] "GET /product/ac0036 HTTP/1.1" 200 0 "-" "Mozilla/5.0 (Windows NT 10.0; Win64; x64) AppleWebKit/537.36 (KHTML, like Gecko) Chrome/103.0.0.0 Safari/537.36"
67.223.118.104 - - [15/May/2026:08:37:21 -0400] "POST /wp-cron.php?doing_wp_cron=1778848641.7471370697021484375000 HTTP/1.1" 200 0 "-" "WordPress/6.9.4; https://ayeshacloset.com"
14.226.213.176 - - [15/May/2026:08:37:13 -0400] "GET /product/ac0050?add-to-cart=51293 HTTP/1.1" 301 0 "-" "Mozilla/5.0 (Windows NT 10.0; Win64; x64) AppleWebKit/537.36 (KHTML, like Gecko) Chrome/131.0.0.0 Safari/537.36"
14.178.76.224 - - [15/May/2026:08:37:23 -0400] "GET /product/ac0050/?add-to-cart=51293 HTTP/1.1" 200 37517 "-" "Mozilla/5.0 (Windows NT 10.0; Win64; x64) AppleWebKit/537.36 (KHTML, like Gecko) Chrome/131.0.0.0 Safari/537.36"
159.223.180.51 - - [15/May/2026:08:37:25 -0400] "GET /https://cdn.xavia.me/images/2024/11/375448f458a94464b2fe37d6c150c99b-scaled-1.webp%201773w,%20https://ayeshacloset.com/https://cdn.xavia.me/images/2024/11/375448f458a94464b2fe37d6c150c99b-scaled-1-208x300.webp%20208w,%20https://ayeshacloset.com/https://cdn.xavia.me/images/2024/11/375448f458a94464b2fe37d6c150c99b-scaled-1-709x1024.webp%20709w,%20https://ayeshacloset.com/https://cdn.xavia.me/images/2024/11/375448f458a94464b2fe37d6c150c99b-scaled-1-768x1109.webp%20768w,%20https://ayeshacloset.com/https://cdn.xavia.me/images/2024/11/375448f458a94464b2fe37d6c150c99b-scaled-1-1064x1536.webp%201064w,%20https://ayeshacloset.com/https://cdn.xavia.me/images/2024/11/375448f458a94464b2fe37d6c150c99b-scaled-1-1418x2048.webp%201418w,%20https://ayeshacloset.com/https://cdn.xavia.me/images/2024/11/375448f458a94464b2fe37d6c150c99b-scaled-1-600x866.webp%20600w,%20https://ayeshacloset.com/https://cdn.xavia.me/images/2024/11/375448f458a94464b2fe37d6c150c99b-scaled-1-1000x1444.webp%201000w HTTP/1.1" 301 0 "https://ayeshacloset.com/" "Mozilla/5.0 (Windows NT 10.0; Win64; x64) AppleWebKit/537.36 (KHTML, like Gecko) Chrome/131.0.0.0 Safari/537.36"
159.223.180.51 - - [15/May/2026:08:37:27 -0400] "GET /https:/cdn.xavia.me/images/2024/11/375448f458a94464b2fe37d6c150c99b-scaled-1.webp%201773w,%20https:/ayeshacloset.com/https:/cdn.xavia.me/images/2024/11/375448f458a94464b2fe37d6c150c99b-scaled-1-208x300.webp%20208w,%20https:/ayeshacloset.com/https:/cdn.xavia.me/images/2024/11/375448f458a94464b2fe37d6c150c99b-scaled-1-709x1024.webp%20709w,%20https:/ayeshacloset.com/https:/cdn.xavia.me/images/2024/11/375448f458a94464b2fe37d6c150c99b-scaled-1-768x1109.webp%20768w,%20https:/ayeshacloset.com/https:/cdn.xavia.me/images/2024/11/375448f458a94464b2fe37d6c150c99b-scaled-1-1064x1536.webp%201064w,%20https:/ayeshacloset.com/https:/cdn.xavia.me/images/2024/11/375448f458a94464b2fe37d6c150c99b-scaled-1-1418x2048.webp%201418w,%20https:/ayeshacloset.com/https:/cdn.xavia.me/images/2024/11/375448f458a94464b2fe37d6c150c99b-scaled-1-600x866.webp%20600w,%20https:/ayeshacloset.com/https:/cdn.xavia.me/images/2024/11/375448f458a94464b2fe37d6c150c99b-scaled-1-1000x1444.webp%201000w HTTP/1.1" 404 23636 "https://ayeshacloset.com/" "Mozilla/5.0 (Windows NT 10.0; Win64; x64) AppleWebKit/537.36 (KHTML, like Gecko) Chrome/131.0.0.0 Safari/537.36"
113.168.83.180 - - [15/May/2026:08:37:32 -0400] "GET /https://cdn.xavia.me/images/2024/11/375448f458a94464b2fe37d6c150c99b-scaled-1.webp%201773w,%20https://ayeshacloset.com/https://cdn.xavia.me/images/2024/11/375448f458a94464b2fe37d6c150c99b-scaled-1-208x300.webp%20208w,%20https://ayeshacloset.com/https://cdn.xavia.me/images/2024/11/375448f458a94464b2fe37d6c150c99b-scaled-1-709x1024.webp%20709w,%20https://ayeshacloset.com/https://cdn.xavia.me/images/2024/11/375448f458a94464b2fe37d6c150c99b-scaled-1-768x1109.webp%20768w,%20https://ayeshacloset.com/https://cdn.xavia.me/images/2024/11/375448f458a94464b2fe37d6c150c99b-scaled-1-1064x1536.webp%201064w,%20https://ayeshacloset.com/https://cdn.xavia.me/images/2024/11/375448f458a94464b2fe37d6c150c99b-scaled-1-1418x2048.webp%201418w,%20https://ayeshacloset.com/https://cdn.xavia.me/images/2024/11/375448f458a94464b2fe37d6c150c99b-scaled-1-600x866.webp%20600w,%20https://ayeshacloset.com/https://cdn.xavia.me/images/2024/11/375448f458a94464b2fe37d6c150c99b-scaled-1-1000x1444.webp%201000w HTTP/1.1" 301 0 "https://ayeshacloset.com/" "Mozilla/5.0 (Windows NT 10.0; Win64; x64) AppleWebKit/537.36 (KHTML, like Gecko) Chrome/131.0.0.0 Safari/537.36"
14.167.121.143 - - [15/May/2026:08:37:34 -0400] "GET /https:/cdn.xavia.me/images/2024/11/375448f458a94464b2fe37d6c150c99b-scaled-1.webp%201773w,%20https:/ayeshacloset.com/https:/cdn.xavia.me/images/2024/11/375448f458a94464b2fe37d6c150c99b-scaled-1-208x300.webp%20208w,%20https:/ayeshacloset.com/https:/cdn.xavia.me/images/2024/11/375448f458a94464b2fe37d6c150c99b-scaled-1-709x1024.webp%20709w,%20https:/ayeshacloset.com/https:/cdn.xavia.me/images/2024/11/375448f458a94464b2fe37d6c150c99b-scaled-1-768x1109.webp%20768w,%20https:/ayeshacloset.com/https:/cdn.xavia.me/images/2024/11/375448f458a94464b2fe37d6c150c99b-scaled-1-1064x1536.webp%201064w,%20https:/ayeshacloset.com/https:/cdn.xavia.me/images/2024/11/375448f458a94464b2fe37d6c150c99b-scaled-1-1418x2048.webp%201418w,%20https:/ayeshacloset.com/https:/cdn.xavia.me/images/2024/11/375448f458a94464b2fe37d6c150c99b-scaled-1-600x866.webp%20600w,%20https:/ayeshacloset.com/https:/cdn.xavia.me/images/2024/11/375448f458a94464b2fe37d6c150c99b-scaled-1-1000x1444.webp%201000w HTTP/1.1" 404 23636 "https://ayeshacloset.com/" "Mozilla/5.0 (Windows NT 10.0; Win64; x64) AppleWebKit/537.36 (KHTML, like Gecko) Chrome/131.0.0.0 Safari/537.36"
150.129.23.26 - - [15/May/2026:08:37:34 -0400] "GET /product/ac0050?add-to-cart=51293 HTTP/1.1" 301 0 "-" "Mozilla/5.0 (Windows NT 10.0; Win64; x64) AppleWebKit/537.36 (KHTML, like Gecko) Chrome/124.0.0.0 Safari/537.36"
67.223.118.104 - - [15/May/2026:08:37:41 -0400] "POST /wp-cron.php?doing_wp_cron=1778848661.6350131034851074218750 HTTP/1.1" 200 0 "-" "WordPress/6.9.4; https://ayeshacloset.com"
202.51.69.196 - - [15/May/2026:08:37:37 -0400] "GET /product/ac0050/?add-to-cart=51293 HTTP/1.1" 200 37513 "https://ayeshacloset.com/product/ac0050?add-to-cart=51293" "Mozilla/5.0 (Windows NT 10.0; Win64; x64) AppleWebKit/537.36 (KHTML, like Gecko) Chrome/124.0.0.0 Safari/537.36"
142.111.152.50 - - [15/May/2026:08:39:13 -0400] "POST /wp-login.php HTTP/1.1" 401 3405 "-" "Mozilla/5.0"
67.223.118.104 - - [15/May/2026:08:39:34 -0400] "POST /wp-cron.php?doing_wp_cron=1778848774.4576809406280517578125 HTTP/1.1" 200 0 "-" "WordPress/6.9.4; https://ayeshacloset.com"
142.111.152.150 - - [15/May/2026:08:39:13 -0400] "POST /wp-login.php HTTP/1.1" 401 3404 "-" "Mozilla/5.0"
67.223.118.104 - - [15/May/2026:08:45:13 -0400] "POST /wp-cron.php?doing_wp_cron=1778849112.9784049987792968750000 HTTP/1.1" 200 0 "-" "WordPress/6.9.4; https://ayeshacloset.com"
216.244.66.228 - - [15/May/2026:08:44:58 -0400] "GET /product-category/women-2/bags/handbags/page/2/?orderby=menu_order HTTP/1.1" 200 160983 "-" "Mozilla/5.0 (compatible; DotBot/1.2; +https://opensiteexplorer.org/dotbot; help@moz.com)"
67.223.118.104 - - [15/May/2026:08:46:38 -0400] "POST /wp-cron.php?doing_wp_cron=1778849198.4347369670867919921875 HTTP/1.1" 200 0 "-" "WordPress/6.9.4; https://ayeshacloset.com"
137.184.143.142 - - [15/May/2026:08:46:36 -0400] "GET /https://cdn.xavia.me/images/2024/11/OUAD0016-3-600x600.png%20600w,%20https://ayeshacloset.com/https://cdn.xavia.me/images/2024/11/OUAD0016-3-300x300.png%20300w,%20https://ayeshacloset.com/https://cdn.xavia.me/images/2024/11/OUAD0016-3-1024x1024.png%201024w,%20https://ayeshacloset.com/https://cdn.xavia.me/images/2024/11/OUAD0016-3-150x150.png%20150w,%20https://ayeshacloset.com/https://cdn.xavia.me/images/2024/11/OUAD0016-3-768x768.png%20768w,%20https://ayeshacloset.com/https://cdn.xavia.me/images/2024/11/OUAD0016-3-500x500.png%20500w,%20https://ayeshacloset.com/https://cdn.xavia.me/images/2024/11/OUAD0016-3-1000x1000.png%201000w,%20https://ayeshacloset.com/https://cdn.xavia.me/images/2024/11/OUAD0016-3-100x100.png%20100w,%20https://ayeshacloset.com/https://cdn.xavia.me/images/2024/11/OUAD0016-3-96x96.png%2096w,%20https://ayeshacloset.com/https://cdn.xavia.me/images/2024/11/OUAD0016-3.png%201080w HTTP/1.1" 301 0 "https://ayeshacloset.com/" "Mozilla/5.0 (Windows NT 10.0; Win64; x64) AppleWebKit/537.36 (KHTML, like Gecko) Chrome/124.0.0.0 Safari/537.36"
137.184.143.142 - - [15/May/2026:08:46:39 -0400] "GET /https:/cdn.xavia.me/images/2024/11/OUAD0016-3-600x600.png%20600w,%20https:/ayeshacloset.com/https:/cdn.xavia.me/images/2024/11/OUAD0016-3-300x300.png%20300w,%20https:/ayeshacloset.com/https:/cdn.xavia.me/images/2024/11/OUAD0016-3-1024x1024.png%201024w,%20https:/ayeshacloset.com/https:/cdn.xavia.me/images/2024/11/OUAD0016-3-150x150.png%20150w,%20https:/ayeshacloset.com/https:/cdn.xavia.me/images/2024/11/OUAD0016-3-768x768.png%20768w,%20https:/ayeshacloset.com/https:/cdn.xavia.me/images/2024/11/OUAD0016-3-500x500.png%20500w,%20https:/ayeshacloset.com/https:/cdn.xavia.me/images/2024/11/OUAD0016-3-1000x1000.png%201000w,%20https:/ayeshacloset.com/https:/cdn.xavia.me/images/2024/11/OUAD0016-3-100x100.png%20100w,%20https:/ayeshacloset.com/https:/cdn.xavia.me/images/2024/11/OUAD0016-3-96x96.png%2096w,%20https:/ayeshacloset.com/https:/cdn.xavia.me/images/2024/11/OUAD0016-3.png%201080w HTTP/1.1" 404 23581 "https://ayeshacloset.com/" "Mozilla/5.0 (Windows NT 10.0; Win64; x64) AppleWebKit/537.36 (KHTML, like Gecko) Chrome/124.0.0.0 Safari/537.36"
14.240.201.204 - - [15/May/2026:08:46:44 -0400] "GET /https://cdn.xavia.me/images/2024/11/OUAD0016-3-600x600.png%20600w,%20https://ayeshacloset.com/https://cdn.xavia.me/images/2024/11/OUAD0016-3-300x300.png%20300w,%20https://ayeshacloset.com/https://cdn.xavia.me/images/2024/11/OUAD0016-3-1024x1024.png%201024w,%20https://ayeshacloset.com/https://cdn.xavia.me/images/2024/11/OUAD0016-3-150x150.png%20150w,%20https://ayeshacloset.com/https://cdn.xavia.me/images/2024/11/OUAD0016-3-768x768.png%20768w,%20https://ayeshacloset.com/https://cdn.xavia.me/images/2024/11/OUAD0016-3-500x500.png%20500w,%20https://ayeshacloset.com/https://cdn.xavia.me/images/2024/11/OUAD0016-3-1000x1000.png%201000w,%20https://ayeshacloset.com/https://cdn.xavia.me/images/2024/11/OUAD0016-3-100x100.png%20100w,%20https://ayeshacloset.com/https://cdn.xavia.me/images/2024/11/OUAD0016-3-96x96.png%2096w,%20https://ayeshacloset.com/https://cdn.xavia.me/images/2024/11/OUAD0016-3.png%201080w HTTP/1.1" 301 0 "https://ayeshacloset.com/" "Mozilla/5.0 (Windows NT 10.0; Win64; x64) AppleWebKit/537.36 (KHTML, like Gecko) Chrome/124.0.0.0 Safari/537.36"
14.233.10.5 - - [15/May/2026:08:46:45 -0400] "GET /https:/cdn.xavia.me/images/2024/11/OUAD0016-3-600x600.png%20600w,%20https:/ayeshacloset.com/https:/cdn.xavia.me/images/2024/11/OUAD0016-3-300x300.png%20300w,%20https:/ayeshacloset.com/https:/cdn.xavia.me/images/2024/11/OUAD0016-3-1024x1024.png%201024w,%20https:/ayeshacloset.com/https:/cdn.xavia.me/images/2024/11/OUAD0016-3-150x150.png%20150w,%20https:/ayeshacloset.com/https:/cdn.xavia.me/images/2024/11/OUAD0016-3-768x768.png%20768w,%20https:/ayeshacloset.com/https:/cdn.xavia.me/images/2024/11/OUAD0016-3-500x500.png%20500w,%20https:/ayeshacloset.com/https:/cdn.xavia.me/images/2024/11/OUAD0016-3-1000x1000.png%201000w,%20https:/ayeshacloset.com/https:/cdn.xavia.me/images/2024/11/OUAD0016-3-100x100.png%20100w,%20https:/ayeshacloset.com/https:/cdn.xavia.me/images/2024/11/OUAD0016-3-96x96.png%2096w,%20https:/ayeshacloset.com/https:/cdn.xavia.me/images/2024/11/OUAD0016-3.png%201080w HTTP/1.1" 404 23581 "https://ayeshacloset.com/" "Mozilla/5.0 (Windows NT 10.0; Win64; x64) AppleWebKit/537.36 (KHTML, like Gecko) Chrome/124.0.0.0 Safari/537.36"
142.111.152.151 - - [15/May/2026:08:48:04 -0400] "POST /wp-login.php HTTP/1.1" 401 3404 "-" "Mozilla/5.0"
67.223.118.104 - - [15/May/2026:08:48:07 -0400] "POST /wp-cron.php?doing_wp_cron=1778849287.9419250488281250000000 HTTP/1.1" 200 0 "-" "WordPress/6.9.4; https://ayeshacloset.com"
142.111.152.48 - - [15/May/2026:08:48:04 -0400] "POST /wp-login.php HTTP/1.1" 401 3404 "-" "Mozilla/5.0"
67.223.118.104 - - [15/May/2026:08:49:19 -0400] "POST /wp-cron.php?doing_wp_cron=1778849359.1446099281311035156250 HTTP/1.1" 200 0 "-" "WordPress/6.9.4; https://ayeshacloset.com"
20.239.192.136 - - [15/May/2026:08:49:13 -0400] "GET /f.php HTTP/1.1" 404 19390 "-" "Mozilla/5.0 (Windows NT 10.0; Win64; x64) AppleWebKit/537.36 (KHTML, like Gecko) Chrome/120.0.0.0 Safari/537.36"
20.239.192.136 - - [15/May/2026:08:49:19 -0400] "GET /wp-content/upgrade/index.php HTTP/1.1" 301 0 "-" "Mozilla/5.0 (Windows NT 10.0; Win64; x64) AppleWebKit/537.36 (KHTML, like Gecko) Chrome/120.0.0.0 Safari/537.36"
143.14.6.37 - - [15/May/2026:08:49:21 -0400] "GET /https://cdn.xavia.me/images/2024/11/OUAF0066-2-600x600.jpg HTTP/1.1" 301 0 "https://ayeshacloset.com/" "Mozilla/5.0 (Windows NT 10.0; Win64; x64) AppleWebKit/537.36 (KHTML, like Gecko) Chrome/133.0.0.0 Safari/537.36"
20.239.192.136 - - [15/May/2026:08:49:23 -0400] "GET /wp-admin/css/colors/blue/index.php HTTP/1.1" 301 0 "-" "Mozilla/5.0 (Windows NT 10.0; Win64; x64) AppleWebKit/537.36 (KHTML, like Gecko) Chrome/120.0.0.0 Safari/537.36"
143.14.6.37 - - [15/May/2026:08:49:25 -0400] "GET /https:/cdn.xavia.me/images/2024/11/OUAF0066-2-600x600.jpg HTTP/1.1" 404 22924 "https://ayeshacloset.com/" "Mozilla/5.0 (Windows NT 10.0; Win64; x64) AppleWebKit/537.36 (KHTML, like Gecko) Chrome/133.0.0.0 Safari/537.36"
20.239.192.136 - - [15/May/2026:08:49:26 -0400] "GET /t.php HTTP/1.1" 404 19391 "-" "Mozilla/5.0 (Windows NT 10.0; Win64; x64) AppleWebKit/537.36 (KHTML, like Gecko) Chrome/120.0.0.0 Safari/537.36"
20.239.192.136 - - [15/May/2026:08:49:31 -0400] "GET /p.php HTTP/1.1" 404 19388 "-" "Mozilla/5.0 (Windows NT 10.0; Win64; x64) AppleWebKit/537.36 (KHTML, like Gecko) Chrome/120.0.0.0 Safari/537.36"
20.239.192.136 - - [15/May/2026:08:49:35 -0400] "GET /system_log.php HTTP/1.1" 404 19422 "-" "Mozilla/5.0 (Windows NT 10.0; Win64; x64) AppleWebKit/537.36 (KHTML, like Gecko) Chrome/120.0.0.0 Safari/537.36"
20.239.192.136 - - [15/May/2026:08:49:39 -0400] "GET /images.php HTTP/1.1" 404 19380 "-" "Mozilla/5.0 (Windows NT 10.0; Win64; x64) AppleWebKit/537.36 (KHTML, like Gecko) Chrome/120.0.0.0 Safari/537.36"
45.198.32.229 - - [15/May/2026:08:49:46 -0400] "GET /https://cdn.xavia.me/images/2024/11/OUAF0066-2-600x600.jpg HTTP/1.1" 200 0 "https://ayeshacloset.com/" "Mozilla/5.0 (Windows NT 10.0; Win64; x64) AppleWebKit/537.36 (KHTML, like Gecko) Chrome/133.0.0.0 Safari/537.36"
20.239.192.136 - - [15/May/2026:08:49:43 -0400] "GET /tool.php HTTP/1.1" 404 19404 "-" "Mozilla/5.0 (Windows NT 10.0; Win64; x64) AppleWebKit/537.36 (KHTML, like Gecko) Chrome/120.0.0.0 Safari/537.36"
20.239.192.136 - - [15/May/2026:08:49:47 -0400] "GET /as/function.php HTTP/1.1" 404 19398 "-" "Mozilla/5.0 (Windows NT 10.0; Win64; x64) AppleWebKit/537.36 (KHTML, like Gecko) Chrome/120.0.0.0 Safari/537.36"
20.239.192.136 - - [15/May/2026:08:49:50 -0400] "GET /wp-includes/theme-compat/ HTTP/1.1" 200 1271 "-" "Mozilla/5.0 (Windows NT 10.0; Win64; x64) AppleWebKit/537.36 (KHTML, like Gecko) Chrome/120.0.0.0 Safari/537.36"
20.239.192.136 - - [15/May/2026:08:49:51 -0400] "GET /.well-known/ HTTP/1.1" 200 619 "-" "Mozilla/5.0 (Windows NT 10.0; Win64; x64) AppleWebKit/537.36 (KHTML, like Gecko) Chrome/120.0.0.0 Safari/537.36"
20.239.192.136 - - [15/May/2026:08:49:51 -0400] "GET /wp-content/plugins/hellopress/wp_filemanager.php HTTP/1.1" 404 19448 "-" "Mozilla/5.0 (Windows NT 10.0; Win64; x64) AppleWebKit/537.36 (KHTML, like Gecko) Chrome/120.0.0.0 Safari/537.36"
20.239.192.136 - - [15/May/2026:08:49:54 -0400] "GET /wp-includes/assets/index.php HTTP/1.1" 301 0 "-" "Mozilla/5.0 (Windows NT 10.0; Win64; x64) AppleWebKit/537.36 (KHTML, like Gecko) Chrome/120.0.0.0 Safari/537.36"
20.239.192.136 - - [15/May/2026:08:49:56 -0400] "GET /classwithtostring.php HTTP/1.1" 404 19451 "-" "Mozilla/5.0 (Windows NT 10.0; Win64; x64) AppleWebKit/537.36 (KHTML, like Gecko) Chrome/120.0.0.0 Safari/537.36"
67.223.118.104 - - [15/May/2026:08:50:01 -0400] "POST /wp-cron.php?doing_wp_cron=1778849401.8407030105590820312500 HTTP/1.1" 200 0 "-" "WordPress/6.9.4; https://ayeshacloset.com"
20.239.192.136 - - [15/May/2026:08:49:59 -0400] "GET /goat1.php HTTP/1.1" 404 19416 "-" "Mozilla/5.0 (Windows NT 10.0; Win64; x64) AppleWebKit/537.36 (KHTML, like Gecko) Chrome/120.0.0.0 Safari/537.36"
20.239.192.136 - - [15/May/2026:08:50:02 -0400] "GET /wp-admin/css/colors/ocean/ HTTP/1.1" 200 743 "-" "Mozilla/5.0 (Windows NT 10.0; Win64; x64) AppleWebKit/537.36 (KHTML, like Gecko) Chrome/120.0.0.0 Safari/537.36"
20.239.192.136 - - [15/May/2026:08:50:02 -0400] "GET /admin.php HTTP/1.1" 404 19411 "-" "Mozilla/5.0 (Windows NT 10.0; Win64; x64) AppleWebKit/537.36 (KHTML, like Gecko) Chrome/120.0.0.0 Safari/537.36"
20.239.192.136 - - [15/May/2026:08:50:06 -0400] "GET /atomlib.php HTTP/1.1" 404 19379 "-" "Mozilla/5.0 (Windows NT 10.0; Win64; x64) AppleWebKit/537.36 (KHTML, like Gecko) Chrome/120.0.0.0 Safari/537.36"
20.239.192.136 - - [15/May/2026:08:50:09 -0400] "GET /wp-admin/css/colors/ectoplasm/ HTTP/1.1" 200 733 "-" "Mozilla/5.0 (Windows NT 10.0; Win64; x64) AppleWebKit/537.36 (KHTML, like Gecko) Chrome/120.0.0.0 Safari/537.36"
20.239.192.136 - - [15/May/2026:08:50:10 -0400] "GET /wp-content/languages/index.php HTTP/1.1" 301 0 "-" "Mozilla/5.0 (Windows NT 10.0; Win64; x64) AppleWebKit/537.36 (KHTML, like Gecko) Chrome/120.0.0.0 Safari/537.36"
20.239.192.136 - - [15/May/2026:08:50:11 -0400] "GET /asd.php HTTP/1.1" 404 19375 "-" "Mozilla/5.0 (Windows NT 10.0; Win64; x64) AppleWebKit/537.36 (KHTML, like Gecko) Chrome/120.0.0.0 Safari/537.36"
20.239.192.136 - - [15/May/2026:08:50:12 -0400] "GET /wp-includes/ HTTP/1.1" 200 8118 "-" "Mozilla/5.0 (Windows NT 10.0; Win64; x64) AppleWebKit/537.36 (KHTML, like Gecko) Chrome/120.0.0.0 Safari/537.36"
20.239.192.136 - - [15/May/2026:08:50:12 -0400] "GET /wp-content/edit.php HTTP/1.1" 404 19424 "-" "Mozilla/5.0 (Windows NT 10.0; Win64; x64) AppleWebKit/537.36 (KHTML, like Gecko) Chrome/120.0.0.0 Safari/537.36"
20.239.192.136 - - [15/May/2026:08:50:14 -0400] "GET /wp-includes/images/crystal/ HTTP/1.1" 200 1186 "-" "Mozilla/5.0 (Windows NT 10.0; Win64; x64) AppleWebKit/537.36 (KHTML, like Gecko) Chrome/120.0.0.0 Safari/537.36"
20.239.192.136 - - [15/May/2026:08:50:15 -0400] "GET /wp-content/plugins/envato-market/inc/class-envato-market-github.php HTTP/1.1" 500 0 "-" "Mozilla/5.0 (Windows NT 10.0; Win64; x64) AppleWebKit/537.36 (KHTML, like Gecko) Chrome/120.0.0.0 Safari/537.36"
20.239.192.136 - - [15/May/2026:08:50:15 -0400] "GET /wp-cron.php HTTP/1.1" 200 0 "-" "Mozilla/5.0 (Windows NT 10.0; Win64; x64) AppleWebKit/537.36 (KHTML, like Gecko) Chrome/120.0.0.0 Safari/537.36"
20.239.192.136 - - [15/May/2026:08:50:15 -0400] "GET /wp-includes/block-supports/ HTTP/1.1" 200 1501 "-" "Mozilla/5.0 (Windows NT 10.0; Win64; x64) AppleWebKit/537.36 (KHTML, like Gecko) Chrome/120.0.0.0 Safari/537.36"
20.239.192.136 - - [15/May/2026:08:50:15 -0400] "GET /wp-includes/js/index.php HTTP/1.1" 301 0 "-" "Mozilla/5.0 (Windows NT 10.0; Win64; x64) AppleWebKit/537.36 (KHTML, like Gecko) Chrome/120.0.0.0 Safari/537.36"
20.239.192.136 - - [15/May/2026:08:50:17 -0400] "GET /wp-admin/user/index.php HTTP/1.1" 302 0 "-" "Mozilla/5.0 (Windows NT 10.0; Win64; x64) AppleWebKit/537.36 (KHTML, like Gecko) Chrome/120.0.0.0 Safari/537.36"
20.239.192.136 - - [15/May/2026:08:50:20 -0400] "GET /wp-includes/SimplePie/about.php HTTP/1.1" 404 19431 "-" "Mozilla/5.0 (Windows NT 10.0; Win64; x64) AppleWebKit/537.36 (KHTML, like Gecko) Chrome/120.0.0.0 Safari/537.36"
20.239.192.136 - - [15/May/2026:08:50:23 -0400] "GET /wp-includes/Text/Diff/index.php HTTP/1.1" 301 0 "-" "Mozilla/5.0 (Windows NT 10.0; Win64; x64) AppleWebKit/537.36 (KHTML, like Gecko) Chrome/120.0.0.0 Safari/537.36"
20.239.192.136 - - [15/May/2026:08:50:25 -0400] "GET /wp-includes/Text/Diff/Engine/index.php HTTP/1.1" 301 0 "-" "Mozilla/5.0 (Windows NT 10.0; Win64; x64) AppleWebKit/537.36 (KHTML, like Gecko) Chrome/120.0.0.0 Safari/537.36"
20.239.192.136 - - [15/May/2026:08:50:28 -0400] "GET /wp-admin/css/about.php HTTP/1.1" 404 19407 "-" "Mozilla/5.0 (Windows NT 10.0; Win64; x64) AppleWebKit/537.36 (KHTML, like Gecko) Chrome/120.0.0.0 Safari/537.36"
20.239.192.136 - - [15/May/2026:08:50:29 -0400] "GET /app.php HTTP/1.1" 404 19377 "-" "Mozilla/5.0 (Windows NT 10.0; Win64; x64) AppleWebKit/537.36 (KHTML, like Gecko) Chrome/120.0.0.0 Safari/537.36"
67.223.118.104 - - [15/May/2026:08:50:32 -0400] "POST /wp-cron.php?doing_wp_cron=1778849432.3377110958099365234375 HTTP/1.1" 200 0 "-" "WordPress/6.9.4; https://ayeshacloset.com"
20.239.192.136 - - [15/May/2026:08:50:31 -0400] "GET /log.php HTTP/1.1" 404 19377 "-" "Mozilla/5.0 (Windows NT 10.0; Win64; x64) AppleWebKit/537.36 (KHTML, like Gecko) Chrome/120.0.0.0 Safari/537.36"
20.239.192.136 - - [15/May/2026:08:50:32 -0400] "GET /aw.php HTTP/1.1" 404 19374 "-" "Mozilla/5.0 (Windows NT 10.0; Win64; x64) AppleWebKit/537.36 (KHTML, like Gecko) Chrome/120.0.0.0 Safari/537.36"
20.239.192.136 - - [15/May/2026:08:50:35 -0400] "GET /wp-includes/js/crop/cropper.php HTTP/1.1" 404 19426 "-" "Mozilla/5.0 (Windows NT 10.0; Win64; x64) AppleWebKit/537.36 (KHTML, like Gecko) Chrome/120.0.0.0 Safari/537.36"
20.239.192.136 - - [15/May/2026:08:50:37 -0400] "GET /ws.php HTTP/1.1" 404 19374 "-" "Mozilla/5.0 (Windows NT 10.0; Win64; x64) AppleWebKit/537.36 (KHTML, like Gecko) Chrome/120.0.0.0 Safari/537.36"
20.239.192.136 - - [15/May/2026:08:50:38 -0400] "GET /wp-includes/css/index.php HTTP/1.1" 301 0 "-" "Mozilla/5.0 (Windows NT 10.0; Win64; x64) AppleWebKit/537.36 (KHTML, like Gecko) Chrome/120.0.0.0 Safari/537.36"
20.239.192.136 - - [15/May/2026:08:50:39 -0400] "GET /new.php HTTP/1.1" 404 19377 "-" "Mozilla/5.0 (Windows NT 10.0; Win64; x64) AppleWebKit/537.36 (KHTML, like Gecko) Chrome/120.0.0.0 Safari/537.36"
20.239.192.136 - - [15/May/2026:08:50:41 -0400] "GET /fx.php HTTP/1.1" 404 19374 "-" "Mozilla/5.0 (Windows NT 10.0; Win64; x64) AppleWebKit/537.36 (KHTML, like Gecko) Chrome/120.0.0.0 Safari/537.36"
20.239.192.136 - - [15/May/2026:08:50:43 -0400] "GET /wp-config-sample.php HTTP/1.1" 500 905 "-" "Mozilla/5.0 (Windows NT 10.0; Win64; x64) AppleWebKit/537.36 (KHTML, like Gecko) Chrome/120.0.0.0 Safari/537.36"
20.239.192.136 - - [15/May/2026:08:50:43 -0400] "GET /wp-includes/customize/ HTTP/1.1" 200 2242 "-" "Mozilla/5.0 (Windows NT 10.0; Win64; x64) AppleWebKit/537.36 (KHTML, like Gecko) Chrome/120.0.0.0 Safari/537.36"
20.239.192.136 - - [15/May/2026:08:50:43 -0400] "GET /classwithtostring.phpl HTTP/1.1" 404 19411 "-" "Mozilla/5.0 (Windows NT 10.0; Win64; x64) AppleWebKit/537.36 (KHTML, like Gecko) Chrome/120.0.0.0 Safari/537.36"
20.239.192.136 - - [15/May/2026:08:50:45 -0400] "GET /wp-the.php HTTP/1.1" 404 19379 "-" "Mozilla/5.0 (Windows NT 10.0; Win64; x64) AppleWebKit/537.36 (KHTML, like Gecko) Chrome/120.0.0.0 Safari/537.36"
20.239.192.136 - - [15/May/2026:08:50:47 -0400] "GET /wp-includes/IXR/wp-login.php HTTP/1.1" 404 19432 "-" "Mozilla/5.0 (Windows NT 10.0; Win64; x64) AppleWebKit/537.36 (KHTML, like Gecko) Chrome/120.0.0.0 Safari/537.36"
20.239.192.136 - - [15/May/2026:08:50:49 -0400] "GET /an.php HTTP/1.1" 404 19374 "-" "Mozilla/5.0 (Windows NT 10.0; Win64; x64) AppleWebKit/537.36 (KHTML, like Gecko) Chrome/120.0.0.0 Safari/537.36"
20.239.192.136 - - [15/May/2026:08:50:51 -0400] "GET /wp-admin/js/index.php HTTP/1.1" 301 0 "-" "Mozilla/5.0 (Windows NT 10.0; Win64; x64) AppleWebKit/537.36 (KHTML, like Gecko) Chrome/120.0.0.0 Safari/537.36"
20.239.192.136 - - [15/May/2026:08:50:51 -0400] "GET /wp-corn-sample.php HTTP/1.1" 404 19383 "-" "Mozilla/5.0 (Windows NT 10.0; Win64; x64) AppleWebKit/537.36 (KHTML, like Gecko) Chrome/120.0.0.0 Safari/537.36"
20.239.192.136 - - [15/May/2026:08:50:54 -0400] "GET /wp-includes/rest-api/ HTTP/1.1" 200 1110 "-" "Mozilla/5.0 (Windows NT 10.0; Win64; x64) AppleWebKit/537.36 (KHTML, like Gecko) Chrome/120.0.0.0 Safari/537.36"
20.239.192.136 - - [15/May/2026:08:50:54 -0400] "GET /radio.php HTTP/1.1" 404 19412 "-" "Mozilla/5.0 (Windows NT 10.0; Win64; x64) AppleWebKit/537.36 (KHTML, like Gecko) Chrome/120.0.0.0 Safari/537.36"
20.239.192.136 - - [15/May/2026:08:50:56 -0400] "GET /wp-includes/Requests/library/index.php HTTP/1.1" 301 0 "-" "Mozilla/5.0 (Windows NT 10.0; Win64; x64) AppleWebKit/537.36 (KHTML, like Gecko) Chrome/120.0.0.0 Safari/537.36"
20.239.192.136 - - [15/May/2026:08:50:58 -0400] "GET /wp-admin/js/about.php HTTP/1.1" 404 19448 "-" "Mozilla/5.0 (Windows NT 10.0; Win64; x64) AppleWebKit/537.36 (KHTML, like Gecko) Chrome/120.0.0.0 Safari/537.36"
20.239.192.136 - - [15/May/2026:08:51:00 -0400] "GET /wp-content/uploads/2022/ HTTP/1.1" 301 795 "-" "Mozilla/5.0 (Windows NT 10.0; Win64; x64) AppleWebKit/537.36 (KHTML, like Gecko) Chrome/120.0.0.0 Safari/537.36"
67.223.118.104 - - [15/May/2026:08:51:02 -0400] "POST /wp-cron.php?doing_wp_cron=1778849462.0429120063781738281250 HTTP/1.1" 200 0 "-" "WordPress/6.9.4; https://ayeshacloset.com"
20.239.192.136 - - [15/May/2026:08:51:00 -0400] "GET /randkeyword.PhP7 HTTP/1.1" 404 19426 "-" "Mozilla/5.0 (Windows NT 10.0; Win64; x64) AppleWebKit/537.36 (KHTML, like Gecko) Chrome/120.0.0.0 Safari/537.36"
20.239.192.136 - - [15/May/2026:08:51:02 -0400] "GET /wp-admin/images/admin.php HTTP/1.1" 404 19431 "-" "Mozilla/5.0 (Windows NT 10.0; Win64; x64) AppleWebKit/537.36 (KHTML, like Gecko) Chrome/120.0.0.0 Safari/537.36"
20.239.192.136 - - [15/May/2026:08:51:04 -0400] "GET /wp-includes/js/codemirror/ HTTP/1.1" 200 1134 "-" "Mozilla/5.0 (Windows NT 10.0; Win64; x64) AppleWebKit/537.36 (KHTML, like Gecko) Chrome/120.0.0.0 Safari/537.36"
20.239.192.136 - - [15/May/2026:08:51:04 -0400] "GET /file5.php HTTP/1.1" 404 19416 "-" "Mozilla/5.0 (Windows NT 10.0; Win64; x64) AppleWebKit/537.36 (KHTML, like Gecko) Chrome/120.0.0.0 Safari/537.36"
20.239.192.136 - - [15/May/2026:08:51:06 -0400] "GET /wp-admin/maint/about.php HTTP/1.1" 404 19424 "-" "Mozilla/5.0 (Windows NT 10.0; Win64; x64) AppleWebKit/537.36 (KHTML, like Gecko) Chrome/120.0.0.0 Safari/537.36"
20.239.192.136 - - [15/May/2026:08:51:08 -0400] "GET /wp-content/admin-header.php HTTP/1.1" 404 19391 "-" "Mozilla/5.0 (Windows NT 10.0; Win64; x64) AppleWebKit/537.36 (KHTML, like Gecko) Chrome/120.0.0.0 Safari/537.36"
20.239.192.136 - - [15/May/2026:08:51:10 -0400] "GET /nc4.php HTTP/1.1" 404 19375 "-" "Mozilla/5.0 (Windows NT 10.0; Win64; x64) AppleWebKit/537.36 (KHTML, like Gecko) Chrome/120.0.0.0 Safari/537.36"
20.239.192.136 - - [15/May/2026:08:51:12 -0400] "GET /kk.php HTTP/1.1" 404 19376 "-" "Mozilla/5.0 (Windows NT 10.0; Win64; x64) AppleWebKit/537.36 (KHTML, like Gecko) Chrome/120.0.0.0 Safari/537.36"
20.239.192.136 - - [15/May/2026:08:51:14 -0400] "GET /wp-includes/pomo/about.php HTTP/1.1" 404 19420 "-" "Mozilla/5.0 (Windows NT 10.0; Win64; x64) AppleWebKit/537.36 (KHTML, like Gecko) Chrome/120.0.0.0 Safari/537.36"
20.239.192.136 - - [15/May/2026:08:51:15 -0400] "GET /info.php HTTP/1.1" 404 19404 "-" "Mozilla/5.0 (Windows NT 10.0; Win64; x64) AppleWebKit/537.36 (KHTML, like Gecko) Chrome/120.0.0.0 Safari/537.36"
20.239.192.136 - - [15/May/2026:08:51:17 -0400] "GET /byp.php HTTP/1.1" 404 19376 "-" "Mozilla/5.0 (Windows NT 10.0; Win64; x64) AppleWebKit/537.36 (KHTML, like Gecko) Chrome/120.0.0.0 Safari/537.36"
20.239.192.136 - - [15/May/2026:08:51:20 -0400] "GET /wp-login.php HTTP/1.1" 200 2120 "-" "Mozilla/5.0 (Windows NT 10.0; Win64; x64) AppleWebKit/537.36 (KHTML, like Gecko) Chrome/120.0.0.0 Safari/537.36"
20.239.192.136 - - [15/May/2026:08:51:22 -0400] "GET /m.php HTTP/1.1" 404 19389 "-" "Mozilla/5.0 (Windows NT 10.0; Win64; x64) AppleWebKit/537.36 (KHTML, like Gecko) Chrome/120.0.0.0 Safari/537.36"
20.239.192.136 - - [15/May/2026:08:51:26 -0400] "GET /sleepster/ HTTP/1.1" 404 19382 "-" "Mozilla/5.0 (Windows NT 10.0; Win64; x64) AppleWebKit/537.36 (KHTML, like Gecko) Chrome/120.0.0.0 Safari/537.36"
20.239.192.136 - - [15/May/2026:08:51:27 -0400] "GET /wp-content/uploads/de_fb_uploads/b.php HTTP/1.1" 301 795 "-" "Mozilla/5.0 (Windows NT 10.0; Win64; x64) AppleWebKit/537.36 (KHTML, like Gecko) Chrome/120.0.0.0 Safari/537.36"
20.239.192.136 - - [15/May/2026:08:51:28 -0400] "GET /wp-admin/wp-admin.php HTTP/1.1" 404 19449 "-" "Mozilla/5.0 (Windows NT 10.0; Win64; x64) AppleWebKit/537.36 (KHTML, like Gecko) Chrome/120.0.0.0 Safari/537.36"
20.239.192.136 - - [15/May/2026:08:51:29 -0400] "GET /wp-admin/users.php HTTP/1.1" 302 0 "-" "Mozilla/5.0 (Windows NT 10.0; Win64; x64) AppleWebKit/537.36 (KHTML, like Gecko) Chrome/120.0.0.0 Safari/537.36"
20.239.192.136 - - [15/May/2026:08:51:29 -0400] "GET /.well-known/acme-challenge/doc.php HTTP/1.1" 404 19388 "-" "Mozilla/5.0 (Windows NT 10.0; Win64; x64) AppleWebKit/537.36 (KHTML, like Gecko) Chrome/120.0.0.0 Safari/537.36"
20.239.192.136 - - [15/May/2026:08:51:31 -0400] "GET /wp-includes/install.php HTTP/1.1" 404 19416 "-" "Mozilla/5.0 (Windows NT 10.0; Win64; x64) AppleWebKit/537.36 (KHTML, like Gecko) Chrome/120.0.0.0 Safari/537.36"
20.239.192.136 - - [15/May/2026:08:51:33 -0400] "GET /gc.php HTTP/1.1" 404 19375 "-" "Mozilla/5.0 (Windows NT 10.0; Win64; x64) AppleWebKit/537.36 (KHTML, like Gecko) Chrome/120.0.0.0 Safari/537.36"
67.223.118.104 - - [15/May/2026:08:57:08 -0400] "POST /wp-cron.php?doing_wp_cron=1778849828.0759329795837402343750 HTTP/1.1" 200 0 "-" "WordPress/6.9.4; https://ayeshacloset.com"
142.111.152.47 - - [15/May/2026:08:56:48 -0400] "POST /wp-login.php HTTP/1.1" 401 3405 "-" "Mozilla/5.0"
142.111.152.59 - - [15/May/2026:08:56:48 -0400] "POST /wp-login.php HTTP/1.1" 401 3404 "-" "Mozilla/5.0"
67.223.118.104 - - [15/May/2026:09:06:02 -0400] "POST /wp-cron.php?doing_wp_cron=1778850362.3659090995788574218750 HTTP/1.1" 200 0 "-" "WordPress/6.9.4; https://ayeshacloset.com"
142.111.152.165 - - [15/May/2026:09:05:43 -0400] "POST /wp-login.php HTTP/1.1" 401 3404 "-" "Mozilla/5.0"
142.111.152.166 - - [15/May/2026:09:05:43 -0400] "POST /wp-login.php HTTP/1.1" 401 3404 "-" "Mozilla/5.0"
67.223.118.104 - - [15/May/2026:09:11:29 -0400] "POST /wp-cron.php?doing_wp_cron=1778850689.3387908935546875000000 HTTP/1.1" 200 0 "-" "WordPress/6.9.4; https://ayeshacloset.com"
43.157.158.178 - - [15/May/2026:09:11:04 -0400] "GET / HTTP/1.1" 301 0 "http://www.ayeshacloset.com" "Mozilla/5.0 (iPhone; CPU iPhone OS 13_2_3 like Mac OS X) AppleWebKit/605.1.15 (KHTML, like Gecko) Version/13.0.3 Mobile/15E148 Safari/604.1"
43.157.158.178 - - [15/May/2026:09:11:30 -0400] "GET / HTTP/1.1" 200 25200 "https://www.ayeshacloset.com/" "Mozilla/5.0 (iPhone; CPU iPhone OS 13_2_3 like Mac OS X) AppleWebKit/605.1.15 (KHTML, like Gecko) Version/13.0.3 Mobile/15E148 Safari/604.1"
45.147.232.219 - - [15/May/2026:09:11:54 -0400] "GET /?add-to-cart01228263=2&_=1778850713532215100 HTTP/1.1" 200 25267 "-" "Mozilla/5.0 (Windows NT 10.0; Win64; x64) AppleWebKit/537.36 (KHTML, like Gecko) Chrome/120.0.0.0 Safari/537.36"
45.147.232.219 - - [15/May/2026:09:12:00 -0400] "GET /?add-to-cart01228263=2&_=1778850713532215100 HTTP/1.1" 200 25267 "-" "Mozilla/5.0 (Windows NT 10.0; Win64; x64) AppleWebKit/537.36 (KHTML, like Gecko) Chrome/120.0.0.0 Safari/537.36"
45.147.232.219 - - [15/May/2026:09:12:01 -0400] "HEAD /wp-login.php HTTP/1.1" 200 0 "-" "Mozilla/5.0 (Windows NT 10.0; Win64; x64) AppleWebKit/537.36 (KHTML, like Gecko) Chrome/120.0.0.0 Safari/537.36"
155.2.215.60 - - [15/May/2026:09:15:08 -0400] "POST /wp-login.php HTTP/1.1" 401 3404 "-" "Mozilla/5.0"
67.223.118.104 - - [15/May/2026:09:15:42 -0400] "POST /wp-cron.php?doing_wp_cron=1778850942.7402179241180419921875 HTTP/1.1" 200 0 "-" "WordPress/6.9.4; https://ayeshacloset.com"
142.111.152.59 - - [15/May/2026:09:15:08 -0400] "POST /wp-login.php HTTP/1.1" 401 3404 "-" "Mozilla/5.0"
216.244.66.228 - - [15/May/2026:09:16:06 -0400] "GET /robots.txt HTTP/1.1" 200 269 "-" "Mozilla/5.0 (compatible; DotBot/1.2; +https://opensiteexplorer.org/dotbot; help@moz.com)"
155.2.215.73 - - [15/May/2026:09:24:00 -0400] "POST /wp-login.php HTTP/1.1" 200 0 "-" "Mozilla/5.0"
142.111.152.157 - - [15/May/2026:09:24:00 -0400] "POST /wp-login.php HTTP/1.1" 200 0 "-" "Mozilla/5.0"
67.223.118.104 - - [15/May/2026:09:24:44 -0400] "POST /wp-cron.php?doing_wp_cron=1778851484.8382430076599121093750 HTTP/1.1" 200 0 "-" "WordPress/6.9.4; https://ayeshacloset.com"
216.244.66.228 - - [15/May/2026:09:29:29 -0400] "GET /cart/?remove_item=fdae1b43d72411791ca6145b2a88d10a&_wpnonce=accd653911 HTTP/1.1" 200 0 "-" "Mozilla/5.0 (compatible; DotBot/1.2; +https://opensiteexplorer.org/dotbot; help@moz.com)"
67.223.118.104 - - [15/May/2026:09:29:56 -0400] "POST /wp-cron.php?doing_wp_cron=1778851796.4407899379730224609375 HTTP/1.1" 200 0 "-" "WordPress/6.9.4; https://ayeshacloset.com"
216.244.66.228 - - [15/May/2026:09:32:01 -0400] "GET /shop/page/53/ HTTP/1.1" 200 0 "-" "Mozilla/5.0 (compatible; DotBot/1.2; +https://opensiteexplorer.org/dotbot; help@moz.com)"
67.223.118.104 - - [15/May/2026:09:32:43 -0400] "POST /wp-cron.php?doing_wp_cron=1778851963.1380760669708251953125 HTTP/1.1" 200 0 "-" "WordPress/6.9.4; https://ayeshacloset.com"
155.2.215.56 - - [15/May/2026:09:32:56 -0400] "POST /wp-login.php HTTP/1.1" 401 3405 "-" "Mozilla/5.0"
142.111.152.57 - - [15/May/2026:09:32:56 -0400] "POST /wp-login.php HTTP/1.1" 401 3404 "-" "Mozilla/5.0"
142.111.152.157 - - [15/May/2026:09:41:45 -0400] "POST /wp-login.php HTTP/1.1" 401 3404 "-" "Mozilla/5.0"
67.223.118.104 - - [15/May/2026:09:42:05 -0400] "POST /wp-cron.php?doing_wp_cron=1778852525.5369720458984375000000 HTTP/1.1" 200 0 "-" "WordPress/6.9.4; https://ayeshacloset.com"
142.111.152.164 - - [15/May/2026:09:41:45 -0400] "POST /wp-login.php HTTP/1.1" 401 3404 "-" "Mozilla/5.0"
51.77.74.125 - - [15/May/2026:09:42:13 -0400] "GET /images/images/cache.php HTTP/1.1" 404 97542 "-" "Mozilla/5.0 (Macintosh; Intel Mac OS X 10_15_7) AppleWebKit/537.36 (KHTML, like Gecko) Chrome/146.0.0.0 Safari/537.36"
51.77.74.125 - - [15/May/2026:09:42:25 -0400] "GET /about.php?520 HTTP/1.1" 404 97396 "-" "Mozilla/5.0 (Windows NT 10.0; Win64; x64) AppleWebKit/537.36 (KHTML, like Gecko) Chrome/127.0.0.0 Safari/537.36"
51.77.74.125 - - [15/May/2026:09:42:29 -0400] "GET /admin.php?520 HTTP/1.1" 404 97396 "-" "Mozilla/5.0 (Windows NT 10.0; Win64; x64) AppleWebKit/537.36 (KHTML, like Gecko) Chrome/127.0.0.0 Safari/537.36"
67.223.118.104 - - [15/May/2026:09:51:13 -0400] "POST /wp-cron.php?doing_wp_cron=1778853073.7460069656372070312500 HTTP/1.1" 200 0 "-" "WordPress/6.9.4; https://ayeshacloset.com"
142.111.152.58 - - [15/May/2026:09:50:46 -0400] "POST /wp-login.php HTTP/1.1" 401 3404 "-" "Mozilla/5.0"
142.111.152.54 - - [15/May/2026:09:50:46 -0400] "POST /wp-login.php HTTP/1.1" 401 3404 "-" "Mozilla/5.0"
95.217.109.26 - - [15/May/2026:09:57:49 -0400] "GET /robots.txt HTTP/1.1" 200 269 "-" "Mozilla/5.0 (compatible; MJ12bot/v1.4.8; http://mj12bot.com/)"
216.244.66.228 - - [15/May/2026:09:59:59 -0400] "GET /robots.txt HTTP/1.1" 200 269 "-" "Mozilla/5.0 (compatible; DotBot/1.2; +https://opensiteexplorer.org/dotbot; help@moz.com)"
142.111.152.150 - - [15/May/2026:09:59:56 -0400] "POST /wp-login.php HTTP/1.1" 200 0 "-" "Mozilla/5.0"
142.111.152.48 - - [15/May/2026:09:59:56 -0400] "POST /wp-login.php HTTP/1.1" 200 0 "-" "Mozilla/5.0"
67.223.118.104 - - [15/May/2026:10:00:36 -0400] "POST /wp-cron.php?doing_wp_cron=1778853636.5421669483184814453125 HTTP/1.1" 200 0 "-" "WordPress/6.9.4; https://ayeshacloset.com"
67.223.118.104 - - [15/May/2026:10:01:22 -0400] "POST /wp-cron.php?doing_wp_cron=1778853682.3467769622802734375000 HTTP/1.1" 200 0 "-" "WordPress/6.9.4; https://ayeshacloset.com"
182.232.226.97 - - [15/May/2026:10:01:17 -0400] "GET /product/ac0029/?add-to-cart=51252 HTTP/1.1" 200 30342 "-" "Mozilla/5.0 (compatible; MSIE 8.0; Windows NT 11.0; Trident/5.0)"
67.223.118.104 - - [15/May/2026:10:05:32 -0400] "POST /wp-cron.php?doing_wp_cron=1778853932.2368340492248535156250 HTTP/1.1" 200 0 "-" "WordPress/6.9.4; https://ayeshacloset.com"
17.22.245.79 - - [15/May/2026:10:05:14 -0400] "GET /https://cdn.xavia.me/images/2024/11/OUJO0169-2-300x300.jpg HTTP/1.1" 301 0 "-" "Mozilla/5.0 (Macintosh; Intel Mac OS X 10_15_7) AppleWebKit/605.1.15 (KHTML, like Gecko) Version/17.4 Safari/605.1.15 (Applebot/0.1; +http://www.apple.com/go/applebot)"
17.22.245.79 - - [15/May/2026:10:05:32 -0400] "GET /https:/cdn.xavia.me/images/2024/11/OUJO0169-2-300x300.jpg HTTP/1.1" 404 22942 "-" "Mozilla/5.0 (Macintosh; Intel Mac OS X 10_15_7) AppleWebKit/605.1.15 (KHTML, like Gecko) Version/17.4 Safari/605.1.15 (Applebot/0.1; +http://www.apple.com/go/applebot)"
67.223.118.104 - - [15/May/2026:10:09:19 -0400] "POST /wp-cron.php?doing_wp_cron=1778854159.8579790592193603515625 HTTP/1.1" 200 0 "-" "WordPress/6.9.4; https://ayeshacloset.com"
142.111.152.49 - - [15/May/2026:10:09:03 -0400] "POST /wp-login.php HTTP/1.1" 401 3404 "-" "Mozilla/5.0"
142.111.152.46 - - [15/May/2026:10:09:03 -0400] "POST /wp-login.php HTTP/1.1" 401 3404 "-" "Mozilla/5.0"
216.244.66.228 - - [15/May/2026:10:13:07 -0400] "GET /wp-content/uploads/2024/08/H73A.png HTTP/1.1" 301 795 "-" "Mozilla/5.0 (compatible; DotBot/1.2; +https://opensiteexplorer.org/dotbot; help@moz.com)"
216.244.66.228 - - [15/May/2026:10:13:12 -0400] "GET /wp-content/uploads/2024/11/OSHSN0032-3.jpg HTTP/1.1" 301 795 "-" "Mozilla/5.0 (compatible; DotBot/1.2; +https://opensiteexplorer.org/dotbot; help@moz.com)"
216.244.66.228 - - [15/May/2026:10:13:16 -0400] "GET /wp-content/uploads/2024/11/OUAD0079-3.png HTTP/1.1" 301 795 "-" "Mozilla/5.0 (compatible; DotBot/1.2; +https://opensiteexplorer.org/dotbot; help@moz.com)"
216.244.66.228 - - [15/May/2026:10:16:39 -0400] "GET /product-category/women/page/28/?orderby=menu_order HTTP/1.1" 200 0 "-" "Mozilla/5.0 (compatible; DotBot/1.2; +https://opensiteexplorer.org/dotbot; help@moz.com)"
67.223.118.104 - - [15/May/2026:10:17:39 -0400] "POST /wp-cron.php?doing_wp_cron=1778854659.4131178855895996093750 HTTP/1.1" 200 0 "-" "WordPress/6.9.4; https://ayeshacloset.com"
216.244.66.228 - - [15/May/2026:10:43:34 -0400] "GET /robots.txt HTTP/1.1" 200 269 "-" "Mozilla/5.0 (compatible; DotBot/1.2; +https://opensiteexplorer.org/dotbot; help@moz.com)"
43.172.196.210 - - [15/May/2026:10:50:49 -0400] "GET /product/ac00134 HTTP/1.1" 200 0 "-" "Mozilla/5.0 (Windows NT 10.0; Win64; x64) AppleWebKit/537.36 (KHTML, like Gecko) Chrome/106.0.5249.119 Safari/537.36"
67.223.118.104 - - [15/May/2026:10:51:24 -0400] "POST /wp-cron.php?doing_wp_cron=1778856684.5351390838623046875000 HTTP/1.1" 200 0 "-" "WordPress/6.9.4; https://ayeshacloset.com"
67.223.118.104 - - [15/May/2026:10:51:24 -0400] "POST /wp-cron.php?doing_wp_cron=1778856684.5348780155181884765625 HTTP/1.1" 200 0 "-" "WordPress/6.9.4; https://ayeshacloset.com"
115.66.229.91 - - [15/May/2026:10:51:18 -0400] "GET /product/ac00134 HTTP/1.1" 301 0 "-" "Mozilla/5.0 (Windows NT 10.0; Win64; x64) AppleWebKit/537.36 (KHTML, like Gecko) Chrome/120.0.0.0 Safari/537.36"
180.74.70.253 - - [15/May/2026:10:51:26 -0400] "GET /product/ac00134/ HTTP/1.1" 200 0 "https://ayeshacloset.com/product/ac00134" "Mozilla/5.0 (Windows NT 10.0; Win64; x64) AppleWebKit/537.36 (KHTML, like Gecko) Chrome/120.0.0.0 Safari/537.36"
45.198.56.100 - - [15/May/2026:10:56:38 -0400] "GET /https://cdn.xavia.me/images/2024/06/25A-731x1024.png HTTP/1.1" 200 0 "-" "Mozilla/5.0 (Windows 98; sq-ML; rv:1.9.0.20) Gecko/4714-03-01 05:24:18.189423 Firefox/10.0"
79.212.225.239 - - [15/May/2026:10:56:54 -0400] "GET /https://cdn.xavia.me/images/2024/06/25A-731x1024.png HTTP/1.1" 200 0 "-" "Opera/8.76.(Windows NT 6.1; ta-IN) Presto/2.9.185 Version/11.00"
161.142.153.145 - - [15/May/2026:10:57:15 -0400] "GET /https://cdn.xavia.me/images/2024/06/25A-731x1024.png HTTP/1.1" 200 0 "-" "Mozilla/5.0 (compatible; MSIE 6.0; Windows NT 10.0; Trident/3.0)"
67.223.118.104 - - [15/May/2026:10:57:39 -0400] "POST /wp-cron.php?doing_wp_cron=1778857059.0359261035919189453125 HTTP/1.1" 200 0 "-" "WordPress/6.9.4; https://ayeshacloset.com"
67.223.118.104 - - [15/May/2026:10:57:39 -0400] "POST /wp-cron.php?doing_wp_cron=1778857059.0362470149993896484375 HTTP/1.1" 200 0 "-" "WordPress/6.9.4; https://ayeshacloset.com"
67.223.118.104 - - [15/May/2026:10:57:39 -0400] "POST /wp-cron.php?doing_wp_cron=1778857059.0360519886016845703125 HTTP/1.1" 200 0 "-" "WordPress/6.9.4; https://ayeshacloset.com"
216.244.66.228 - - [15/May/2026:11:00:09 -0400] "GET /product-category/women/page/12/?orderby=popularity HTTP/1.1" 200 0 "-" "Mozilla/5.0 (compatible; DotBot/1.2; +https://opensiteexplorer.org/dotbot; help@moz.com)"
67.223.118.104 - - [15/May/2026:11:01:26 -0400] "POST /wp-cron.php?doing_wp_cron=1778857286.0482010841369628906250 HTTP/1.1" 200 0 "-" "WordPress/6.9.4; https://ayeshacloset.com"
112.41.75.35 - - [15/May/2026:11:08:59 -0400] "GET /https://cdn.xavia.me/images/2024/06/8D-600x600.jpg HTTP/1.1" 200 0 "-" "Mozilla/5.0 (iPad; CPU iPad OS 12_5_7 like Mac OS X) AppleWebKit/532.2 (KHTML, like Gecko) FxiOS/11.4g3497.0 Mobile/07Y955 Safari/532.2"
183.197.49.139 - - [15/May/2026:11:09:14 -0400] "GET /https://cdn.xavia.me/images/2024/06/8D-600x600.jpg HTTP/1.1" 200 0 "-" "Mozilla/5.0 (iPad; CPU iPad OS 11_4_1 like Mac OS X) AppleWebKit/532.2 (KHTML, like Gecko) CriOS/56.0.828.0 Mobile/12N967 Safari/532.2"
223.88.202.100 - - [15/May/2026:11:09:34 -0400] "GET /https://cdn.xavia.me/images/2024/06/8D-600x600.jpg HTTP/1.1" 301 0 "-" "Mozilla/5.0 (Macintosh; PPC Mac OS X 10_10_8; rv:1.9.4.20) Gecko/6402-11-05 09:46:40.736267 Firefox/3.8"
67.223.118.104 - - [15/May/2026:11:09:39 -0400] "POST /wp-cron.php?doing_wp_cron=1778857779.4355139732360839843750 HTTP/1.1" 200 0 "-" "WordPress/6.9.4; https://ayeshacloset.com"
111.55.205.132 - - [15/May/2026:11:09:43 -0400] "GET /https:/cdn.xavia.me/images/2024/06/8D-600x600.jpg HTTP/1.1" 404 19403 "-" "Opera/8.54.(X11; Linux i686; dv-MV) Presto/2.9.188 Version/12.00"
43.130.39.254 - - [15/May/2026:11:16:02 -0400] "GET / HTTP/1.1" 200 25200 "http://ayeshacloset.com" "Mozilla/5.0 (iPhone; CPU iPhone OS 13_2_3 like Mac OS X) AppleWebKit/605.1.15 (KHTML, like Gecko) Version/13.0.3 Mobile/15E148 Safari/604.1"
223.87.222.51 - - [15/May/2026:11:20:37 -0400] "GET /https://cdn.xavia.me/images/2024/06/8D.jpg HTTP/1.1" 200 0 "-" "Mozilla/5.0 (Windows NT 11.0; kw-GB; rv:1.9.2.20) Gecko/9732-12-09 18:42:31.053192 Firefox/10.0"
67.223.118.104 - - [15/May/2026:11:20:57 -0400] "POST /wp-cron.php?doing_wp_cron=1778858457.5497479438781738281250 HTTP/1.1" 200 0 "-" "WordPress/6.9.4; https://ayeshacloset.com"
125.38.104.102 - - [15/May/2026:11:20:53 -0400] "GET /https://cdn.xavia.me/images/2024/06/8D.jpg HTTP/1.1" 301 0 "-" "Mozilla/5.0 (compatible; MSIE 9.0; Windows NT 6.2; Trident/4.0)"
67.223.118.104 - - [15/May/2026:11:21:01 -0400] "POST /wp-cron.php?doing_wp_cron=1778858461.1405210494995117187500 HTTP/1.1" 200 0 "-" "WordPress/6.9.4; https://ayeshacloset.com"
39.148.171.153 - - [15/May/2026:11:20:59 -0400] "GET /https:/cdn.xavia.me/images/2024/06/8D.jpg HTTP/1.1" 404 19429 "-" "Mozilla/5.0 (X11; Linux i686; rv:1.9.7.20) Gecko/4733-08-18 22:14:41.590500 Firefox/3.6.7"
216.244.66.228 - - [15/May/2026:11:27:16 -0400] "GET /robots.txt HTTP/1.1" 200 269 "-" "Mozilla/5.0 (compatible; DotBot/1.2; +https://opensiteexplorer.org/dotbot; help@moz.com)"
212.119.41.231 - - [15/May/2026:11:36:14 -0400] "GET /?getversionwordpress=2&_=1778859374281450200 HTTP/1.1" 200 0 "-" "Mozilla/5.0 (Windows NT 10.0; Win64; x64) AppleWebKit/537.36 (KHTML, like Gecko) Chrome/120.0.0.0 Safari/537.36"
67.223.118.104 - - [15/May/2026:11:36:44 -0400] "POST /wp-cron.php?doing_wp_cron=1778859404.9418580532073974609375 HTTP/1.1" 200 0 "-" "WordPress/6.9.4; https://ayeshacloset.com"
193.163.207.68 - - [15/May/2026:11:36:35 -0400] "GET /?getversionwordpress=2&_=1778859374281450200 HTTP/1.1" 200 25265 "-" "Mozilla/5.0 (Windows NT 10.0; Win64; x64) AppleWebKit/537.36 (KHTML, like Gecko) Chrome/120.0.0.0 Safari/537.36"
193.163.207.68 - - [15/May/2026:11:36:45 -0400] "GET /?getversionwordpress=2&_=1778859374281450200 HTTP/1.1" 200 25265 "-" "Mozilla/5.0 (Windows NT 10.0; Win64; x64) AppleWebKit/537.36 (KHTML, like Gecko) Chrome/120.0.0.0 Safari/537.36"
193.163.207.68 - - [15/May/2026:11:36:46 -0400] "HEAD /wp-login.php HTTP/1.1" 200 0 "-" "Mozilla/5.0 (Windows NT 10.0; Win64; x64) AppleWebKit/537.36 (KHTML, like Gecko) Chrome/120.0.0.0 Safari/537.36"
43.173.187.203 - - [15/May/2026:11:39:02 -0400] "GET /robots.txt HTTP/1.1" 200 126 "-" "Mozilla/5.0 (Windows NT 10.0; Win64; x64) AppleWebKit/537.36 (KHTML, like Gecko) Chrome/131.0.0.0 Safari/537.36"
43.173.175.189 - - [15/May/2026:11:39:49 -0400] "GET /product/ac0007 HTTP/1.1" 200 0 "-" "Mozilla/5.0 (Windows NT 10.0; Win64; x64) AppleWebKit/537.36 (KHTML, like Gecko) Chrome/131.0.0.0 Safari/537.36"
113.173.124.209 - - [15/May/2026:11:40:17 -0400] "GET /product/ac0007 HTTP/1.1" 301 0 "-" "Mozilla/5.0 (Windows NT 10.0; Win64; x64) AppleWebKit/537.36 (KHTML, like Gecko) Chrome/105.0.0.0 Safari/537.3"
67.223.118.104 - - [15/May/2026:11:40:21 -0400] "POST /wp-cron.php?doing_wp_cron=1778859621.0461630821228027343750 HTTP/1.1" 200 0 "-" "WordPress/6.9.4; https://ayeshacloset.com"
14.229.28.168 - - [15/May/2026:11:40:25 -0400] "GET /product/ac0007/ HTTP/1.1" 200 0 "https://ayeshacloset.com/product/ac0007" "Mozilla/5.0 (Windows NT 10.0; Win64; x64) AppleWebKit/537.36 (KHTML, like Gecko) Chrome/105.0.0.0 Safari/537.3"
216.244.66.228 - - [15/May/2026:11:41:07 -0400] "GET /wp-content/uploads/2024/08/H100C.png HTTP/1.1" 301 795 "-" "Mozilla/5.0 (compatible; DotBot/1.2; +https://opensiteexplorer.org/dotbot; help@moz.com)"
67.223.118.104 - - [15/May/2026:11:41:10 -0400] "POST /wp-cron.php?doing_wp_cron=1778859670.7358870506286621093750 HTTP/1.1" 200 0 "-" "WordPress/6.9.4; https://ayeshacloset.com"
216.244.66.228 - - [15/May/2026:11:41:52 -0400] "GET /wp-content/uploads/2024/11/nike-sb-dunk-low-pro-x-powerpuff-girls-buttercup-fz8319-300-release-date-1.webp HTTP/1.1" 301 795 "-" "Mozilla/5.0 (compatible; DotBot/1.2; +https://opensiteexplorer.org/dotbot; help@moz.com)"
65.52.186.2 - - [15/May/2026:11:45:36 -0400] "GET /inputs.php HTTP/1.1" 200 0 "-" "Mozilla/5.0 (Windows NT 10.0; Win64; x64) AppleWebKit/537.36 (KHTML, like Gecko) Chrome/120.0.0.0 Safari/537.36"
67.223.118.104 - - [15/May/2026:11:45:59 -0400] "POST /wp-cron.php?doing_wp_cron=1778859959.1418850421905517578125 HTTP/1.1" 200 0 "-" "WordPress/6.9.4; https://ayeshacloset.com"
216.244.66.228 - - [15/May/2026:12:10:59 -0400] "GET /robots.txt HTTP/1.1" 200 269 "-" "Mozilla/5.0 (compatible; DotBot/1.2; +https://opensiteexplorer.org/dotbot; help@moz.com)"
216.244.66.228 - - [15/May/2026:12:24:04 -0400] "GET /wp-content/uploads/2024/07/65B.png HTTP/1.1" 301 795 "-" "Mozilla/5.0 (compatible; DotBot/1.2; +https://opensiteexplorer.org/dotbot; help@moz.com)"
216.244.66.228 - - [15/May/2026:12:24:09 -0400] "GET /wp-content/uploads/2024/08/H192C.png HTTP/1.1" 301 795 "-" "Mozilla/5.0 (compatible; DotBot/1.2; +https://opensiteexplorer.org/dotbot; help@moz.com)"
216.244.66.228 - - [15/May/2026:12:24:12 -0400] "GET /wp-content/uploads/2024/11/1.jpg HTTP/1.1" 301 795 "-" "Mozilla/5.0 (compatible; DotBot/1.2; +https://opensiteexplorer.org/dotbot; help@moz.com)"
216.244.66.228 - - [15/May/2026:12:24:15 -0400] "GET /wp-content/uploads/2024/11/OSHSN0032-2.jpg HTTP/1.1" 301 795 "-" "Mozilla/5.0 (compatible; DotBot/1.2; +https://opensiteexplorer.org/dotbot; help@moz.com)"
14.175.56.219 - - [15/May/2026:12:29:55 -0400] "GET /product-category/women/ HTTP/1.1" 200 0 "-" "Mozilla/5.0 (iPod; U; CPU iPhone OS 3_1 like Mac OS X; cmn-TW) AppleWebKit/533.33.1 (KHTML, like Gecko) Version/3.0.5 Mobile/8B116 Safari/6533.33.1"
186.128.180.18 - - [15/May/2026:12:30:11 -0400] "GET /product-category/women/ HTTP/1.1" 200 0 "-" "Opera/8.71.(X11; Linux i686; fo-FO) Presto/2.9.160 Version/10.00"
14.169.101.96 - - [15/May/2026:12:30:27 -0400] "GET /product-category/women/ HTTP/1.1" 200 0 "-" "Mozilla/5.0 (X11; Linux x86_64; rv:1.9.7.20) Gecko/3280-09-10 23:38:03.612724 Firefox/3.8"
67.223.118.104 - - [15/May/2026:12:30:54 -0400] "POST /wp-cron.php?doing_wp_cron=1778862654.8422839641571044921875 HTTP/1.1" 200 0 "-" "WordPress/6.9.4; https://ayeshacloset.com"
67.223.118.104 - - [15/May/2026:12:30:54 -0400] "POST /wp-cron.php?doing_wp_cron=1778862654.8422930240631103515625 HTTP/1.1" 200 0 "-" "WordPress/6.9.4; https://ayeshacloset.com"
