104.207.43.28 - - [15/May/2026:09:21:49 -0400] "GET /wp-login.php?wp_lang=en_US HTTP/1.1" 200 3939 "-" "Mozilla/5.0 (Windows NT 10.0; Win64; x64) AppleWebKit/537.36 (KHTML, like Gecko) Chrome/124.0.0.0 Safari/537.36"
18.235.81.246 - - [15/May/2026:09:21:52 -0400] "GET /wp-json/wp/v2/product/5942?view=/home/yallaadminx/theboots.me/wp-content/themes/flatsome/taxonomy-featured_item_category.php HTTP/1.1" 200 219 "-" "Mozilla/5.0 AppleWebKit/537.36 (KHTML, like Gecko; compatible; Amazonbot/0.1; +https://developer.amazon.com/support/amazonbot) Chrome/119.0.6045.214 Safari/537.36"
44.205.192.249 - - [15/May/2026:09:21:48 -0400] "GET /size/33/?rename=/home/yallaadminx/theboots.me/wp-content/themes/flatsome/single.php HTTP/1.1" 200 28013 "-" "Mozilla/5.0 AppleWebKit/537.36 (KHTML, like Gecko; compatible; Amazonbot/0.1; +https://developer.amazon.com/support/amazonbot) Chrome/119.0.6045.214 Safari/537.36"
104.207.51.244 - - [15/May/2026:09:21:53 -0400] "GET /wp-login.php?wp_lang=en_US HTTP/1.1" 200 3939 "-" "Mozilla/5.0 (Windows NT 10.0; Win64; x64; rv:133.0) Gecko/20100101 Firefox/133.0"
216.73.217.89 - - [15/May/2026:09:21:51 -0400] "GET /product/nike-mind-001-pearl-pink/?file=%2Fhome%2Fyallaadminx%2Ftheboots.me%2Fwp-content%2Fplugins%2Fmailchimp-for-woocommerce%2Fpublic HTTP/1.1" 200 29294 "-" "Mozilla/5.0 AppleWebKit/537.36 (KHTML, like Gecko; compatible; ClaudeBot/1.0; +claudebot@anthropic.com)"
216.73.217.89 - - [15/May/2026:09:21:51 -0400] "GET /product-category/nike/mind-001-and-002/?edit=%2Fhome%2Fyallaadminx%2Ftheboots.me%2Fwp-admin%2Fsite-health-info.php HTTP/1.1" 200 27378 "-" "Mozilla/5.0 AppleWebKit/537.36 (KHTML, like Gecko; compatible; ClaudeBot/1.0; +claudebot@anthropic.com)"
66.249.74.34 - - [15/May/2026:09:21:49 -0400] "GET /size/42/page/21/?file=%2Fhome%2Fyallaadminx%2Ftheboots.me%2Fwp-content%2Fthemes%2Fflatsome%2Fpage-header-on-scroll.php HTTP/1.1" 200 25995 "-" "Mozilla/5.0 (Linux; Android 6.0.1; Nexus 5X Build/MMB29P) AppleWebKit/537.36 (KHTML, like Gecko) Chrome/148.0.7778.96 Mobile Safari/537.36 (compatible; Googlebot/2.1; +http://www.google.com/bot.html)"
217.181.91.128 - - [15/May/2026:09:21:55 -0400] "GET /wp-login.php?wp_lang=en_US HTTP/1.1" 200 3939 "-" "Mozilla/5.0 (Windows NT 10.0; Win64; x64) AppleWebKit/537.36 (KHTML, like Gecko) Chrome/124.0.0.0 Safari/537.36"
216.73.217.89 - - [15/May/2026:09:21:57 -0400] "GET /product/nike-mind-001-red/wp-admin/images/wordpress-logo.png?view=%2Fhome%2Fyallaadminx%2Ftheboots.me%2Fwp-content%2Fthemes%2Fflatsome%2Fimage.php HTTP/1.1" 200 1751 "-" "Mozilla/5.0 AppleWebKit/537.36 (KHTML, like Gecko; compatible; ClaudeBot/1.0; +claudebot@anthropic.com)"
216.73.217.89 - - [15/May/2026:09:21:57 -0400] "GET /product/nike-mind-001-geode-teal/?view=%2Fhome%2Fyallaadminx%2Ftheboots.me%2Fwp-content%2Fthemes%2Fflatsome%2Fassets%2Fjs%2Fchunk.slider.js HTTP/1.1" 200 14053 "-" "Mozilla/5.0 AppleWebKit/537.36 (KHTML, like Gecko; compatible; ClaudeBot/1.0; +claudebot@anthropic.com)"
216.73.217.89 - - [15/May/2026:09:21:58 -0400] "GET /product/nike-mind-001-fragment-black/'?view=%2Fhome%2Fyallaadminx%2Ftheboots.me%2Fwp-content%2Fthemes%2Fflatsome%2Fpage-left-sidebar.php HTTP/1.1" 200 454 "-" "Mozilla/5.0 AppleWebKit/537.36 (KHTML, like Gecko; compatible; ClaudeBot/1.0; +claudebot@anthropic.com)"
3.211.105.134 - - [15/May/2026:09:21:56 -0400] "GET /size/30/?edit=/home/yallaadminx/theboots.me/wp-content/themes/flatsome/header.php HTTP/1.1" 200 28496 "-" "Mozilla/5.0 AppleWebKit/537.36 (KHTML, like Gecko; compatible; Amazonbot/0.1; +https://developer.amazon.com/support/amazonbot) Chrome/119.0.6045.214 Safari/537.36"
216.73.217.89 - - [15/May/2026:09:21:58 -0400] "GET /product/nike-mind-001-black-chrome/feed//%22?rename=%2Fhome%2Fyallaadminx%2Ftheboots.me%2Fwp-content%2Fthemes%2Fflatsome%2Fsearchform.php HTTP/1.1" 200 1594 "-" "Mozilla/5.0 AppleWebKit/537.36 (KHTML, like Gecko; compatible; ClaudeBot/1.0; +claudebot@anthropic.com)"
216.73.217.89 - - [15/May/2026:09:21:59 -0400] "GET /product/nike-mind-001-geode-teal/?view=%2Fhome%2Fyallaadminx%2Ftheboots.me%2Fwp-content%2Fthemes%2Fflatsome%2Fassets%2Fjs%2Fchunk.countup.js HTTP/1.1" 200 1974 "-" "Mozilla/5.0 AppleWebKit/537.36 (KHTML, like Gecko; compatible; ClaudeBot/1.0; +claudebot@anthropic.com)"
216.26.243.237 - - [15/May/2026:09:21:59 -0400] "GET /wp-login.php?wp_lang=en_US HTTP/1.1" 200 3939 "-" "Mozilla/5.0 (Windows NT 10.0; Win64; x64) AppleWebKit/537.36 (KHTML, like Gecko) Chrome/124.0.0.0 Safari/537.36"
216.73.217.89 - - [15/May/2026:09:21:58 -0400] "GET /product/nike-mind-001-red/wp-admin/images/wordpress-logo.png?rename=%2Fhome%2Fyallaadminx%2Ftheboots.me%2Fwp-content%2Fthemes%2Fflatsome%2Ffunctions.php HTTP/1.1" 200 19652 "-" "Mozilla/5.0 AppleWebKit/537.36 (KHTML, like Gecko; compatible; ClaudeBot/1.0; +claudebot@anthropic.com)"
216.73.217.89 - - [15/May/2026:09:21:59 -0400] "GET /product/nike-mind-001-red/wp-admin/images/wordpress-logo.png?rename=%2Fhome%2Fyallaadminx%2Ftheboots.me%2Fwp-content%2Fthemes%2Fflatsome%2Fpage-header-on-scroll.php HTTP/1.1" 200 19639 "-" "Mozilla/5.0 AppleWebKit/537.36 (KHTML, like Gecko; compatible; ClaudeBot/1.0; +claudebot@anthropic.com)"
216.73.217.89 - - [15/May/2026:09:22:01 -0400] "GET /product/nike-mind-001-fragment-black/'?file=%2Fhome%2Fyallaadminx%2Ftheboots.me%2Fwp-content%2Fthemes%2Fflatsome%2Fsearchform.php HTTP/1.1" 301 235 "-" "Mozilla/5.0 AppleWebKit/537.36 (KHTML, like Gecko; compatible; ClaudeBot/1.0; +claudebot@anthropic.com)"
65.111.21.54 - - [15/May/2026:09:22:01 -0400] "GET /wp-login.php?wp_lang=en_US HTTP/1.1" 200 3939 "-" "Mozilla/5.0 (Windows NT 10.0; Win64; x64; rv:133.0) Gecko/20100101 Firefox/133.0"
216.73.217.89 - - [15/May/2026:09:22:01 -0400] "GET /product/nike-mind-001-black-chrome/feed//%22?file=%2Fhome%2Fyallaadminx%2Ftheboots.me%2Fwp-content%2Fthemes%2Fflatsome%2Fsearch.php HTTP/1.1" 301 232 "-" "Mozilla/5.0 AppleWebKit/537.36 (KHTML, like Gecko; compatible; ClaudeBot/1.0; +claudebot@anthropic.com)"
45.3.36.236 - - [15/May/2026:09:22:03 -0400] "GET /wp-login.php?wp_lang=en_US HTTP/1.1" 200 3939 "-" "Mozilla/5.0 (Macintosh; Intel Mac OS X 10_15_7) AppleWebKit/605.1.15 (KHTML, like Gecko) Version/18.0 Safari/605.1.15"
216.73.217.89 - - [15/May/2026:09:22:03 -0400] "GET /product/nike-mind-001-black-chrome/feed/?file=%2Fhome%2Fyallaadminx%2Ftheboots.me%2Fwp-content%2Fthemes%2Fflatsome%2Fsearch.php HTTP/1.1" 200 1334 "https://theboots.me/product/nike-mind-001-black-chrome/feed//%22?file=%2Fhome%2Fyallaadminx%2Ftheboots.me%2Fwp-content%2Fthemes%2Fflatsome%2Fsearch.php" "Mozilla/5.0 AppleWebKit/537.36 (KHTML, like Gecko; compatible; ClaudeBot/1.0; +claudebot@anthropic.com)"
35.168.238.50 - - [15/May/2026:09:22:04 -0400] "GET /size/38/page/16/?rename=/home/yallaadminx/theboots.me/wp-content/themes/flatsome/single-blocks.php HTTP/1.1" 200 1798 "-" "Mozilla/5.0 AppleWebKit/537.36 (KHTML, like Gecko; compatible; Amazonbot/0.1; +https://developer.amazon.com/support/amazonbot) Chrome/119.0.6045.214 Safari/537.36"
216.73.217.89 - - [15/May/2026:09:22:00 -0400] "GET /product-category/nike/mind-001-and-002/?rename=%2Fhome%2Fyallaadminx%2Ftheboots.me%2Fwp-admin%2Fmy-sites.php HTTP/1.1" 200 25757 "-" "Mozilla/5.0 AppleWebKit/537.36 (KHTML, like Gecko; compatible; ClaudeBot/1.0; +claudebot@anthropic.com)"
209.50.165.64 - - [15/May/2026:09:22:06 -0400] "GET /wp-login.php?wp_lang=en_US HTTP/1.1" 200 3939 "-" "Mozilla/5.0 (Windows NT 10.0; Win64; x64) AppleWebKit/537.36 (KHTML, like Gecko) Chrome/124.0.0.0 Safari/537.36"
216.73.217.89 - - [15/May/2026:09:22:06 -0400] "GET /product/nike-mind-001-mule-light-bone/'.esc_url($img_url).'?file=%2Fhome%2Fyallaadminx%2Ftheboots.me%2Fwp-content%2Fthemes%2Fflatsome%2Fpage-blank.php HTTP/1.1" 301 239 "-" "Mozilla/5.0 AppleWebKit/537.36 (KHTML, like Gecko; compatible; ClaudeBot/1.0; +claudebot@anthropic.com)"
216.73.217.89 - - [15/May/2026:09:22:03 -0400] "GET /product/nike-mind-001-fragment-black/?file=%2Fhome%2Fyallaadminx%2Ftheboots.me%2Fwp-content%2Fthemes%2Fflatsome%2Fsearchform.php HTTP/1.1" 200 29297 "https://theboots.me/product/nike-mind-001-fragment-black/'?file=%2Fhome%2Fyallaadminx%2Ftheboots.me%2Fwp-content%2Fthemes%2Fflatsome%2Fsearchform.php" "Mozilla/5.0 AppleWebKit/537.36 (KHTML, like Gecko; compatible; ClaudeBot/1.0; +claudebot@anthropic.com)"
66.249.74.34 - - [15/May/2026:09:22:09 -0400] "GET /wp-content/uploads/2026/01/1db0bc1c-f9b9-42fe-b7a0-57ffd3c24b8e.avif HTTP/1.1" 200 12812 "-" "Googlebot-Image/1.0"
216.73.217.89 - - [15/May/2026:09:22:08 -0400] "GET /product/nike-mind-001-mule-light-bone/.esc_url(img_url).?file=%2Fhome%2Fyallaadminx%2Ftheboots.me%2Fwp-content%2Fthemes%2Fflatsome%2Fpage-blank.php HTTP/1.1" 301 239 "https://theboots.me/product/nike-mind-001-mule-light-bone/'.esc_url($img_url).'?file=%2Fhome%2Fyallaadminx%2Ftheboots.me%2Fwp-content%2Fthemes%2Fflatsome%2Fpage-blank.php" "Mozilla/5.0 AppleWebKit/537.36 (KHTML, like Gecko; compatible; ClaudeBot/1.0; +claudebot@anthropic.com)"
34.224.9.144 - - [15/May/2026:09:22:07 -0400] "GET /product-category/new-balance/new-balance-327/feed/?rename=/home/yallaadminx/theboots.me/wp-content/themes/flatsome/changes.txt HTTP/1.1" 200 1799 "-" "Mozilla/5.0 AppleWebKit/537.36 (KHTML, like Gecko; compatible; Amazonbot/0.1; +https://developer.amazon.com/support/amazonbot) Chrome/119.0.6045.214 Safari/537.36"
216.73.217.89 - - [15/May/2026:09:22:07 -0400] "GET /size/30/?edit=%2Fhome%2Fyallaadminx%2Ftheboots.me%2Fwp-content%2Fthemes%2Fflatsome%2Fassets%2Fimg%2Feffects%2Fsparkle1.png HTTP/1.1" 200 25668 "-" "Mozilla/5.0 AppleWebKit/537.36 (KHTML, like Gecko; compatible; ClaudeBot/1.0; +claudebot@anthropic.com)"
104.207.43.177 - - [15/May/2026:09:22:08 -0400] "GET /wp-login.php?wp_lang=en_US HTTP/1.1" 200 3939 "-" "Mozilla/5.0 (Windows NT 10.0; Win64; x64; rv:133.0) Gecko/20100101 Firefox/133.0"
216.73.217.89 - - [15/May/2026:09:22:11 -0400] "GET /product/nike-mind-001-geode-teal/feed/?edit=%2Fhome%2Fyallaadminx%2Ftheboots.me%2Fwp-content%2Fthemes%2Fflatsome%2Fwoocommerce%2Fcontent-product-cat.php HTTP/1.1" 200 3848 "-" "Mozilla/5.0 AppleWebKit/537.36 (KHTML, like Gecko; compatible; ClaudeBot/1.0; +claudebot@anthropic.com)"
216.73.217.89 - - [15/May/2026:09:22:10 -0400] "GET /product/nike-mind-001-mule-light-bone/.esc_url(img_url?file=%2Fhome%2Fyallaadminx%2Ftheboots.me%2Fwp-content%2Fthemes%2Fflatsome%2Fpage-blank.php HTTP/1.1" 404 18262 "https://theboots.me/product/nike-mind-001-mule-light-bone/.esc_url(img_url).?file=%2Fhome%2Fyallaadminx%2Ftheboots.me%2Fwp-content%2Fthemes%2Fflatsome%2Fpage-blank.php" "Mozilla/5.0 AppleWebKit/537.36 (KHTML, like Gecko; compatible; ClaudeBot/1.0; +claudebot@anthropic.com)"
98.83.72.38 - - [15/May/2026:09:22:08 -0400] "GET /size/30/?edit=/home/yallaadminx/theboots.me/wp-content/themes/flatsome/search.php HTTP/1.1" 200 28203 "-" "Mozilla/5.0 AppleWebKit/537.36 (KHTML, like Gecko; compatible; Amazonbot/0.1; +https://developer.amazon.com/support/amazonbot) Chrome/119.0.6045.214 Safari/537.36"
216.73.217.89 - - [15/May/2026:09:22:13 -0400] "GET /size/33/'%20.%20esc_url(%20$org_img%20)%20.%20'?view=%2Fhome%2Fyallaadminx%2Ftheboots.me%2Fwp-content%2Fthemes%2Fflatsome%2Ftheme.json HTTP/1.1" 200 268 "-" "Mozilla/5.0 AppleWebKit/537.36 (KHTML, like Gecko; compatible; ClaudeBot/1.0; +claudebot@anthropic.com)"
3.232.82.72 - - [15/May/2026:09:22:12 -0400] "GET /size/38/page/15/?rename=/home/yallaadminx/theboots.me/wp-content/themes/flatsome/index.php HTTP/1.1" 200 1797 "-" "Mozilla/5.0 AppleWebKit/537.36 (KHTML, like Gecko; compatible; Amazonbot/0.1; +https://developer.amazon.com/support/amazonbot) Chrome/119.0.6045.214 Safari/537.36"
216.73.217.89 - - [15/May/2026:09:22:12 -0400] "GET /product/nike-mind-001-mule-light-bone/'%20.%20$path%20.%20'?rename=%2Fhome%2Fyallaadminx%2Ftheboots.me%2Fwp-content%2Fthemes%2Fflatsome%2Flanguages%2Fhe_IL.l10n.php HTTP/1.1" 200 1604 "-" "Mozilla/5.0 AppleWebKit/537.36 (KHTML, like Gecko; compatible; ClaudeBot/1.0; +claudebot@anthropic.com)"
216.73.217.89 - - [15/May/2026:09:22:14 -0400] "GET /size/30/?view=%2Fhome%2Fyallaadminx%2Ftheboots.me%2Fwp-content%2Fthemes%2Fflatsome%2Fassets%2Fimg%2Feffects%2Fglass2.png HTTP/1.1" 200 203 "-" "Mozilla/5.0 AppleWebKit/537.36 (KHTML, like Gecko; compatible; ClaudeBot/1.0; +claudebot@anthropic.com)"
216.73.217.89 - - [15/May/2026:09:22:15 -0400] "GET /product/nike-mind-001-mule-light-bone/'%20.%20$path%20.%20'?edit=%2Fhome%2Fyallaadminx%2Ftheboots.me%2Fwp-content%2Fthemes%2Fflatsome%2Flanguages%2Fes_ES.po HTTP/1.1" 200 16842 "-" "Mozilla/5.0 AppleWebKit/537.36 (KHTML, like Gecko; compatible; ClaudeBot/1.0; +claudebot@anthropic.com)"
216.73.217.89 - - [15/May/2026:09:22:15 -0400] "GET /product/nike-mind-001-black-chrome/whatsapp:/send?file=%2Fhome%2Fyallaadminx%2Ftheboots.me%2Fwp-content%2Fthemes%2Fflatsome%2Fwoocommerce%2Fsingle-product%2Fprice.php HTTP/1.1" 404 18270 "-" "Mozilla/5.0 AppleWebKit/537.36 (KHTML, like Gecko; compatible; ClaudeBot/1.0; +claudebot@anthropic.com)"
100.24.149.244 - - [15/May/2026:09:22:16 -0400] "GET /size/38/page/16/?rename=/home/yallaadminx/theboots.me/wp-content/themes/flatsome/maintenance.php HTTP/1.1" 200 1798 "-" "Mozilla/5.0 AppleWebKit/537.36 (KHTML, like Gecko; compatible; Amazonbot/0.1; +https://developer.amazon.com/support/amazonbot) Chrome/119.0.6045.214 Safari/537.36"
216.73.217.89 - - [15/May/2026:09:22:16 -0400] "GET /product/nike-mind-001-fragment-black/whatsapp:/%3C?file=%2Fhome%2Fyallaadminx%2Ftheboots.me%2Fwp-content%2Fthemes%2Fflatsome%2Flanguages%2Ffa_IR.mo HTTP/1.1" 404 18267 "-" "Mozilla/5.0 AppleWebKit/537.36 (KHTML, like Gecko; compatible; ClaudeBot/1.0; +claudebot@anthropic.com)"
216.73.217.89 - - [15/May/2026:09:22:16 -0400] "GET /product/nike-mind-001-mule-light-bone/feed/?rename=%2Fhome%2Fyallaadminx%2Ftheboots.me%2Fwp-content%2Fthemes%2Fflatsome%2Fwoocommerce%2Fsingle-product%2Frelated.php HTTP/1.1" 200 2743 "-" "Mozilla/5.0 AppleWebKit/537.36 (KHTML, like Gecko; compatible; ClaudeBot/1.0; +claudebot@anthropic.com)"
216.73.217.89 - - [15/May/2026:09:22:18 -0400] "GET /size/33/'%20.%20esc_url(%20$org_img%20)%20.%20'?view=%2Fhome%2Fyallaadminx%2Ftheboots.me%2Fwp-content%2Fthemes%2Fflatsome%2Fpage-right-sidebar.php HTTP/1.1" 200 460 "-" "Mozilla/5.0 AppleWebKit/537.36 (KHTML, like Gecko; compatible; ClaudeBot/1.0; +claudebot@anthropic.com)"
216.73.217.89 - - [15/May/2026:09:22:18 -0400] "GET /product/nike-mind-001-black-chrome/'?file=%2Fhome%2Fyallaadminx%2Ftheboots.me%2Fwp-content%2Fthemes%2Fflatsome%2Fchanges.txt HTTP/1.1" 301 235 "-" "Mozilla/5.0 AppleWebKit/537.36 (KHTML, like Gecko; compatible; ClaudeBot/1.0; +claudebot@anthropic.com)"
216.73.217.89 - - [15/May/2026:09:22:19 -0400] "GET /product/nike-mind-001-pregame-mules-blackened-blue//%22?file=%27.updir%28%24path%29.%27 HTTP/1.1" 301 240 "-" "Mozilla/5.0 AppleWebKit/537.36 (KHTML, like Gecko; compatible; ClaudeBot/1.0; +claudebot@anthropic.com)"
216.73.217.89 - - [15/May/2026:09:22:18 -0400] "GET /product/nike-mind-001-light-smoke-grey/%3C?file=%2Fhome%2Fyallaadminx%2Ftheboots.me%2Fwp-content%2Fthemes%2Fflatsome%2Flanguages%2Far.l10n.php HTTP/1.1" 404 18258 "-" "Mozilla/5.0 AppleWebKit/537.36 (KHTML, like Gecko; compatible; ClaudeBot/1.0; +claudebot@anthropic.com)"
216.73.217.89 - - [15/May/2026:09:22:21 -0400] "GET /product/nike-mind-001-light-smoke-grey/whatsapp:/%3C?view=%2Fhome%2Fyallaadminx%2Ftheboots.me%2Fwp-content%2Fthemes%2Fflatsome%2Flanguages%2Fpl_PL.po HTTP/1.1" 200 14892 "-" "Mozilla/5.0 AppleWebKit/537.36 (KHTML, like Gecko; compatible; ClaudeBot/1.0; +claudebot@anthropic.com)"
44.194.139.149 - - [15/May/2026:09:22:20 -0400] "GET /product/nike-mind-001-pearl-pink/feed/?rename=/home/yallaadminx/theboots.me/wp-content/themes/flatsome/single.php HTTP/1.1" 200 1798 "-" "Mozilla/5.0 AppleWebKit/537.36 (KHTML, like Gecko; compatible; Amazonbot/0.1; +https://developer.amazon.com/support/amazonbot) Chrome/119.0.6045.214 Safari/537.36"
216.73.217.89 - - [15/May/2026:09:22:21 -0400] "GET /product/nike-mind-001-fragment-black/?view=%2Fhome%2Fyallaadminx%2Ftheboots.me%2Fwp-content%2Fthemes%2Fflatsome%2Flanguages%2Fzh_CN.l10n.php HTTP/1.1" 200 10115 "-" "Mozilla/5.0 AppleWebKit/537.36 (KHTML, like Gecko; compatible; ClaudeBot/1.0; +claudebot@anthropic.com)"
67.223.118.104 - - [15/May/2026:09:22:23 -0400] "POST /wp-cron.php?doing_wp_cron=1778851343.5453228950500488281250 HTTP/1.1" 200 0 "-" "WordPress/6.9.4; https://theboots.me"
216.73.217.89 - - [15/May/2026:09:22:18 -0400] "GET /product/nike-mind-001-black-chrome/?file=%2Fhome%2Fyallaadminx%2Ftheboots.me%2Fwp-content%2Fthemes%2Fflatsome%2Fchanges.txt HTTP/1.1" 200 30643 "https://theboots.me/product/nike-mind-001-black-chrome/'?file=%2Fhome%2Fyallaadminx%2Ftheboots.me%2Fwp-content%2Fthemes%2Fflatsome%2Fchanges.txt" "Mozilla/5.0 AppleWebKit/537.36 (KHTML, like Gecko; compatible; ClaudeBot/1.0; +claudebot@anthropic.com)"
67.223.118.104 - - [15/May/2026:09:22:23 -0400] "POST /wp-cron.php?doing_wp_cron=1778851343.8439760208129882812500 HTTP/1.1" 200 0 "-" "WordPress/6.9.4; https://theboots.me"
216.73.217.89 - - [15/May/2026:09:22:22 -0400] "GET /product/nike-mind-001-fragment-black/feed//%22?file=%2Fhome%2Fyallaadminx%2Ftheboots.me%2Fwp-content%2Fthemes%2Fflatsome%2Fpage.php HTTP/1.1" 301 234 "-" "Mozilla/5.0 AppleWebKit/537.36 (KHTML, like Gecko; compatible; ClaudeBot/1.0; +claudebot@anthropic.com)"
52.45.92.83 - - [15/May/2026:09:22:24 -0400] "GET /size/33/?view=/home/yallaadminx/theboots.me/wp-content/themes/flatsome/search.php HTTP/1.1" 200 245 "-" "Mozilla/5.0 AppleWebKit/537.36 (KHTML, like Gecko; compatible; Amazonbot/0.1; +https://developer.amazon.com/support/amazonbot) Chrome/119.0.6045.214 Safari/537.36"
67.223.118.104 - - [15/May/2026:09:22:25 -0400] "POST /wp-cron.php?doing_wp_cron=1778851345.8525569438934326171875 HTTP/1.1" 200 0 "-" "WordPress/6.9.4; https://theboots.me"
216.73.217.89 - - [15/May/2026:09:22:20 -0400] "GET /product/nike-mind-001-pregame-mules-blackened-blue/?file=%27.updir%28%24path%29.%27 HTTP/1.1" 200 29477 "https://theboots.me/product/nike-mind-001-pregame-mules-blackened-blue//%22?file=%27.updir%28%24path%29.%27" "Mozilla/5.0 AppleWebKit/537.36 (KHTML, like Gecko; compatible; ClaudeBot/1.0; +claudebot@anthropic.com)"
216.73.217.89 - - [15/May/2026:09:22:23 -0400] "GET /product/nike-mind-001-mule-light-bone/'.esc_url($img_url).'?edit=%2Fhome%2Fyallaadminx%2Ftheboots.me%2Fwp-content%2Fthemes%2Fflatsome%2Fpage-single-page-nav-transparent.php HTTP/1.1" 200 1896 "-" "Mozilla/5.0 AppleWebKit/537.36 (KHTML, like Gecko; compatible; ClaudeBot/1.0; +claudebot@anthropic.com)"
216.73.217.89 - - [15/May/2026:09:22:24 -0400] "GET /product/nike-mind-001-fragment-black/feed/?file=%2Fhome%2Fyallaadminx%2Ftheboots.me%2Fwp-content%2Fthemes%2Fflatsome%2Fpage.php HTTP/1.1" 200 1335 "https://theboots.me/product/nike-mind-001-fragment-black/feed//%22?file=%2Fhome%2Fyallaadminx%2Ftheboots.me%2Fwp-content%2Fthemes%2Fflatsome%2Fpage.php" "Mozilla/5.0 AppleWebKit/537.36 (KHTML, like Gecko; compatible; ClaudeBot/1.0; +claudebot@anthropic.com)"
216.73.217.89 - - [15/May/2026:09:22:26 -0400] "GET /product/nike-mind-001-black-chrome/'.get_the_permalink($page_parent-%3EID).'?view=%2Fhome%2Fyallaadminx%2Ftheboots.me%2Fwp-content%2Fthemes%2Fflatsome%2Fpage-right-sidebar.php HTTP/1.1" 200 460 "-" "Mozilla/5.0 AppleWebKit/537.36 (KHTML, like Gecko; compatible; ClaudeBot/1.0; +claudebot@anthropic.com)"
216.73.217.89 - - [15/May/2026:09:22:26 -0400] "GET /product/nike-mind-001-fragment-black/%3C?edit=%2Fhome%2Fyallaadminx%2Ftheboots.me%2Fwp-content%2Fthemes%2Fflatsome%2Flanguages%2Ffr_FR.l10n.php HTTP/1.1" 200 30610 "-" "Mozilla/5.0 AppleWebKit/537.36 (KHTML, like Gecko; compatible; ClaudeBot/1.0; +claudebot@anthropic.com)"
216.73.217.89 - - [15/May/2026:09:22:26 -0400] "GET /product/nike-mind-001-light-smoke-grey/%3C?file=%2Fhome%2Fyallaadminx%2Ftheboots.me%2Fwp-content%2Fthemes%2Fflatsome%2Flanguages%2Fhe_IL.l10n.php HTTP/1.1" 404 18263 "-" "Mozilla/5.0 AppleWebKit/537.36 (KHTML, like Gecko; compatible; ClaudeBot/1.0; +claudebot@anthropic.com)"
216.73.217.89 - - [15/May/2026:09:22:27 -0400] "GET /product/nike-mind-001-pregame-mules-blackened-blue/feed//%22?file=%2Fhome%2Fyallaadminx%2Ftheboots.me%2Fwp-content%2Fthemes%2Fflatsome%2Ffunctions.php HTTP/1.1" 301 234 "-" "Mozilla/5.0 AppleWebKit/537.36 (KHTML, like Gecko; compatible; ClaudeBot/1.0; +claudebot@anthropic.com)"
216.73.217.89 - - [15/May/2026:09:22:28 -0400] "GET /product-category/nike/mind-001-and-002//%22?edit=%2Fhome%2Fyallaadminx%2Ftheboots.me%2Fwp-content%2Fthemes%2Fflatsome%2Flanguages%2Fda_DK.l10n.php HTTP/1.1" 200 13301 "-" "Mozilla/5.0 AppleWebKit/537.36 (KHTML, like Gecko; compatible; ClaudeBot/1.0; +claudebot@anthropic.com)"
216.73.217.89 - - [15/May/2026:09:22:29 -0400] "GET /product/nike-mind-001-mule-light-bone/feed/?view=%2Fhome%2Fyallaadminx%2Ftheboots.me%2Fwp-content%2Fthemes%2Fflatsome%2Fwoocommerce%2Fsingle-product%2Fsale-flash.php HTTP/1.1" 200 566 "-" "Mozilla/5.0 AppleWebKit/537.36 (KHTML, like Gecko; compatible; ClaudeBot/1.0; +claudebot@anthropic.com)"
216.73.217.89 - - [15/May/2026:09:22:29 -0400] "GET /product/nike-mind-001-pregame-mules-blackened-blue/feed/?file=%2Fhome%2Fyallaadminx%2Ftheboots.me%2Fwp-content%2Fthemes%2Fflatsome%2Ffunctions.php HTTP/1.1" 200 1359 "https://theboots.me/product/nike-mind-001-pregame-mules-blackened-blue/feed//%22?file=%2Fhome%2Fyallaadminx%2Ftheboots.me%2Fwp-content%2Fthemes%2Fflatsome%2Ffunctions.php" "Mozilla/5.0 AppleWebKit/537.36 (KHTML, like Gecko; compatible; ClaudeBot/1.0; +claudebot@anthropic.com)"
18.215.49.176 - - [15/May/2026:09:22:28 -0400] "GET /size/33/?rename=/home/yallaadminx/theboots.me/wp-content/themes/flatsome/style.css HTTP/1.1" 200 28019 "-" "Mozilla/5.0 AppleWebKit/537.36 (KHTML, like Gecko; compatible; Amazonbot/0.1; +https://developer.amazon.com/support/amazonbot) Chrome/119.0.6045.214 Safari/537.36"
216.73.217.89 - - [15/May/2026:09:22:30 -0400] "GET /product/nike-mind-001-mule-light-bone/'%20.%20$path%20.%20'?rename=%2Fhome%2Fyallaadminx%2Ftheboots.me%2Fwp-content%2Fthemes%2Fflatsome%2Flanguages%2Ffa_IR.mo HTTP/1.1" 200 1601 "-" "Mozilla/5.0 AppleWebKit/537.36 (KHTML, like Gecko; compatible; ClaudeBot/1.0; +claudebot@anthropic.com)"
216.73.217.89 - - [15/May/2026:09:22:31 -0400] "GET /product/nike-mind-001-black-chrome/'?file=%2Fhome%2Fyallaadminx%2Ftheboots.me%2Fwp-content%2Fthemes%2Fflatsome%2Farchive-featured_item.php HTTP/1.1" 301 240 "-" "Mozilla/5.0 AppleWebKit/537.36 (KHTML, like Gecko; compatible; ClaudeBot/1.0; +claudebot@anthropic.com)"
34.194.14.255 - - [15/May/2026:09:22:32 -0400] "GET /size/38/page/16/?rename=/home/yallaadminx/theboots.me/wp-content/themes/flatsome/style.css HTTP/1.1" 200 1800 "-" "Mozilla/5.0 AppleWebKit/537.36 (KHTML, like Gecko; compatible; Amazonbot/0.1; +https://developer.amazon.com/support/amazonbot) Chrome/119.0.6045.214 Safari/537.36"
216.73.217.89 - - [15/May/2026:09:22:31 -0400] "GET /product/nike-mind-001-solar-red/?file=%2Fhome%2Fyallaadminx%2Ftheboots.me%2Fwp-content%2Fthemes%2Fflatsome%2Finc%2Fadmin%2Fpanel%2Fimg HTTP/1.1" 200 29734 "-" "Mozilla/5.0 AppleWebKit/537.36 (KHTML, like Gecko; compatible; ClaudeBot/1.0; +claudebot@anthropic.com)"
216.73.217.89 - - [15/May/2026:09:22:34 -0400] "GET /size/30/feed/?file=%2Fhome%2Fyallaadminx%2Ftheboots.me%2Fwp-content%2Fthemes%2Fflatsome%2Flanguages%2Fsr_RS.mo HTTP/1.1" 200 1744 "-" "Mozilla/5.0 AppleWebKit/537.36 (KHTML, like Gecko; compatible; ClaudeBot/1.0; +claudebot@anthropic.com)"
216.73.217.89 - - [15/May/2026:09:22:34 -0400] "GET /size/30/feed/?rename=%2Fhome%2Fyallaadminx%2Ftheboots.me%2Fwp-content%2Fthemes%2Fflatsome%2Fwoocommerce%2Fshare.php HTTP/1.1" 200 3128 "-" "Mozilla/5.0 AppleWebKit/537.36 (KHTML, like Gecko; compatible; ClaudeBot/1.0; +claudebot@anthropic.com)"
216.73.217.89 - - [15/May/2026:09:22:34 -0400] "GET /size/33/feed/?file=%2Fhome%2Fyallaadminx%2Ftheboots.me%2Fwp-content%2Fthemes%2Fflatsome%2Flanguages%2Fpt_BR.l10n.php HTTP/1.1" 200 1749 "-" "Mozilla/5.0 AppleWebKit/537.36 (KHTML, like Gecko; compatible; ClaudeBot/1.0; +claudebot@anthropic.com)"
216.73.217.89 - - [15/May/2026:09:22:32 -0400] "GET /product/nike-mind-001-fragment-black/?file=%2Fhome%2Fyallaadminx%2Ftheboots.me%2Fwp-content%2Fthemes%2Fflatsome%2Flanguages%2Fit_IT.l10n.php HTTP/1.1" 200 29196 "-" "Mozilla/5.0 AppleWebKit/537.36 (KHTML, like Gecko; compatible; ClaudeBot/1.0; +claudebot@anthropic.com)"
216.73.217.89 - - [15/May/2026:09:22:37 -0400] "GET /size/31/?view=%2Fhome%2Fyallaadminx%2Ftheboots.me%2Fwp-content%2Fthemes%2Fflatsome%2Fassets%2Fcss%2Fflatsome-shop.css HTTP/1.1" 200 7418 "-" "Mozilla/5.0 AppleWebKit/537.36 (KHTML, like Gecko; compatible; ClaudeBot/1.0; +claudebot@anthropic.com)"
216.73.217.89 - - [15/May/2026:09:22:32 -0400] "GET /product/nike-mind-001-black-chrome/?file=%2Fhome%2Fyallaadminx%2Ftheboots.me%2Fwp-content%2Fthemes%2Fflatsome%2Farchive-featured_item.php HTTP/1.1" 200 30642 "https://theboots.me/product/nike-mind-001-black-chrome/'?file=%2Fhome%2Fyallaadminx%2Ftheboots.me%2Fwp-content%2Fthemes%2Fflatsome%2Farchive-featured_item.php" "Mozilla/5.0 AppleWebKit/537.36 (KHTML, like Gecko; compatible; ClaudeBot/1.0; +claudebot@anthropic.com)"
216.73.217.89 - - [15/May/2026:09:22:38 -0400] "GET /size/29/feed/?view=%2Fhome%2Fyallaadminx%2Ftheboots.me%2Fwp-content%2Fthemes%2Fflatsome%2Flanguages%2Fes_AR.mo HTTP/1.1" 200 5268 "-" "Mozilla/5.0 AppleWebKit/537.36 (KHTML, like Gecko; compatible; ClaudeBot/1.0; +claudebot@anthropic.com)"
23.23.104.107 - - [15/May/2026:09:22:36 -0400] "GET /wp-json/wp/v2/product/5858?edit=/home/yallaadminx/theboots.me/wp-content/themes/flatsome/wpml-config.xml HTTP/1.1" 200 4623 "-" "Mozilla/5.0 AppleWebKit/537.36 (KHTML, like Gecko; compatible; Amazonbot/0.1; +https://developer.amazon.com/support/amazonbot) Chrome/119.0.6045.214 Safari/537.36"
216.73.217.89 - - [15/May/2026:09:22:39 -0400] "GET /product-category/nike/mind-001-and-002/?view=%2Fhome%2Fyallaadminx%2Ftheboots.me%2Fwp-includes%2Fhttp.php HTTP/1.1" 200 5531 "-" "Mozilla/5.0 AppleWebKit/537.36 (KHTML, like Gecko; compatible; ClaudeBot/1.0; +claudebot@anthropic.com)"
216.73.217.89 - - [15/May/2026:09:22:36 -0400] "GET /size/47/%3C?edit=%2Fhome%2Fyallaadminx%2Ftheboots.me%2Fwp-content%2Fthemes%2Fflatsome%2Flanguages%2Fnl_NL.l10n.php HTTP/1.1" 200 31051 "-" "Mozilla/5.0 AppleWebKit/537.36 (KHTML, like Gecko; compatible; ClaudeBot/1.0; +claudebot@anthropic.com)"
216.73.217.89 - - [15/May/2026:09:22:39 -0400] "GET /product-category/nike/mind-001-and-002/?view=%2Fhome%2Fyallaadminx%2Ftheboots.me%2Fwp-includes%2Fms-default-constants.php HTTP/1.1" 200 1628 "-" "Mozilla/5.0 AppleWebKit/537.36 (KHTML, like Gecko; compatible; ClaudeBot/1.0; +claudebot@anthropic.com)"
216.73.217.89 - - [15/May/2026:09:22:39 -0400] "GET /size/30/feed/?edit=%2Fhome%2Fyallaadminx%2Ftheboots.me%2Fwp-content%2Fthemes%2Fflatsome%2Flanguages%2Fde_DE.mo HTTP/1.1" 200 16462 "-" "Mozilla/5.0 AppleWebKit/537.36 (KHTML, like Gecko; compatible; ClaudeBot/1.0; +claudebot@anthropic.com)"
216.73.217.89 - - [15/May/2026:09:22:40 -0400] "GET /size/30/feed/?file=%2Fhome%2Fyallaadminx%2Ftheboots.me%2Fwp-content%2Fthemes%2Fflatsome%2Flanguages%2Fen_US.l10n.php HTTP/1.1" 200 1749 "-" "Mozilla/5.0 AppleWebKit/537.36 (KHTML, like Gecko; compatible; ClaudeBot/1.0; +claudebot@anthropic.com)"
216.73.217.89 - - [15/May/2026:09:22:37 -0400] "GET /size/47/?file=%2Fhome%2Fyallaadminx%2Ftheboots.me%2Fwp-content%2Fthemes%2Fflatsome%2Flanguages%2Fzh_CN.l10n.php HTTP/1.1" 200 23481 "-" "Mozilla/5.0 AppleWebKit/537.36 (KHTML, like Gecko; compatible; ClaudeBot/1.0; +claudebot@anthropic.com)"
34.226.89.140 - - [15/May/2026:09:22:40 -0400] "GET /size/38/page/15/?rename=/home/yallaadminx/theboots.me/wp-content/themes/flatsome/rtl.css HTTP/1.1" 200 1797 "-" "Mozilla/5.0 AppleWebKit/537.36 (KHTML, like Gecko; compatible; Amazonbot/0.1; +https://developer.amazon.com/support/amazonbot) Chrome/119.0.6045.214 Safari/537.36"
216.73.217.89 - - [15/May/2026:09:22:41 -0400] "GET /size/30/feed/?rename=%2Fhome%2Fyallaadminx%2Ftheboots.me%2Fwp-content%2Fthemes%2Fflatsome%2Flanguages%2Fth.l10n.php HTTP/1.1" 200 3165 "-" "Mozilla/5.0 AppleWebKit/537.36 (KHTML, like Gecko; compatible; ClaudeBot/1.0; +claudebot@anthropic.com)"
216.73.217.89 - - [15/May/2026:09:22:42 -0400] "GET /size/33/feed/?file=%2Fhome%2Fyallaadminx%2Ftheboots.me%2Fwp-content%2Fthemes%2Fflatsome%2Flanguages%2Fit_IT.mo HTTP/1.1" 200 1745 "-" "Mozilla/5.0 AppleWebKit/537.36 (KHTML, like Gecko; compatible; ClaudeBot/1.0; +claudebot@anthropic.com)"
216.73.217.89 - - [15/May/2026:09:22:43 -0400] "GET /product-category/nike/mind-001-and-002/?view=%2Fhome%2Fyallaadminx%2Ftheboots.me%2Fwp-includes%2Fwp-db.php HTTP/1.1" 200 257 "-" "Mozilla/5.0 AppleWebKit/537.36 (KHTML, like Gecko; compatible; ClaudeBot/1.0; +claudebot@anthropic.com)"
216.73.217.89 - - [15/May/2026:09:22:43 -0400] "GET /product-category/nike/mind-001-and-002/?view=%2Fhome%2Fyallaadminx%2Ftheboots.me%2Fwp-includes%2Fclass-walker-nav-menu.php HTTP/1.1" 200 2777 "-" "Mozilla/5.0 AppleWebKit/537.36 (KHTML, like Gecko; compatible; ClaudeBot/1.0; +claudebot@anthropic.com)"
216.73.217.89 - - [15/May/2026:09:22:42 -0400] "GET /size/31/%3C?rename=%2Fhome%2Fyallaadminx%2Ftheboots.me%2Fwp-content%2Fthemes%2Fflatsome%2Fstyle.css HTTP/1.1" 200 19674 "-" "Mozilla/5.0 AppleWebKit/537.36 (KHTML, like Gecko; compatible; ClaudeBot/1.0; +claudebot@anthropic.com)"
216.73.217.89 - - [15/May/2026:09:22:44 -0400] "GET /size/32/feed/?rename=%2Fhome%2Fyallaadminx%2Ftheboots.me%2Fwp-content%2Fthemes%2Fflatsome%2Fpage-transparent-header-light.php HTTP/1.1" 200 3117 "-" "Mozilla/5.0 AppleWebKit/537.36 (KHTML, like Gecko; compatible; ClaudeBot/1.0; +claudebot@anthropic.com)"
216.73.217.89 - - [15/May/2026:09:22:45 -0400] "GET /size/35/feed/?edit=%2Fhome%2Fyallaadminx%2Ftheboots.me%2Fwp-content%2Fthemes%2Fflatsome%2Farchive-featured_item.php HTTP/1.1" 200 3386 "-" "Mozilla/5.0 AppleWebKit/537.36 (KHTML, like Gecko; compatible; ClaudeBot/1.0; +claudebot@anthropic.com)"
34.238.45.183 - - [15/May/2026:09:22:44 -0400] "GET /size/29/?edit=/home/yallaadminx/theboots.me/wp-content/themes/flatsome/wpml-config.xml HTTP/1.1" 200 29604 "-" "Mozilla/5.0 AppleWebKit/537.36 (KHTML, like Gecko; compatible; Amazonbot/0.1; +https://developer.amazon.com/support/amazonbot) Chrome/119.0.6045.214 Safari/537.36"
216.73.217.89 - - [15/May/2026:09:22:43 -0400] "GET /product/nike-mind-001-geode-teal/?file=%2Fhome%2Fyallaadminx%2Ftheboots.me%2Fwp-content%2Fthemes%2Fflatsome%2Finc%2Fbuilder%2Fshortcodes%2Ftext_box.php HTTP/1.1" 200 29249 "-" "Mozilla/5.0 AppleWebKit/537.36 (KHTML, like Gecko; compatible; ClaudeBot/1.0; +claudebot@anthropic.com)"
216.73.217.89 - - [15/May/2026:09:22:47 -0400] "GET /size/30/feed/?edit=%2Fhome%2Fyallaadminx%2Ftheboots.me%2Fwp-content%2Fthemes%2Fflatsome%2Flanguages%2Fhu_HU.l10n.php HTTP/1.1" 200 4829 "-" "Mozilla/5.0 AppleWebKit/537.36 (KHTML, like Gecko; compatible; ClaudeBot/1.0; +claudebot@anthropic.com)"
216.73.217.89 - - [15/May/2026:09:22:46 -0400] "GET /size/46/%3C?file=%2Fhome%2Fyallaadminx%2Ftheboots.me%2Fwp-content%2Fthemes%2Fflatsome%2Fpage-blank-sub-nav-vertical.php HTTP/1.1" 404 18252 "-" "Mozilla/5.0 AppleWebKit/537.36 (KHTML, like Gecko; compatible; ClaudeBot/1.0; +claudebot@anthropic.com)"
216.73.217.89 - - [15/May/2026:09:22:49 -0400] "GET /product/nike-mind-001-red/?view=%2Fhome%2Fyallaadminx%2Ftheboots.me%2Fwp-content%2Fplugins%2Fextendify%2Fsrc%2FAgent%2Flib%2Ftour-helpers.js HTTP/1.1" 200 161 "-" "Mozilla/5.0 AppleWebKit/537.36 (KHTML, like Gecko; compatible; ClaudeBot/1.0; +claudebot@anthropic.com)"
216.73.217.89 - - [15/May/2026:09:22:49 -0400] "GET /product/nike-mind-001-solar-red/?view=%2Fhome%2Fyallaadminx%2Ftheboots.me%2Fwp-content%2Fthemes%2Fflatsome%2Finc%2Fadmin%2Fcustomizer%2Fcustomizer-reset.php HTTP/1.1" 200 1223 "-" "Mozilla/5.0 AppleWebKit/537.36 (KHTML, like Gecko; compatible; ClaudeBot/1.0; +claudebot@anthropic.com)"
216.73.217.89 - - [15/May/2026:09:22:43 -0400] "GET /product-category/nike/mind-001-and-002/?edit=%2Fhome%2Fyallaadminx%2Ftheboots.me%2Fwp-includes%2Fclass-wp-role.php HTTP/1.1" 200 26515 "-" "Mozilla/5.0 AppleWebKit/537.36 (KHTML, like Gecko; compatible; ClaudeBot/1.0; +claudebot@anthropic.com)"
44.195.145.102 - - [15/May/2026:09:22:48 -0400] "GET /size/38/page/15/?edit=/home/yallaadminx/theboots.me/wp-content/themes/flatsome/page-header-on-scroll.php HTTP/1.1" 200 2125 "-" "Mozilla/5.0 AppleWebKit/537.36 (KHTML, like Gecko; compatible; Amazonbot/0.1; +https://developer.amazon.com/support/amazonbot) Chrome/119.0.6045.214 Safari/537.36"
216.73.217.89 - - [15/May/2026:09:22:49 -0400] "GET /size/31/%3C?edit=%2Fhome%2Fyallaadminx%2Ftheboots.me%2Fwp-content%2Fthemes%2Fflatsome%2Flanguages%2Fit_IT.mo HTTP/1.1" 200 33326 "-" "Mozilla/5.0 AppleWebKit/537.36 (KHTML, like Gecko; compatible; ClaudeBot/1.0; +claudebot@anthropic.com)"
216.73.217.89 - - [15/May/2026:09:22:50 -0400] "GET /size/33/%3C?rename=%2Fhome%2Fyallaadminx%2Ftheboots.me%2Fwp-content%2Fthemes%2Fflatsome%2Frtl.css HTTP/1.1" 200 19606 "-" "Mozilla/5.0 AppleWebKit/537.36 (KHTML, like Gecko; compatible; ClaudeBot/1.0; +claudebot@anthropic.com)"
216.73.217.89 - - [15/May/2026:09:22:50 -0400] "GET /size/33/%3C?edit=%2Fhome%2Fyallaadminx%2Ftheboots.me%2Fwp-content%2Fthemes%2Fflatsome%2Flanguages%2Fes_AR.mo HTTP/1.1" 200 24753 "-" "Mozilla/5.0 AppleWebKit/537.36 (KHTML, like Gecko; compatible; ClaudeBot/1.0; +claudebot@anthropic.com)"
216.73.217.89 - - [15/May/2026:09:22:53 -0400] "GET /size/30/feed/?view=%2Fhome%2Fyallaadminx%2Ftheboots.me%2Fwp-content%2Fthemes%2Fflatsome%2Fpage-cart.php HTTP/1.1" 200 152 "-" "Mozilla/5.0 AppleWebKit/537.36 (KHTML, like Gecko; compatible; ClaudeBot/1.0; +claudebot@anthropic.com)"
216.73.217.89 - - [15/May/2026:09:22:52 -0400] "GET /size/47/feed/?edit=%2Fhome%2Fyallaadminx%2Ftheboots.me%2Fwp-content%2Fthemes%2Fflatsome%2Farchive-featured_item.php HTTP/1.1" 200 3576 "-" "Mozilla/5.0 AppleWebKit/537.36 (KHTML, like Gecko; compatible; ClaudeBot/1.0; +claudebot@anthropic.com)"
216.73.217.89 - - [15/May/2026:09:22:53 -0400] "GET /size/30/%3C?file=%2Fhome%2Fyallaadminx%2Ftheboots.me%2Fwp-content%2Fthemes%2Fflatsome%2Ffooter.php HTTP/1.1" 404 18235 "-" "Mozilla/5.0 AppleWebKit/537.36 (KHTML, like Gecko; compatible; ClaudeBot/1.0; +claudebot@anthropic.com)"
3.213.213.161 - - [15/May/2026:09:22:53 -0400] "GET /wp-json/wp/v2/product/5942?edit=/home/yallaadminx/theboots.me/wp-content/themes/flatsome/header.php HTTP/1.1" 200 3074 "-" "Mozilla/5.0 AppleWebKit/537.36 (KHTML, like Gecko; compatible; Amazonbot/0.1; +https://developer.amazon.com/support/amazonbot) Chrome/119.0.6045.214 Safari/537.36"
216.73.217.89 - - [15/May/2026:09:22:55 -0400] "GET /size/35/%3C?view=%2Fhome%2Fyallaadminx%2Ftheboots.me%2Fwp-content%2Fthemes%2Fflatsome%2Flanguages%2Fcs_CZ.mo HTTP/1.1" 200 14430 "-" "Mozilla/5.0 AppleWebKit/537.36 (KHTML, like Gecko; compatible; ClaudeBot/1.0; +claudebot@anthropic.com)"
216.73.217.89 - - [15/May/2026:09:22:50 -0400] "GET /product/nike-mind-001-geode-teal/?edit=%2Fhome%2Fyallaadminx%2Ftheboots.me%2Fwp-content%2Fthemes%2Fflatsome%2Finc%2Fbuilder%2Fshortcodes%2Fcol_grid.php HTTP/1.1" 200 31390 "-" "Mozilla/5.0 AppleWebKit/537.36 (KHTML, like Gecko; compatible; ClaudeBot/1.0; +claudebot@anthropic.com)"
216.73.217.89 - - [15/May/2026:09:22:54 -0400] "GET /size/33/%3C?rename=%2Fhome%2Fyallaadminx%2Ftheboots.me%2Fwp-content%2Fthemes%2Fflatsome%2Flanguages%2Fda_DK.l10n.php HTTP/1.1" 200 19634 "-" "Mozilla/5.0 AppleWebKit/537.36 (KHTML, like Gecko; compatible; ClaudeBot/1.0; +claudebot@anthropic.com)"
216.73.217.89 - - [15/May/2026:09:22:56 -0400] "GET /size/30/feed/?view=%2Fhome%2Fyallaadminx%2Ftheboots.me%2Fwp-content%2Fthemes%2Fflatsome%2Fwoocommerce%2Fcontent-product-small.php HTTP/1.1" 200 364 "-" "Mozilla/5.0 AppleWebKit/537.36 (KHTML, like Gecko; compatible; ClaudeBot/1.0; +claudebot@anthropic.com)"
216.73.217.89 - - [15/May/2026:09:22:55 -0400] "GET /size/33/feed/?edit=%2Fhome%2Fyallaadminx%2Ftheboots.me%2Fwp-content%2Fthemes%2Fflatsome%2Fpage-single-page-nav-transparent.php HTTP/1.1" 200 3405 "-" "Mozilla/5.0 AppleWebKit/537.36 (KHTML, like Gecko; compatible; ClaudeBot/1.0; +claudebot@anthropic.com)"
216.73.217.89 - - [15/May/2026:09:22:56 -0400] "GET /product/nike-mind-001-light-smoke-grey/?view=%2Fhome%2Fyallaadminx%2Ftheboots.me%2Fwp-content%2Fthemes%2Fflatsome%2Fassets%2Fcss%2Fadmin%2Fadmin-menu.css HTTP/1.1" 200 297 "-" "Mozilla/5.0 AppleWebKit/537.36 (KHTML, like Gecko; compatible; ClaudeBot/1.0; +claudebot@anthropic.com)"
34.204.150.196 - - [15/May/2026:09:22:56 -0400] "GET /wp-json/wp/v2/product/5942?edit=/home/yallaadminx/theboots.me/wp-content/themes/flatsome/single-featured_item.php HTTP/1.1" 200 2775 "-" "Mozilla/5.0 AppleWebKit/537.36 (KHTML, like Gecko; compatible; Amazonbot/0.1; +https://developer.amazon.com/support/amazonbot) Chrome/119.0.6045.214 Safari/537.36"
216.73.217.89 - - [15/May/2026:09:22:57 -0400] "GET /size/35/%3C?rename=%2Fhome%2Fyallaadminx%2Ftheboots.me%2Fwp-content%2Fthemes%2Fflatsome%2Flanguages%2Fsr_RS.l10n.php HTTP/1.1" 200 19634 "-" "Mozilla/5.0 AppleWebKit/537.36 (KHTML, like Gecko; compatible; ClaudeBot/1.0; +claudebot@anthropic.com)"
216.73.217.89 - - [15/May/2026:09:22:57 -0400] "GET /size/35/feed/?file=%2Fhome%2Fyallaadminx%2Ftheboots.me%2Fwp-content%2Fthemes%2Fflatsome%2Flanguages%2Fja.mo HTTP/1.1" 200 1845 "-" "Mozilla/5.0 AppleWebKit/537.36 (KHTML, like Gecko; compatible; ClaudeBot/1.0; +claudebot@anthropic.com)"
216.73.217.89 - - [15/May/2026:09:22:59 -0400] "GET /size/46/feed/?rename=%2Fhome%2Fyallaadminx%2Ftheboots.me%2Fwp-content%2Fthemes%2Fflatsome%2Fsearchform.php HTTP/1.1" 200 3416 "-" "Mozilla/5.0 AppleWebKit/537.36 (KHTML, like Gecko; compatible; ClaudeBot/1.0; +claudebot@anthropic.com)"
216.73.217.89 - - [15/May/2026:09:22:57 -0400] "GET /product/nike-mind-001-mule-light-bone/?file=%2Fhome%2Fyallaadminx%2Ftheboots.me%2Fwp-content%2Fplugins%2Fmailchimp-for-woocommerce%2Fincludes HTTP/1.1" 200 31169 "-" "Mozilla/5.0 AppleWebKit/537.36 (KHTML, like Gecko; compatible; ClaudeBot/1.0; +claudebot@anthropic.com)"
216.73.217.89 - - [15/May/2026:09:23:00 -0400] "GET /size/47/%3C?rename=%2Fhome%2Fyallaadminx%2Ftheboots.me%2Fwp-content%2Fthemes%2Fflatsome%2Flanguages%2Fsr_RS.l10n.php HTTP/1.1" 200 19634 "-" "Mozilla/5.0 AppleWebKit/537.36 (KHTML, like Gecko; compatible; ClaudeBot/1.0; +claudebot@anthropic.com)"
216.73.217.89 - - [15/May/2026:09:22:57 -0400] "GET /product-category/nike/mind-001-and-002/?file=%2Fhome%2Fyallaadminx%2Ftheboots.me%2Fwp-content%2Fplugins%2Floginizer%2Floginizer.php HTTP/1.1" 200 24391 "-" "Mozilla/5.0 AppleWebKit/537.36 (KHTML, like Gecko; compatible; ClaudeBot/1.0; +claudebot@anthropic.com)"
216.73.217.89 - - [15/May/2026:09:23:01 -0400] "GET /size/34/feed/?rename=%2Fhome%2Fyallaadminx%2Ftheboots.me%2Fwp-content%2Fthemes%2Fflatsome%2Fpage.php HTTP/1.1" 200 3113 "-" "Mozilla/5.0 AppleWebKit/537.36 (KHTML, like Gecko; compatible; ClaudeBot/1.0; +claudebot@anthropic.com)"
184.72.84.154 - - [15/May/2026:09:23:02 -0400] "GET /wp-json/wp/v2/product/5858?edit=/home/yallaadminx/theboots.me/wp-content/themes/flatsome/gpl.txt HTTP/1.1" 200 8970 "-" "Mozilla/5.0 AppleWebKit/537.36 (KHTML, like Gecko; compatible; Amazonbot/0.1; +https://developer.amazon.com/support/amazonbot) Chrome/119.0.6045.214 Safari/537.36"
216.73.217.89 - - [15/May/2026:09:23:02 -0400] "GET /size/32/feed/?edit=%2Fhome%2Fyallaadminx%2Ftheboots.me%2Fwp-content%2Fthemes%2Fflatsome%2Fpage-single-page-nav-transparent-light.php HTTP/1.1" 200 3420 "-" "Mozilla/5.0 AppleWebKit/537.36 (KHTML, like Gecko; compatible; ClaudeBot/1.0; +claudebot@anthropic.com)"
216.73.217.89 - - [15/May/2026:09:23:03 -0400] "GET /size/29/feed/?file=%2Fhome%2Fyallaadminx%2Ftheboots.me%2Fwp-content%2Fthemes%2Fflatsome%2Flanguages%2Fsr_RS.mo HTTP/1.1" 200 1692 "-" "Mozilla/5.0 AppleWebKit/537.36 (KHTML, like Gecko; compatible; ClaudeBot/1.0; +claudebot@anthropic.com)"
216.73.217.89 - - [15/May/2026:09:23:03 -0400] "GET /size/33/%3C?rename=%2Fhome%2Fyallaadminx%2Ftheboots.me%2Fwp-content%2Fthemes%2Fflatsome%2Flanguages%2Fhe_IL.l10n.php HTTP/1.1" 200 19635 "-" "Mozilla/5.0 AppleWebKit/537.36 (KHTML, like Gecko; compatible; ClaudeBot/1.0; +claudebot@anthropic.com)"
216.73.217.89 - - [15/May/2026:09:23:05 -0400] "GET /size/47/%3C?view=%2Fhome%2Fyallaadminx%2Ftheboots.me%2Fwp-content%2Fthemes%2Fflatsome%2Flanguages%2Fcs_CZ.mo HTTP/1.1" 200 14430 "-" "Mozilla/5.0 AppleWebKit/537.36 (KHTML, like Gecko; compatible; ClaudeBot/1.0; +claudebot@anthropic.com)"
52.70.123.241 - - [15/May/2026:09:23:05 -0400] "GET /product-category/new-balance/new-balance-327/feed/?edit=/home/yallaadminx/theboots.me/wp-content/themes/flatsome/changes.txt HTTP/1.1" 200 54310 "-" "Mozilla/5.0 AppleWebKit/537.36 (KHTML, like Gecko; compatible; Amazonbot/0.1; +https://developer.amazon.com/support/amazonbot) Chrome/119.0.6045.214 Safari/537.36"
216.73.217.89 - - [15/May/2026:09:23:06 -0400] "GET /size/30/feed/?file=%2Fhome%2Fyallaadminx%2Ftheboots.me%2Fwp-content%2Fthemes%2Fflatsome%2Flanguages%2Fes_ES.mo HTTP/1.1" 200 1745 "-" "Mozilla/5.0 AppleWebKit/537.36 (KHTML, like Gecko; compatible; ClaudeBot/1.0; +claudebot@anthropic.com)"
216.73.217.89 - - [15/May/2026:09:23:06 -0400] "GET /size/29/%3C?file=%2Fhome%2Fyallaadminx%2Ftheboots.me%2Fwp-content%2Fthemes%2Fflatsome%2Fpage-right-sidebar.php HTTP/1.1" 404 18287 "-" "Mozilla/5.0 AppleWebKit/537.36 (KHTML, like Gecko; compatible; ClaudeBot/1.0; +claudebot@anthropic.com)"
216.73.217.89 - - [15/May/2026:09:23:04 -0400] "GET /product/nike-mind-001-red/?edit=%2Fhome%2Fyallaadminx%2Ftheboots.me%2Fwp-content%2Fthemes%2Fflatsome%2Finc%2Fextensions%2Fextensions.php HTTP/1.1" 200 31451 "-" "Mozilla/5.0 AppleWebKit/537.36 (KHTML, like Gecko; compatible; ClaudeBot/1.0; +claudebot@anthropic.com)"
216.73.217.89 - - [15/May/2026:09:23:08 -0400] "GET /size/35/%3C?file=%2Fhome%2Fyallaadminx%2Ftheboots.me%2Fwp-content%2Fthemes%2Fflatsome%2Flanguages%2Ffa_IR.mo HTTP/1.1" 404 18231 "-" "Mozilla/5.0 AppleWebKit/537.36 (KHTML, like Gecko; compatible; ClaudeBot/1.0; +claudebot@anthropic.com)"
52.71.218.25 - - [15/May/2026:09:23:09 -0400] "GET /wp-json/wp/v2/product/2134?edit=/home/yallaadminx/theboots.me/wp-content/themes/flatsome/image.php HTTP/1.1" 200 4664 "-" "Mozilla/5.0 AppleWebKit/537.36 (KHTML, like Gecko; compatible; Amazonbot/0.1; +https://developer.amazon.com/support/amazonbot) Chrome/119.0.6045.214 Safari/537.36"
216.73.217.89 - - [15/May/2026:09:23:10 -0400] "GET /size/47/feed/?file=%2Fhome%2Fyallaadminx%2Ftheboots.me%2Fwp-content%2Fthemes%2Fflatsome%2Flanguages%2Fja.mo HTTP/1.1" 200 2042 "-" "Mozilla/5.0 AppleWebKit/537.36 (KHTML, like Gecko; compatible; ClaudeBot/1.0; +claudebot@anthropic.com)"
216.73.217.89 - - [15/May/2026:09:23:09 -0400] "GET /product/nike-mind-001-mule-light-bone/whatsapp:/%3C?rename=%2Fhome%2Fyallaadminx%2Ftheboots.me%2Fwp-content%2Fthemes%2Fflatsome%2Fheader.php HTTP/1.1" 200 19655 "-" "Mozilla/5.0 AppleWebKit/537.36 (KHTML, like Gecko; compatible; ClaudeBot/1.0; +claudebot@anthropic.com)"
216.73.217.89 - - [15/May/2026:09:23:05 -0400] "GET /product-category/nike/mind-001-and-002/?file=%2Fhome%2Fyallaadminx%2Ftheboots.me%2Fwp-includes%2Fhtml-api HTTP/1.1" 200 24843 "-" "Mozilla/5.0 AppleWebKit/537.36 (KHTML, like Gecko; compatible; ClaudeBot/1.0; +claudebot@anthropic.com)"
216.73.217.89 - - [15/May/2026:09:23:12 -0400] "GET /size/29/%3C?file=%2Fhome%2Fyallaadminx%2Ftheboots.me%2Fwp-content%2Fthemes%2Fflatsome%2Fwpml-config.xml HTTP/1.1" 404 18242 "-" "Mozilla/5.0 AppleWebKit/537.36 (KHTML, like Gecko; compatible; ClaudeBot/1.0; +claudebot@anthropic.com)"
52.205.141.124 - - [15/May/2026:09:23:12 -0400] "GET /wp-json/wp/v2/product/2134?edit=/home/yallaadminx/theboots.me/wp-content/themes/flatsome/rtl.css HTTP/1.1" 200 2595 "-" "Mozilla/5.0 AppleWebKit/537.36 (KHTML, like Gecko; compatible; Amazonbot/0.1; +https://developer.amazon.com/support/amazonbot) Chrome/119.0.6045.214 Safari/537.36"
216.73.217.89 - - [15/May/2026:09:23:14 -0400] "GET /size/29/feed/?edit=%2Fhome%2Fyallaadminx%2Ftheboots.me%2Fwp-content%2Fthemes%2Fflatsome%2Flanguages%2Fnl_NL.mo HTTP/1.1" 200 16635 "-" "Mozilla/5.0 AppleWebKit/537.36 (KHTML, like Gecko; compatible; ClaudeBot/1.0; +claudebot@anthropic.com)"
216.73.217.89 - - [15/May/2026:09:23:15 -0400] "GET /size/47/%3C?rename=%2Fhome%2Fyallaadminx%2Ftheboots.me%2Fwp-content%2Fthemes%2Fflatsome%2Fpage-right-sidebar.php HTTP/1.1" 200 19615 "-" "Mozilla/5.0 AppleWebKit/537.36 (KHTML, like Gecko; compatible; ClaudeBot/1.0; +claudebot@anthropic.com)"
50.19.79.213 - - [15/May/2026:09:23:16 -0400] "GET /size/38/page/15/?rename=/home/yallaadminx/theboots.me/wp-content/themes/flatsome/screenshot.png HTTP/1.1" 200 1798 "-" "Mozilla/5.0 AppleWebKit/537.36 (KHTML, like Gecko; compatible; Amazonbot/0.1; +https://developer.amazon.com/support/amazonbot) Chrome/119.0.6045.214 Safari/537.36"
216.73.217.89 - - [15/May/2026:09:23:17 -0400] "GET /size/47/%3C?rename=%2Fhome%2Fyallaadminx%2Ftheboots.me%2Fwp-content%2Fthemes%2Fflatsome%2Ffooter.php HTTP/1.1" 200 19624 "-" "Mozilla/5.0 AppleWebKit/537.36 (KHTML, like Gecko; compatible; ClaudeBot/1.0; +claudebot@anthropic.com)"
216.73.217.89 - - [15/May/2026:09:23:14 -0400] "GET /product/nike-mind-001-mule-light-bone/?file=%2Fhome%2Fyallaadminx%2Ftheboots.me%2Fwp-content%2Fplugins%2Fmailchimp-for-woocommerce%2FREADME.md HTTP/1.1" 200 30357 "-" "Mozilla/5.0 AppleWebKit/537.36 (KHTML, like Gecko; compatible; ClaudeBot/1.0; +claudebot@anthropic.com)"
216.73.217.89 - - [15/May/2026:09:23:18 -0400] "GET /size/47/feed/?edit=%2Fhome%2Fyallaadminx%2Ftheboots.me%2Fwp-content%2Fthemes%2Fflatsome%2Flanguages%2Ffa_IR.po HTTP/1.1" 200 15171 "-" "Mozilla/5.0 AppleWebKit/537.36 (KHTML, like Gecko; compatible; ClaudeBot/1.0; +claudebot@anthropic.com)"
216.73.217.89 - - [15/May/2026:09:23:20 -0400] "GET /product-category/nike/mind-001-and-002/?view=%2Fhome%2Fyallaadminx%2Ftheboots.me%2Fwp-includes%2Fclass-wp-roles.php HTTP/1.1" 200 2598 "-" "Mozilla/5.0 AppleWebKit/537.36 (KHTML, like Gecko; compatible; ClaudeBot/1.0; +claudebot@anthropic.com)"
216.73.217.89 - - [15/May/2026:09:23:14 -0400] "GET /size/47/?edit=%2Fhome%2Fyallaadminx%2Ftheboots.me%2Fwp-content%2Fthemes%2Fflatsome%2Flanguages%2Fel.po HTTP/1.1" 200 39055 "-" "Mozilla/5.0 AppleWebKit/537.36 (KHTML, like Gecko; compatible; ClaudeBot/1.0; +claudebot@anthropic.com)"
216.73.217.89 - - [15/May/2026:09:23:20 -0400] "GET /product-category/nike/mind-001-and-002/?view=%2Fhome%2Fyallaadminx%2Ftheboots.me%2Fwp-includes%2Fblock-bindings.php HTTP/1.1" 200 2085 "-" "Mozilla/5.0 AppleWebKit/537.36 (KHTML, like Gecko; compatible; ClaudeBot/1.0; +claudebot@anthropic.com)"
50.16.216.166 - - [15/May/2026:09:23:20 -0400] "GET /size/38/page/15/?edit=/home/yallaadminx/theboots.me/wp-content/themes/flatsome/screenshot.png HTTP/1.1" 200 91903 "-" "Mozilla/5.0 AppleWebKit/537.36 (KHTML, like Gecko; compatible; Amazonbot/0.1; +https://developer.amazon.com/support/amazonbot) Chrome/119.0.6045.214 Safari/537.36"
216.73.217.89 - - [15/May/2026:09:23:21 -0400] "GET /product-category/nike/mind-001-and-002/?view=%2Fhome%2Fyallaadminx%2Ftheboots.me%2Fwp-includes%2Fgeneral-template.php HTTP/1.1" 200 39289 "-" "Mozilla/5.0 AppleWebKit/537.36 (KHTML, like Gecko; compatible; ClaudeBot/1.0; +claudebot@anthropic.com)"
216.73.217.89 - - [15/May/2026:09:23:22 -0400] "GET /size/47/%3C?view=%2Fhome%2Fyallaadminx%2Ftheboots.me%2Fwp-content%2Fthemes%2Fflatsome%2Flanguages%2Fhe_IL.mo HTTP/1.1" 200 3395 "-" "Mozilla/5.0 AppleWebKit/537.36 (KHTML, like Gecko; compatible; ClaudeBot/1.0; +claudebot@anthropic.com)"
216.73.217.89 - - [15/May/2026:09:23:20 -0400] "GET /size/29/%3C?file=%2Fhome%2Fyallaadminx%2Ftheboots.me%2Fwp-content%2Fthemes%2Fflatsome%2Flanguages HTTP/1.1" 200 19912 "-" "Mozilla/5.0 AppleWebKit/537.36 (KHTML, like Gecko; compatible; ClaudeBot/1.0; +claudebot@anthropic.com)"
216.73.217.89 - - [15/May/2026:09:23:23 -0400] "GET /size/29/feed/?view=%2Fhome%2Fyallaadminx%2Ftheboots.me%2Fwp-content%2Fthemes%2Fflatsome%2Flanguages%2Far.mo HTTP/1.1" 200 14982 "-" "Mozilla/5.0 AppleWebKit/537.36 (KHTML, like Gecko; compatible; ClaudeBot/1.0; +claudebot@anthropic.com)"
216.73.217.89 - - [15/May/2026:09:23:20 -0400] "GET /size/32/?file=%2Fhome%2Fyallaadminx%2Ftheboots.me%2Fwp-content%2Fthemes%2Fflatsome%2Finc%2Fbuilder%2Ftemplates HTTP/1.1" 200 22505 "-" "Mozilla/5.0 AppleWebKit/537.36 (KHTML, like Gecko; compatible; ClaudeBot/1.0; +claudebot@anthropic.com)"
216.73.217.89 - - [15/May/2026:09:23:23 -0400] "GET /size/29/feed/?rename=%2Fhome%2Fyallaadminx%2Ftheboots.me%2Fwp-content%2Fthemes%2Fflatsome%2Ftheme.json HTTP/1.1" 200 3062 "-" "Mozilla/5.0 AppleWebKit/537.36 (KHTML, like Gecko; compatible; ClaudeBot/1.0; +claudebot@anthropic.com)"
216.73.217.89 - - [15/May/2026:09:23:24 -0400] "GET /product/nike-mind-001-pearl-pink/feed/?edit=%2Fhome%2Fyallaadminx%2Ftheboots.me%2Fwp-content%2Fthemes%2Fflatsome%2Fwoocommerce%2Floop%2Floop-start.php HTTP/1.1" 200 2955 "-" "Mozilla/5.0 AppleWebKit/537.36 (KHTML, like Gecko; compatible; ClaudeBot/1.0; +claudebot@anthropic.com)"
216.73.217.89 - - [15/May/2026:09:23:23 -0400] "GET /size/31/%3C?rename=%2Fhome%2Fyallaadminx%2Ftheboots.me%2Fwp-content%2Fthemes%2Fflatsome%2Flanguages%2Fth.mo HTTP/1.1" 200 19625 "-" "Mozilla/5.0 AppleWebKit/537.36 (KHTML, like Gecko; compatible; ClaudeBot/1.0; +claudebot@anthropic.com)"
67.223.118.104 - - [15/May/2026:09:23:26 -0400] "POST /wp-cron.php?doing_wp_cron=1778851406.3457779884338378906250 HTTP/1.1" 200 0 "-" "WordPress/6.9.4; https://theboots.me"
216.73.217.89 - - [15/May/2026:09:23:25 -0400] "GET /size/35/feed/?edit=%2Fhome%2Fyallaadminx%2Ftheboots.me%2Fwp-content%2Fthemes%2Fflatsome%2Flanguages%2Fsl_SI.mo HTTP/1.1" 200 9593 "-" "Mozilla/5.0 AppleWebKit/537.36 (KHTML, like Gecko; compatible; ClaudeBot/1.0; +claudebot@anthropic.com)"
