66.249.74.35 - - [15/May/2026:08:30:34 -0400] "GET /size/42/page/21/?edit=/home/yallaadminx/theboots.me/wp-content/themes/flatsome/footer.php HTTP/1.1" 200 1790 "-" "Mozilla/5.0 (Linux; Android 6.0.1; Nexus 5X Build/MMB29P) AppleWebKit/537.36 (KHTML, like Gecko) Chrome/148.0.7778.96 Mobile Safari/537.36 (compatible; Googlebot/2.1; +http://www.google.com/bot.html)"
52.54.95.127 - - [15/May/2026:08:30:40 -0400] "GET /product-category/new-balance/new-balance-327/feed/?file=/home/yallaadminx/theboots.me/wp-content/themes/flatsome/page-featured-items-4col.php HTTP/1.1" 200 0 "-" "Mozilla/5.0 AppleWebKit/537.36 (KHTML, like Gecko; compatible; Amazonbot/0.1; +https://developer.amazon.com/support/amazonbot) Chrome/119.0.6045.214 Safari/537.36"
216.73.217.89 - - [15/May/2026:08:30:46 -0400] "GET /size/47/?edit=%2Fhome%2Fyallaadminx%2Ftheboots.me%2Fwp-content%2Fthemes%2Fflatsome%2Finc%2Fshortcodes%2Fsearch.php HTTP/1.1" 200 0 "-" "Mozilla/5.0 AppleWebKit/537.36 (KHTML, like Gecko; compatible; ClaudeBot/1.0; +claudebot@anthropic.com)"
216.73.217.89 - - [15/May/2026:08:30:46 -0400] "GET /product/nike-mind-001-solar-red/?view=%2Fhome%2Fyallaadminx%2Ftheboots.me%2Fwp-content%2Fplugins%2Fcookieadmin-pro%2Flanguages%2Fcookieadmin-cs_CZ.mo HTTP/1.1" 200 0 "-" "Mozilla/5.0 AppleWebKit/537.36 (KHTML, like Gecko; compatible; ClaudeBot/1.0; +claudebot@anthropic.com)"
44.209.35.147 - - [15/May/2026:08:30:48 -0400] "GET /size/29/?view=/home/yallaadminx/theboots.me/wp-content/themes/flatsome/page-featured-items-4col.php HTTP/1.1" 200 280 "-" "Mozilla/5.0 AppleWebKit/537.36 (KHTML, like Gecko; compatible; Amazonbot/0.1; +https://developer.amazon.com/support/amazonbot) Chrome/119.0.6045.214 Safari/537.36"
216.73.217.89 - - [15/May/2026:08:30:46 -0400] "GET /product/nike-mind-001-fragment-black/whatsapp://%22?file=%2Fhome%2Fyallaadminx%2Ftheboots.me%2Fwp-content%2Fthemes%2Fflatsome%2Flanguages%2Fhe_IL.po HTTP/1.1" 200 0 "-" "Mozilla/5.0 AppleWebKit/537.36 (KHTML, like Gecko; compatible; ClaudeBot/1.0; +claudebot@anthropic.com)"
52.2.58.41 - - [15/May/2026:08:30:44 -0400] "GET /product-category/new-balance/new-balance-327/feed/?file=/home/yallaadminx/theboots.me/wp-content/themes/flatsome/inc HTTP/1.1" 200 0 "-" "Mozilla/5.0 AppleWebKit/537.36 (KHTML, like Gecko; compatible; Amazonbot/0.1; +https://developer.amazon.com/support/amazonbot) Chrome/119.0.6045.214 Safari/537.36"
67.223.118.104 - - [15/May/2026:08:30:56 -0400] "POST /wp-cron.php?doing_wp_cron=1778848256.1351180076599121093750 HTTP/1.1" 200 0 "-" "WordPress/6.9.4; https://theboots.me"
67.223.118.104 - - [15/May/2026:08:30:57 -0400] "POST /wp-cron.php?doing_wp_cron=1778848256.8418118953704833984375 HTTP/1.1" 200 0 "-" "WordPress/6.9.4; https://theboots.me"
216.73.217.89 - - [15/May/2026:08:30:54 -0400] "GET /size/35/?view=%2Fhome%2Fyallaadminx%2Ftheboots.me%2Fwp-content%2Fthemes%2Fflatsome%2Ftemplate-parts%2Fposts%2Fsingle.php HTTP/1.1" 200 381 "-" "Mozilla/5.0 AppleWebKit/537.36 (KHTML, like Gecko; compatible; ClaudeBot/1.0; +claudebot@anthropic.com)"
216.73.217.89 - - [15/May/2026:08:30:54 -0400] "GET /size/35/?view=%2Fhome%2Fyallaadminx%2Ftheboots.me%2Fwp-content%2Fthemes%2Fflatsome%2Ftemplate-parts%2Fposts%2Fcontent.php HTTP/1.1" 200 381 "-" "Mozilla/5.0 AppleWebKit/537.36 (KHTML, like Gecko; compatible; ClaudeBot/1.0; +claudebot@anthropic.com)"
67.223.118.104 - - [15/May/2026:08:30:59 -0400] "POST /wp-cron.php?doing_wp_cron=1778848258.8389089107513427734375 HTTP/1.1" 200 0 "-" "WordPress/6.9.4; https://theboots.me"
216.73.217.89 - - [15/May/2026:08:30:54 -0400] "GET /?view=%2Fhome%2Fyallaadminx%2Ftheboots.me%2Fwp-content%2Fthemes%2Fflatsome%2Finc%2Fhelpers%2Fhelpers-frontend.php HTTP/1.1" 200 1608 "-" "Mozilla/5.0 AppleWebKit/537.36 (KHTML, like Gecko; compatible; ClaudeBot/1.0; +claudebot@anthropic.com)"
67.223.118.104 - - [15/May/2026:08:30:59 -0400] "POST /wp-cron.php?doing_wp_cron=1778848259.5379409790039062500000 HTTP/1.1" 200 0 "-" "WordPress/6.9.4; https://theboots.me"
216.73.217.89 - - [15/May/2026:08:30:59 -0400] "GET /product/nike-mind-001-solar-red/?view=%2Fhome%2Fyallaadminx%2Ftheboots.me%2Fwp-content%2Fplugins%2Fcookieadmin-pro%2Flanguages%2Fcookieadmin.pot HTTP/1.1" 200 3575 "-" "Mozilla/5.0 AppleWebKit/537.36 (KHTML, like Gecko; compatible; ClaudeBot/1.0; +claudebot@anthropic.com)"
67.223.118.104 - - [15/May/2026:08:31:02 -0400] "POST /wp-cron.php?doing_wp_cron=1778848261.5340549945831298828125 HTTP/1.1" 200 0 "-" "WordPress/6.9.4; https://theboots.me"
52.203.237.170 - - [15/May/2026:08:30:52 -0400] "GET /wp-json/wp/v2/product/5858?rename=/home/yallaadminx/theboots.me/wp-content/themes/flatsome/page.php HTTP/1.1" 200 2554 "-" "Mozilla/5.0 AppleWebKit/537.36 (KHTML, like Gecko; compatible; Amazonbot/0.1; +https://developer.amazon.com/support/amazonbot) Chrome/119.0.6045.214 Safari/537.36"
3.213.46.222 - - [15/May/2026:08:30:56 -0400] "GET /size/38/page/15/?file=/home/yallaadminx/theboots.me/wp-content/themes/flatsome/footer.php HTTP/1.1" 301 254 "-" "Mozilla/5.0 AppleWebKit/537.36 (KHTML, like Gecko; compatible; Amazonbot/0.1; +https://developer.amazon.com/support/amazonbot) Chrome/119.0.6045.214 Safari/537.36"
67.223.118.104 - - [15/May/2026:08:31:06 -0400] "POST /wp-cron.php?doing_wp_cron=1778848266.3360929489135742187500 HTTP/1.1" 200 0 "-" "WordPress/6.9.4; https://theboots.me"
67.223.118.104 - - [15/May/2026:08:31:07 -0400] "POST /wp-cron.php?doing_wp_cron=1778848266.9440479278564453125000 HTTP/1.1" 200 0 "-" "WordPress/6.9.4; https://theboots.me"
54.225.148.123 - - [15/May/2026:08:31:04 -0400] "GET /product-category/new-balance/new-balance-327/feed/?rename=/home/yallaadminx/theboots.me/wp-content/themes/flatsome/page-checkout.php HTTP/1.1" 200 1802 "-" "Mozilla/5.0 AppleWebKit/537.36 (KHTML, like Gecko; compatible; Amazonbot/0.1; +https://developer.amazon.com/support/amazonbot) Chrome/119.0.6045.214 Safari/537.36"
3.224.215.150 - - [15/May/2026:08:31:07 -0400] "GET /wp-json/wp/v2/product/2134?view=/home/yallaadminx/theboots.me/wp-content/themes/flatsome/footer.php HTTP/1.1" 200 214 "-" "Mozilla/5.0 AppleWebKit/537.36 (KHTML, like Gecko; compatible; Amazonbot/0.1; +https://developer.amazon.com/support/amazonbot) Chrome/119.0.6045.214 Safari/537.36"
184.72.84.154 - - [15/May/2026:08:31:04 -0400] "GET /size/38/page/15/?file=/home/yallaadminx/theboots.me/wp-content/themes/flatsome/footer.php HTTP/1.1" 301 254 "-" "Mozilla/5.0 AppleWebKit/537.36 (KHTML, like Gecko; compatible; Amazonbot/0.1; +https://developer.amazon.com/support/amazonbot) Chrome/119.0.6045.214 Safari/537.36"
216.73.217.89 - - [15/May/2026:08:30:58 -0400] "GET /size/33/?rename=%2Fhome%2Fyallaadminx%2Ftheboots.me%2Fwp-content%2Fthemes%2Fflatsome%2Finc%2Fbuilder%2Fshortcodes%2Ftext_box.php HTTP/1.1" 200 23735 "-" "Mozilla/5.0 AppleWebKit/537.36 (KHTML, like Gecko; compatible; ClaudeBot/1.0; +claudebot@anthropic.com)"
216.73.217.89 - - [15/May/2026:08:31:11 -0400] "GET /?view=%2Fhome%2Fyallaadminx%2Ftheboots.me%2Fwp-content%2Fthemes%2Fflatsome%2Finc%2Fshortcodes%2Fux_banner_grid.php HTTP/1.1" 200 1244 "-" "Mozilla/5.0 AppleWebKit/537.36 (KHTML, like Gecko; compatible; ClaudeBot/1.0; +claudebot@anthropic.com)"
3.221.244.28 - - [15/May/2026:08:31:08 -0400] "GET /size/30/?rename=/home/yallaadminx/theboots.me/wp-content/themes/flatsome/functions.php HTTP/1.1" 200 27970 "-" "Mozilla/5.0 AppleWebKit/537.36 (KHTML, like Gecko; compatible; Amazonbot/0.1; +https://developer.amazon.com/support/amazonbot) Chrome/119.0.6045.214 Safari/537.36"
44.197.76.210 - - [15/May/2026:08:31:12 -0400] "GET /product/nike-mind-001-pearl-pink/feed/?view=/home/yallaadminx/theboots.me/wp-content/themes/flatsome/changes.txt HTTP/1.1" 200 52094 "-" "Mozilla/5.0 AppleWebKit/537.36 (KHTML, like Gecko; compatible; Amazonbot/0.1; +https://developer.amazon.com/support/amazonbot) Chrome/119.0.6045.214 Safari/537.36"
216.73.217.89 - - [15/May/2026:08:31:12 -0400] "GET /size/33/?edit=%2Fhome%2Fyallaadminx%2Ftheboots.me%2Fwp-content%2Fthemes%2Fflatsome%2Finc%2Fbuilder%2Fshortcodes%2Fux_pages.php HTTP/1.1" 200 24492 "-" "Mozilla/5.0 AppleWebKit/537.36 (KHTML, like Gecko; compatible; ClaudeBot/1.0; +claudebot@anthropic.com)"
98.83.177.42 - - [15/May/2026:08:31:16 -0400] "GET /size/30/?view=/home/yallaadminx/theboots.me/wp-content/themes/flatsome/searchform.php HTTP/1.1" 200 504 "-" "Mozilla/5.0 AppleWebKit/537.36 (KHTML, like Gecko; compatible; Amazonbot/0.1; +https://developer.amazon.com/support/amazonbot) Chrome/119.0.6045.214 Safari/537.36"
216.73.217.89 - - [15/May/2026:08:31:16 -0400] "GET /size/32/?file=%2Fhome%2Fyallaadminx%2Ftheboots.me%2Fwp-content%2Fthemes%2Fflatsome%2Finc%2Ffunctions%2Ffunction-site-health.php HTTP/1.1" 200 22349 "-" "Mozilla/5.0 AppleWebKit/537.36 (KHTML, like Gecko; compatible; ClaudeBot/1.0; +claudebot@anthropic.com)"
216.73.217.89 - - [15/May/2026:08:31:18 -0400] "GET /product/nike-mind-001-mule-light-bone/?file=%2Fhome%2Fyallaadminx%2Ftheboots.me%2Fwp-content%2Fplugins%2Finstagram-feed%2Finc%2FIntegrations%2FDivi HTTP/1.1" 200 30572 "-" "Mozilla/5.0 AppleWebKit/537.36 (KHTML, like Gecko; compatible; ClaudeBot/1.0; +claudebot@anthropic.com)"
216.73.217.89 - - [15/May/2026:08:31:19 -0400] "GET /size/29/feed/?edit=%2Fhome%2Fyallaadminx%2Ftheboots.me%2Fwp-content%2Fthemes%2Fflatsome%2Flanguages%2Fes_ES.l10n.php HTTP/1.1" 200 13166 "-" "Mozilla/5.0 AppleWebKit/537.36 (KHTML, like Gecko; compatible; ClaudeBot/1.0; +claudebot@anthropic.com)"
216.73.217.89 - - [15/May/2026:08:31:19 -0400] "GET /size/31/%3C?edit=%2Fhome%2Fyallaadminx%2Ftheboots.me%2Fwp-content%2Fthemes%2Fflatsome%2Flanguages%2Fpl_PL.l10n.php HTTP/1.1" 200 29948 "-" "Mozilla/5.0 AppleWebKit/537.36 (KHTML, like Gecko; compatible; ClaudeBot/1.0; +claudebot@anthropic.com)"
216.73.217.89 - - [15/May/2026:08:31:21 -0400] "GET /size/35/%3C?view=%2Fhome%2Fyallaadminx%2Ftheboots.me%2Fwp-content%2Fthemes%2Fflatsome%2Flanguages%2Fca.l10n.php HTTP/1.1" 200 2457 "-" "Mozilla/5.0 AppleWebKit/537.36 (KHTML, like Gecko; compatible; ClaudeBot/1.0; +claudebot@anthropic.com)"
54.159.18.27 - - [15/May/2026:08:31:20 -0400] "GET /product-category/new-balance/new-balance-327/feed/?rename=/home/yallaadminx/theboots.me/wp-content/themes/flatsome/page.php HTTP/1.1" 200 1800 "-" "Mozilla/5.0 AppleWebKit/537.36 (KHTML, like Gecko; compatible; Amazonbot/0.1; +https://developer.amazon.com/support/amazonbot) Chrome/119.0.6045.214 Safari/537.36"
216.73.217.89 - - [15/May/2026:08:31:21 -0400] "GET /size/33/feed/?edit=%2Fhome%2Fyallaadminx%2Ftheboots.me%2Fwp-content%2Fthemes%2Fflatsome%2Flanguages%2Fit_IT.l10n.php HTTP/1.1" 200 14664 "-" "Mozilla/5.0 AppleWebKit/537.36 (KHTML, like Gecko; compatible; ClaudeBot/1.0; +claudebot@anthropic.com)"
66.249.74.35 - - [15/May/2026:08:31:20 -0400] "GET /product-category/on-running/cloudsurfer/ HTTP/1.1" 200 26173 "-" "Mozilla/5.0 (Linux; Android 6.0.1; Nexus 5X Build/MMB29P) AppleWebKit/537.36 (KHTML, like Gecko) Chrome/148.0.7778.96 Mobile Safari/537.36 (compatible; Googlebot/2.1; +http://www.google.com/bot.html)"
216.73.217.89 - - [15/May/2026:08:31:22 -0400] "GET /size/47/'.esc_url(get_the_permalink($page-%3EID)).'?view=%2Fhome%2Fyallaadminx%2Ftheboots.me%2Fwp-content%2Fthemes%2Fflatsome%2Fheader.php HTTP/1.1" 200 424 "-" "Mozilla/5.0 AppleWebKit/537.36 (KHTML, like Gecko; compatible; ClaudeBot/1.0; +claudebot@anthropic.com)"
216.73.217.89 - - [15/May/2026:08:31:23 -0400] "GET /product-category/nike/mind-001-and-002/?rename=%2Fhome%2Fyallaadminx%2Ftheboots.me%2Fwp-content%2Fplugins%2Fcookieadmin%2Funinstall.php HTTP/1.1" 200 25693 "-" "Mozilla/5.0 AppleWebKit/537.36 (KHTML, like Gecko; compatible; ClaudeBot/1.0; +claudebot@anthropic.com)"
216.73.217.89 - - [15/May/2026:08:31:23 -0400] "GET /size/35/?file=%2Fhome%2Fyallaadminx%2Ftheboots.me%2Fwp-content%2Fthemes%2Fflatsome%2Flanguages%2Ffr_FR.l10n.php HTTP/1.1" 200 22765 "-" "Mozilla/5.0 AppleWebKit/537.36 (KHTML, like Gecko; compatible; ClaudeBot/1.0; +claudebot@anthropic.com)"
18.215.112.101 - - [15/May/2026:08:31:24 -0400] "GET /size/38/page/16/?file=/home/yallaadminx/theboots.me/wp-content/themes/flatsome/comments.php HTTP/1.1" 301 255 "-" "Mozilla/5.0 AppleWebKit/537.36 (KHTML, like Gecko; compatible; Amazonbot/0.1; +https://developer.amazon.com/support/amazonbot) Chrome/119.0.6045.214 Safari/537.36"
34.239.85.139 - - [15/May/2026:08:31:25 -0400] "GET /size/38/page/16/?file=/home/yallaadminx/theboots.me/wp-content/themes/flatsome/comments.php HTTP/1.1" 301 255 "-" "Mozilla/5.0 AppleWebKit/537.36 (KHTML, like Gecko; compatible; Amazonbot/0.1; +https://developer.amazon.com/support/amazonbot) Chrome/119.0.6045.214 Safari/537.36"
216.73.217.89 - - [15/May/2026:08:31:25 -0400] "GET /?rename=%2Fhome%2Fyallaadminx%2Ftheboots.me%2Fwp-content%2Fthemes%2Fflatsome%2Finc%2Fbuilder%2Fshortcodes%2Fteam_member.php HTTP/1.1" 200 20668 "-" "Mozilla/5.0 AppleWebKit/537.36 (KHTML, like Gecko; compatible; ClaudeBot/1.0; +claudebot@anthropic.com)"
216.73.217.89 - - [15/May/2026:08:31:26 -0400] "GET /size/33/?file=%2Fhome%2Fyallaadminx%2Ftheboots.me%2Fwp-content%2Fthemes%2Fflatsome%2Finc%2Fbuilder%2Fshortcodes%2Fux_video.php HTTP/1.1" 200 22344 "-" "Mozilla/5.0 AppleWebKit/537.36 (KHTML, like Gecko; compatible; ClaudeBot/1.0; +claudebot@anthropic.com)"
216.73.217.89 - - [15/May/2026:08:31:27 -0400] "GET /size/35/?edit=%2Fhome%2Fyallaadminx%2Ftheboots.me%2Fwp-content%2Fthemes%2Fflatsome%2Finc%2Fshortcodes%2Ffollow.php HTTP/1.1" 200 27282 "-" "Mozilla/5.0 AppleWebKit/537.36 (KHTML, like Gecko; compatible; ClaudeBot/1.0; +claudebot@anthropic.com)"
216.73.217.89 - - [15/May/2026:08:31:27 -0400] "GET /size/34/feed/?file=%2Fhome%2Fyallaadminx%2Ftheboots.me%2Fwp-content%2Fthemes%2Fflatsome%2Fsidebar.php HTTP/1.1" 200 1742 "-" "Mozilla/5.0 AppleWebKit/537.36 (KHTML, like Gecko; compatible; ClaudeBot/1.0; +claudebot@anthropic.com)"
216.73.217.89 - - [15/May/2026:08:31:29 -0400] "GET /size/46/?view=%2Fhome%2Fyallaadminx%2Ftheboots.me%2Fwp-content%2Fthemes%2Fflatsome%2Finc%2Fshortcodes%2Fux_menu.php HTTP/1.1" 200 463 "-" "Mozilla/5.0 AppleWebKit/537.36 (KHTML, like Gecko; compatible; ClaudeBot/1.0; +claudebot@anthropic.com)"
216.73.217.89 - - [15/May/2026:08:31:30 -0400] "GET /product/nike-mind-001-red/?view=%2Fhome%2Fyallaadminx%2Ftheboots.me%2Fwp-content%2Fplugins%2Fextendify%2Fsrc%2FAgent%2Ftours%2Fusers-screen.js HTTP/1.1" 200 901 "-" "Mozilla/5.0 AppleWebKit/537.36 (KHTML, like Gecko; compatible; ClaudeBot/1.0; +claudebot@anthropic.com)"
54.235.172.96 - - [15/May/2026:08:31:29 -0400] "GET /size/38/page/15/?file=/home/yallaadminx/theboots.me/wp-content/themes/flatsome/single-blocks.php HTTP/1.1" 301 259 "-" "Mozilla/5.0 AppleWebKit/537.36 (KHTML, like Gecko; compatible; Amazonbot/0.1; +https://developer.amazon.com/support/amazonbot) Chrome/119.0.6045.214 Safari/537.36"
216.73.217.89 - - [15/May/2026:08:31:29 -0400] "GET /size/32/?file=%2Fhome%2Fyallaadminx%2Ftheboots.me%2Fwp-content%2Fthemes%2Fflatsome%2Finc%2Fstructure%2Fstructure-footer.php HTTP/1.1" 200 22370 "-" "Mozilla/5.0 AppleWebKit/537.36 (KHTML, like Gecko; compatible; ClaudeBot/1.0; +claudebot@anthropic.com)"
54.80.73.122 - - [15/May/2026:08:31:30 -0400] "GET /size/38/page/15/?file=/home/yallaadminx/theboots.me/wp-content/themes/flatsome/single-blocks.php HTTP/1.1" 301 259 "-" "Mozilla/5.0 AppleWebKit/537.36 (KHTML, like Gecko; compatible; Amazonbot/0.1; +https://developer.amazon.com/support/amazonbot) Chrome/119.0.6045.214 Safari/537.36"
216.73.217.89 - - [15/May/2026:08:31:32 -0400] "GET /size/33/feed/?edit=%2Fhome%2Fyallaadminx%2Ftheboots.me%2Fwp-content%2Fthemes%2Fflatsome%2Flanguages%2Fes_AR.l10n.php HTTP/1.1" 200 7351 "-" "Mozilla/5.0 AppleWebKit/537.36 (KHTML, like Gecko; compatible; ClaudeBot/1.0; +claudebot@anthropic.com)"
216.73.217.89 - - [15/May/2026:08:31:30 -0400] "GET /size/46/?rename=%2Fhome%2Fyallaadminx%2Ftheboots.me%2Fwp-content%2Fthemes%2Fflatsome%2Ftemplate-parts%2Fposts%2Ffeatured-posts.php HTTP/1.1" 200 24860 "-" "Mozilla/5.0 AppleWebKit/537.36 (KHTML, like Gecko; compatible; ClaudeBot/1.0; +claudebot@anthropic.com)"
216.73.217.89 - - [15/May/2026:08:31:31 -0400] "GET /product/nike-mind-001-red/?rename=%2Fhome%2Fyallaadminx%2Ftheboots.me%2Fwp-content%2Fplugins%2Fextendify%2Fsrc%2FAgent%2Flib%2Feditor.js HTTP/1.1" 200 30759 "-" "Mozilla/5.0 AppleWebKit/537.36 (KHTML, like Gecko; compatible; ClaudeBot/1.0; +claudebot@anthropic.com)"
35.171.141.42 - - [15/May/2026:08:31:33 -0400] "GET /product-category/new-balance/new-balance-327/feed/?edit=/home/yallaadminx/theboots.me/wp-content/themes/flatsome/page-blank-title-center.php HTTP/1.1" 200 2268 "-" "Mozilla/5.0 AppleWebKit/537.36 (KHTML, like Gecko; compatible; Amazonbot/0.1; +https://developer.amazon.com/support/amazonbot) Chrome/119.0.6045.214 Safari/537.36"
216.73.217.89 - - [15/May/2026:08:31:34 -0400] "GET /size/47/'.esc_url(get_the_permalink($page-%3EID)).'?view=%2Fhome%2Fyallaadminx%2Ftheboots.me%2Fwp-content%2Fthemes%2Fflatsome%2Fcomments.php HTTP/1.1" 200 987 "-" "Mozilla/5.0 AppleWebKit/537.36 (KHTML, like Gecko; compatible; ClaudeBot/1.0; +claudebot@anthropic.com)"
216.73.217.89 - - [15/May/2026:08:31:33 -0400] "GET /product-category/nike/mind-001-and-002/?edit=%2Fhome%2Fyallaadminx%2Ftheboots.me%2Fwp-includes%2Fblock-editor.php HTTP/1.1" 200 32926 "-" "Mozilla/5.0 AppleWebKit/537.36 (KHTML, like Gecko; compatible; ClaudeBot/1.0; +claudebot@anthropic.com)"
216.73.217.89 - - [15/May/2026:08:31:35 -0400] "GET /product/nike-mind-001-solar-red/?view=%2Fhome%2Fyallaadminx%2Ftheboots.me%2Fwp-content%2Fplugins%2Floginizer%2Floginizer.php HTTP/1.1" 200 1152 "-" "Mozilla/5.0 AppleWebKit/537.36 (KHTML, like Gecko; compatible; ClaudeBot/1.0; +claudebot@anthropic.com)"
216.73.217.89 - - [15/May/2026:08:31:35 -0400] "GET /size/29/feed/?edit=%2Fhome%2Fyallaadminx%2Ftheboots.me%2Fwp-content%2Fthemes%2Fflatsome%2Flanguages%2Fvi.l10n.php HTTP/1.1" 200 15477 "-" "Mozilla/5.0 AppleWebKit/537.36 (KHTML, like Gecko; compatible; ClaudeBot/1.0; +claudebot@anthropic.com)"
216.73.217.89 - - [15/May/2026:08:31:36 -0400] "GET /size/30/feed/?file=%2Fhome%2Fyallaadminx%2Ftheboots.me%2Fwp-content%2Fthemes%2Fflatsome%2Flanguages%2Fth.l10n.php HTTP/1.1" 200 1745 "-" "Mozilla/5.0 AppleWebKit/537.36 (KHTML, like Gecko; compatible; ClaudeBot/1.0; +claudebot@anthropic.com)"
216.73.217.89 - - [15/May/2026:08:31:36 -0400] "GET /product-category/nike/mind-001-and-002/?edit=%2Fhome%2Fyallaadminx%2Ftheboots.me%2Fwp-includes%2Fclass-wp-query.php HTTP/1.1" 200 60703 "-" "Mozilla/5.0 AppleWebKit/537.36 (KHTML, like Gecko; compatible; ClaudeBot/1.0; +claudebot@anthropic.com)"
54.83.180.239 - - [15/May/2026:08:31:37 -0400] "GET /product/nike-mind-001-pearl-pink/feed/?file=/home/yallaadminx/theboots.me/wp-content/themes/flatsome/style.css HTTP/1.1" 301 252 "-" "Mozilla/5.0 AppleWebKit/537.36 (KHTML, like Gecko; compatible; Amazonbot/0.1; +https://developer.amazon.com/support/amazonbot) Chrome/119.0.6045.214 Safari/537.36"
66.249.74.35 - - [15/May/2026:08:31:37 -0400] "GET /size/42/page/11/?rename=/home/yallaadminx/theboots.me/wp-content/themes/flatsome/page-single-page-nav-transparent.php HTTP/1.1" 200 1593 "-" "Mozilla/5.0 (Linux; Android 6.0.1; Nexus 5X Build/MMB29P) AppleWebKit/537.36 (KHTML, like Gecko) Chrome/148.0.7778.96 Mobile Safari/537.36 (compatible; Googlebot/2.1; +http://www.google.com/bot.html)"
66.249.74.35 - - [15/May/2026:08:31:38 -0400] "GET /size/42/page/11/?file=/home/yallaadminx/theboots.me/wp-content/themes/flatsome/woocommerce/global HTTP/1.1" 301 427 "-" "Mozilla/5.0 (Linux; Android 6.0.1; Nexus 5X Build/MMB29P) AppleWebKit/537.36 (KHTML, like Gecko) Chrome/148.0.7778.96 Mobile Safari/537.36 (compatible; Googlebot/2.1; +http://www.google.com/bot.html)"
216.73.217.89 - - [15/May/2026:08:31:38 -0400] "GET /size/29/feed/?edit=%2Fhome%2Fyallaadminx%2Ftheboots.me%2Fwp-content%2Fthemes%2Fflatsome%2Flanguages%2Fth.mo HTTP/1.1" 200 7425 "-" "Mozilla/5.0 AppleWebKit/537.36 (KHTML, like Gecko; compatible; ClaudeBot/1.0; +claudebot@anthropic.com)"
216.73.217.89 - - [15/May/2026:08:31:37 -0400] "GET /product/nike-mind-001-red/?file=%2Fhome%2Fyallaadminx%2Ftheboots.me%2Fwp-content%2Fplugins%2Fextendify%2Fsrc%2FAgent%2Flib%2F__tests__ HTTP/1.1" 200 29543 "-" "Mozilla/5.0 AppleWebKit/537.36 (KHTML, like Gecko; compatible; ClaudeBot/1.0; +claudebot@anthropic.com)"
52.204.174.139 - - [15/May/2026:08:31:39 -0400] "GET /product/nike-mind-001-pearl-pink/feed/?file=/home/yallaadminx/theboots.me/wp-content/themes/flatsome/style.css HTTP/1.1" 301 252 "-" "Mozilla/5.0 AppleWebKit/537.36 (KHTML, like Gecko; compatible; Amazonbot/0.1; +https://developer.amazon.com/support/amazonbot) Chrome/119.0.6045.214 Safari/537.36"
67.223.118.104 - - [15/May/2026:08:31:42 -0400] "POST /wp-cron.php?doing_wp_cron=1778848302.3431890010833740234375 HTTP/1.1" 200 0 "-" "WordPress/6.9.4; https://theboots.me"
54.221.203.24 - - [15/May/2026:08:31:40 -0400] "GET /wp-json/wp/v2/product/2134?file=/home/yallaadminx/theboots.me/wp-content/themes/flatsome/template-parts HTTP/1.1" 200 3732 "-" "Mozilla/5.0 AppleWebKit/537.36 (KHTML, like Gecko; compatible; Amazonbot/0.1; +https://developer.amazon.com/support/amazonbot) Chrome/119.0.6045.214 Safari/537.36"
216.73.217.89 - - [15/May/2026:08:31:40 -0400] "GET /size/31/%3C?edit=%2Fhome%2Fyallaadminx%2Ftheboots.me%2Fwp-content%2Fthemes%2Fflatsome%2Flanguages%2Ffa_IR.l10n.php HTTP/1.1" 200 22780 "-" "Mozilla/5.0 AppleWebKit/537.36 (KHTML, like Gecko; compatible; ClaudeBot/1.0; +claudebot@anthropic.com)"
67.223.118.104 - - [15/May/2026:08:31:43 -0400] "POST /wp-cron.php?doing_wp_cron=1778848303.7492969036102294921875 HTTP/1.1" 200 0 "-" "WordPress/6.9.4; https://theboots.me"
216.73.217.89 - - [15/May/2026:08:31:40 -0400] "GET /product-category/nike/mind-001-and-002/?rename=%2Fhome%2Fyallaadminx%2Ftheboots.me%2Fwp-includes%2Ffunctions.wp-scripts.php HTTP/1.1" 200 25720 "-" "Mozilla/5.0 AppleWebKit/537.36 (KHTML, like Gecko; compatible; ClaudeBot/1.0; +claudebot@anthropic.com)"
216.73.217.89 - - [15/May/2026:08:31:42 -0400] "GET /size/33/feed/?file=%2Fhome%2Fyallaadminx%2Ftheboots.me%2Fwp-content%2Fthemes%2Fflatsome%2Flanguages%2Fro_RO.l10n.php HTTP/1.1" 200 1750 "-" "Mozilla/5.0 AppleWebKit/537.36 (KHTML, like Gecko; compatible; ClaudeBot/1.0; +claudebot@anthropic.com)"
216.73.217.89 - - [15/May/2026:08:31:44 -0400] "GET /size/47/?view=%2Fhome%2Fyallaadminx%2Ftheboots.me%2Fwp-content%2Fthemes%2Fflatsome%2Flanguages%2Fhe_IL.l10n.php HTTP/1.1" 200 2652 "-" "Mozilla/5.0 AppleWebKit/537.36 (KHTML, like Gecko; compatible; ClaudeBot/1.0; +claudebot@anthropic.com)"
66.249.74.34 - - [15/May/2026:08:31:40 -0400] "GET /size/42/page/11/?file=%2Fhome%2Fyallaadminx%2Ftheboots.me%2Fwp-content%2Fthemes%2Fflatsome%2Fwoocommerce%2Fglobal HTTP/1.1" 200 26045 "-" "Mozilla/5.0 (Linux; Android 6.0.1; Nexus 5X Build/MMB29P) AppleWebKit/537.36 (KHTML, like Gecko) Chrome/148.0.7778.96 Mobile Safari/537.36 (compatible; Googlebot/2.1; +http://www.google.com/bot.html)"
216.73.217.89 - - [15/May/2026:08:31:45 -0400] "GET /product/nike-mind-001-solar-red/?view=%2Fhome%2Fyallaadminx%2Ftheboots.me%2Fwp-content%2Fplugins%2Fnextend-facebook-connect%2Fincludes%2Fexceptions.php HTTP/1.1" 200 191 "-" "Mozilla/5.0 AppleWebKit/537.36 (KHTML, like Gecko; compatible; ClaudeBot/1.0; +claudebot@anthropic.com)"
54.157.84.74 - - [15/May/2026:08:31:44 -0400] "GET /wp-json/wp/v2/product/5942?rename=/home/yallaadminx/theboots.me/wp-content/themes/flatsome/functions.php HTTP/1.1" 200 2535 "-" "Mozilla/5.0 AppleWebKit/537.36 (KHTML, like Gecko; compatible; Amazonbot/0.1; +https://developer.amazon.com/support/amazonbot) Chrome/119.0.6045.214 Safari/537.36"
216.73.217.89 - - [15/May/2026:08:31:44 -0400] "GET /size/33/feed/?edit=%2Fhome%2Fyallaadminx%2Ftheboots.me%2Fwp-content%2Fthemes%2Fflatsome%2Flanguages%2Ffa_IR.mo HTTP/1.1" 200 6881 "-" "Mozilla/5.0 AppleWebKit/537.36 (KHTML, like Gecko; compatible; ClaudeBot/1.0; +claudebot@anthropic.com)"
216.73.217.89 - - [15/May/2026:08:31:46 -0400] "GET /?edit=%2Fhome%2Fyallaadminx%2Ftheboots.me%2Fwp-content%2Fthemes%2Fflatsome%2Fassets%2Fjs%2Fchunk.slider.js HTTP/1.1" 200 16131 "-" "Mozilla/5.0 AppleWebKit/537.36 (KHTML, like Gecko; compatible; ClaudeBot/1.0; +claudebot@anthropic.com)"
216.73.217.89 - - [15/May/2026:08:31:43 -0400] "GET /product/nike-mind-001-solar-red/'.esc_attr(admin_url('plugin-install.php?tab=search%27%29%29.%27 HTTP/1.1" 200 19597 "-" "Mozilla/5.0 AppleWebKit/537.36 (KHTML, like Gecko; compatible; ClaudeBot/1.0; +claudebot@anthropic.com)"
216.73.217.89 - - [15/May/2026:08:31:47 -0400] "GET /product/nike-mind-001-pearl-pink/whatsapp://%22?file=%2Fhome%2Fyallaadminx%2Ftheboots.me%2Fwp-content%2Fthemes%2Fflatsome%2Fpage-my-account.php HTTP/1.1" 301 240 "-" "Mozilla/5.0 AppleWebKit/537.36 (KHTML, like Gecko; compatible; ClaudeBot/1.0; +claudebot@anthropic.com)"
216.73.217.89 - - [15/May/2026:08:31:46 -0400] "GET /product-category/nike/mind-001-and-002/?rename=%2Fhome%2Fyallaadminx%2Ftheboots.me%2Fwp-includes%2Fscript-loader.php HTTP/1.1" 200 25773 "-" "Mozilla/5.0 AppleWebKit/537.36 (KHTML, like Gecko; compatible; ClaudeBot/1.0; +claudebot@anthropic.com)"
34.192.67.98 - - [15/May/2026:08:31:48 -0400] "GET /wp-json/wp/v2/product/5942?rename=/home/yallaadminx/theboots.me/wp-content/themes/flatsome/page-featured-items-4col.php HTTP/1.1" 200 2545 "-" "Mozilla/5.0 AppleWebKit/537.36 (KHTML, like Gecko; compatible; Amazonbot/0.1; +https://developer.amazon.com/support/amazonbot) Chrome/119.0.6045.214 Safari/537.36"
216.73.217.89 - - [15/May/2026:08:31:47 -0400] "GET /product/nike-mind-001-mule-light-bone/?rename=%2Fhome%2Fyallaadminx%2Ftheboots.me%2Fwp-content%2Fplugins%2Fextendify%2Fsrc%2FDraft%2Fpages%2FGenerateImage.jsx HTTP/1.1" 200 31912 "-" "Mozilla/5.0 AppleWebKit/537.36 (KHTML, like Gecko; compatible; ClaudeBot/1.0; +claudebot@anthropic.com)"
216.73.217.89 - - [15/May/2026:08:31:50 -0400] "GET /product/nike-mind-001-pearl-pink/whatsapp:/?file=%2Fhome%2Fyallaadminx%2Ftheboots.me%2Fwp-content%2Fthemes%2Fflatsome%2Fpage-my-account.php HTTP/1.1" 404 18264 "https://theboots.me/product/nike-mind-001-pearl-pink/whatsapp://%22?file=%2Fhome%2Fyallaadminx%2Ftheboots.me%2Fwp-content%2Fthemes%2Fflatsome%2Fpage-my-account.php" "Mozilla/5.0 AppleWebKit/537.36 (KHTML, like Gecko; compatible; ClaudeBot/1.0; +claudebot@anthropic.com)"
216.73.217.89 - - [15/May/2026:08:31:47 -0400] "GET /product/nike-mind-001-mule-light-bone/?file=%2Fhome%2Fyallaadminx%2Ftheboots.me%2Fwp-content%2Fthemes%2Fflatsome%2Fwoocommerce%2Floop%2Floop-end.php HTTP/1.1" 200 30523 "-" "Mozilla/5.0 AppleWebKit/537.36 (KHTML, like Gecko; compatible; ClaudeBot/1.0; +claudebot@anthropic.com)"
216.73.217.89 - - [15/May/2026:08:31:52 -0400] "GET /product/nike-mind-001-pearl-pink/whatsapp://%22?file=%2Fhome%2Fyallaadminx%2Ftheboots.me%2Fwp-content%2Fthemes%2Fflatsome%2Flanguages%2Fes_AR.po HTTP/1.1" 301 237 "-" "Mozilla/5.0 AppleWebKit/537.36 (KHTML, like Gecko; compatible; ClaudeBot/1.0; +claudebot@anthropic.com)"
216.73.217.89 - - [15/May/2026:08:31:51 -0400] "GET /size/33/?edit=%2Fhome%2Fyallaadminx%2Ftheboots.me%2Fwp-content%2Fthemes%2Fflatsome%2Finc%2Fshortcodes%2Fux_logo.php HTTP/1.1" 200 24609 "-" "Mozilla/5.0 AppleWebKit/537.36 (KHTML, like Gecko; compatible; ClaudeBot/1.0; +claudebot@anthropic.com)"
35.174.253.85 - - [15/May/2026:08:31:53 -0400] "GET /wp-json/wp/v2/product_cat/58?edit=/home/yallaadminx/theboots.me/wp-content/themes/flatsome/archive-featured_item.php HTTP/1.1" 200 2336 "-" "Mozilla/5.0 AppleWebKit/537.36 (KHTML, like Gecko; compatible; Amazonbot/0.1; +https://developer.amazon.com/support/amazonbot) Chrome/119.0.6045.214 Safari/537.36"
216.73.217.89 - - [15/May/2026:08:31:54 -0400] "GET /size/33/feed/?edit=%2Fhome%2Fyallaadminx%2Ftheboots.me%2Fwp-content%2Fthemes%2Fflatsome%2Flanguages%2Ffr_FR.l10n.php HTTP/1.1" 200 14134 "-" "Mozilla/5.0 AppleWebKit/537.36 (KHTML, like Gecko; compatible; ClaudeBot/1.0; +claudebot@anthropic.com)"
216.73.217.89 - - [15/May/2026:08:31:52 -0400] "GET /product/nike-mind-001-solar-red/?edit=%2Fhome%2Fyallaadminx%2Ftheboots.me%2Fwp-content%2Fplugins%2Fnextend-facebook-connect%2Fincludes%2FuserData.php HTTP/1.1" 200 33594 "-" "Mozilla/5.0 AppleWebKit/537.36 (KHTML, like Gecko; compatible; ClaudeBot/1.0; +claudebot@anthropic.com)"
216.73.217.89 - - [15/May/2026:08:31:53 -0400] "GET /product/nike-mind-001-pearl-pink/whatsapp:/?file=%2Fhome%2Fyallaadminx%2Ftheboots.me%2Fwp-content%2Fthemes%2Fflatsome%2Flanguages%2Fes_AR.po HTTP/1.1" 404 18253 "https://theboots.me/product/nike-mind-001-pearl-pink/whatsapp://%22?file=%2Fhome%2Fyallaadminx%2Ftheboots.me%2Fwp-content%2Fthemes%2Fflatsome%2Flanguages%2Fes_AR.po" "Mozilla/5.0 AppleWebKit/537.36 (KHTML, like Gecko; compatible; ClaudeBot/1.0; +claudebot@anthropic.com)"
216.73.217.89 - - [15/May/2026:08:31:56 -0400] "GET /size/46/?view=%2Fhome%2Fyallaadminx%2Ftheboots.me%2Fwp-content%2Fthemes%2Fflatsome%2Ftemplate-parts%2Fposts%2Fcontent-none.php HTTP/1.1" 200 570 "-" "Mozilla/5.0 AppleWebKit/537.36 (KHTML, like Gecko; compatible; ClaudeBot/1.0; +claudebot@anthropic.com)"
216.73.217.89 - - [15/May/2026:08:31:55 -0400] "GET /product/nike-mind-001-pearl-pink/whatsapp://%22?edit=%2Fhome%2Fyallaadminx%2Ftheboots.me%2Fwp-content%2Fthemes%2Fflatsome%2Fgpl.txt HTTP/1.1" 200 7085 "-" "Mozilla/5.0 AppleWebKit/537.36 (KHTML, like Gecko; compatible; ClaudeBot/1.0; +claudebot@anthropic.com)"
52.54.249.218 - - [15/May/2026:08:31:56 -0400] "GET /size/38/page/16/?rename=/home/yallaadminx/theboots.me/wp-content/themes/flatsome/page-transparent-header-light.php HTTP/1.1" 200 1801 "-" "Mozilla/5.0 AppleWebKit/537.36 (KHTML, like Gecko; compatible; Amazonbot/0.1; +https://developer.amazon.com/support/amazonbot) Chrome/119.0.6045.214 Safari/537.36"
216.73.217.89 - - [15/May/2026:08:31:56 -0400] "GET /product/nike-mind-001-pearl-pink/whatsapp://%22?file=%2Fhome%2Fyallaadminx%2Ftheboots.me%2Fwp-content%2Fthemes%2Fflatsome%2Flanguages%2Fda_DK.po HTTP/1.1" 301 237 "-" "Mozilla/5.0 AppleWebKit/537.36 (KHTML, like Gecko; compatible; ClaudeBot/1.0; +claudebot@anthropic.com)"
216.73.217.89 - - [15/May/2026:08:31:55 -0400] "GET /product/nike-mind-001-red/?file=%2Fhome%2Fyallaadminx%2Ftheboots.me%2Fwp-content%2Fplugins%2Fextendify%2Flanguages HTTP/1.1" 200 30379 "-" "Mozilla/5.0 AppleWebKit/537.36 (KHTML, like Gecko; compatible; ClaudeBot/1.0; +claudebot@anthropic.com)"
216.73.217.89 - - [15/May/2026:08:31:57 -0400] "GET /size/30/?edit=%2Fhome%2Fyallaadminx%2Ftheboots.me%2Fwp-content%2Fthemes%2Fflatsome%2Finc%2Fadmin%2Fkirki%2Fdeprecated%2Fdeprecated.php HTTP/1.1" 200 24149 "-" "Mozilla/5.0 AppleWebKit/537.36 (KHTML, like Gecko; compatible; ClaudeBot/1.0; +claudebot@anthropic.com)"
216.73.217.89 - - [15/May/2026:08:31:58 -0400] "GET /product/nike-mind-001-pearl-pink/whatsapp:/?file=%2Fhome%2Fyallaadminx%2Ftheboots.me%2Fwp-content%2Fthemes%2Fflatsome%2Flanguages%2Fda_DK.po HTTP/1.1" 404 18252 "https://theboots.me/product/nike-mind-001-pearl-pink/whatsapp://%22?file=%2Fhome%2Fyallaadminx%2Ftheboots.me%2Fwp-content%2Fthemes%2Fflatsome%2Flanguages%2Fda_DK.po" "Mozilla/5.0 AppleWebKit/537.36 (KHTML, like Gecko; compatible; ClaudeBot/1.0; +claudebot@anthropic.com)"
216.73.217.89 - - [15/May/2026:08:31:58 -0400] "GET /product/nike-mind-001-pearl-pink/whatsapp://%22?rename=%2Fhome%2Fyallaadminx%2Ftheboots.me%2Fwp-content%2Fthemes%2Fflatsome%2Flanguages%2Fel.po HTTP/1.1" 200 1599 "-" "Mozilla/5.0 AppleWebKit/537.36 (KHTML, like Gecko; compatible; ClaudeBot/1.0; +claudebot@anthropic.com)"
216.73.217.89 - - [15/May/2026:08:31:59 -0400] "GET /product/nike-mind-001-fragment-black/whatsapp://%22?view=%2Fhome%2Fyallaadminx%2Ftheboots.me%2Fwp-content%2Fthemes%2Fflatsome%2Flanguages%2Far.po HTTP/1.1" 200 16774 "-" "Mozilla/5.0 AppleWebKit/537.36 (KHTML, like Gecko; compatible; ClaudeBot/1.0; +claudebot@anthropic.com)"
216.73.217.89 - - [15/May/2026:08:32:00 -0400] "GET /product/nike-mind-001-pearl-pink/whatsapp://%22?rename=%2Fhome%2Fyallaadminx%2Ftheboots.me%2Fwp-content%2Fthemes%2Fflatsome%2Flanguages%2Fcs_CZ.po HTTP/1.1" 200 1602 "-" "Mozilla/5.0 AppleWebKit/537.36 (KHTML, like Gecko; compatible; ClaudeBot/1.0; +claudebot@anthropic.com)"
216.73.217.89 - - [15/May/2026:08:31:59 -0400] "GET /size/35/?edit=%2Fhome%2Fyallaadminx%2Ftheboots.me%2Fwp-content%2Fthemes%2Fflatsome%2Fwoocommerce%2Fcheckout%2Fterms.php HTTP/1.1" 200 24851 "-" "Mozilla/5.0 AppleWebKit/537.36 (KHTML, like Gecko; compatible; ClaudeBot/1.0; +claudebot@anthropic.com)"
3.213.85.234 - - [15/May/2026:08:32:01 -0400] "GET /size/38/page/16/?rename=/home/yallaadminx/theboots.me/wp-content/themes/flatsome/functions.php HTTP/1.1" 200 1798 "-" "Mozilla/5.0 AppleWebKit/537.36 (KHTML, like Gecko; compatible; Amazonbot/0.1; +https://developer.amazon.com/support/amazonbot) Chrome/119.0.6045.214 Safari/537.36"
216.73.217.89 - - [15/May/2026:08:31:59 -0400] "GET /size/46/?edit=%2Fhome%2Fyallaadminx%2Ftheboots.me%2Fwp-content%2Fthemes%2Fflatsome%2Finc%2Fshortcodes%2Fprice_table.php HTTP/1.1" 200 25943 "-" "Mozilla/5.0 AppleWebKit/537.36 (KHTML, like Gecko; compatible; ClaudeBot/1.0; +claudebot@anthropic.com)"
3.94.157.25 - - [15/May/2026:08:32:05 -0400] "GET /wp-json/wp/v2/product_cat/58?edit=/home/yallaadminx/theboots.me/wp-content/themes/flatsome/page-header-on-scroll.php HTTP/1.1" 200 2437 "-" "Mozilla/5.0 AppleWebKit/537.36 (KHTML, like Gecko; compatible; Amazonbot/0.1; +https://developer.amazon.com/support/amazonbot) Chrome/119.0.6045.214 Safari/537.36"
216.73.217.89 - - [15/May/2026:08:32:01 -0400] "GET /size/47/?rename=%2Fhome%2Fyallaadminx%2Ftheboots.me%2Fwp-content%2Fthemes%2Fflatsome%2Finc%2Fbuilder%2Fshortcodes.php HTTP/1.1" 200 24859 "-" "Mozilla/5.0 AppleWebKit/537.36 (KHTML, like Gecko; compatible; ClaudeBot/1.0; +claudebot@anthropic.com)"
216.73.217.89 - - [15/May/2026:08:32:02 -0400] "GET /product/nike-mind-001-mule-light-bone/?rename=%2Fhome%2Fyallaadminx%2Ftheboots.me%2Fwp-content%2Fplugins%2Fnextend-facebook-connect%2Fadmin%2Fadmin.php HTTP/1.1" 200 31878 "-" "Mozilla/5.0 AppleWebKit/537.36 (KHTML, like Gecko; compatible; ClaudeBot/1.0; +claudebot@anthropic.com)"
18.215.112.101 - - [15/May/2026:08:32:08 -0400] "GET /wp-json/wp/v2/product/2134?rename=/home/yallaadminx/theboots.me/wp-content/themes/flatsome/footer.php HTTP/1.1" 200 2574 "-" "Mozilla/5.0 AppleWebKit/537.36 (KHTML, like Gecko; compatible; Amazonbot/0.1; +https://developer.amazon.com/support/amazonbot) Chrome/119.0.6045.214 Safari/537.36"
216.73.217.89 - - [15/May/2026:08:32:04 -0400] "GET /product/nike-mind-001-red/?edit=%2Fhome%2Fyallaadminx%2Ftheboots.me%2Fwp-content%2Fplugins%2Fextendify%2Fsrc%2FAgent%2Ftours%2Fpage-editor.js HTTP/1.1" 200 32878 "-" "Mozilla/5.0 AppleWebKit/537.36 (KHTML, like Gecko; compatible; ClaudeBot/1.0; +claudebot@anthropic.com)"
216.73.217.89 - - [15/May/2026:08:32:07 -0400] "GET /size/34/?edit=%2Fhome%2Fyallaadminx%2Ftheboots.me%2Fwp-content%2Fthemes%2Fflatsome%2Finc%2Fadmin%2Fpanel%2Fpanel.php HTTP/1.1" 200 25587 "-" "Mozilla/5.0 AppleWebKit/537.36 (KHTML, like Gecko; compatible; ClaudeBot/1.0; +claudebot@anthropic.com)"
216.73.217.89 - - [15/May/2026:08:32:12 -0400] "GET /size/33/?view=%2Fhome%2Fyallaadminx%2Ftheboots.me%2Fwp-content%2Fthemes%2Fflatsome%2Finc%2Fbuilder%2Fshortcodes%2Fteam_member.php HTTP/1.1" 200 1009 "-" "Mozilla/5.0 AppleWebKit/537.36 (KHTML, like Gecko; compatible; ClaudeBot/1.0; +claudebot@anthropic.com)"
216.73.217.89 - - [15/May/2026:08:32:12 -0400] "GET /size/33/?view=%2Fhome%2Fyallaadminx%2Ftheboots.me%2Fwp-content%2Fthemes%2Fflatsome%2Ftemplate-parts%2Fposts%2Fcontent-none.php HTTP/1.1" 200 570 "-" "Mozilla/5.0 AppleWebKit/537.36 (KHTML, like Gecko; compatible; ClaudeBot/1.0; +claudebot@anthropic.com)"
216.73.217.89 - - [15/May/2026:08:32:12 -0400] "GET /size/47/?view=%2Fhome%2Fyallaadminx%2Ftheboots.me%2Fwp-content%2Fthemes%2Fflatsome%2Flanguages%2Ffa_IR.l10n.php HTTP/1.1" 200 2905 "-" "Mozilla/5.0 AppleWebKit/537.36 (KHTML, like Gecko; compatible; ClaudeBot/1.0; +claudebot@anthropic.com)"
216.73.217.89 - - [15/May/2026:08:32:11 -0400] "GET /size/33/?file=%2Fhome%2Fyallaadminx%2Ftheboots.me%2Fwp-content%2Fthemes%2Fflatsome%2Finc%2Fbuilder%2Fshortcodes%2Fprice_table.php HTTP/1.1" 200 22342 "-" "Mozilla/5.0 AppleWebKit/537.36 (KHTML, like Gecko; compatible; ClaudeBot/1.0; +claudebot@anthropic.com)"
216.73.217.89 - - [15/May/2026:08:32:13 -0400] "GET /product/nike-mind-001-fragment-black/whatsapp://%22?view=%2Fhome%2Fyallaadminx%2Ftheboots.me%2Fwp-content%2Fthemes%2Fflatsome%2Flanguages%2Fde_DE.po HTTP/1.1" 200 15097 "-" "Mozilla/5.0 AppleWebKit/537.36 (KHTML, like Gecko; compatible; ClaudeBot/1.0; +claudebot@anthropic.com)"
216.73.217.89 - - [15/May/2026:08:32:13 -0400] "GET /product/nike-mind-001-pearl-pink/whatsapp://%22?file=%2Fhome%2Fyallaadminx%2Ftheboots.me%2Fwp-content%2Fthemes%2Fflatsome%2Fwoocommerce%2Fcheckout HTTP/1.1" 200 546 "-" "Mozilla/5.0 AppleWebKit/537.36 (KHTML, like Gecko; compatible; ClaudeBot/1.0; +claudebot@anthropic.com)"
3.93.98.99 - - [15/May/2026:08:32:13 -0400] "GET /size/38/page/16/?edit=/home/yallaadminx/theboots.me/wp-content/themes/flatsome/page-single-page-nav-transparent.php HTTP/1.1" 200 2130 "-" "Mozilla/5.0 AppleWebKit/537.36 (KHTML, like Gecko; compatible; Amazonbot/0.1; +https://developer.amazon.com/support/amazonbot) Chrome/119.0.6045.214 Safari/537.36"
216.73.217.89 - - [15/May/2026:08:32:13 -0400] "GET /size/31/?edit=%2Fhome%2Fyallaadminx%2Ftheboots.me%2Fwp-content%2Fthemes%2Fflatsome%2Finc%2Fadmin%2Fpanel%2Fpanel.php HTTP/1.1" 200 25597 "-" "Mozilla/5.0 AppleWebKit/537.36 (KHTML, like Gecko; compatible; ClaudeBot/1.0; +claudebot@anthropic.com)"
216.73.217.89 - - [15/May/2026:08:32:16 -0400] "GET /size/30/?view=%2Fhome%2Fyallaadminx%2Ftheboots.me%2Fwp-content%2Fthemes%2Fflatsome%2Ftemplate-parts%2Fposts%2Fcontent-single.php HTTP/1.1" 200 958 "-" "Mozilla/5.0 AppleWebKit/537.36 (KHTML, like Gecko; compatible; ClaudeBot/1.0; +claudebot@anthropic.com)"
216.73.217.89 - - [15/May/2026:08:32:14 -0400] "GET /size/33/?rename=%2Fhome%2Fyallaadminx%2Ftheboots.me%2Fwp-content%2Fthemes%2Fflatsome%2Finc%2Fbuilder%2Fshortcodes%2Fpage_header.php HTTP/1.1" 200 23737 "-" "Mozilla/5.0 AppleWebKit/537.36 (KHTML, like Gecko; compatible; ClaudeBot/1.0; +claudebot@anthropic.com)"
18.214.138.148 - - [15/May/2026:08:32:16 -0400] "GET /wp-json/wp/v2/product/5858?edit=/home/yallaadminx/theboots.me/wp-content/themes/flatsome/license.txt HTTP/1.1" 200 2843 "-" "Mozilla/5.0 AppleWebKit/537.36 (KHTML, like Gecko; compatible; Amazonbot/0.1; +https://developer.amazon.com/support/amazonbot) Chrome/119.0.6045.214 Safari/537.36"
216.73.217.89 - - [15/May/2026:08:32:15 -0400] "GET /size/33/?rename=%2Fhome%2Fyallaadminx%2Ftheboots.me%2Fwp-content%2Fthemes%2Fflatsome%2Finc%2Fbuilder%2Fshortcodes%2Ftabgroup.php HTTP/1.1" 200 23736 "-" "Mozilla/5.0 AppleWebKit/537.36 (KHTML, like Gecko; compatible; ClaudeBot/1.0; +claudebot@anthropic.com)"
216.73.217.89 - - [15/May/2026:08:32:18 -0400] "GET /size/35/%3C?view=%2Fhome%2Fyallaadminx%2Ftheboots.me%2Fwp-content%2Fthemes%2Fflatsome%2Flanguages%2Ffa_IR.l10n.php HTTP/1.1" 200 2905 "-" "Mozilla/5.0 AppleWebKit/537.36 (KHTML, like Gecko; compatible; ClaudeBot/1.0; +claudebot@anthropic.com)"
216.73.217.89 - - [15/May/2026:08:32:16 -0400] "GET /size/30/?file=%2Fhome%2Fyallaadminx%2Ftheboots.me%2Fwp-content%2Fthemes%2Fflatsome%2Finc%2Fadmin%2Fkirki%2Fcontrols%2Fviews%2Fselect.php HTTP/1.1" 200 0 "-" "Mozilla/5.0 AppleWebKit/537.36 (KHTML, like Gecko; compatible; ClaudeBot/1.0; +claudebot@anthropic.com)"
216.73.217.89 - - [15/May/2026:08:32:18 -0400] "GET /size/35/%3C?file=%2Fhome%2Fyallaadminx%2Ftheboots.me%2Fwp-content%2Fthemes%2Fflatsome%2Flanguages%2Fca.l10n.php HTTP/1.1" 200 0 "-" "Mozilla/5.0 AppleWebKit/537.36 (KHTML, like Gecko; compatible; ClaudeBot/1.0; +claudebot@anthropic.com)"
216.73.217.89 - - [15/May/2026:08:32:18 -0400] "GET /?rename=%2Fhome%2Fyallaadminx%2Ftheboots.me%2Fwp-content%2Fthemes%2Fflatsome%2Finc%2Fbuilder%2Fshortcodes%2Fux_banner.php HTTP/1.1" 200 1053 "-" "Mozilla/5.0 AppleWebKit/537.36 (KHTML, like Gecko; compatible; ClaudeBot/1.0; +claudebot@anthropic.com)"
54.156.124.2 - - [15/May/2026:08:32:25 -0400] "GET /size/33/?edit=/home/yallaadminx/theboots.me/wp-content/themes/flatsome/page-transparent-header.php HTTP/1.1" 200 0 "-" "Mozilla/5.0 AppleWebKit/537.36 (KHTML, like Gecko; compatible; Amazonbot/0.1; +https://developer.amazon.com/support/amazonbot) Chrome/119.0.6045.214 Safari/537.36"
216.73.217.89 - - [15/May/2026:08:32:20 -0400] "GET /size/33/feed/?edit=%2Fhome%2Fyallaadminx%2Ftheboots.me%2Fwp-content%2Fthemes%2Fflatsome%2Flanguages%2Ffr_FR.mo HTTP/1.1" 200 14664 "-" "Mozilla/5.0 AppleWebKit/537.36 (KHTML, like Gecko; compatible; ClaudeBot/1.0; +claudebot@anthropic.com)"
216.73.217.89 - - [15/May/2026:08:32:27 -0400] "GET /?view=%2Fhome%2Fyallaadminx%2Ftheboots.me%2Fwp-content%2Fthemes%2Fflatsome%2Finc%2Fshortcodes%2Ftext_box.php HTTP/1.1" 200 0 "-" "Mozilla/5.0 AppleWebKit/537.36 (KHTML, like Gecko; compatible; ClaudeBot/1.0; +claudebot@anthropic.com)"
216.73.217.89 - - [15/May/2026:08:32:27 -0400] "GET /product/nike-mind-001-pearl-pink/whatsapp://%22?edit=%2Fhome%2Fyallaadminx%2Ftheboots.me%2Fwp-content%2Fthemes%2Fflatsome%2Flanguages%2Fes_AR.l10n.php HTTP/1.1" 200 0 "-" "Mozilla/5.0 AppleWebKit/537.36 (KHTML, like Gecko; compatible; ClaudeBot/1.0; +claudebot@anthropic.com)"
54.164.106.236 - - [15/May/2026:08:32:21 -0400] "GET /size/38/page/16/?rename=/home/yallaadminx/theboots.me/wp-content/themes/flatsome/wpml-config.xml HTTP/1.1" 200 1183 "-" "Mozilla/5.0 AppleWebKit/537.36 (KHTML, like Gecko; compatible; Amazonbot/0.1; +https://developer.amazon.com/support/amazonbot) Chrome/119.0.6045.214 Safari/537.36"
216.73.217.89 - - [15/May/2026:08:32:36 -0400] "GET /?edit=%2Fhome%2Fyallaadminx%2Ftheboots.me%2Fwp-content%2Fthemes%2Fflatsome%2Finc%2Fshortcodes%2Fblog_posts.php HTTP/1.1" 200 5469 "-" "Mozilla/5.0 AppleWebKit/537.36 (KHTML, like Gecko; compatible; ClaudeBot/1.0; +claudebot@anthropic.com)"
216.73.217.89 - - [15/May/2026:08:32:27 -0400] "GET /size/46/?rename=%2Fhome%2Fyallaadminx%2Ftheboots.me%2Fwp-content%2Fthemes%2Fflatsome%2Fassets%2Fcss%2Fadmin%2Fadmin-header-builder.css HTTP/1.1" 200 1053 "-" "Mozilla/5.0 AppleWebKit/537.36 (KHTML, like Gecko; compatible; ClaudeBot/1.0; +claudebot@anthropic.com)"
3.224.104.67 - - [15/May/2026:08:32:29 -0400] "GET /wp-json/wp/v2/product/5858?edit=/home/yallaadminx/theboots.me/wp-content/themes/flatsome/comments.php HTTP/1.1" 200 2878 "-" "Mozilla/5.0 AppleWebKit/537.36 (KHTML, like Gecko; compatible; Amazonbot/0.1; +https://developer.amazon.com/support/amazonbot) Chrome/119.0.6045.214 Safari/537.36"
216.73.217.89 - - [15/May/2026:08:32:36 -0400] "GET /size/35/?edit=%2Fhome%2Fyallaadminx%2Ftheboots.me%2Fwp-content%2Fthemes%2Fflatsome%2Ftemplate-parts%2Fposts%2Ffeatured-posts.php HTTP/1.1" 200 2303 "-" "Mozilla/5.0 AppleWebKit/537.36 (KHTML, like Gecko; compatible; ClaudeBot/1.0; +claudebot@anthropic.com)"
18.214.251.19 - - [15/May/2026:08:32:33 -0400] "GET /product-category/new-balance/new-balance-327/feed/?edit=/home/yallaadminx/theboots.me/wp-content/themes/flatsome/theme.json HTTP/1.1" 200 1183 "-" "Mozilla/5.0 AppleWebKit/537.36 (KHTML, like Gecko; compatible; Amazonbot/0.1; +https://developer.amazon.com/support/amazonbot) Chrome/119.0.6045.214 Safari/537.36"
216.73.217.89 - - [15/May/2026:08:32:40 -0400] "GET /?file=%2Fhome%2Fyallaadminx%2Ftheboots.me%2Fwp-content%2Fthemes%2Fflatsome%2Flanguages%2Fde_DE.mo HTTP/1.1" 200 0 "-" "Mozilla/5.0 AppleWebKit/537.36 (KHTML, like Gecko; compatible; ClaudeBot/1.0; +claudebot@anthropic.com)"
67.223.118.104 - - [15/May/2026:08:32:50 -0400] "POST /wp-cron.php?doing_wp_cron=1778848370.3373880386352539062500 HTTP/1.1" 200 0 "-" "WordPress/6.9.4; https://theboots.me"
67.223.118.104 - - [15/May/2026:08:32:52 -0400] "POST /wp-cron.php?doing_wp_cron=1778848371.1370871067047119140625 HTTP/1.1" 200 0 "-" "WordPress/6.9.4; https://theboots.me"
34.206.212.24 - - [15/May/2026:08:32:36 -0400] "GET /wp-json/wp/v2/product/5942?edit=/home/yallaadminx/theboots.me/wp-content/themes/flatsome/page-transparent-header.php HTTP/1.1" 200 1183 "-" "Mozilla/5.0 AppleWebKit/537.36 (KHTML, like Gecko; compatible; Amazonbot/0.1; +https://developer.amazon.com/support/amazonbot) Chrome/119.0.6045.214 Safari/537.36"
216.73.217.89 - - [15/May/2026:08:32:41 -0400] "GET /size/29/?edit=%2Fhome%2Fyallaadminx%2Ftheboots.me%2Fwp-content%2Fthemes%2Fflatsome%2Flanguages%2Fhe_IL.mo HTTP/1.1" 200 4847 "-" "Mozilla/5.0 AppleWebKit/537.36 (KHTML, like Gecko; compatible; ClaudeBot/1.0; +claudebot@anthropic.com)"
54.197.102.71 - - [15/May/2026:08:32:45 -0400] "GET /product/nike-mind-001-pearl-pink/feed/?edit=/home/yallaadminx/theboots.me/wp-content/themes/flatsome/archive-featured_item.php HTTP/1.1" 200 0 "-" "Mozilla/5.0 AppleWebKit/537.36 (KHTML, like Gecko; compatible; Amazonbot/0.1; +https://developer.amazon.com/support/amazonbot) Chrome/119.0.6045.214 Safari/537.36"
34.236.135.14 - - [15/May/2026:08:32:40 -0400] "GET /product-category/new-balance/new-balance-327/feed/?edit=/home/yallaadminx/theboots.me/wp-content/themes/flatsome/page.php HTTP/1.1" 200 1183 "-" "Mozilla/5.0 AppleWebKit/537.36 (KHTML, like Gecko; compatible; Amazonbot/0.1; +https://developer.amazon.com/support/amazonbot) Chrome/119.0.6045.214 Safari/537.36"
34.227.234.246 - - [15/May/2026:08:32:48 -0400] "GET /size/33/?edit=/home/yallaadminx/theboots.me/wp-content/themes/flatsome/favicon.png HTTP/1.1" 200 0 "-" "Mozilla/5.0 AppleWebKit/537.36 (KHTML, like Gecko; compatible; Amazonbot/0.1; +https://developer.amazon.com/support/amazonbot) Chrome/119.0.6045.214 Safari/537.36"
216.73.217.89 - - [15/May/2026:08:32:41 -0400] "GET /product/nike-mind-001-solar-red/?rename=%2Fhome%2Fyallaadminx%2Ftheboots.me%2Fwp-content%2Fplugins%2Fcookieadmin-pro%2Flanguages%2Fcookieadmin-pl_PL.mo HTTP/1.1" 200 1053 "-" "Mozilla/5.0 AppleWebKit/537.36 (KHTML, like Gecko; compatible; ClaudeBot/1.0; +claudebot@anthropic.com)"
216.73.217.89 - - [15/May/2026:08:32:51 -0400] "GET /size/30/?file=%2Fhome%2Fyallaadminx%2Ftheboots.me%2Fwp-content%2Fthemes%2Fflatsome%2Frtl.css HTTP/1.1" 200 0 "-" "Mozilla/5.0 AppleWebKit/537.36 (KHTML, like Gecko; compatible; ClaudeBot/1.0; +claudebot@anthropic.com)"
67.223.118.104 - - [15/May/2026:08:33:01 -0400] "POST /wp-cron.php?doing_wp_cron=1778848380.0363719463348388671875 HTTP/1.1" 200 0 "-" "WordPress/6.9.4; https://theboots.me"
67.223.118.104 - - [15/May/2026:08:33:01 -0400] "POST /wp-cron.php?doing_wp_cron=1778848381.2341709136962890625000 HTTP/1.1" 200 0 "-" "WordPress/6.9.4; https://theboots.me"
67.223.118.104 - - [15/May/2026:08:33:03 -0400] "POST /wp-cron.php?doing_wp_cron=1778848382.8348169326782226562500 HTTP/1.1" 200 0 "-" "WordPress/6.9.4; https://theboots.me"
216.73.217.89 - - [15/May/2026:08:32:55 -0400] "GET /size/35/?view=%2Fhome%2Fyallaadminx%2Ftheboots.me%2Fwp-content%2Fthemes%2Fflatsome%2Fwoocommerce%2Floop%2Fsale-flash.php HTTP/1.1" 200 0 "-" "Mozilla/5.0 AppleWebKit/537.36 (KHTML, like Gecko; compatible; ClaudeBot/1.0; +claudebot@anthropic.com)"
216.73.217.89 - - [15/May/2026:08:33:00 -0400] "GET /size/30/%3C?view=%2Fhome%2Fyallaadminx%2Ftheboots.me%2Fwp-content%2Fthemes%2Fflatsome%2Fsearch.php HTTP/1.1" 200 214 "-" "Mozilla/5.0 AppleWebKit/537.36 (KHTML, like Gecko; compatible; ClaudeBot/1.0; +claudebot@anthropic.com)"
44.223.232.55 - - [15/May/2026:08:32:52 -0400] "GET /wp-json/wp/v2/product/2134?rename=/home/yallaadminx/theboots.me/wp-content/themes/flatsome/searchform.php HTTP/1.1" 200 2550 "-" "Mozilla/5.0 AppleWebKit/537.36 (KHTML, like Gecko; compatible; Amazonbot/0.1; +https://developer.amazon.com/support/amazonbot) Chrome/119.0.6045.214 Safari/537.36"
67.223.118.104 - - [15/May/2026:08:33:10 -0400] "POST /wp-cron.php?doing_wp_cron=1778848389.8350210189819335937500 HTTP/1.1" 200 0 "-" "WordPress/6.9.4; https://theboots.me"
67.223.118.104 - - [15/May/2026:08:33:10 -0400] "POST /wp-cron.php?doing_wp_cron=1778848389.6381590366363525390625 HTTP/1.1" 200 0 "-" "WordPress/6.9.4; https://theboots.me"
67.223.118.104 - - [15/May/2026:08:33:10 -0400] "POST /wp-cron.php?doing_wp_cron=1778848390.2345569133758544921875 HTTP/1.1" 200 0 "-" "WordPress/6.9.4; https://theboots.me"
67.223.118.104 - - [15/May/2026:08:33:12 -0400] "POST /wp-cron.php?doing_wp_cron=1778848391.8341720104217529296875 HTTP/1.1" 200 0 "-" "WordPress/6.9.4; https://theboots.me"
67.223.118.104 - - [15/May/2026:08:33:13 -0400] "POST /wp-cron.php?doing_wp_cron=1778848392.8369679450988769531250 HTTP/1.1" 200 0 "-" "WordPress/6.9.4; https://theboots.me"
216.73.217.89 - - [15/May/2026:08:33:01 -0400] "GET /size/29/feed/?edit=%2Fhome%2Fyallaadminx%2Ftheboots.me%2Fwp-content%2Fthemes%2Fflatsome%2Flanguages%2Ffr_FR.mo HTTP/1.1" 200 16208 "-" "Mozilla/5.0 AppleWebKit/537.36 (KHTML, like Gecko; compatible; ClaudeBot/1.0; +claudebot@anthropic.com)"
67.223.118.104 - - [15/May/2026:08:33:17 -0400] "POST /wp-cron.php?doing_wp_cron=1778848397.0420539379119873046875 HTTP/1.1" 200 0 "-" "WordPress/6.9.4; https://theboots.me"
67.223.118.104 - - [15/May/2026:08:33:17 -0400] "POST /wp-cron.php?doing_wp_cron=1778848397.5344309806823730468750 HTTP/1.1" 200 0 "-" "WordPress/6.9.4; https://theboots.me"
216.73.217.89 - - [15/May/2026:08:33:06 -0400] "GET /size/35/?edit=%2Fhome%2Fyallaadminx%2Ftheboots.me%2Fwp-content%2Fthemes%2Fflatsome%2Flanguages%2Fnb_NO.l10n.php HTTP/1.1" 200 24400 "-" "Mozilla/5.0 AppleWebKit/537.36 (KHTML, like Gecko; compatible; ClaudeBot/1.0; +claudebot@anthropic.com)"
67.223.118.104 - - [15/May/2026:08:33:18 -0400] "POST /wp-cron.php?doing_wp_cron=1778848398.8484160900115966796875 HTTP/1.1" 200 0 "-" "WordPress/6.9.4; https://theboots.me"
216.73.217.89 - - [15/May/2026:08:33:11 -0400] "GET /size/47/?file=%2Fhome%2Fyallaadminx%2Ftheboots.me%2Fwp-content%2Fthemes%2Fflatsome%2Flanguages%2Fvi.l10n.php HTTP/1.1" 200 0 "-" "Mozilla/5.0 AppleWebKit/537.36 (KHTML, like Gecko; compatible; ClaudeBot/1.0; +claudebot@anthropic.com)"
