216.73.217.89 - - [15/May/2026:08:28:52 -0400] "GET /product/nike-mind-001-light-smoke-grey/%3C?edit=%2Fhome%2Fyallaadminx%2Ftheboots.me%2Fwp-content%2Fthemes%2Fflatsome%2Flanguages%2Fca.mo HTTP/1.1" 200 22840 "-" "Mozilla/5.0 AppleWebKit/537.36 (KHTML, like Gecko; compatible; ClaudeBot/1.0; +claudebot@anthropic.com)"
216.73.217.89 - - [15/May/2026:08:28:53 -0400] "GET /product/nike-mind-001-fragment-black/feed/?file=%27.%24file.%27 HTTP/1.1" 200 1309 "-" "Mozilla/5.0 AppleWebKit/537.36 (KHTML, like Gecko; compatible; ClaudeBot/1.0; +claudebot@anthropic.com)"
216.73.217.89 - - [15/May/2026:08:28:53 -0400] "GET /product/nike-mind-001-light-smoke-grey/?view=%2Fhome%2Fyallaadminx%2Ftheboots.me%2Fwp-content%2Fthemes%2Fflatsome%2Fwoocommerce%2Fcontent-single-product.php HTTP/1.1" 200 722 "-" "Mozilla/5.0 AppleWebKit/537.36 (KHTML, like Gecko; compatible; ClaudeBot/1.0; +claudebot@anthropic.com)"
216.73.217.89 - - [15/May/2026:08:28:54 -0400] "GET /product/nike-mind-001-black-chrome/?view=%2Fhome%2Fyallaadminx%2Ftheboots.me%2Fwp-content%2Fthemes%2Fflatsome%2Flanguages%2Fsr_RS.mo HTTP/1.1" 200 1135 "-" "Mozilla/5.0 AppleWebKit/537.36 (KHTML, like Gecko; compatible; ClaudeBot/1.0; +claudebot@anthropic.com)"
216.73.217.89 - - [15/May/2026:08:28:54 -0400] "GET /product/nike-mind-001-pregame-mules-blackened-blue/whatsapp:/%3C?file=%2Fhome%2Fyallaadminx%2Ftheboots.me%2Fwp-content%2Fthemes%2Fflatsome%2Fwoocommerce%2Floop%2Fpagination.php HTTP/1.1" 404 18312 "-" "Mozilla/5.0 AppleWebKit/537.36 (KHTML, like Gecko; compatible; ClaudeBot/1.0; +claudebot@anthropic.com)"
216.73.217.89 - - [15/May/2026:08:28:55 -0400] "GET /product/nike-mind-001-pearl-pink/?view=%2Fhome%2Fyallaadminx%2Ftheboots.me%2Fwp-content%2Fthemes%2Fflatsome%2Ftemplate-parts%2Fheader%2Fpage-loader.php HTTP/1.1" 200 641 "-" "Mozilla/5.0 AppleWebKit/537.36 (KHTML, like Gecko; compatible; ClaudeBot/1.0; +claudebot@anthropic.com)"
216.73.217.89 - - [15/May/2026:08:28:55 -0400] "GET /product-category/nike/mind-001-and-002/?view=%2Fhome%2Fyallaadminx%2Ftheboots.me%2Fwp-content%2Fplugins%2Fcookieadmin-pro%2FLICENSE HTTP/1.1" 200 9371 "-" "Mozilla/5.0 AppleWebKit/537.36 (KHTML, like Gecko; compatible; ClaudeBot/1.0; +claudebot@anthropic.com)"
216.73.217.89 - - [15/May/2026:08:28:56 -0400] "GET /product/nike-mind-001-fragment-black/?file=%2Fhome%2Fyallaadminx%2Ftheboots.me%2Fwp-content%2Fthemes%2Fflatsome%2Finc%2Fintegrations%2Fubermenu HTTP/1.1" 200 29281 "-" "Mozilla/5.0 AppleWebKit/537.36 (KHTML, like Gecko; compatible; ClaudeBot/1.0; +claudebot@anthropic.com)"
216.73.217.89 - - [15/May/2026:08:28:56 -0400] "GET /product/nike-mind-001-black-chrome/?edit=%2Fhome%2Fyallaadminx%2Ftheboots.me%2Fwp-content%2Fthemes%2Fflatsome%2Flanguages%2Ftr_TR.mo HTTP/1.1" 200 46415 "-" "Mozilla/5.0 AppleWebKit/537.36 (KHTML, like Gecko; compatible; ClaudeBot/1.0; +claudebot@anthropic.com)"
216.73.217.89 - - [15/May/2026:08:28:58 -0400] "GET /product/nike-mind-001-mule-light-bone/'%20.%20$path%20.%20'?view=%2Fhome%2Fyallaadminx%2Ftheboots.me%2Fwp-content%2Fthemes%2Fflatsome%2Flanguages%2Ffr_FR.mo HTTP/1.1" 200 13196 "-" "Mozilla/5.0 AppleWebKit/537.36 (KHTML, like Gecko; compatible; ClaudeBot/1.0; +claudebot@anthropic.com)"
216.73.217.89 - - [15/May/2026:08:28:58 -0400] "GET /product-category/nike/mind-001-and-002/?rename=%2Fhome%2Fyallaadminx%2Ftheboots.me%2Fwp-content%2Fthemes%2Fflatsome%2Ftemplate-parts%2Fheader%2Fheader-wrapper.php HTTP/1.1" 200 25760 "-" "Mozilla/5.0 AppleWebKit/537.36 (KHTML, like Gecko; compatible; ClaudeBot/1.0; +claudebot@anthropic.com)"
216.73.217.89 - - [15/May/2026:08:28:58 -0400] "GET /product/nike-mind-001-fragment-black/whatsapp:/%3C?edit=%2Fhome%2Fyallaadminx%2Ftheboots.me%2Fwp-content%2Fthemes%2Fflatsome%2Flanguages%2Fda_DK.l10n.php HTTP/1.1" 200 31309 "-" "Mozilla/5.0 AppleWebKit/537.36 (KHTML, like Gecko; compatible; ClaudeBot/1.0; +claudebot@anthropic.com)"
216.73.217.89 - - [15/May/2026:08:28:59 -0400] "GET /product/nike-mind-001-red/feed/?file=%2Fhome%2Fyallaadminx%2Ftheboots.me%2Fwp-content%2Fthemes%2Fflatsome%2Flanguages%2Fes_ES.mo HTTP/1.1" 200 1334 "-" "Mozilla/5.0 AppleWebKit/537.36 (KHTML, like Gecko; compatible; ClaudeBot/1.0; +claudebot@anthropic.com)"
216.73.217.89 - - [15/May/2026:08:28:59 -0400] "GET /product/nike-mind-001-solar-red/?view=%2Fhome%2Fyallaadminx%2Ftheboots.me%2Fwp-content%2Fthemes%2Fflatsome%2Flanguages%2Fru_RU.l10n.php HTTP/1.1" 200 2993 "-" "Mozilla/5.0 AppleWebKit/537.36 (KHTML, like Gecko; compatible; ClaudeBot/1.0; +claudebot@anthropic.com)"
216.73.217.89 - - [15/May/2026:08:29:03 -0400] "GET /?view=%2Fhome%2Fyallaadminx%2Ftheboots.me%2Fwp-content%2Fthemes%2Fflatsome%2Finc%2Fbuilder%2Fshortcodes%2Ftestimonial.php HTTP/1.1" 200 1555 "-" "Mozilla/5.0 AppleWebKit/537.36 (KHTML, like Gecko; compatible; ClaudeBot/1.0; +claudebot@anthropic.com)"
216.73.217.89 - - [15/May/2026:08:29:03 -0400] "GET /product/nike-mind-001-pearl-pink/whatsapp://%22?rename=%2Fhome%2Fyallaadminx%2Ftheboots.me%2Fwp-content%2Fthemes%2Fflatsome%2Fwoocommerce%2Fshare.php HTTP/1.1" 200 1596 "-" "Mozilla/5.0 AppleWebKit/537.36 (KHTML, like Gecko; compatible; ClaudeBot/1.0; +claudebot@anthropic.com)"
98.83.10.183 - - [15/May/2026:08:29:04 -0400] "GET /wp-json/oembed/1.0/embed?file=/home/yallaadminx/theboots.me/wp-content/themes/flatsome/page-blank-landingpage.php HTTP/1.1" 400 578 "-" "Mozilla/5.0 AppleWebKit/537.36 (KHTML, like Gecko; compatible; Amazonbot/0.1; +https://developer.amazon.com/support/amazonbot) Chrome/119.0.6045.214 Safari/537.36"
216.73.217.89 - - [15/May/2026:08:29:04 -0400] "GET /product/nike-mind-001-red/wp-admin/images/wordpress-logo.png HTTP/1.1" 200 19564 "-" "Mozilla/5.0 AppleWebKit/537.36 (KHTML, like Gecko; compatible; ClaudeBot/1.0; +claudebot@anthropic.com)"
216.73.217.89 - - [15/May/2026:08:29:04 -0400] "GET /size/46/?rename=%2Fhome%2Fyallaadminx%2Ftheboots.me%2Fwp-content%2Fthemes%2Fflatsome%2Fassets%2Fcss%2Fadmin%2Fadmin-customizer.css HTTP/1.1" 200 24842 "-" "Mozilla/5.0 AppleWebKit/537.36 (KHTML, like Gecko; compatible; ClaudeBot/1.0; +claudebot@anthropic.com)"
216.73.217.89 - - [15/May/2026:08:29:06 -0400] "GET /product/nike-mind-001-pearl-pink/whatsapp://%22?file=%2Fhome%2Fyallaadminx%2Ftheboots.me%2Fwp-content%2Fthemes%2Fflatsome%2Flanguages%2Fes_AR.l10n.php HTTP/1.1" 301 242 "-" "Mozilla/5.0 AppleWebKit/537.36 (KHTML, like Gecko; compatible; ClaudeBot/1.0; +claudebot@anthropic.com)"
216.73.217.89 - - [15/May/2026:08:29:06 -0400] "GET /product/nike-mind-001-pearl-pink/whatsapp:/?file=%2Fhome%2Fyallaadminx%2Ftheboots.me%2Fwp-content%2Fthemes%2Fflatsome%2Flanguages%2Fes_AR.l10n.php HTTP/1.1" 404 18270 "https://theboots.me/product/nike-mind-001-pearl-pink/whatsapp://%22?file=%2Fhome%2Fyallaadminx%2Ftheboots.me%2Fwp-content%2Fthemes%2Fflatsome%2Flanguages%2Fes_AR.l10n.php" "Mozilla/5.0 AppleWebKit/537.36 (KHTML, like Gecko; compatible; ClaudeBot/1.0; +claudebot@anthropic.com)"
216.73.217.89 - - [15/May/2026:08:29:06 -0400] "GET /?file=%2Fhome%2Fyallaadminx%2Ftheboots.me%2Fwp-content%2Fthemes%2Fflatsome%2Finc%2Fextensions%2Fflatsome-shortcode-insert HTTP/1.1" 200 19459 "-" "Mozilla/5.0 AppleWebKit/537.36 (KHTML, like Gecko; compatible; ClaudeBot/1.0; +claudebot@anthropic.com)"
216.73.217.89 - - [15/May/2026:08:29:08 -0400] "GET /product/nike-mind-001-fragment-black/whatsapp://%22?view=%2Fhome%2Fyallaadminx%2Ftheboots.me%2Fwp-content%2Fthemes%2Fflatsome%2Flanguages%2Fes_ES.mo HTTP/1.1" 200 12335 "-" "Mozilla/5.0 AppleWebKit/537.36 (KHTML, like Gecko; compatible; ClaudeBot/1.0; +claudebot@anthropic.com)"
34.227.234.246 - - [15/May/2026:08:29:08 -0400] "GET /wp-json/oembed/1.0/embed?rename=/home/yallaadminx/theboots.me/wp-content/themes/flatsome/page-my-account.php HTTP/1.1" 200 1892 "-" "Mozilla/5.0 AppleWebKit/537.36 (KHTML, like Gecko; compatible; Amazonbot/0.1; +https://developer.amazon.com/support/amazonbot) Chrome/119.0.6045.214 Safari/537.36"
216.73.217.89 - - [15/May/2026:08:29:08 -0400] "GET /size/35/?view=%2Fhome%2Fyallaadminx%2Ftheboots.me%2Fwp-content%2Fthemes%2Fflatsome%2Fwoocommerce%2Floop%2Fbreadcrumbs.php HTTP/1.1" 200 205 "-" "Mozilla/5.0 AppleWebKit/537.36 (KHTML, like Gecko; compatible; ClaudeBot/1.0; +claudebot@anthropic.com)"
216.73.217.89 - - [15/May/2026:08:29:09 -0400] "GET /product/nike-mind-001-fragment-black/whatsapp://%22?view=%2Fhome%2Fyallaadminx%2Ftheboots.me%2Fwp-content%2Fthemes%2Fflatsome%2Flanguages%2Fhe_IL.mo HTTP/1.1" 200 3395 "-" "Mozilla/5.0 AppleWebKit/537.36 (KHTML, like Gecko; compatible; ClaudeBot/1.0; +claudebot@anthropic.com)"
216.73.217.89 - - [15/May/2026:08:29:09 -0400] "GET /size/33/?rename=%2Fhome%2Fyallaadminx%2Ftheboots.me%2Fwp-content%2Fthemes%2Fflatsome%2Fassets%2Fcss%2Fadmin%2Fadmin-customizer.css HTTP/1.1" 200 23714 "-" "Mozilla/5.0 AppleWebKit/537.36 (KHTML, like Gecko; compatible; ClaudeBot/1.0; +claudebot@anthropic.com)"
216.73.217.89 - - [15/May/2026:08:29:10 -0400] "GET /product/nike-mind-001-pearl-pink/whatsapp://%22?edit=%2Fhome%2Fyallaadminx%2Ftheboots.me%2Fwp-content%2Fthemes%2Fflatsome%2Flanguages%2Fru_RU.l10n.php HTTP/1.1" 200 4853 "-" "Mozilla/5.0 AppleWebKit/537.36 (KHTML, like Gecko; compatible; ClaudeBot/1.0; +claudebot@anthropic.com)"
216.73.217.89 - - [15/May/2026:08:29:11 -0400] "GET /?file=%2Fhome%2Fyallaadminx%2Ftheboots.me%2Fwp-content%2Fthemes%2Fflatsome%2Finc%2Fshortcodes%2Fpage_header.php HTTP/1.1" 200 19283 "-" "Mozilla/5.0 AppleWebKit/537.36 (KHTML, like Gecko; compatible; ClaudeBot/1.0; +claudebot@anthropic.com)"
216.73.217.89 - - [15/May/2026:08:29:11 -0400] "GET /size/46/?edit=%2Fhome%2Fyallaadminx%2Ftheboots.me%2Fwp-content%2Fthemes%2Fflatsome%2Finc%2Fintegrations%2Fwpml%2Fflatsome-wpml.php HTTP/1.1" 200 25182 "-" "Mozilla/5.0 AppleWebKit/537.36 (KHTML, like Gecko; compatible; ClaudeBot/1.0; +claudebot@anthropic.com)"
3.224.215.150 - - [15/May/2026:08:29:12 -0400] "GET /wp-json/oembed/1.0/embed?file=/home/yallaadminx/theboots.me/wp-content/themes/flatsome/page.php HTTP/1.1" 400 560 "-" "Mozilla/5.0 AppleWebKit/537.36 (KHTML, like Gecko; compatible; Amazonbot/0.1; +https://developer.amazon.com/support/amazonbot) Chrome/119.0.6045.214 Safari/537.36"
216.73.217.89 - - [15/May/2026:08:29:13 -0400] "GET /size/33/?view=%2Fhome%2Fyallaadminx%2Ftheboots.me%2Fwp-content%2Fthemes%2Fflatsome%2Finc%2Fbuilder%2Fshortcodes%2Fmessage_box.php HTTP/1.1" 200 674 "-" "Mozilla/5.0 AppleWebKit/537.36 (KHTML, like Gecko; compatible; ClaudeBot/1.0; +claudebot@anthropic.com)"
216.73.217.89 - - [15/May/2026:08:29:13 -0400] "GET /product/nike-mind-001-fragment-black/whatsapp://%22?rename=%2Fhome%2Fyallaadminx%2Ftheboots.me%2Fwp-content%2Fthemes%2Fflatsome%2Flanguages%2Fcs_CZ.l10n.php HTTP/1.1" 200 1604 "-" "Mozilla/5.0 AppleWebKit/537.36 (KHTML, like Gecko; compatible; ClaudeBot/1.0; +claudebot@anthropic.com)"
216.73.217.89 - - [15/May/2026:08:29:14 -0400] "GET /product/nike-mind-001-fragment-black/whatsapp://%22?edit=%2Fhome%2Fyallaadminx%2Ftheboots.me%2Fwp-content%2Fthemes%2Fflatsome%2Flanguages%2Fnl_NL.l10n.php HTTP/1.1" 200 13066 "-" "Mozilla/5.0 AppleWebKit/537.36 (KHTML, like Gecko; compatible; ClaudeBot/1.0; +claudebot@anthropic.com)"
216.73.217.89 - - [15/May/2026:08:29:14 -0400] "GET /product/nike-mind-001-pearl-pink/whatsapp://%22?view=%2Fhome%2Fyallaadminx%2Ftheboots.me%2Fwp-content%2Fthemes%2Fflatsome%2Flanguages%2Fja.mo HTTP/1.1" 200 3389 "-" "Mozilla/5.0 AppleWebKit/537.36 (KHTML, like Gecko; compatible; ClaudeBot/1.0; +claudebot@anthropic.com)"
216.73.217.89 - - [15/May/2026:08:29:12 -0400] "GET /product/nike-mind-001-red/?edit=%2Fhome%2Fyallaadminx%2Ftheboots.me%2Fwp-content%2Fplugins%2Fextendify%2Fsrc%2Fconstants.js HTTP/1.1" 200 30993 "-" "Mozilla/5.0 AppleWebKit/537.36 (KHTML, like Gecko; compatible; ClaudeBot/1.0; +claudebot@anthropic.com)"
216.73.217.89 - - [15/May/2026:08:29:15 -0400] "GET /product/nike-mind-001-pearl-pink/whatsapp://%22?file=%2Fhome%2Fyallaadminx%2Ftheboots.me%2Fwp-content%2Fthemes%2Fflatsome%2Flanguages%2Fth.mo HTTP/1.1" 301 234 "-" "Mozilla/5.0 AppleWebKit/537.36 (KHTML, like Gecko; compatible; ClaudeBot/1.0; +claudebot@anthropic.com)"
216.73.217.89 - - [15/May/2026:08:29:15 -0400] "GET /size/33/?file=%2Fhome%2Fyallaadminx%2Ftheboots.me%2Fwp-content%2Fthemes%2Fflatsome%2Finc%2Fadmin%2Fcustomizer%2Fcustomizer-reset.php HTTP/1.1" 200 22346 "-" "Mozilla/5.0 AppleWebKit/537.36 (KHTML, like Gecko; compatible; ClaudeBot/1.0; +claudebot@anthropic.com)"
216.73.217.89 - - [15/May/2026:08:29:15 -0400] "GET /product/nike-mind-001-pearl-pink/whatsapp://%22?file=%2Fhome%2Fyallaadminx%2Ftheboots.me%2Fwp-content%2Fthemes%2Fflatsome%2Flanguages%2Fsr_RS.l10n.php HTTP/1.1" 301 242 "-" "Mozilla/5.0 AppleWebKit/537.36 (KHTML, like Gecko; compatible; ClaudeBot/1.0; +claudebot@anthropic.com)"
216.73.217.89 - - [15/May/2026:08:29:15 -0400] "GET /product/nike-mind-001-pearl-pink/whatsapp://%22?edit=%2Fhome%2Fyallaadminx%2Ftheboots.me%2Fwp-content%2Fthemes%2Fflatsome%2Flanguages%2Fsv_SE.l10n.php HTTP/1.1" 200 2557 "-" "Mozilla/5.0 AppleWebKit/537.36 (KHTML, like Gecko; compatible; ClaudeBot/1.0; +claudebot@anthropic.com)"
67.223.118.104 - - [15/May/2026:08:29:18 -0400] "POST /wp-cron.php?doing_wp_cron=1778848158.2423000335693359375000 HTTP/1.1" 200 0 "-" "WordPress/6.9.4; https://theboots.me"
216.73.217.89 - - [15/May/2026:08:29:16 -0400] "GET /product/nike-mind-001-pearl-pink/whatsapp:/?file=%2Fhome%2Fyallaadminx%2Ftheboots.me%2Fwp-content%2Fthemes%2Fflatsome%2Flanguages%2Fth.mo HTTP/1.1" 404 18299 "https://theboots.me/product/nike-mind-001-pearl-pink/whatsapp://%22?file=%2Fhome%2Fyallaadminx%2Ftheboots.me%2Fwp-content%2Fthemes%2Fflatsome%2Flanguages%2Fth.mo" "Mozilla/5.0 AppleWebKit/537.36 (KHTML, like Gecko; compatible; ClaudeBot/1.0; +claudebot@anthropic.com)"
67.223.118.104 - - [15/May/2026:08:29:18 -0400] "POST /wp-cron.php?doing_wp_cron=1778848158.2480559349060058593750 HTTP/1.1" 200 0 "-" "WordPress/6.9.4; https://theboots.me"
216.73.217.89 - - [15/May/2026:08:29:16 -0400] "GET /product/nike-mind-001-pearl-pink/whatsapp://%22?rename=%2Fhome%2Fyallaadminx%2Ftheboots.me%2Fwp-content%2Fthemes%2Fflatsome%2Flanguages%2Fca.mo HTTP/1.1" 200 1599 "-" "Mozilla/5.0 AppleWebKit/537.36 (KHTML, like Gecko; compatible; ClaudeBot/1.0; +claudebot@anthropic.com)"
216.73.217.89 - - [15/May/2026:08:29:16 -0400] "GET /product/nike-mind-001-pearl-pink/whatsapp:/?file=%2Fhome%2Fyallaadminx%2Ftheboots.me%2Fwp-content%2Fthemes%2Fflatsome%2Flanguages%2Fsr_RS.l10n.php HTTP/1.1" 404 18268 "https://theboots.me/product/nike-mind-001-pearl-pink/whatsapp://%22?file=%2Fhome%2Fyallaadminx%2Ftheboots.me%2Fwp-content%2Fthemes%2Fflatsome%2Flanguages%2Fsr_RS.l10n.php" "Mozilla/5.0 AppleWebKit/537.36 (KHTML, like Gecko; compatible; ClaudeBot/1.0; +claudebot@anthropic.com)"
67.223.118.104 - - [15/May/2026:08:29:19 -0400] "POST /wp-cron.php?doing_wp_cron=1778848159.5358760356903076171875 HTTP/1.1" 200 0 "-" "WordPress/6.9.4; https://theboots.me"
67.223.118.104 - - [15/May/2026:08:29:20 -0400] "POST /wp-cron.php?doing_wp_cron=1778848160.0399279594421386718750 HTTP/1.1" 200 0 "-" "WordPress/6.9.4; https://theboots.me"
216.73.217.89 - - [15/May/2026:08:29:17 -0400] "GET /?edit=%2Fhome%2Fyallaadminx%2Ftheboots.me%2Fwp-content%2Fthemes%2Fflatsome%2Finc%2Fbuilder%2Fshortcodes%2Fux_gutenberg.php HTTP/1.1" 200 21943 "-" "Mozilla/5.0 AppleWebKit/537.36 (KHTML, like Gecko; compatible; ClaudeBot/1.0; +claudebot@anthropic.com)"
216.73.217.89 - - [15/May/2026:08:29:19 -0400] "GET /size/46/?view=%2Fhome%2Fyallaadminx%2Ftheboots.me%2Fwp-content%2Fthemes%2Fflatsome%2Fwoocommerce%2Floop%2Fbreadcrumbs.php HTTP/1.1" 200 205 "-" "Mozilla/5.0 AppleWebKit/537.36 (KHTML, like Gecko; compatible; ClaudeBot/1.0; +claudebot@anthropic.com)"
67.223.118.104 - - [15/May/2026:08:29:21 -0400] "POST /wp-cron.php?doing_wp_cron=1778848161.2433280944824218750000 HTTP/1.1" 200 0 "-" "WordPress/6.9.4; https://theboots.me"
216.73.217.89 - - [15/May/2026:08:29:18 -0400] "GET /product/nike-mind-001-fragment-black/whatsapp://%22?file=%2Fhome%2Fyallaadminx%2Ftheboots.me%2Fwp-content%2Fthemes%2Fflatsome%2Flanguages%2Fda_DK.l10n.php HTTP/1.1" 301 243 "-" "Mozilla/5.0 AppleWebKit/537.36 (KHTML, like Gecko; compatible; ClaudeBot/1.0; +claudebot@anthropic.com)"
52.200.142.199 - - [15/May/2026:08:29:17 -0400] "GET /wp-json/oembed/1.0/embed?rename=/home/yallaadminx/theboots.me/wp-content/themes/flatsome/footer.php HTTP/1.1" 200 1885 "-" "Mozilla/5.0 AppleWebKit/537.36 (KHTML, like Gecko; compatible; Amazonbot/0.1; +https://developer.amazon.com/support/amazonbot) Chrome/119.0.6045.214 Safari/537.36"
100.29.34.97 - - [15/May/2026:08:29:20 -0400] "GET /wp-json/oembed/1.0/embed?view=/home/yallaadminx/theboots.me/wp-content/themes/flatsome/gpl.txt HTTP/1.1" 200 6215 "-" "Mozilla/5.0 AppleWebKit/537.36 (KHTML, like Gecko; compatible; Amazonbot/0.1; +https://developer.amazon.com/support/amazonbot) Chrome/119.0.6045.214 Safari/537.36"
216.73.217.89 - - [15/May/2026:08:29:20 -0400] "GET /product/nike-mind-001-fragment-black/whatsapp://%22?file=%2Fhome%2Fyallaadminx%2Ftheboots.me%2Fwp-content%2Fthemes%2Fflatsome%2Flanguages%2Ffa_IR.mo HTTP/1.1" 301 238 "-" "Mozilla/5.0 AppleWebKit/537.36 (KHTML, like Gecko; compatible; ClaudeBot/1.0; +claudebot@anthropic.com)"
216.73.217.89 - - [15/May/2026:08:29:21 -0400] "GET /product/nike-mind-001-fragment-black/whatsapp:/?file=%2Fhome%2Fyallaadminx%2Ftheboots.me%2Fwp-content%2Fthemes%2Fflatsome%2Flanguages%2Fda_DK.l10n.php HTTP/1.1" 404 18250 "https://theboots.me/product/nike-mind-001-fragment-black/whatsapp://%22?file=%2Fhome%2Fyallaadminx%2Ftheboots.me%2Fwp-content%2Fthemes%2Fflatsome%2Flanguages%2Fda_DK.l10n.php" "Mozilla/5.0 AppleWebKit/537.36 (KHTML, like Gecko; compatible; ClaudeBot/1.0; +claudebot@anthropic.com)"
216.73.217.89 - - [15/May/2026:08:29:21 -0400] "GET /?edit=%2Fhome%2Fyallaadminx%2Ftheboots.me%2Fwp-content%2Fthemes%2Fflatsome%2Finc%2Fshortcodes%2Fux_image.php HTTP/1.1" 200 22499 "-" "Mozilla/5.0 AppleWebKit/537.36 (KHTML, like Gecko; compatible; ClaudeBot/1.0; +claudebot@anthropic.com)"
216.73.217.89 - - [15/May/2026:08:29:25 -0400] "GET /product/nike-mind-001-pearl-pink/whatsapp://%22?view=%2Fhome%2Fyallaadminx%2Ftheboots.me%2Fwp-content%2Fthemes%2Fflatsome%2Flanguages%2Fcs_CZ.mo HTTP/1.1" 200 14431 "-" "Mozilla/5.0 AppleWebKit/537.36 (KHTML, like Gecko; compatible; ClaudeBot/1.0; +claudebot@anthropic.com)"
216.73.217.89 - - [15/May/2026:08:29:23 -0400] "GET /product/nike-mind-001-fragment-black/whatsapp:/?file=%2Fhome%2Fyallaadminx%2Ftheboots.me%2Fwp-content%2Fthemes%2Fflatsome%2Flanguages%2Ffa_IR.mo HTTP/1.1" 404 18260 "https://theboots.me/product/nike-mind-001-fragment-black/whatsapp://%22?file=%2Fhome%2Fyallaadminx%2Ftheboots.me%2Fwp-content%2Fthemes%2Fflatsome%2Flanguages%2Ffa_IR.mo" "Mozilla/5.0 AppleWebKit/537.36 (KHTML, like Gecko; compatible; ClaudeBot/1.0; +claudebot@anthropic.com)"
18.204.152.114 - - [15/May/2026:08:29:24 -0400] "GET /wp-json/oembed/1.0/embed?rename=/home/yallaadminx/theboots.me/wp-content/themes/flatsome/page-featured-items-4col.php HTTP/1.1" 200 1897 "-" "Mozilla/5.0 AppleWebKit/537.36 (KHTML, like Gecko; compatible; Amazonbot/0.1; +https://developer.amazon.com/support/amazonbot) Chrome/119.0.6045.214 Safari/537.36"
216.73.217.89 - - [15/May/2026:08:29:26 -0400] "GET /product/nike-mind-001-red/?view=%2Fhome%2Fyallaadminx%2Ftheboots.me%2Fwp-content%2Fplugins%2Fextendify%2Ftests%2Fwp-tests-config.php HTTP/1.1" 200 311 "-" "Mozilla/5.0 AppleWebKit/537.36 (KHTML, like Gecko; compatible; ClaudeBot/1.0; +claudebot@anthropic.com)"
216.73.217.89 - - [15/May/2026:08:29:18 -0400] "GET /size/46/?edit=%2Fhome%2Fyallaadminx%2Ftheboots.me%2Fwp-content%2Fthemes%2Fflatsome%2Finc%2Fshortcodes%2Ffeatured_box.php HTTP/1.1" 200 25970 "-" "Mozilla/5.0 AppleWebKit/537.36 (KHTML, like Gecko; compatible; ClaudeBot/1.0; +claudebot@anthropic.com)"
216.73.217.89 - - [15/May/2026:08:29:26 -0400] "GET /?view=%2Fhome%2Fyallaadminx%2Ftheboots.me%2Fwp-content%2Fthemes%2Fflatsome%2Finc%2Fbuilder%2Fshortcodes%2Fux_image_box.php HTTP/1.1" 200 523 "-" "Mozilla/5.0 AppleWebKit/537.36 (KHTML, like Gecko; compatible; ClaudeBot/1.0; +claudebot@anthropic.com)"
216.73.217.89 - - [15/May/2026:08:29:27 -0400] "GET /size/32/?view=%2Fhome%2Fyallaadminx%2Ftheboots.me%2Fwp-content%2Fthemes%2Fflatsome%2Finc%2Fbuilder%2Fbuilder.php HTTP/1.1" 200 146 "-" "Mozilla/5.0 AppleWebKit/537.36 (KHTML, like Gecko; compatible; ClaudeBot/1.0; +claudebot@anthropic.com)"
216.73.217.89 - - [15/May/2026:08:29:26 -0400] "GET /product/nike-mind-001-pearl-pink/whatsapp://%22?edit=%2Fhome%2Fyallaadminx%2Ftheboots.me%2Fwp-content%2Fthemes%2Fflatsome%2Flanguages%2Fda_DK.mo HTTP/1.1" 200 15443 "-" "Mozilla/5.0 AppleWebKit/537.36 (KHTML, like Gecko; compatible; ClaudeBot/1.0; +claudebot@anthropic.com)"
216.73.217.89 - - [15/May/2026:08:29:25 -0400] "GET /size/33/?edit=%2Fhome%2Fyallaadminx%2Ftheboots.me%2Fwp-content%2Fthemes%2Fflatsome%2Finc%2Fshortcodes%2Ffeatured_box.php HTTP/1.1" 200 24800 "-" "Mozilla/5.0 AppleWebKit/537.36 (KHTML, like Gecko; compatible; ClaudeBot/1.0; +claudebot@anthropic.com)"
3.89.176.255 - - [15/May/2026:08:29:28 -0400] "GET /wp-json/oembed/1.0/embed?view=/home/yallaadminx/theboots.me/wp-content/themes/flatsome/page-single-page-nav-transparent-light.php HTTP/1.1" 200 332 "-" "Mozilla/5.0 AppleWebKit/537.36 (KHTML, like Gecko; compatible; Amazonbot/0.1; +https://developer.amazon.com/support/amazonbot) Chrome/119.0.6045.214 Safari/537.36"
216.73.217.89 - - [15/May/2026:08:29:27 -0400] "GET /size/35/?rename=%2Fhome%2Fyallaadminx%2Ftheboots.me%2Fwp-content%2Fthemes%2Fflatsome%2Fwoocommerce%2Floop%2Floop-start.php HTTP/1.1" 200 24218 "-" "Mozilla/5.0 AppleWebKit/537.36 (KHTML, like Gecko; compatible; ClaudeBot/1.0; +claudebot@anthropic.com)"
216.73.217.89 - - [15/May/2026:08:29:28 -0400] "GET /size/33/?edit=%2Fhome%2Fyallaadminx%2Ftheboots.me%2Fwp-content%2Fthemes%2Fflatsome%2Finc%2Fadmin%2Fcustomizer%2Fcustomizer-config.php HTTP/1.1" 200 24088 "-" "Mozilla/5.0 AppleWebKit/537.36 (KHTML, like Gecko; compatible; ClaudeBot/1.0; +claudebot@anthropic.com)"
216.73.217.89 - - [15/May/2026:08:29:29 -0400] "GET /product/nike-mind-001-fragment-black/whatsapp://%22?view=%2Fhome%2Fyallaadminx%2Ftheboots.me%2Fwp-content%2Fthemes%2Fflatsome%2Flanguages%2Fde_DE.mo HTTP/1.1" 200 13444 "-" "Mozilla/5.0 AppleWebKit/537.36 (KHTML, like Gecko; compatible; ClaudeBot/1.0; +claudebot@anthropic.com)"
216.73.217.89 - - [15/May/2026:08:29:29 -0400] "GET /size/33/?view=%2Fhome%2Fyallaadminx%2Ftheboots.me%2Fwp-content%2Fthemes%2Fflatsome%2Finc%2Fbuilder%2Fshortcodes%2Fblog_posts.php HTTP/1.1" 200 1668 "-" "Mozilla/5.0 AppleWebKit/537.36 (KHTML, like Gecko; compatible; ClaudeBot/1.0; +claudebot@anthropic.com)"
216.73.217.89 - - [15/May/2026:08:29:28 -0400] "GET /product/nike-mind-001-pearl-pink/?edit=%2Fhome%2Fyallaadminx%2Ftheboots.me%2Fwp-content%2Fplugins%2Fcookieadmin%2Fcookieadmin.php HTTP/1.1" 200 31669 "-" "Mozilla/5.0 AppleWebKit/537.36 (KHTML, like Gecko; compatible; ClaudeBot/1.0; +claudebot@anthropic.com)"
216.73.217.89 - - [15/May/2026:08:29:30 -0400] "GET /?edit=%2Fhome%2Fyallaadminx%2Ftheboots.me%2Fwp-content%2Fthemes%2Fflatsome%2Finc%2Fbuilder%2Fshortcodes%2Fux_badge.php HTTP/1.1" 200 20957 "-" "Mozilla/5.0 AppleWebKit/537.36 (KHTML, like Gecko; compatible; ClaudeBot/1.0; +claudebot@anthropic.com)"
216.73.217.89 - - [15/May/2026:08:29:29 -0400] "GET /size/34/?file=%2Fhome%2Fyallaadminx%2Ftheboots.me%2Fwp-content%2Fthemes%2Fflatsome%2Finc%2Fbuilder%2Fbuilder.php HTTP/1.1" 200 22323 "-" "Mozilla/5.0 AppleWebKit/537.36 (KHTML, like Gecko; compatible; ClaudeBot/1.0; +claudebot@anthropic.com)"
54.225.81.20 - - [15/May/2026:08:29:32 -0400] "GET /wp-json/wp/v2/product/5858?view=/home/yallaadminx/theboots.me/wp-content/themes/flatsome/page-single-page-nav.php HTTP/1.1" 200 309 "-" "Mozilla/5.0 AppleWebKit/537.36 (KHTML, like Gecko; compatible; Amazonbot/0.1; +https://developer.amazon.com/support/amazonbot) Chrome/119.0.6045.214 Safari/537.36"
216.73.217.89 - - [15/May/2026:08:29:30 -0400] "GET /size/35/?file=%2Fhome%2Fyallaadminx%2Ftheboots.me%2Fwp-content%2Fthemes%2Fflatsome%2Fwoocommerce%2Floop%2Fresult-count.php HTTP/1.1" 200 22765 "-" "Mozilla/5.0 AppleWebKit/537.36 (KHTML, like Gecko; compatible; ClaudeBot/1.0; +claudebot@anthropic.com)"
216.73.217.89 - - [15/May/2026:08:29:32 -0400] "GET /?view=%2Fhome%2Fyallaadminx%2Ftheboots.me%2Fwp-content%2Fthemes%2Fflatsome%2Fwoocommerce%2Fcheckout%2Fheader-small.php HTTP/1.1" 200 932 "-" "Mozilla/5.0 AppleWebKit/537.36 (KHTML, like Gecko; compatible; ClaudeBot/1.0; +claudebot@anthropic.com)"
216.73.217.89 - - [15/May/2026:08:29:32 -0400] "GET /size/33/?edit=%2Fhome%2Fyallaadminx%2Ftheboots.me%2Fwp-content%2Fthemes%2Fflatsome%2Finc%2Fshortcodes%2Frow.php HTTP/1.1" 200 25771 "-" "Mozilla/5.0 AppleWebKit/537.36 (KHTML, like Gecko; compatible; ClaudeBot/1.0; +claudebot@anthropic.com)"
216.73.217.89 - - [15/May/2026:08:29:33 -0400] "GET /product/nike-mind-001-fragment-black/whatsapp://%22?rename=%2Fhome%2Fyallaadminx%2Ftheboots.me%2Fwp-content%2Fthemes%2Fflatsome%2Flanguages%2Fja.mo HTTP/1.1" 200 1599 "-" "Mozilla/5.0 AppleWebKit/537.36 (KHTML, like Gecko; compatible; ClaudeBot/1.0; +claudebot@anthropic.com)"
216.73.217.89 - - [15/May/2026:08:29:34 -0400] "GET /product/nike-mind-001-pearl-pink/whatsapp://%22?file=%2Fhome%2Fyallaadminx%2Ftheboots.me%2Fwp-content%2Fthemes%2Fflatsome%2Flanguages%2Fes_AR.mo HTTP/1.1" 301 238 "-" "Mozilla/5.0 AppleWebKit/537.36 (KHTML, like Gecko; compatible; ClaudeBot/1.0; +claudebot@anthropic.com)"
216.73.217.89 - - [15/May/2026:08:29:33 -0400] "GET /size/31/?file=%2Fhome%2Fyallaadminx%2Ftheboots.me%2Fwp-content%2Fthemes%2Fflatsome%2Finc%2Fbuilder%2Fbuilder.php HTTP/1.1" 200 22346 "-" "Mozilla/5.0 AppleWebKit/537.36 (KHTML, like Gecko; compatible; ClaudeBot/1.0; +claudebot@anthropic.com)"
216.73.217.89 - - [15/May/2026:08:29:34 -0400] "GET /product/nike-mind-001-pearl-pink/whatsapp:/?file=%2Fhome%2Fyallaadminx%2Ftheboots.me%2Fwp-content%2Fthemes%2Fflatsome%2Flanguages%2Fes_AR.mo HTTP/1.1" 404 18251 "https://theboots.me/product/nike-mind-001-pearl-pink/whatsapp://%22?file=%2Fhome%2Fyallaadminx%2Ftheboots.me%2Fwp-content%2Fthemes%2Fflatsome%2Flanguages%2Fes_AR.mo" "Mozilla/5.0 AppleWebKit/537.36 (KHTML, like Gecko; compatible; ClaudeBot/1.0; +claudebot@anthropic.com)"
54.83.56.1 - - [15/May/2026:08:29:36 -0400] "GET /wp-json/wp/v2/product/2134?view=/home/yallaadminx/theboots.me/wp-content/themes/flatsome/page-blank-landingpage.php HTTP/1.1" 200 527 "-" "Mozilla/5.0 AppleWebKit/537.36 (KHTML, like Gecko; compatible; Amazonbot/0.1; +https://developer.amazon.com/support/amazonbot) Chrome/119.0.6045.214 Safari/537.36"
216.73.217.89 - - [15/May/2026:08:29:36 -0400] "GET /?view=%2Fhome%2Fyallaadminx%2Ftheboots.me%2Fwp-content%2Fthemes%2Fflatsome%2Finc%2Fshortcodes%2Fux_image_box.php HTTP/1.1" 200 1085 "-" "Mozilla/5.0 AppleWebKit/537.36 (KHTML, like Gecko; compatible; ClaudeBot/1.0; +claudebot@anthropic.com)"
216.73.217.89 - - [15/May/2026:08:29:35 -0400] "GET /product/nike-mind-001-solar-red/?edit=%2Fhome%2Fyallaadminx%2Ftheboots.me%2Fwp-content%2Fplugins%2Floginizer-security%2Finit.php HTTP/1.1" 200 66522 "-" "Mozilla/5.0 AppleWebKit/537.36 (KHTML, like Gecko; compatible; ClaudeBot/1.0; +claudebot@anthropic.com)"
216.73.217.89 - - [15/May/2026:08:29:34 -0400] "GET /size/47/?file=%2Fhome%2Fyallaadminx%2Ftheboots.me%2Fwp-content%2Fthemes%2Fflatsome%2Finc%2Fshortcodes%2Fgoogle_maps.php HTTP/1.1" 200 23493 "-" "Mozilla/5.0 AppleWebKit/537.36 (KHTML, like Gecko; compatible; ClaudeBot/1.0; +claudebot@anthropic.com)"
216.73.217.89 - - [15/May/2026:08:29:37 -0400] "GET /size/32/?rename=%2Fhome%2Fyallaadminx%2Ftheboots.me%2Fwp-content%2Fthemes%2Fflatsome%2Finc%2Ffunctions%2Ffunction-presets.php HTTP/1.1" 200 23728 "-" "Mozilla/5.0 AppleWebKit/537.36 (KHTML, like Gecko; compatible; ClaudeBot/1.0; +claudebot@anthropic.com)"
216.73.217.89 - - [15/May/2026:08:29:38 -0400] "GET /product/nike-mind-001-fragment-black/whatsapp://%22?file=%2Fhome%2Fyallaadminx%2Ftheboots.me%2Fwp-content%2Fthemes%2Fflatsome HTTP/1.1" 200 1511 "-" "Mozilla/5.0 AppleWebKit/537.36 (KHTML, like Gecko; compatible; ClaudeBot/1.0; +claudebot@anthropic.com)"
216.73.217.89 - - [15/May/2026:08:29:39 -0400] "GET /product/nike-mind-001-pearl-pink/whatsapp://%22?file=%2Fhome%2Fyallaadminx%2Ftheboots.me%2Fwp-content%2Fthemes%2Fflatsome%2Flanguages%2Fnb_NO.l10n.php HTTP/1.1" 301 242 "-" "Mozilla/5.0 AppleWebKit/537.36 (KHTML, like Gecko; compatible; ClaudeBot/1.0; +claudebot@anthropic.com)"
216.73.217.89 - - [15/May/2026:08:29:37 -0400] "GET /size/33/?edit=%2Fhome%2Fyallaadminx%2Ftheboots.me%2Fwp-content%2Fthemes%2Fflatsome%2Finc%2Ffunctions%2Ffl-template-functions.php HTTP/1.1" 200 24526 "-" "Mozilla/5.0 AppleWebKit/537.36 (KHTML, like Gecko; compatible; ClaudeBot/1.0; +claudebot@anthropic.com)"
216.73.217.89 - - [15/May/2026:08:29:38 -0400] "GET /size/33/?rename=%2Fhome%2Fyallaadminx%2Ftheboots.me%2Fwp-content%2Fthemes%2Fflatsome%2Finc%2Ffunctions%2Ffunction-upgrade.php HTTP/1.1" 200 23729 "-" "Mozilla/5.0 AppleWebKit/537.36 (KHTML, like Gecko; compatible; ClaudeBot/1.0; +claudebot@anthropic.com)"
216.73.217.89 - - [15/May/2026:08:29:41 -0400] "GET /product/nike-mind-001-pearl-pink/whatsapp://%22?edit=%2Fhome%2Fyallaadminx%2Ftheboots.me%2Fwp-content%2Fthemes%2Fflatsome%2Flanguages%2Fru_RU.mo HTTP/1.1" 200 5456 "-" "Mozilla/5.0 AppleWebKit/537.36 (KHTML, like Gecko; compatible; ClaudeBot/1.0; +claudebot@anthropic.com)"
216.73.217.89 - - [15/May/2026:08:29:40 -0400] "GET /product/nike-mind-001-pearl-pink/whatsapp:/?file=%2Fhome%2Fyallaadminx%2Ftheboots.me%2Fwp-content%2Fthemes%2Fflatsome%2Flanguages%2Fnb_NO.l10n.php HTTP/1.1" 404 18270 "https://theboots.me/product/nike-mind-001-pearl-pink/whatsapp://%22?file=%2Fhome%2Fyallaadminx%2Ftheboots.me%2Fwp-content%2Fthemes%2Fflatsome%2Flanguages%2Fnb_NO.l10n.php" "Mozilla/5.0 AppleWebKit/537.36 (KHTML, like Gecko; compatible; ClaudeBot/1.0; +claudebot@anthropic.com)"
216.73.217.89 - - [15/May/2026:08:29:39 -0400] "GET /size/30/?edit=%2Fhome%2Fyallaadminx%2Ftheboots.me%2Fwp-content%2Fthemes%2Fflatsome%2Finc%2Fadmin%2Fkirki%2Fdeprecated%2Fclasses.php HTTP/1.1" 200 24219 "-" "Mozilla/5.0 AppleWebKit/537.36 (KHTML, like Gecko; compatible; ClaudeBot/1.0; +claudebot@anthropic.com)"
34.231.77.232 - - [15/May/2026:08:29:40 -0400] "GET /size/29/?file=/home/yallaadminx/theboots.me/wp-content/themes/flatsome/sidebar.php HTTP/1.1" 200 26026 "-" "Mozilla/5.0 AppleWebKit/537.36 (KHTML, like Gecko; compatible; Amazonbot/0.1; +https://developer.amazon.com/support/amazonbot) Chrome/119.0.6045.214 Safari/537.36"
216.73.217.89 - - [15/May/2026:08:29:43 -0400] "GET /product/nike-mind-001-pearl-pink/whatsapp://%22?file=%2Fhome%2Fyallaadminx%2Ftheboots.me%2Fwp-content%2Fthemes%2Fflatsome%2Flanguages%2Fen_US.l10n.php HTTP/1.1" 301 242 "-" "Mozilla/5.0 AppleWebKit/537.36 (KHTML, like Gecko; compatible; ClaudeBot/1.0; +claudebot@anthropic.com)"
216.73.217.89 - - [15/May/2026:08:29:41 -0400] "GET /size/33/?file=%2Fhome%2Fyallaadminx%2Ftheboots.me%2Fwp-content%2Fthemes%2Fflatsome%2Finc%2Fbuilder%2Fshortcodes%2Ftabgroup.php HTTP/1.1" 200 22345 "-" "Mozilla/5.0 AppleWebKit/537.36 (KHTML, like Gecko; compatible; ClaudeBot/1.0; +claudebot@anthropic.com)"
216.73.217.89 - - [15/May/2026:08:29:42 -0400] "GET /?edit=%2Fhome%2Fyallaadminx%2Ftheboots.me%2Fwp-content%2Fthemes%2Fflatsome%2Finc%2Ffunctions%2Ffunction-site-health.php HTTP/1.1" 200 21411 "-" "Mozilla/5.0 AppleWebKit/537.36 (KHTML, like Gecko; compatible; ClaudeBot/1.0; +claudebot@anthropic.com)"
216.73.217.89 - - [15/May/2026:08:29:45 -0400] "GET /size/33/?view=%2Fhome%2Fyallaadminx%2Ftheboots.me%2Fwp-content%2Fthemes%2Fflatsome%2Finc%2Fbuilder%2Fshortcodes%2Ftitle.php HTTP/1.1" 200 771 "-" "Mozilla/5.0 AppleWebKit/537.36 (KHTML, like Gecko; compatible; ClaudeBot/1.0; +claudebot@anthropic.com)"
216.73.217.89 - - [15/May/2026:08:29:43 -0400] "GET /?rename=%2Fhome%2Fyallaadminx%2Ftheboots.me%2Fwp-content%2Fthemes%2Fflatsome%2Finc%2Fbuilder%2Fshortcodes%2Fux_html.php HTTP/1.1" 200 20699 "-" "Mozilla/5.0 AppleWebKit/537.36 (KHTML, like Gecko; compatible; ClaudeBot/1.0; +claudebot@anthropic.com)"
34.206.212.24 - - [15/May/2026:08:29:44 -0400] "GET /wp-json/oembed/1.0/embed?edit=/home/yallaadminx/theboots.me/wp-content/themes/flatsome/searchform.php HTTP/1.1" 200 2428 "-" "Mozilla/5.0 AppleWebKit/537.36 (KHTML, like Gecko; compatible; Amazonbot/0.1; +https://developer.amazon.com/support/amazonbot) Chrome/119.0.6045.214 Safari/537.36"
216.73.217.89 - - [15/May/2026:08:29:44 -0400] "GET /product/nike-mind-001-pearl-pink/whatsapp:/?file=%2Fhome%2Fyallaadminx%2Ftheboots.me%2Fwp-content%2Fthemes%2Fflatsome%2Flanguages%2Fen_US.l10n.php HTTP/1.1" 404 18270 "https://theboots.me/product/nike-mind-001-pearl-pink/whatsapp://%22?file=%2Fhome%2Fyallaadminx%2Ftheboots.me%2Fwp-content%2Fthemes%2Fflatsome%2Flanguages%2Fen_US.l10n.php" "Mozilla/5.0 AppleWebKit/537.36 (KHTML, like Gecko; compatible; ClaudeBot/1.0; +claudebot@anthropic.com)"
216.73.217.89 - - [15/May/2026:08:29:46 -0400] "GET /size/33/?rename=%2Fhome%2Fyallaadminx%2Ftheboots.me%2Fwp-content%2Fthemes%2Fflatsome%2Finc%2Fadmin%2Fcustomizer%2Fheader-builder.php HTTP/1.1" 200 23722 "-" "Mozilla/5.0 AppleWebKit/537.36 (KHTML, like Gecko; compatible; ClaudeBot/1.0; +claudebot@anthropic.com)"
216.73.217.89 - - [15/May/2026:08:29:45 -0400] "GET /product/nike-mind-001-mule-light-bone/?file=%2Fhome%2Fyallaadminx%2Ftheboots.me%2Fwp-content%2Fplugins%2Fextendify%2Fpublic%2Fbuild%2Fextendify-launch.css HTTP/1.1" 200 30552 "-" "Mozilla/5.0 AppleWebKit/537.36 (KHTML, like Gecko; compatible; ClaudeBot/1.0; +claudebot@anthropic.com)"
216.73.217.89 - - [15/May/2026:08:29:46 -0400] "GET /size/46/?rename=%2Fhome%2Fyallaadminx%2Ftheboots.me%2Fwp-content%2Fthemes%2Fflatsome%2Fassets%2Fcss%2Fadmin%2Fadmin-frontend.css HTTP/1.1" 200 24855 "-" "Mozilla/5.0 AppleWebKit/537.36 (KHTML, like Gecko; compatible; ClaudeBot/1.0; +claudebot@anthropic.com)"
54.225.81.20 - - [15/May/2026:08:29:49 -0400] "GET /wp-json/wp/v2/product/5858?file=/home/yallaadminx/theboots.me/wp-content/themes/flatsome/style.css HTTP/1.1" 200 2570 "-" "Mozilla/5.0 AppleWebKit/537.36 (KHTML, like Gecko; compatible; Amazonbot/0.1; +https://developer.amazon.com/support/amazonbot) Chrome/119.0.6045.214 Safari/537.36"
216.73.217.89 - - [15/May/2026:08:29:50 -0400] "GET /product/nike-mind-001-fragment-black/whatsapp://%22?edit=%2Fhome%2Fyallaadminx%2Ftheboots.me%2Fwp-content%2Fthemes%2Fflatsome%2Flanguages%2Fnl_NL.mo HTTP/1.1" 200 15168 "-" "Mozilla/5.0 AppleWebKit/537.36 (KHTML, like Gecko; compatible; ClaudeBot/1.0; +claudebot@anthropic.com)"
216.73.217.89 - - [15/May/2026:08:29:50 -0400] "GET /?rename=%2Fhome%2Fyallaadminx%2Ftheboots.me%2Fwp-content%2Fthemes%2Fflatsome%2Finc%2Fadmin%2Fadmin-bar.php HTTP/1.1" 200 20673 "-" "Mozilla/5.0 AppleWebKit/537.36 (KHTML, like Gecko; compatible; ClaudeBot/1.0; +claudebot@anthropic.com)"
216.73.217.89 - - [15/May/2026:08:29:52 -0400] "GET /size/47/?view=%2Fhome%2Fyallaadminx%2Ftheboots.me%2Fwp-content%2Fthemes%2Fflatsome%2Finc%2Fintegrations%2Fwpml%2Fflatsome-wpml.php HTTP/1.1" 200 325 "-" "Mozilla/5.0 AppleWebKit/537.36 (KHTML, like Gecko; compatible; ClaudeBot/1.0; +claudebot@anthropic.com)"
216.73.217.89 - - [15/May/2026:08:29:47 -0400] "GET /size/47/?edit=%2Fhome%2Fyallaadminx%2Ftheboots.me%2Fwp-content%2Fthemes%2Fflatsome%2Finc%2Fshortcodes%2Fpage_header.php HTTP/1.1" 200 27005 "-" "Mozilla/5.0 AppleWebKit/537.36 (KHTML, like Gecko; compatible; ClaudeBot/1.0; +claudebot@anthropic.com)"
216.73.217.89 - - [15/May/2026:08:29:53 -0400] "GET /product/nike-mind-001-pearl-pink/whatsapp://%22?view=%2Fhome%2Fyallaadminx%2Ftheboots.me%2Fwp-content%2Fthemes%2Fflatsome%2Fwoocommerce%2Fcontent-single-product.php HTTP/1.1" 200 722 "-" "Mozilla/5.0 AppleWebKit/537.36 (KHTML, like Gecko; compatible; ClaudeBot/1.0; +claudebot@anthropic.com)"
216.73.217.89 - - [15/May/2026:08:29:53 -0400] "GET /product/nike-mind-001-pearl-pink/whatsapp://%22?file=%2Fhome%2Fyallaadminx%2Ftheboots.me%2Fwp-content%2Fthemes%2Fflatsome%2Flanguages%2Fsr_RS.mo HTTP/1.1" 301 236 "-" "Mozilla/5.0 AppleWebKit/537.36 (KHTML, like Gecko; compatible; ClaudeBot/1.0; +claudebot@anthropic.com)"
52.203.68.145 - - [15/May/2026:08:29:53 -0400] "GET /wp-json/wp/v2/product_cat/58?rename=/home/yallaadminx/theboots.me/wp-content/themes/flatsome/rtl.css HTTP/1.1" 200 2137 "-" "Mozilla/5.0 AppleWebKit/537.36 (KHTML, like Gecko; compatible; Amazonbot/0.1; +https://developer.amazon.com/support/amazonbot) Chrome/119.0.6045.214 Safari/537.36"
216.73.217.89 - - [15/May/2026:08:29:53 -0400] "GET /?edit=%2Fhome%2Fyallaadminx%2Ftheboots.me%2Fwp-content%2Fthemes%2Fflatsome%2Finc%2Fshortcodes%2Fux_logo.php HTTP/1.1" 200 21591 "-" "Mozilla/5.0 AppleWebKit/537.36 (KHTML, like Gecko; compatible; ClaudeBot/1.0; +claudebot@anthropic.com)"
216.73.217.89 - - [15/May/2026:08:29:54 -0400] "GET /product/nike-mind-001-pearl-pink/whatsapp:/?file=%2Fhome%2Fyallaadminx%2Ftheboots.me%2Fwp-content%2Fthemes%2Fflatsome%2Flanguages%2Fsr_RS.mo HTTP/1.1" 404 18251 "https://theboots.me/product/nike-mind-001-pearl-pink/whatsapp://%22?file=%2Fhome%2Fyallaadminx%2Ftheboots.me%2Fwp-content%2Fthemes%2Fflatsome%2Flanguages%2Fsr_RS.mo" "Mozilla/5.0 AppleWebKit/537.36 (KHTML, like Gecko; compatible; ClaudeBot/1.0; +claudebot@anthropic.com)"
216.73.217.89 - - [15/May/2026:08:29:51 -0400] "GET /size/46/?edit=%2Fhome%2Fyallaadminx%2Ftheboots.me%2Fwp-content%2Fthemes%2Fflatsome%2Finc%2Fshortcodes%2Flightbox.php HTTP/1.1" 200 25773 "-" "Mozilla/5.0 AppleWebKit/537.36 (KHTML, like Gecko; compatible; ClaudeBot/1.0; +claudebot@anthropic.com)"
216.73.217.89 - - [15/May/2026:08:29:54 -0400] "GET /size/33/?edit=%2Fhome%2Fyallaadminx%2Ftheboots.me%2Fwp-content%2Fthemes%2Fflatsome%2Finc%2Fshortcodes%2Flightbox.php HTTP/1.1" 200 24579 "-" "Mozilla/5.0 AppleWebKit/537.36 (KHTML, like Gecko; compatible; ClaudeBot/1.0; +claudebot@anthropic.com)"
216.73.217.89 - - [15/May/2026:08:29:57 -0400] "GET /product/nike-mind-001-fragment-black/whatsapp://%22?file=%2Fhome%2Fyallaadminx%2Ftheboots.me%2Fwp-content%2Fthemes%2Fflatsome%2Flanguages%2Fda_DK.mo HTTP/1.1" 301 236 "-" "Mozilla/5.0 AppleWebKit/537.36 (KHTML, like Gecko; compatible; ClaudeBot/1.0; +claudebot@anthropic.com)"
216.73.217.89 - - [15/May/2026:08:29:57 -0400] "GET /size/34/?file=%2Fhome%2Fyallaadminx%2Ftheboots.me%2Fwp-content%2Fthemes%2Fflatsome%2Finc%2Fbuilder%2Fshortcodes.php HTTP/1.1" 200 0 "-" "Mozilla/5.0 AppleWebKit/537.36 (KHTML, like Gecko; compatible; ClaudeBot/1.0; +claudebot@anthropic.com)"
52.204.253.129 - - [15/May/2026:08:29:57 -0400] "GET /size/30/?file=/home/yallaadminx/theboots.me/wp-content/themes/flatsome/changes.txt HTTP/1.1" 200 0 "-" "Mozilla/5.0 AppleWebKit/537.36 (KHTML, like Gecko; compatible; Amazonbot/0.1; +https://developer.amazon.com/support/amazonbot) Chrome/119.0.6045.214 Safari/537.36"
216.73.217.89 - - [15/May/2026:08:30:00 -0400] "GET /product/nike-mind-001-fragment-black/whatsapp:/?file=%2Fhome%2Fyallaadminx%2Ftheboots.me%2Fwp-content%2Fthemes%2Fflatsome%2Flanguages%2Fda_DK.mo HTTP/1.1" 200 0 "https://theboots.me/product/nike-mind-001-fragment-black/whatsapp://%22?file=%2Fhome%2Fyallaadminx%2Ftheboots.me%2Fwp-content%2Fthemes%2Fflatsome%2Flanguages%2Fda_DK.mo" "Mozilla/5.0 AppleWebKit/537.36 (KHTML, like Gecko; compatible; ClaudeBot/1.0; +claudebot@anthropic.com)"
216.73.217.89 - - [15/May/2026:08:29:58 -0400] "GET /size/31/?file=%2Fhome%2Fyallaadminx%2Ftheboots.me%2Fwp-content%2Fthemes%2Fflatsome%2Finc%2Fbuilder%2Fshortcodes.php HTTP/1.1" 200 0 "-" "Mozilla/5.0 AppleWebKit/537.36 (KHTML, like Gecko; compatible; ClaudeBot/1.0; +claudebot@anthropic.com)"
216.73.217.89 - - [15/May/2026:08:30:00 -0400] "GET /size/46/?file=%2Fhome%2Fyallaadminx%2Ftheboots.me%2Fwp-content%2Fthemes%2Fflatsome%2Finc%2Fshortcodes%2Fpage_header.php HTTP/1.1" 200 0 "-" "Mozilla/5.0 AppleWebKit/537.36 (KHTML, like Gecko; compatible; ClaudeBot/1.0; +claudebot@anthropic.com)"
216.73.217.89 - - [15/May/2026:08:30:00 -0400] "GET /product/nike-mind-001-red/?edit=%2Fhome%2Fyallaadminx%2Ftheboots.me%2Fwp-content%2Fplugins%2Fextendify%2Fsrc%2FAgent%2Fstate%2Fposition.js HTTP/1.1" 200 1053 "-" "Mozilla/5.0 AppleWebKit/537.36 (KHTML, like Gecko; compatible; ClaudeBot/1.0; +claudebot@anthropic.com)"
216.73.217.89 - - [15/May/2026:08:30:01 -0400] "GET /?rename=%2Fhome%2Fyallaadminx%2Ftheboots.me%2Fwp-content%2Fthemes%2Fflatsome%2Finc%2Fbuilder%2Fshortcodes%2Fcol.php HTTP/1.1" 200 1053 "-" "Mozilla/5.0 AppleWebKit/537.36 (KHTML, like Gecko; compatible; ClaudeBot/1.0; +claudebot@anthropic.com)"
44.197.76.210 - - [15/May/2026:08:30:04 -0400] "GET /size/29/?file=/home/yallaadminx/theboots.me/wp-content/themes/flatsome/archive-featured_item.php HTTP/1.1" 200 0 "-" "Mozilla/5.0 AppleWebKit/537.36 (KHTML, like Gecko; compatible; Amazonbot/0.1; +https://developer.amazon.com/support/amazonbot) Chrome/119.0.6045.214 Safari/537.36"
216.73.217.89 - - [15/May/2026:08:30:01 -0400] "GET /?edit=%2Fhome%2Fyallaadminx%2Ftheboots.me%2Fwp-content%2Fthemes%2Fflatsome%2Finc%2Fbuilder%2Fshortcodes%2Fux_products.php HTTP/1.1" 200 3223 "-" "Mozilla/5.0 AppleWebKit/537.36 (KHTML, like Gecko; compatible; ClaudeBot/1.0; +claudebot@anthropic.com)"
3.215.221.125 - - [15/May/2026:08:30:01 -0400] "GET /size/30/?rename=/home/yallaadminx/theboots.me/wp-content/themes/flatsome/page-cart.php HTTP/1.1" 200 1183 "-" "Mozilla/5.0 AppleWebKit/537.36 (KHTML, like Gecko; compatible; Amazonbot/0.1; +https://developer.amazon.com/support/amazonbot) Chrome/119.0.6045.214 Safari/537.36"
54.156.55.147 - - [15/May/2026:08:30:08 -0400] "GET /size/29/?file=/home/yallaadminx/theboots.me/wp-content/themes/flatsome/changes.txt HTTP/1.1" 200 0 "-" "Mozilla/5.0 AppleWebKit/537.36 (KHTML, like Gecko; compatible; Amazonbot/0.1; +https://developer.amazon.com/support/amazonbot) Chrome/119.0.6045.214 Safari/537.36"
216.73.217.89 - - [15/May/2026:08:30:09 -0400] "GET /?edit=%2Fhome%2Fyallaadminx%2Ftheboots.me%2Fwp-content%2Fthemes%2Fflatsome%2Finc%2Fshortcodes%2Fux_instagram_feed.php HTTP/1.1" 200 0 "-" "Mozilla/5.0 AppleWebKit/537.36 (KHTML, like Gecko; compatible; ClaudeBot/1.0; +claudebot@anthropic.com)"
3.213.106.226 - - [15/May/2026:08:30:12 -0400] "GET /size/30/?view=/home/yallaadminx/theboots.me/wp-content/themes/flatsome/style.css HTTP/1.1" 200 0 "-" "Mozilla/5.0 AppleWebKit/537.36 (KHTML, like Gecko; compatible; Amazonbot/0.1; +https://developer.amazon.com/support/amazonbot) Chrome/119.0.6045.214 Safari/537.36"
216.73.217.89 - - [15/May/2026:08:30:13 -0400] "GET /?rename=%2Fhome%2Fyallaadminx%2Ftheboots.me%2Fwp-content%2Fthemes%2Fflatsome%2Finc%2Fadmin%2Fadmin-notice.php HTTP/1.1" 200 0 "-" "Mozilla/5.0 AppleWebKit/537.36 (KHTML, like Gecko; compatible; ClaudeBot/1.0; +claudebot@anthropic.com)"
216.73.217.89 - - [15/May/2026:08:30:14 -0400] "GET /product/nike-mind-001-fragment-black/whatsapp://%22?view=%2Fhome%2Fyallaadminx%2Ftheboots.me%2Fwp-content%2Fthemes%2Fflatsome%2Flanguages%2Fja.po HTTP/1.1" 200 11093 "-" "Mozilla/5.0 AppleWebKit/537.36 (KHTML, like Gecko; compatible; ClaudeBot/1.0; +claudebot@anthropic.com)"
216.73.217.89 - - [15/May/2026:08:30:17 -0400] "GET /size/33/?edit=%2Fhome%2Fyallaadminx%2Ftheboots.me%2Fwp-content%2Fthemes%2Fflatsome%2Finc%2Fbuilder%2Fshortcodes%2Fux_menu.php HTTP/1.1" 200 1053 "-" "Mozilla/5.0 AppleWebKit/537.36 (KHTML, like Gecko; compatible; ClaudeBot/1.0; +claudebot@anthropic.com)"
216.73.217.89 - - [15/May/2026:08:30:16 -0400] "GET /?view=%2Fhome%2Fyallaadminx%2Ftheboots.me%2Fwp-content%2Fthemes%2Fflatsome%2Finc%2Fshortcodes%2Fux_menu_link.php HTTP/1.1" 200 1141 "-" "Mozilla/5.0 AppleWebKit/537.36 (KHTML, like Gecko; compatible; ClaudeBot/1.0; +claudebot@anthropic.com)"
216.73.217.89 - - [15/May/2026:08:30:17 -0400] "GET /?rename=%2Fhome%2Fyallaadminx%2Ftheboots.me%2Fwp-content%2Fthemes%2Fflatsome%2Finc%2Fbuilder%2Fshortcodes%2Fscroll_to.php HTTP/1.1" 200 1053 "-" "Mozilla/5.0 AppleWebKit/537.36 (KHTML, like Gecko; compatible; ClaudeBot/1.0; +claudebot@anthropic.com)"
216.73.217.89 - - [15/May/2026:08:30:14 -0400] "GET /size/30/?view=%2Fhome%2Fyallaadminx%2Ftheboots.me%2Fwp-content%2Fthemes%2Fflatsome%2Ftemplate-parts%2Fposts%2Farchive-inline.php HTTP/1.1" 200 545 "-" "Mozilla/5.0 AppleWebKit/537.36 (KHTML, like Gecko; compatible; ClaudeBot/1.0; +claudebot@anthropic.com)"
52.73.6.26 - - [15/May/2026:08:30:16 -0400] "GET /wp-json/wp/v2/product/5942?file=/home/yallaadminx/theboots.me/wp-content/themes/flatsome/single-featured_item.php HTTP/1.1" 200 0 "-" "Mozilla/5.0 AppleWebKit/537.36 (KHTML, like Gecko; compatible; Amazonbot/0.1; +https://developer.amazon.com/support/amazonbot) Chrome/119.0.6045.214 Safari/537.36"
67.223.118.104 - - [15/May/2026:08:30:29 -0400] "POST /wp-cron.php?doing_wp_cron=1778848229.0463449954986572265625 HTTP/1.1" 200 0 "-" "WordPress/6.9.4; https://theboots.me"
216.73.217.89 - - [15/May/2026:08:30:20 -0400] "GET /?file=%2Fhome%2Fyallaadminx%2Ftheboots.me%2Fwp-content%2Fthemes%2Fflatsome%2Finc%2Fadmin%2Fenvato_setup HTTP/1.1" 200 0 "-" "Mozilla/5.0 AppleWebKit/537.36 (KHTML, like Gecko; compatible; ClaudeBot/1.0; +claudebot@anthropic.com)"
52.3.104.214 - - [15/May/2026:08:30:20 -0400] "GET /size/38/page/16/?file=/home/yallaadminx/theboots.me/wp-content/themes/flatsome/sidebar.php HTTP/1.1" 200 0 "-" "Mozilla/5.0 AppleWebKit/537.36 (KHTML, like Gecko; compatible; Amazonbot/0.1; +https://developer.amazon.com/support/amazonbot) Chrome/119.0.6045.214 Safari/537.36"
216.73.217.89 - - [15/May/2026:08:30:29 -0400] "GET /size/33/?view=%2Fhome%2Fyallaadminx%2Ftheboots.me%2Fwp-content%2Fthemes%2Fflatsome%2Fwoocommerce%2Fnotices%2Ferror.php HTTP/1.1" 200 644 "-" "Mozilla/5.0 AppleWebKit/537.36 (KHTML, like Gecko; compatible; ClaudeBot/1.0; +claudebot@anthropic.com)"
67.223.118.104 - - [15/May/2026:08:30:36 -0400] "POST /wp-cron.php?doing_wp_cron=1778848236.5389928817749023437500 HTTP/1.1" 200 0 "-" "WordPress/6.9.4; https://theboots.me"
34.236.41.241 - - [15/May/2026:08:30:29 -0400] "GET /product-category/new-balance/new-balance-327/feed/?view=/home/yallaadminx/theboots.me/wp-content/themes/flatsome/page-featured-items-4col.php HTTP/1.1" 200 280 "-" "Mozilla/5.0 AppleWebKit/537.36 (KHTML, like Gecko; compatible; Amazonbot/0.1; +https://developer.amazon.com/support/amazonbot) Chrome/119.0.6045.214 Safari/537.36"
216.73.217.89 - - [15/May/2026:08:30:20 -0400] "GET /size/47/?edit=%2Fhome%2Fyallaadminx%2Ftheboots.me%2Fwp-content%2Fthemes%2Fflatsome%2Flanguages%2Ffa_IR.l10n.php HTTP/1.1" 200 4699 "-" "Mozilla/5.0 AppleWebKit/537.36 (KHTML, like Gecko; compatible; ClaudeBot/1.0; +claudebot@anthropic.com)"
216.73.217.89 - - [15/May/2026:08:30:20 -0400] "GET /product/nike-mind-001-solar-red/?edit=%2Fhome%2Fyallaadminx%2Ftheboots.me%2Fwp-content%2Fplugins%2Floginizer-security%2Floginizer-security.php HTTP/1.1" 200 2769 "-" "Mozilla/5.0 AppleWebKit/537.36 (KHTML, like Gecko; compatible; ClaudeBot/1.0; +claudebot@anthropic.com)"
3.81.253.213 - - [15/May/2026:08:30:24 -0400] "GET /wp-json/wp/v2/product_cat/58?rename=/home/yallaadminx/theboots.me/wp-content/themes/flatsome/changes.txt HTTP/1.1" 200 1183 "-" "Mozilla/5.0 AppleWebKit/537.36 (KHTML, like Gecko; compatible; Amazonbot/0.1; +https://developer.amazon.com/support/amazonbot) Chrome/119.0.6045.214 Safari/537.36"
67.223.118.104 - - [15/May/2026:08:30:42 -0400] "POST /wp-cron.php?doing_wp_cron=1778848240.9443678855895996093750 HTTP/1.1" 200 0 "-" "WordPress/6.9.4; https://theboots.me"
67.223.118.104 - - [15/May/2026:08:30:42 -0400] "POST /wp-cron.php?doing_wp_cron=1778848241.5362648963928222656250 HTTP/1.1" 200 0 "-" "WordPress/6.9.4; https://theboots.me"
67.223.118.104 - - [15/May/2026:08:30:44 -0400] "POST /wp-cron.php?doing_wp_cron=1778848243.9477150440216064453125 HTTP/1.1" 200 0 "-" "WordPress/6.9.4; https://theboots.me"
67.223.118.104 - - [15/May/2026:08:30:45 -0400] "POST /wp-cron.php?doing_wp_cron=1778848245.2342259883880615234375 HTTP/1.1" 200 0 "-" "WordPress/6.9.4; https://theboots.me"
67.223.118.104 - - [15/May/2026:08:30:45 -0400] "POST /wp-cron.php?doing_wp_cron=1778848244.8611760139465332031250 HTTP/1.1" 200 0 "-" "WordPress/6.9.4; https://theboots.me"
44.193.102.198 - - [15/May/2026:08:30:36 -0400] "GET /size/38/page/15/?file=/home/yallaadminx/theboots.me/wp-content/themes/flatsome/page-single-page-nav-transparent-light.php HTTP/1.1" 200 0 "-" "Mozilla/5.0 AppleWebKit/537.36 (KHTML, like Gecko; compatible; Amazonbot/0.1; +https://developer.amazon.com/support/amazonbot) Chrome/119.0.6045.214 Safari/537.36"
216.73.217.89 - - [15/May/2026:08:30:38 -0400] "GET /?file=%2Fhome%2Fyallaadminx%2Ftheboots.me%2Fwp-content%2Fthemes%2Fflatsome%2Finc%2Fbuilder%2Fshortcodes%2Fthumbnails HTTP/1.1" 200 2531 "-" "Mozilla/5.0 AppleWebKit/537.36 (KHTML, like Gecko; compatible; ClaudeBot/1.0; +claudebot@anthropic.com)"
216.73.217.89 - - [15/May/2026:08:30:37 -0400] "GET /product/nike-mind-001-solar-red/?edit=%2Fhome%2Fyallaadminx%2Ftheboots.me%2Fwp-content%2Fplugins%2Fcookieadmin-pro%2Flanguages%2Fcookieadmin-es_ES.mo HTTP/1.1" 200 8019 "-" "Mozilla/5.0 AppleWebKit/537.36 (KHTML, like Gecko; compatible; ClaudeBot/1.0; +claudebot@anthropic.com)"
67.223.118.104 - - [15/May/2026:08:30:46 -0400] "POST /wp-cron.php?doing_wp_cron=1778848246.3381800651550292968750 HTTP/1.1" 200 0 "-" "WordPress/6.9.4; https://theboots.me"
18.211.148.239 - - [15/May/2026:08:30:32 -0400] "GET /wp-json/wp/v2/product_cat/58?rename=/home/yallaadminx/theboots.me/wp-content/themes/flatsome/wpml-config.xml HTTP/1.1" 200 2112 "-" "Mozilla/5.0 AppleWebKit/537.36 (KHTML, like Gecko; compatible; Amazonbot/0.1; +https://developer.amazon.com/support/amazonbot) Chrome/119.0.6045.214 Safari/537.36"
216.73.217.89 - - [15/May/2026:08:30:39 -0400] "GET /product/nike-mind-001-mule-light-bone/?edit=%2Fhome%2Fyallaadminx%2Ftheboots.me%2Fwp-content%2Fthemes%2Fflatsome%2Fwoocommerce%2Floop%2Ffilter-button.php HTTP/1.1" 200 2304 "-" "Mozilla/5.0 AppleWebKit/537.36 (KHTML, like Gecko; compatible; ClaudeBot/1.0; +claudebot@anthropic.com)"
