216.73.217.89 - - [15/May/2026:08:35:03 -0400] "GET /size/47/feed/?file=%2Fhome%2Fyallaadminx%2Ftheboots.me%2Fwp-content%2Fthemes%2Fflatsome%2Flanguages%2Fth.mo HTTP/1.1" 200 2043 "-" "Mozilla/5.0 AppleWebKit/537.36 (KHTML, like Gecko; compatible; ClaudeBot/1.0; +claudebot@anthropic.com)"
216.73.217.89 - - [15/May/2026:08:35:06 -0400] "GET /size/35/%3C?view=%2Fhome%2Fyallaadminx%2Ftheboots.me%2Fwp-content%2Fthemes%2Fflatsome%2Fpage-checkout.php HTTP/1.1" 200 147 "-" "Mozilla/5.0 AppleWebKit/537.36 (KHTML, like Gecko; compatible; ClaudeBot/1.0; +claudebot@anthropic.com)"
216.73.217.89 - - [15/May/2026:08:35:07 -0400] "GET /size/47/%3C?view=%2Fhome%2Fyallaadminx%2Ftheboots.me%2Fwp-content%2Fthemes%2Fflatsome%2Frtl.css HTTP/1.1" 200 27 "-" "Mozilla/5.0 AppleWebKit/537.36 (KHTML, like Gecko; compatible; ClaudeBot/1.0; +claudebot@anthropic.com)"
216.73.217.89 - - [15/May/2026:08:35:06 -0400] "GET /size/30/feed/?edit=%2Fhome%2Fyallaadminx%2Ftheboots.me%2Fwp-content%2Fthemes%2Fflatsome%2Fwoocommerce%2Fcontent-single-product.php HTTP/1.1" 200 3848 "-" "Mozilla/5.0 AppleWebKit/537.36 (KHTML, like Gecko; compatible; ClaudeBot/1.0; +claudebot@anthropic.com)"
216.73.217.89 - - [15/May/2026:08:35:06 -0400] "GET /size/35/feed/?edit=%2Fhome%2Fyallaadminx%2Ftheboots.me%2Fwp-content%2Fthemes%2Fflatsome%2Flanguages%2Fpt_BR.l10n.php HTTP/1.1" 200 5540 "-" "Mozilla/5.0 AppleWebKit/537.36 (KHTML, like Gecko; compatible; ClaudeBot/1.0; +claudebot@anthropic.com)"
216.73.217.89 - - [15/May/2026:08:35:06 -0400] "GET /size/47/feed/?edit=%2Fhome%2Fyallaadminx%2Ftheboots.me%2Fwp-content%2Fthemes%2Fflatsome%2Flanguages%2Fpt_BR.l10n.php HTTP/1.1" 200 5746 "-" "Mozilla/5.0 AppleWebKit/537.36 (KHTML, like Gecko; compatible; ClaudeBot/1.0; +claudebot@anthropic.com)"
216.73.217.89 - - [15/May/2026:08:35:08 -0400] "GET /size/31/%3C?edit=%2Fhome%2Fyallaadminx%2Ftheboots.me%2Fwp-content%2Fthemes%2Fflatsome%2Flanguages%2Fro_RO.mo HTTP/1.1" 200 20073 "-" "Mozilla/5.0 AppleWebKit/537.36 (KHTML, like Gecko; compatible; ClaudeBot/1.0; +claudebot@anthropic.com)"
216.73.217.89 - - [15/May/2026:08:35:09 -0400] "GET /size/33/%3C?file=%2Fhome%2Fyallaadminx%2Ftheboots.me%2Fwp-content%2Fthemes%2Fflatsome%2Flanguages%2Fcs_CZ.l10n.php HTTP/1.1" 404 18255 "-" "Mozilla/5.0 AppleWebKit/537.36 (KHTML, like Gecko; compatible; ClaudeBot/1.0; +claudebot@anthropic.com)"
216.73.217.89 - - [15/May/2026:08:35:09 -0400] "GET /size/30/?rename=%2Fhome%2Fyallaadminx%2Ftheboots.me%2Fwp-content%2Fthemes%2Fflatsome%2Finc%2Fadmin%2Fkirki%2Fcontrols%2Fviews%2Fgeneric.php HTTP/1.1" 200 23731 "-" "Mozilla/5.0 AppleWebKit/537.36 (KHTML, like Gecko; compatible; ClaudeBot/1.0; +claudebot@anthropic.com)"
216.73.217.89 - - [15/May/2026:08:35:13 -0400] "GET /product-category/nike/mind-001-and-002/?view=%2Fhome%2Fyallaadminx%2Ftheboots.me%2Fwp-includes%2Fclass-wp-term.php HTTP/1.1" 200 1788 "-" "Mozilla/5.0 AppleWebKit/537.36 (KHTML, like Gecko; compatible; ClaudeBot/1.0; +claudebot@anthropic.com)"
216.73.217.89 - - [15/May/2026:08:35:09 -0400] "GET /size/47/?file=%2Fhome%2Fyallaadminx%2Ftheboots.me%2Fwp-content%2Fthemes%2Fflatsome%2Flanguages%2Fcs_CZ.mo HTTP/1.1" 200 23451 "-" "Mozilla/5.0 AppleWebKit/537.36 (KHTML, like Gecko; compatible; ClaudeBot/1.0; +claudebot@anthropic.com)"
216.73.217.89 - - [15/May/2026:08:35:14 -0400] "GET /size/31/%3C?edit=%2Fhome%2Fyallaadminx%2Ftheboots.me%2Fwp-content%2Fthemes%2Fflatsome%2Flanguages%2Ftr_TR.l10n.php HTTP/1.1" 200 31938 "-" "Mozilla/5.0 AppleWebKit/537.36 (KHTML, like Gecko; compatible; ClaudeBot/1.0; +claudebot@anthropic.com)"
216.73.217.89 - - [15/May/2026:08:35:12 -0400] "GET /product-category/nike/mind-001-and-002/?file=%2Fhome%2Fyallaadminx%2Ftheboots.me%2Fwp-includes%2Fclass-wpdb.php HTTP/1.1" 200 24388 "-" "Mozilla/5.0 AppleWebKit/537.36 (KHTML, like Gecko; compatible; ClaudeBot/1.0; +claudebot@anthropic.com)"
216.73.217.89 - - [15/May/2026:08:35:16 -0400] "GET /product/nike-mind-001-black-chrome/'%20.%20esc_url(%20$link%20)%20.%20' HTTP/1.1" 200 1511 "-" "Mozilla/5.0 AppleWebKit/537.36 (KHTML, like Gecko; compatible; ClaudeBot/1.0; +claudebot@anthropic.com)"
216.73.217.89 - - [15/May/2026:08:35:17 -0400] "GET /size/33/feed/?file=%2Fhome%2Fyallaadminx%2Ftheboots.me%2Fwp-content%2Fthemes%2Fflatsome%2Flanguages%2Fro_RO.mo HTTP/1.1" 200 1747 "-" "Mozilla/5.0 AppleWebKit/537.36 (KHTML, like Gecko; compatible; ClaudeBot/1.0; +claudebot@anthropic.com)"
216.73.217.89 - - [15/May/2026:08:35:18 -0400] "GET /size/29/feed/?edit=%2Fhome%2Fyallaadminx%2Ftheboots.me%2Fwp-content%2Fthemes%2Fflatsome%2Flanguages%2Fvi.mo HTTP/1.1" 200 17627 "-" "Mozilla/5.0 AppleWebKit/537.36 (KHTML, like Gecko; compatible; ClaudeBot/1.0; +claudebot@anthropic.com)"
216.73.217.89 - - [15/May/2026:08:35:14 -0400] "GET /product/nike-mind-001-red/?edit=%2Fhome%2Fyallaadminx%2Ftheboots.me%2Fwp-content%2Fplugins%2Fextendify%2Fsrc%2FAgent%2Flib%2Fmedia-views.js HTTP/1.1" 200 31482 "-" "Mozilla/5.0 AppleWebKit/537.36 (KHTML, like Gecko; compatible; ClaudeBot/1.0; +claudebot@anthropic.com)"
216.73.217.89 - - [15/May/2026:08:35:18 -0400] "GET /size/47/%3C?rename=%2Fhome%2Fyallaadminx%2Ftheboots.me%2Fwp-content%2Fthemes%2Fflatsome%2Flanguages%2Fth.l10n.php HTTP/1.1" 200 19627 "-" "Mozilla/5.0 AppleWebKit/537.36 (KHTML, like Gecko; compatible; ClaudeBot/1.0; +claudebot@anthropic.com)"
216.73.217.89 - - [15/May/2026:08:35:20 -0400] "GET /size/29/feed/?file=%2Fhome%2Fyallaadminx%2Ftheboots.me%2Fwp-content%2Fthemes%2Fflatsome%2Flanguages%2Ffa_IR.mo HTTP/1.1" 200 1693 "-" "Mozilla/5.0 AppleWebKit/537.36 (KHTML, like Gecko; compatible; ClaudeBot/1.0; +claudebot@anthropic.com)"
216.73.217.89 - - [15/May/2026:08:35:22 -0400] "GET /size/35/%3C?rename=%2Fhome%2Fyallaadminx%2Ftheboots.me%2Fwp-content%2Fthemes%2Fflatsome%2Flanguages%2Fth.l10n.php HTTP/1.1" 200 19628 "-" "Mozilla/5.0 AppleWebKit/537.36 (KHTML, like Gecko; compatible; ClaudeBot/1.0; +claudebot@anthropic.com)"
216.73.217.89 - - [15/May/2026:08:35:20 -0400] "GET /product/nike-mind-001-solar-red/?rename=%2Fhome%2Fyallaadminx%2Ftheboots.me%2Fwp-content%2Fplugins%2Fcookieadmin-pro%2Flanguages%2Fcookieadmin-cs_CZ.mo HTTP/1.1" 200 30833 "-" "Mozilla/5.0 AppleWebKit/537.36 (KHTML, like Gecko; compatible; ClaudeBot/1.0; +claudebot@anthropic.com)"
216.73.217.89 - - [15/May/2026:08:35:21 -0400] "GET /product-category/nike/mind-001-and-002/?edit=%2Fhome%2Fyallaadminx%2Ftheboots.me%2Fwp-includes%2Fupdate.php HTTP/1.1" 200 35020 "-" "Mozilla/5.0 AppleWebKit/537.36 (KHTML, like Gecko; compatible; ClaudeBot/1.0; +claudebot@anthropic.com)"
67.223.118.104 - - [15/May/2026:08:35:26 -0400] "POST /wp-cron.php?doing_wp_cron=1778848526.0481510162353515625000 HTTP/1.1" 200 0 "-" "WordPress/6.9.4; https://theboots.me"
216.73.217.89 - - [15/May/2026:08:35:21 -0400] "GET /product/nike-mind-001-mule-light-bone/?rename=%2Fhome%2Fyallaadminx%2Ftheboots.me%2Fwp-content%2Fplugins%2Fextendify%2Fsrc%2FDraft%2Fpages%2FHome.jsx HTTP/1.1" 200 31916 "-" "Mozilla/5.0 AppleWebKit/537.36 (KHTML, like Gecko; compatible; ClaudeBot/1.0; +claudebot@anthropic.com)"
216.73.217.89 - - [15/May/2026:08:35:26 -0400] "GET /size/47/'.esc_url(get_the_permalink($page-%3EID)).'?edit=%2Fhome%2Fyallaadminx%2Ftheboots.me%2Fwp-content%2Fthemes%2Fflatsome%2Fsidebar.php HTTP/1.1" 200 1844 "-" "Mozilla/5.0 AppleWebKit/537.36 (KHTML, like Gecko; compatible; ClaudeBot/1.0; +claudebot@anthropic.com)"
216.73.217.89 - - [15/May/2026:08:35:26 -0400] "GET /size/30/feed/?edit=%2Fhome%2Fyallaadminx%2Ftheboots.me%2Fwp-content%2Fthemes%2Fflatsome%2Fpage-cart.php HTTP/1.1" 200 3252 "-" "Mozilla/5.0 AppleWebKit/537.36 (KHTML, like Gecko; compatible; ClaudeBot/1.0; +claudebot@anthropic.com)"
66.249.74.36 - - [15/May/2026:08:35:26 -0400] "GET /size/42/page/21/?file=/home/yallaadminx/theboots.me/wp-content/themes/flatsome/page-single-page-nav-transparent.php HTTP/1.1" 301 249 "-" "Mozilla/5.0 (Linux; Android 6.0.1; Nexus 5X Build/MMB29P) AppleWebKit/537.36 (KHTML, like Gecko) Chrome/148.0.7778.96 Mobile Safari/537.36 (compatible; Googlebot/2.1; +http://www.google.com/bot.html)"
67.223.118.104 - - [15/May/2026:08:35:30 -0400] "POST /wp-cron.php?doing_wp_cron=1778848530.4403359889984130859375 HTTP/1.1" 200 0 "-" "WordPress/6.9.4; https://theboots.me"
216.73.217.89 - - [15/May/2026:08:35:25 -0400] "GET /product/nike-mind-001-solar-red/?rename=%2Fhome%2Fyallaadminx%2Ftheboots.me%2Fwp-content%2Fplugins%2Fcookieadmin-pro%2Fincludes%2Flicense.php HTTP/1.1" 200 30959 "-" "Mozilla/5.0 AppleWebKit/537.36 (KHTML, like Gecko; compatible; ClaudeBot/1.0; +claudebot@anthropic.com)"
216.73.217.89 - - [15/May/2026:08:35:26 -0400] "GET /size/30/?file=%2Fhome%2Fyallaadminx%2Ftheboots.me%2Fwp-content%2Fthemes%2Fflatsome%2Finc%2Fadmin%2Fkirki%2Fcontrols%2Fviews%2Fradio.php HTTP/1.1" 200 22317 "-" "Mozilla/5.0 AppleWebKit/537.36 (KHTML, like Gecko; compatible; ClaudeBot/1.0; +claudebot@anthropic.com)"
216.73.217.89 - - [15/May/2026:08:35:26 -0400] "GET /size/32/?file=%2Fhome%2Fyallaadminx%2Ftheboots.me%2Fwp-content%2Fthemes%2Fflatsome%2Finc%2Fintegrations HTTP/1.1" 200 22642 "-" "Mozilla/5.0 AppleWebKit/537.36 (KHTML, like Gecko; compatible; ClaudeBot/1.0; +claudebot@anthropic.com)"
216.73.217.89 - - [15/May/2026:08:35:29 -0400] "GET /?file=%2Fhome%2Fyallaadminx%2Ftheboots.me%2Fwp-content%2Fthemes%2Fflatsome%2Finc%2Fintegrations%2Fwc-extra-product-options HTTP/1.1" 200 19363 "-" "Mozilla/5.0 AppleWebKit/537.36 (KHTML, like Gecko; compatible; ClaudeBot/1.0; +claudebot@anthropic.com)"
216.73.217.89 - - [15/May/2026:08:35:32 -0400] "GET /size/30/feed/?file=%2Fhome%2Fyallaadminx%2Ftheboots.me%2Fwp-content%2Fthemes%2Fflatsome%2Flanguages%2Fro_RO.mo HTTP/1.1" 200 1746 "-" "Mozilla/5.0 AppleWebKit/537.36 (KHTML, like Gecko; compatible; ClaudeBot/1.0; +claudebot@anthropic.com)"
216.73.217.89 - - [15/May/2026:08:35:29 -0400] "GET /product/nike-mind-001-mule-light-bone/?file=%2Fhome%2Fyallaadminx%2Ftheboots.me%2Fwp-content%2Fthemes%2Fflatsome%2Fwoocommerce%2Floop%2Fbreadcrumbs.php HTTP/1.1" 200 30594 "-" "Mozilla/5.0 AppleWebKit/537.36 (KHTML, like Gecko; compatible; ClaudeBot/1.0; +claudebot@anthropic.com)"
66.249.74.36 - - [15/May/2026:08:35:29 -0400] "GET /size/42/page/21/?file=%2Fhome%2Fyallaadminx%2Ftheboots.me%2Fwp-content%2Fthemes%2Fflatsome%2Fpage-single-page-nav-transparent.php HTTP/1.1" 200 26013 "-" "Mozilla/5.0 (Linux; Android 6.0.1; Nexus 5X Build/MMB29P) AppleWebKit/537.36 (KHTML, like Gecko) Chrome/148.0.7778.96 Mobile Safari/537.36 (compatible; Googlebot/2.1; +http://www.google.com/bot.html)"
216.73.217.89 - - [15/May/2026:08:35:35 -0400] "GET /product-category/nike/mind-001-and-002/?view=%2Fhome%2Fyallaadminx%2Ftheboots.me%2Fwp-includes%2Ftheme.php HTTP/1.1" 200 31672 "-" "Mozilla/5.0 AppleWebKit/537.36 (KHTML, like Gecko; compatible; ClaudeBot/1.0; +claudebot@anthropic.com)"
216.73.217.89 - - [15/May/2026:08:35:30 -0400] "GET /product-category/nike/mind-001-and-002/?edit=%2Fhome%2Fyallaadminx%2Ftheboots.me%2Fwp-includes%2Fcompat.php HTTP/1.1" 200 30011 "-" "Mozilla/5.0 AppleWebKit/537.36 (KHTML, like Gecko; compatible; ClaudeBot/1.0; +claudebot@anthropic.com)"
216.73.217.89 - - [15/May/2026:08:35:31 -0400] "GET /size/47/?file=%2Fhome%2Fyallaadminx%2Ftheboots.me%2Fwp-content%2Fthemes%2Fflatsome%2Flanguages%2Fja.mo HTTP/1.1" 200 23429 "-" "Mozilla/5.0 AppleWebKit/537.36 (KHTML, like Gecko; compatible; ClaudeBot/1.0; +claudebot@anthropic.com)"
216.73.217.89 - - [15/May/2026:08:35:36 -0400] "GET /size/46/%3C?file=%2Fhome%2Fyallaadminx%2Ftheboots.me%2Fwp-content%2Fthemes HTTP/1.1" 404 18309 "-" "Mozilla/5.0 AppleWebKit/537.36 (KHTML, like Gecko; compatible; ClaudeBot/1.0; +claudebot@anthropic.com)"
216.73.217.89 - - [15/May/2026:08:35:36 -0400] "GET /size/46/%3C?file=%2Fhome%2Fyallaadminx%2Ftheboots.me%2Fwp-content%2Fthemes%2Fflatsome%2Fstyle.css HTTP/1.1" 404 18231 "-" "Mozilla/5.0 AppleWebKit/537.36 (KHTML, like Gecko; compatible; ClaudeBot/1.0; +claudebot@anthropic.com)"
216.73.217.89 - - [15/May/2026:08:35:36 -0400] "GET /size/31/%3C?edit=%2Fhome%2Fyallaadminx%2Ftheboots.me%2Fwp-content%2Fthemes%2Fflatsome%2Fpage-blank-sub-nav-vertical.php HTTP/1.1" 200 20292 "-" "Mozilla/5.0 AppleWebKit/537.36 (KHTML, like Gecko; compatible; ClaudeBot/1.0; +claudebot@anthropic.com)"
216.73.217.89 - - [15/May/2026:08:35:38 -0400] "GET /size/29/feed/?view=%2Fhome%2Fyallaadminx%2Ftheboots.me%2Fwp-content%2Fthemes%2Fflatsome%2Flanguages%2Fcs_CZ.mo HTTP/1.1" 200 14431 "-" "Mozilla/5.0 AppleWebKit/537.36 (KHTML, like Gecko; compatible; ClaudeBot/1.0; +claudebot@anthropic.com)"
216.73.217.89 - - [15/May/2026:08:35:38 -0400] "GET /size/29/feed/?file=%2Fhome%2Fyallaadminx%2Ftheboots.me%2Fwp-content%2Fthemes%2Fflatsome%2Fpage-right-sidebar.php HTTP/1.1" 200 1692 "-" "Mozilla/5.0 AppleWebKit/537.36 (KHTML, like Gecko; compatible; ClaudeBot/1.0; +claudebot@anthropic.com)"
216.73.217.89 - - [15/May/2026:08:35:39 -0400] "GET /size/35/%3C?view=%2Fhome%2Fyallaadminx%2Ftheboots.me%2Fwp-content%2Fthemes%2Fflatsome%2Flanguages%2Fvi.l10n.php HTTP/1.1" 200 11425 "-" "Mozilla/5.0 AppleWebKit/537.36 (KHTML, like Gecko; compatible; ClaudeBot/1.0; +claudebot@anthropic.com)"
216.73.217.89 - - [15/May/2026:08:35:39 -0400] "GET /size/29/feed/?edit=%2Fhome%2Fyallaadminx%2Ftheboots.me%2Fwp-content%2Fthemes%2Fflatsome%2Flanguages%2Fes_AR.mo HTTP/1.1" 200 8250 "-" "Mozilla/5.0 AppleWebKit/537.36 (KHTML, like Gecko; compatible; ClaudeBot/1.0; +claudebot@anthropic.com)"
216.73.217.89 - - [15/May/2026:08:35:40 -0400] "GET /size/47/%3C?view=%2Fhome%2Fyallaadminx%2Ftheboots.me%2Fwp-content%2Fthemes%2Fflatsome%2Flanguages%2Fvi.l10n.php HTTP/1.1" 200 11425 "-" "Mozilla/5.0 AppleWebKit/537.36 (KHTML, like Gecko; compatible; ClaudeBot/1.0; +claudebot@anthropic.com)"
216.73.217.89 - - [15/May/2026:08:35:38 -0400] "GET /product/nike-mind-001-red/?rename=%2Fhome%2Fyallaadminx%2Ftheboots.me%2Fwp-content%2Fplugins%2Fextendify%2Fsrc%2FAssist%2Fassist.css HTTP/1.1" 200 30775 "-" "Mozilla/5.0 AppleWebKit/537.36 (KHTML, like Gecko; compatible; ClaudeBot/1.0; +claudebot@anthropic.com)"
216.73.217.89 - - [15/May/2026:08:35:40 -0400] "GET /product/nike-mind-001-geode-teal/?edit=%2Fhome%2Fyallaadminx%2Ftheboots.me%2Fwp-content%2Fthemes%2Fflatsome%2Finc%2Fbuilder%2Fshortcodes%2Ftabgroup.php HTTP/1.1" 200 31494 "-" "Mozilla/5.0 AppleWebKit/537.36 (KHTML, like Gecko; compatible; ClaudeBot/1.0; +claudebot@anthropic.com)"
216.73.217.89 - - [15/May/2026:08:35:40 -0400] "GET /product/nike-mind-001-geode-teal/?edit=%2Fhome%2Fyallaadminx%2Ftheboots.me%2Fwp-content%2Fthemes%2Fflatsome%2Finc%2Fbuilder%2Fshortcodes%2Fscroll_to.php HTTP/1.1" 200 31479 "-" "Mozilla/5.0 AppleWebKit/537.36 (KHTML, like Gecko; compatible; ClaudeBot/1.0; +claudebot@anthropic.com)"
216.73.217.89 - - [15/May/2026:08:35:43 -0400] "GET /size/33/%3C?view=%2Fhome%2Fyallaadminx%2Ftheboots.me%2Fwp-content%2Fthemes%2Fflatsome%2Flanguages%2Ftr_TR.l10n.php HTTP/1.1" 200 11371 "-" "Mozilla/5.0 AppleWebKit/537.36 (KHTML, like Gecko; compatible; ClaudeBot/1.0; +claudebot@anthropic.com)"
216.73.217.89 - - [15/May/2026:08:35:41 -0400] "GET /product-category/nike/mind-001-and-002/?file=%2Fhome%2Fyallaadminx%2Ftheboots.me%2Fwp-includes%2Ftemplate-loader.php HTTP/1.1" 200 24406 "-" "Mozilla/5.0 AppleWebKit/537.36 (KHTML, like Gecko; compatible; ClaudeBot/1.0; +claudebot@anthropic.com)"
216.73.217.89 - - [15/May/2026:08:35:44 -0400] "GET /size/33/feed/?view=%2Fhome%2Fyallaadminx%2Ftheboots.me%2Fwp-content%2Fthemes%2Fflatsome%2Flanguages%2Fde_DE.l10n.php HTTP/1.1" 200 10407 "-" "Mozilla/5.0 AppleWebKit/537.36 (KHTML, like Gecko; compatible; ClaudeBot/1.0; +claudebot@anthropic.com)"
216.73.217.89 - - [15/May/2026:08:35:44 -0400] "GET /size/47/?view=%2Fhome%2Fyallaadminx%2Ftheboots.me%2Fwp-content%2Fthemes%2Fflatsome%2Flanguages%2Fnl_NL.l10n.php HTTP/1.1" 200 10535 "-" "Mozilla/5.0 AppleWebKit/537.36 (KHTML, like Gecko; compatible; ClaudeBot/1.0; +claudebot@anthropic.com)"
216.73.217.89 - - [15/May/2026:08:35:44 -0400] "GET /size/33/%3C?edit=%2Fhome%2Fyallaadminx%2Ftheboots.me%2Fwp-content%2Fthemes%2Fflatsome%2Flanguages%2Fcs_CZ.mo HTTP/1.1" 200 33932 "-" "Mozilla/5.0 AppleWebKit/537.36 (KHTML, like Gecko; compatible; ClaudeBot/1.0; +claudebot@anthropic.com)"
216.73.217.89 - - [15/May/2026:08:35:45 -0400] "GET /size/34/?view=%2Fhome%2Fyallaadminx%2Ftheboots.me%2Fwp-content%2Fthemes%2Fflatsome%2Fwoocommerce%2Fsingle-product%2Ftabs%2Ftabs.php HTTP/1.1" 200 1195 "-" "Mozilla/5.0 AppleWebKit/537.36 (KHTML, like Gecko; compatible; ClaudeBot/1.0; +claudebot@anthropic.com)"
216.73.217.89 - - [15/May/2026:08:35:45 -0400] "GET /size/31/?view=%2Fhome%2Fyallaadminx%2Ftheboots.me%2Fwp-content%2Fthemes%2Fflatsome%2Fwoocommerce%2Fsingle-product%2Ftabs%2Ftabs.php HTTP/1.1" 200 1195 "-" "Mozilla/5.0 AppleWebKit/537.36 (KHTML, like Gecko; compatible; ClaudeBot/1.0; +claudebot@anthropic.com)"
216.73.217.89 - - [15/May/2026:08:35:44 -0400] "GET /size/31/%3C?rename=%2Fhome%2Fyallaadminx%2Ftheboots.me%2Fwp-content%2Fthemes%2Fflatsome%2Flanguages%2Fth.l10n.php HTTP/1.1" 200 19628 "-" "Mozilla/5.0 AppleWebKit/537.36 (KHTML, like Gecko; compatible; ClaudeBot/1.0; +claudebot@anthropic.com)"
216.73.217.89 - - [15/May/2026:08:35:46 -0400] "GET /size/31/%3C?file=%2Fhome%2Fyallaadminx%2Ftheboots.me%2Fwp-content%2Fthemes%2Fflatsome%2Flanguages%2Ffr_FR.l10n.php HTTP/1.1" 404 18253 "-" "Mozilla/5.0 AppleWebKit/537.36 (KHTML, like Gecko; compatible; ClaudeBot/1.0; +claudebot@anthropic.com)"
216.73.217.89 - - [15/May/2026:08:35:45 -0400] "GET /size/33/?rename=%2Fhome%2Fyallaadminx%2Ftheboots.me%2Fwp-content%2Fthemes%2Fflatsome%2Finc%2Fbuilder%2Fshortcodes%2Fcustom-product.php HTTP/1.1" 200 23779 "-" "Mozilla/5.0 AppleWebKit/537.36 (KHTML, like Gecko; compatible; ClaudeBot/1.0; +claudebot@anthropic.com)"
216.73.217.89 - - [15/May/2026:08:35:48 -0400] "GET /size/30/feed/?view=%2Fhome%2Fyallaadminx%2Ftheboots.me%2Fwp-content%2Fthemes%2Fflatsome%2Flanguages%2Far.l10n.php HTTP/1.1" 200 12100 "-" "Mozilla/5.0 AppleWebKit/537.36 (KHTML, like Gecko; compatible; ClaudeBot/1.0; +claudebot@anthropic.com)"
216.73.217.89 - - [15/May/2026:08:35:46 -0400] "GET /product-category/nike/mind-001-and-002/?edit=%2Fhome%2Fyallaadminx%2Ftheboots.me%2Fwp-includes%2Ffeed-atom.php HTTP/1.1" 200 26984 "-" "Mozilla/5.0 AppleWebKit/537.36 (KHTML, like Gecko; compatible; ClaudeBot/1.0; +claudebot@anthropic.com)"
216.73.217.89 - - [15/May/2026:08:35:47 -0400] "GET /product-category/nike/mind-001-and-002/?file=%2Fhome%2Fyallaadminx%2Ftheboots.me%2Fwp-includes%2Fclass-oembed.php HTTP/1.1" 200 24378 "-" "Mozilla/5.0 AppleWebKit/537.36 (KHTML, like Gecko; compatible; ClaudeBot/1.0; +claudebot@anthropic.com)"
216.73.217.89 - - [15/May/2026:08:35:50 -0400] "GET /size/30/feed/?file=%2Fhome%2Fyallaadminx%2Ftheboots.me%2Fwp-content%2Fthemes%2Fflatsome%2Flanguages%2Ftr_TR.l10n.php HTTP/1.1" 200 1749 "-" "Mozilla/5.0 AppleWebKit/537.36 (KHTML, like Gecko; compatible; ClaudeBot/1.0; +claudebot@anthropic.com)"
216.73.217.89 - - [15/May/2026:08:35:48 -0400] "GET /product-category/nike/mind-001-and-002/?file=%2Fhome%2Fyallaadminx%2Ftheboots.me%2Fwp-includes%2Fclass-wp-http-streams.php HTTP/1.1" 200 24393 "-" "Mozilla/5.0 AppleWebKit/537.36 (KHTML, like Gecko; compatible; ClaudeBot/1.0; +claudebot@anthropic.com)"
216.73.217.89 - - [15/May/2026:08:35:49 -0400] "GET /product-category/nike/mind-001-and-002/?edit=%2Fhome%2Fyallaadminx%2Ftheboots.me%2Fwp-includes%2Fcompat-utf8.php HTTP/1.1" 200 31490 "-" "Mozilla/5.0 AppleWebKit/537.36 (KHTML, like Gecko; compatible; ClaudeBot/1.0; +claudebot@anthropic.com)"
216.73.217.89 - - [15/May/2026:08:35:52 -0400] "GET /size/47/?view=%2Fhome%2Fyallaadminx%2Ftheboots.me%2Fwp-content%2Fthemes%2Fflatsome%2Flanguages%2Fvi.mo HTTP/1.1" 200 14685 "-" "Mozilla/5.0 AppleWebKit/537.36 (KHTML, like Gecko; compatible; ClaudeBot/1.0; +claudebot@anthropic.com)"
216.73.217.89 - - [15/May/2026:08:35:52 -0400] "GET /size/33/%3C?file=%2Fhome%2Fyallaadminx%2Ftheboots.me%2Fwp-content%2Fthemes%2Fflatsome%2Flanguages%2Fja.l10n.php HTTP/1.1" 404 18244 "-" "Mozilla/5.0 AppleWebKit/537.36 (KHTML, like Gecko; compatible; ClaudeBot/1.0; +claudebot@anthropic.com)"
216.73.217.89 - - [15/May/2026:08:35:53 -0400] "GET /size/31/%3C?view=%2Fhome%2Fyallaadminx%2Ftheboots.me%2Fwp-content%2Fthemes%2Fflatsome%2Flanguages%2Fpl_PL.mo HTTP/1.1" 200 12289 "-" "Mozilla/5.0 AppleWebKit/537.36 (KHTML, like Gecko; compatible; ClaudeBot/1.0; +claudebot@anthropic.com)"
216.73.217.89 - - [15/May/2026:08:35:52 -0400] "GET /product-category/nike/mind-001-and-002/?file=%2Fhome%2Fyallaadminx%2Ftheboots.me%2Fwp-includes%2Fembed.php HTTP/1.1" 200 24377 "-" "Mozilla/5.0 AppleWebKit/537.36 (KHTML, like Gecko; compatible; ClaudeBot/1.0; +claudebot@anthropic.com)"
216.73.217.89 - - [15/May/2026:08:35:53 -0400] "GET /?file=%2Fhome%2Fyallaadminx%2Ftheboots.me%2Fwp-content%2Fthemes%2Fflatsome%2Finc%2Fadmin%2Fkirki HTTP/1.1" 200 19657 "-" "Mozilla/5.0 AppleWebKit/537.36 (KHTML, like Gecko; compatible; ClaudeBot/1.0; +claudebot@anthropic.com)"
216.73.217.89 - - [15/May/2026:08:35:53 -0400] "GET /product/nike-mind-001-geode-teal/?edit=%2Fhome%2Fyallaadminx%2Ftheboots.me%2Fwp-content%2Fthemes%2Fflatsome%2Finc%2Fbuilder%2Fshortcodes%2Ftab.php HTTP/1.1" 200 31016 "-" "Mozilla/5.0 AppleWebKit/537.36 (KHTML, like Gecko; compatible; ClaudeBot/1.0; +claudebot@anthropic.com)"
216.73.217.89 - - [15/May/2026:08:35:55 -0400] "GET /product-category/nike/mind-001-and-002/?view=%2Fhome%2Fyallaadminx%2Ftheboots.me%2Fwp-includes%2Ffeed-atom-comments.php HTTP/1.1" 200 1766 "-" "Mozilla/5.0 AppleWebKit/537.36 (KHTML, like Gecko; compatible; ClaudeBot/1.0; +claudebot@anthropic.com)"
216.73.217.89 - - [15/May/2026:08:35:56 -0400] "GET /size/35/%3C?edit=%2Fhome%2Fyallaadminx%2Ftheboots.me%2Fwp-content%2Fthemes%2Fflatsome%2Flanguages%2Ffr_FR.mo HTTP/1.1" 200 32741 "-" "Mozilla/5.0 AppleWebKit/537.36 (KHTML, like Gecko; compatible; ClaudeBot/1.0; +claudebot@anthropic.com)"
216.73.217.89 - - [15/May/2026:08:35:57 -0400] "GET /product-category/nike/mind-001-and-002/?view=%2Fhome%2Fyallaadminx%2Ftheboots.me%2Fwp-includes%2Frest-api.php HTTP/1.1" 200 22151 "-" "Mozilla/5.0 AppleWebKit/537.36 (KHTML, like Gecko; compatible; ClaudeBot/1.0; +claudebot@anthropic.com)"
216.73.217.89 - - [15/May/2026:08:35:56 -0400] "GET /size/47/%3C?edit=%2Fhome%2Fyallaadminx%2Ftheboots.me%2Fwp-content%2Fthemes%2Fflatsome%2Flanguages%2Ffr_FR.mo HTTP/1.1" 200 32738 "-" "Mozilla/5.0 AppleWebKit/537.36 (KHTML, like Gecko; compatible; ClaudeBot/1.0; +claudebot@anthropic.com)"
216.73.217.89 - - [15/May/2026:08:35:58 -0400] "GET /product-category/nike/mind-001-and-002/?view=%2Fhome%2Fyallaadminx%2Ftheboots.me%2Fwp-includes%2Fspl-autoload-compat.php HTTP/1.1" 200 293 "-" "Mozilla/5.0 AppleWebKit/537.36 (KHTML, like Gecko; compatible; ClaudeBot/1.0; +claudebot@anthropic.com)"
216.73.217.89 - - [15/May/2026:08:35:56 -0400] "GET /product/nike-mind-001-solar-red/?edit=%2Fhome%2Fyallaadminx%2Ftheboots.me%2Fwp-trackback.php HTTP/1.1" 200 32812 "-" "Mozilla/5.0 AppleWebKit/537.36 (KHTML, like Gecko; compatible; ClaudeBot/1.0; +claudebot@anthropic.com)"
216.73.217.89 - - [15/May/2026:08:35:57 -0400] "GET /product-category/nike/mind-001-and-002/?edit=%2Fhome%2Fyallaadminx%2Ftheboots.me%2Fwp-includes%2Fms-load.php HTTP/1.1" 200 32272 "-" "Mozilla/5.0 AppleWebKit/537.36 (KHTML, like Gecko; compatible; ClaudeBot/1.0; +claudebot@anthropic.com)"
216.73.217.89 - - [15/May/2026:08:36:01 -0400] "GET /size/31/%3C?view=%2Fhome%2Fyallaadminx%2Ftheboots.me%2Fwp-content%2Fthemes%2Fflatsome%2Flanguages%2Fit_IT.l10n.php HTTP/1.1" 200 10634 "-" "Mozilla/5.0 AppleWebKit/537.36 (KHTML, like Gecko; compatible; ClaudeBot/1.0; +claudebot@anthropic.com)"
216.73.217.89 - - [15/May/2026:08:35:58 -0400] "GET /product/nike-mind-001-solar-red/?file=%2Fhome%2Fyallaadminx%2Ftheboots.me%2Fwp-content%2Fplugins%2Fcookieadmin-pro%2Flanguages%2Fcookieadmin-cs_CZ.po HTTP/1.1" 200 29408 "-" "Mozilla/5.0 AppleWebKit/537.36 (KHTML, like Gecko; compatible; ClaudeBot/1.0; +claudebot@anthropic.com)"
216.73.217.89 - - [15/May/2026:08:36:00 -0400] "GET /product/nike-mind-001-solar-red/?edit=%2Fhome%2Fyallaadminx%2Ftheboots.me%2Fwp-content%2Fplugins%2Fcookieadmin-pro%2Flanguages%2Fcookieadmin-pt_PT.po HTTP/1.1" 200 37098 "-" "Mozilla/5.0 AppleWebKit/537.36 (KHTML, like Gecko; compatible; ClaudeBot/1.0; +claudebot@anthropic.com)"
66.249.74.34 - - [15/May/2026:08:36:01 -0400] "GET /product/adidas-wales-bonner-samba-brown/ HTTP/1.1" 200 30567 "-" "Mozilla/5.0 (Linux; Android 6.0.1; Nexus 5X Build/MMB29P) AppleWebKit/537.36 (KHTML, like Gecko) Chrome/148.0.7778.96 Mobile Safari/537.36 (compatible; Googlebot/2.1; +http://www.google.com/bot.html)"
216.73.217.89 - - [15/May/2026:08:36:01 -0400] "GET /product/nike-mind-001-red/?file=%2Fhome%2Fyallaadminx%2Ftheboots.me%2Fwp-content%2Fplugins%2Fextendify%2Fsrc%2FAgent%2Flib%2Fredirects.js HTTP/1.1" 200 29440 "-" "Mozilla/5.0 AppleWebKit/537.36 (KHTML, like Gecko; compatible; ClaudeBot/1.0; +claudebot@anthropic.com)"
67.223.118.104 - - [15/May/2026:08:36:09 -0400] "POST /wp-cron.php?doing_wp_cron=1778848569.0367009639739990234375 HTTP/1.1" 200 0 "-" "WordPress/6.9.4; https://theboots.me"
216.73.217.89 - - [15/May/2026:08:36:06 -0400] "GET /size/33/feed/?edit=%2Fhome%2Fyallaadminx%2Ftheboots.me%2Fwp-content%2Fthemes%2Fflatsome%2Flanguages%2Ftr_TR.mo HTTP/1.1" 200 17613 "-" "Mozilla/5.0 AppleWebKit/537.36 (KHTML, like Gecko; compatible; ClaudeBot/1.0; +claudebot@anthropic.com)"
216.73.217.89 - - [15/May/2026:08:36:03 -0400] "GET /product-category/nike/mind-001-and-002/?file=%2Fhome%2Fyallaadminx%2Ftheboots.me%2Fwp-includes%2Fquery.php HTTP/1.1" 200 24379 "-" "Mozilla/5.0 AppleWebKit/537.36 (KHTML, like Gecko; compatible; ClaudeBot/1.0; +claudebot@anthropic.com)"
66.249.74.35 - - [15/May/2026:08:36:07 -0400] "GET /online-casino-sg-what-you-need-to-know/?rename=/home/yallaadminx/theboots.me/wp-content/themes/flatsome/page-blank-title-center.php HTTP/1.1" 200 19633 "-" "Mozilla/5.0 (Linux; Android 6.0.1; Nexus 5X Build/MMB29P) AppleWebKit/537.36 (KHTML, like Gecko) Chrome/148.0.7778.96 Mobile Safari/537.36 (compatible; Googlebot/2.1; +http://www.google.com/bot.html)"
216.73.217.89 - - [15/May/2026:08:36:09 -0400] "GET /size/29/feed/?file=%2Fhome%2Fyallaadminx%2Ftheboots.me%2Fwp-content%2Fthemes%2Fflatsome%2Flanguages%2Fro_RO.mo HTTP/1.1" 200 1692 "-" "Mozilla/5.0 AppleWebKit/537.36 (KHTML, like Gecko; compatible; ClaudeBot/1.0; +claudebot@anthropic.com)"
67.223.118.104 - - [15/May/2026:08:36:14 -0400] "POST /wp-cron.php?doing_wp_cron=1778848573.9493920803070068359375 HTTP/1.1" 200 0 "-" "WordPress/6.9.4; https://theboots.me"
216.73.217.89 - - [15/May/2026:08:36:08 -0400] "GET /product/nike-mind-001-geode-teal/?edit=%2Fhome%2Fyallaadminx%2Ftheboots.me%2Fwp-content%2Fthemes%2Fflatsome%2Finc%2Fbuilder%2Fshortcodes%2Fvideo_button.php HTTP/1.1" 200 31127 "-" "Mozilla/5.0 AppleWebKit/537.36 (KHTML, like Gecko; compatible; ClaudeBot/1.0; +claudebot@anthropic.com)"
216.73.217.89 - - [15/May/2026:08:36:09 -0400] "GET /product-category/nike/mind-001-and-002/?file=%2Fhome%2Fyallaadminx%2Ftheboots.me%2Fwp-includes%2Fclass-wp-hook.php HTTP/1.1" 200 24407 "-" "Mozilla/5.0 AppleWebKit/537.36 (KHTML, like Gecko; compatible; ClaudeBot/1.0; +claudebot@anthropic.com)"
216.73.217.89 - - [15/May/2026:08:36:11 -0400] "GET /size/47/?edit=%2Fhome%2Fyallaadminx%2Ftheboots.me%2Fwp-content%2Fthemes%2Fflatsome%2Flanguages%2Far.mo HTTP/1.1" 200 39703 "-" "Mozilla/5.0 AppleWebKit/537.36 (KHTML, like Gecko; compatible; ClaudeBot/1.0; +claudebot@anthropic.com)"
216.73.217.89 - - [15/May/2026:08:36:14 -0400] "GET /size/35/%3C?rename=%2Fhome%2Fyallaadminx%2Ftheboots.me%2Fwp-content%2Fthemes%2Fflatsome%2Fwoocommerce%2Fshare.php HTTP/1.1" 200 19634 "-" "Mozilla/5.0 AppleWebKit/537.36 (KHTML, like Gecko; compatible; ClaudeBot/1.0; +claudebot@anthropic.com)"
216.73.217.89 - - [15/May/2026:08:36:17 -0400] "GET /product/nike-mind-001-red/?view=%2Fhome%2Fyallaadminx%2Ftheboots.me%2Fwp-content%2Fplugins%2Fextendify%2Fsrc%2FAgent%2Ftours%2Ftours.js HTTP/1.1" 200 430 "-" "Mozilla/5.0 AppleWebKit/537.36 (KHTML, like Gecko; compatible; ClaudeBot/1.0; +claudebot@anthropic.com)"
216.73.217.89 - - [15/May/2026:08:36:14 -0400] "GET /product/nike-mind-001-solar-red/?rename=%2Fhome%2Fyallaadminx%2Ftheboots.me%2Fwp-content%2Fplugins%2Fcookieadmin-pro%2Flanguages%2Fcookieadmin.pot HTTP/1.1" 200 1053 "-" "Mozilla/5.0 AppleWebKit/537.36 (KHTML, like Gecko; compatible; ClaudeBot/1.0; +claudebot@anthropic.com)"
216.73.217.89 - - [15/May/2026:08:36:15 -0400] "GET /size/47/?file=%2Fhome%2Fyallaadminx%2Ftheboots.me%2Fwp-content%2Fthemes%2Fflatsome%2Flanguages%2Fde_DE.l10n.php HTTP/1.1" 200 0 "-" "Mozilla/5.0 AppleWebKit/537.36 (KHTML, like Gecko; compatible; ClaudeBot/1.0; +claudebot@anthropic.com)"
216.73.217.89 - - [15/May/2026:08:36:18 -0400] "GET /size/30/%3C?rename=%2Fhome%2Fyallaadminx%2Ftheboots.me%2Fwp-content%2Fthemes%2Fflatsome%2Fpage-transparent-header.php HTTP/1.1" 200 1053 "-" "Mozilla/5.0 AppleWebKit/537.36 (KHTML, like Gecko; compatible; ClaudeBot/1.0; +claudebot@anthropic.com)"
216.73.217.89 - - [15/May/2026:08:36:26 -0400] "GET /size/32/feed/?rename=%2Fhome%2Fyallaadminx%2Ftheboots.me%2Fwp-content%2Fthemes%2Fflatsome%2F404.php HTTP/1.1" 200 1053 "-" "Mozilla/5.0 AppleWebKit/537.36 (KHTML, like Gecko; compatible; ClaudeBot/1.0; +claudebot@anthropic.com)"
216.73.217.89 - - [15/May/2026:08:36:25 -0400] "GET /size/47/?edit=%2Fhome%2Fyallaadminx%2Ftheboots.me%2Fwp-content%2Fthemes%2Fflatsome%2Flanguages%2Fde_DE_formal.l10n.php HTTP/1.1" 200 12817 "-" "Mozilla/5.0 AppleWebKit/537.36 (KHTML, like Gecko; compatible; ClaudeBot/1.0; +claudebot@anthropic.com)"
216.73.217.89 - - [15/May/2026:08:36:29 -0400] "GET /product-category/nike/mind-001-and-002/?edit=%2Fhome%2Fyallaadminx%2Ftheboots.me%2Fwp-includes%2Fversion.php HTTP/1.1" 200 1053 "-" "Mozilla/5.0 AppleWebKit/537.36 (KHTML, like Gecko; compatible; ClaudeBot/1.0; +claudebot@anthropic.com)"
216.73.217.89 - - [15/May/2026:08:36:44 -0400] "GET /size/33/?view=%2Fhome%2Fyallaadminx%2Ftheboots.me%2Fwp-content%2Fthemes%2Fflatsome%2Fpage-cart.php HTTP/1.1" 200 152 "-" "Mozilla/5.0 AppleWebKit/537.36 (KHTML, like Gecko; compatible; ClaudeBot/1.0; +claudebot@anthropic.com)"
216.73.217.89 - - [15/May/2026:08:36:47 -0400] "GET /size/46/feed/?file=%2Fhome%2Fyallaadminx%2Ftheboots.me%2Fwp-content%2Fthemes%2Fflatsome%2Fpage-right-sidebar.php HTTP/1.1" 200 0 "-" "Mozilla/5.0 AppleWebKit/537.36 (KHTML, like Gecko; compatible; ClaudeBot/1.0; +claudebot@anthropic.com)"
216.73.217.89 - - [15/May/2026:08:36:50 -0400] "GET /size/47/?rename=%2Fhome%2Fyallaadminx%2Ftheboots.me%2Fwp-content%2Fthemes%2Fflatsome%2Flanguages%2Fpl_PL.l10n.php HTTP/1.1" 200 1053 "-" "Mozilla/5.0 AppleWebKit/537.36 (KHTML, like Gecko; compatible; ClaudeBot/1.0; +claudebot@anthropic.com)"
216.73.217.89 - - [15/May/2026:08:36:44 -0400] "GET /size/34/feed/?edit=%2Fhome%2Fyallaadminx%2Ftheboots.me%2Fwp-content%2Fthemes%2Fflatsome%2Fwoocommerce%2Fcontent-product.php HTTP/1.1" 200 2604 "-" "Mozilla/5.0 AppleWebKit/537.36 (KHTML, like Gecko; compatible; ClaudeBot/1.0; +claudebot@anthropic.com)"
216.73.217.89 - - [15/May/2026:08:36:56 -0400] "GET /size/29/feed/?file=%2Fhome%2Fyallaadminx%2Ftheboots.me%2Fwp-content%2Fthemes%2Fflatsome%2Flanguages%2Fes_ES.mo HTTP/1.1" 200 1692 "-" "Mozilla/5.0 AppleWebKit/537.36 (KHTML, like Gecko; compatible; ClaudeBot/1.0; +claudebot@anthropic.com)"
216.73.217.89 - - [15/May/2026:08:36:56 -0400] "GET /product-category/nike/mind-001-and-002/?file=%2Fhome%2Fyallaadminx%2Ftheboots.me%2Fwp-includes%2Fclass-wp-block.php HTTP/1.1" 200 0 "-" "Mozilla/5.0 AppleWebKit/537.36 (KHTML, like Gecko; compatible; ClaudeBot/1.0; +claudebot@anthropic.com)"
216.73.217.89 - - [15/May/2026:08:36:56 -0400] "GET /size/47/%3C?edit=%2Fhome%2Fyallaadminx%2Ftheboots.me%2Fwp-content%2Fthemes%2Fflatsome%2Flanguages%2Fhe_IL.mo HTTP/1.1" 200 22973 "-" "Mozilla/5.0 AppleWebKit/537.36 (KHTML, like Gecko; compatible; ClaudeBot/1.0; +claudebot@anthropic.com)"
216.73.217.89 - - [15/May/2026:08:37:06 -0400] "GET /size/33/feed/?rename=%2Fhome%2Fyallaadminx%2Ftheboots.me%2Fwp-content%2Fthemes%2Fflatsome%2Fsearchform.php HTTP/1.1" 200 3121 "-" "Mozilla/5.0 AppleWebKit/537.36 (KHTML, like Gecko; compatible; ClaudeBot/1.0; +claudebot@anthropic.com)"
216.73.217.89 - - [15/May/2026:08:37:06 -0400] "GET /size/46/%3C?file=%2Fhome%2Fyallaadminx%2Ftheboots.me%2Fwp-content%2Fthemes%2Fflatsome%2Fpage-right-sidebar.php HTTP/1.1" 404 18285 "-" "Mozilla/5.0 AppleWebKit/537.36 (KHTML, like Gecko; compatible; ClaudeBot/1.0; +claudebot@anthropic.com)"
216.73.217.89 - - [15/May/2026:08:37:10 -0400] "GET /size/46/%3C?file=%2Fhome%2Fyallaadminx%2Ftheboots.me%2Fwp-content%2Fthemes%2Fflatsome%2Fwpml-config.xml HTTP/1.1" 404 18244 "-" "Mozilla/5.0 AppleWebKit/537.36 (KHTML, like Gecko; compatible; ClaudeBot/1.0; +claudebot@anthropic.com)"
67.223.118.104 - - [15/May/2026:08:37:14 -0400] "POST /wp-cron.php?doing_wp_cron=1778848634.3440461158752441406250 HTTP/1.1" 200 0 "-" "WordPress/6.9.4; https://theboots.me"
216.73.217.89 - - [15/May/2026:08:37:07 -0400] "GET /product/nike-mind-001-geode-teal/?file=%2Fhome%2Fyallaadminx%2Ftheboots.me%2Fwp-content%2Findex.php HTTP/1.1" 200 29234 "-" "Mozilla/5.0 AppleWebKit/537.36 (KHTML, like Gecko; compatible; ClaudeBot/1.0; +claudebot@anthropic.com)"
67.223.118.104 - - [15/May/2026:08:37:16 -0400] "POST /wp-cron.php?doing_wp_cron=1778848636.6364009380340576171875 HTTP/1.1" 200 0 "-" "WordPress/6.9.4; https://theboots.me"
216.73.217.89 - - [15/May/2026:08:37:11 -0400] "GET /product-category/nike/mind-001-and-002/?edit=%2Fhome%2Fyallaadminx%2Ftheboots.me%2Fwp-includes%2Fclass-phpmailer.php HTTP/1.1" 200 26076 "-" "Mozilla/5.0 AppleWebKit/537.36 (KHTML, like Gecko; compatible; ClaudeBot/1.0; +claudebot@anthropic.com)"
216.73.217.89 - - [15/May/2026:08:37:16 -0400] "GET /size/33/%3C?rename=%2Fhome%2Fyallaadminx%2Ftheboots.me%2Fwp-content%2Fthemes%2Fflatsome%2Flanguages%2Fpl_PL.mo HTTP/1.1" 200 19621 "-" "Mozilla/5.0 AppleWebKit/537.36 (KHTML, like Gecko; compatible; ClaudeBot/1.0; +claudebot@anthropic.com)"
216.73.217.89 - - [15/May/2026:08:37:19 -0400] "GET /product/nike-mind-001-red/?view=%2Fhome%2Fyallaadminx%2Ftheboots.me%2Fwp-content%2Fplugins%2Fextendify%2Fsrc%2FAgent%2Flib%2Fpage-tours.js HTTP/1.1" 200 341 "-" "Mozilla/5.0 AppleWebKit/537.36 (KHTML, like Gecko; compatible; ClaudeBot/1.0; +claudebot@anthropic.com)"
216.73.217.89 - - [15/May/2026:08:37:21 -0400] "GET /size/47/'.esc_url(get_the_permalink($page-%3EID)).'?edit=%2Fhome%2Fyallaadminx%2Ftheboots.me%2Fwp-content%2Fthemes%2Fflatsome%2Fpage-transparent-header-light.php HTTP/1.1" 200 1909 "-" "Mozilla/5.0 AppleWebKit/537.36 (KHTML, like Gecko; compatible; ClaudeBot/1.0; +claudebot@anthropic.com)"
216.73.217.89 - - [15/May/2026:08:37:22 -0400] "GET /product-category/nike/mind-001-and-002/?edit=%2Fhome%2Fyallaadminx%2Ftheboots.me%2Fwp-includes%2Fregistration-functions.php HTTP/1.1" 200 25925 "-" "Mozilla/5.0 AppleWebKit/537.36 (KHTML, like Gecko; compatible; ClaudeBot/1.0; +claudebot@anthropic.com)"
216.73.217.89 - - [15/May/2026:08:37:26 -0400] "GET /size/47/%3C?view=%2Fhome%2Fyallaadminx%2Ftheboots.me%2Fwp-content%2Fthemes%2Fflatsome%2Flanguages%2Ftr_TR.mo HTTP/1.1" 200 14567 "-" "Mozilla/5.0 AppleWebKit/537.36 (KHTML, like Gecko; compatible; ClaudeBot/1.0; +claudebot@anthropic.com)"
216.73.217.89 - - [15/May/2026:08:37:25 -0400] "GET /product-category/nike/mind-001-and-002/?file=%2Fhome%2Fyallaadminx%2Ftheboots.me%2Fwp-includes%2Ffeed-rss.php HTTP/1.1" 200 24351 "-" "Mozilla/5.0 AppleWebKit/537.36 (KHTML, like Gecko; compatible; ClaudeBot/1.0; +claudebot@anthropic.com)"
216.73.217.89 - - [15/May/2026:08:37:27 -0400] "GET /size/47/feed/?file=%2Fhome%2Fyallaadminx%2Ftheboots.me%2Fwp-content%2Fthemes%2Fflatsome%2Fpage-featured-items-3col.php HTTP/1.1" 200 2049 "-" "Mozilla/5.0 AppleWebKit/537.36 (KHTML, like Gecko; compatible; ClaudeBot/1.0; +claudebot@anthropic.com)"
216.73.217.89 - - [15/May/2026:08:37:28 -0400] "GET /size/29/feed/?rename=%2Fhome%2Fyallaadminx%2Ftheboots.me%2Fwp-content%2Fthemes%2Fflatsome%2Flanguages%2Fel.l10n.php HTTP/1.1" 200 3081 "-" "Mozilla/5.0 AppleWebKit/537.36 (KHTML, like Gecko; compatible; ClaudeBot/1.0; +claudebot@anthropic.com)"
216.73.217.89 - - [15/May/2026:08:37:29 -0400] "GET /product-category/nike/mind-001-and-002/?file=%2Fhome%2Fyallaadminx%2Ftheboots.me%2Fwp-includes%2Fclass-wp-phpmailer.php HTTP/1.1" 200 24407 "-" "Mozilla/5.0 AppleWebKit/537.36 (KHTML, like Gecko; compatible; ClaudeBot/1.0; +claudebot@anthropic.com)"
216.73.217.89 - - [15/May/2026:08:37:30 -0400] "GET /product-category/nike/mind-001-and-002/?rename=%2Fhome%2Fyallaadminx%2Ftheboots.me%2Fwp-includes%2Fclass-wp-post.php HTTP/1.1" 200 25779 "-" "Mozilla/5.0 AppleWebKit/537.36 (KHTML, like Gecko; compatible; ClaudeBot/1.0; +claudebot@anthropic.com)"
216.73.217.89 - - [15/May/2026:08:37:31 -0400] "GET /size/47/%3C?file=%2Fhome%2Fyallaadminx%2Ftheboots.me%2Fwp-content%2Fthemes%2Fflatsome%2Flanguages%2Fja.mo HTTP/1.1" 404 18285 "-" "Mozilla/5.0 AppleWebKit/537.36 (KHTML, like Gecko; compatible; ClaudeBot/1.0; +claudebot@anthropic.com)"
216.73.217.89 - - [15/May/2026:08:37:32 -0400] "GET /size/31/%3C?file=%2Fhome%2Fyallaadminx%2Ftheboots.me%2Fwp-content%2Fthemes%2Fflatsome%2Flanguages%2Fcs_CZ.mo HTTP/1.1" 404 18237 "-" "Mozilla/5.0 AppleWebKit/537.36 (KHTML, like Gecko; compatible; ClaudeBot/1.0; +claudebot@anthropic.com)"
216.73.217.89 - - [15/May/2026:08:37:32 -0400] "GET /size/47/feed/?rename=%2Fhome%2Fyallaadminx%2Ftheboots.me%2Fwp-content%2Fthemes%2Fflatsome%2Fpage-left-sidebar.php HTTP/1.1" 200 3411 "-" "Mozilla/5.0 AppleWebKit/537.36 (KHTML, like Gecko; compatible; ClaudeBot/1.0; +claudebot@anthropic.com)"
216.73.217.89 - - [15/May/2026:08:37:33 -0400] "GET /size/33/feed/?edit=%2Fhome%2Fyallaadminx%2Ftheboots.me%2Fwp-content%2Fthemes%2Fflatsome%2Flanguages%2Ffr_FR.po HTTP/1.1" 200 18844 "-" "Mozilla/5.0 AppleWebKit/537.36 (KHTML, like Gecko; compatible; ClaudeBot/1.0; +claudebot@anthropic.com)"
216.73.217.89 - - [15/May/2026:08:37:33 -0400] "GET /size/30/feed/?view=%2Fhome%2Fyallaadminx%2Ftheboots.me%2Fwp-content%2Fthemes%2Fflatsome%2Fwoocommerce%2Fcontent-product-cat.php HTTP/1.1" 200 1056 "-" "Mozilla/5.0 AppleWebKit/537.36 (KHTML, like Gecko; compatible; ClaudeBot/1.0; +claudebot@anthropic.com)"
216.73.217.89 - - [15/May/2026:08:37:34 -0400] "GET /size/32/feed/?file=%2Fhome%2Fyallaadminx%2Ftheboots.me%2Fwp-content%2Fthemes%2Fflatsome%2Farchive-featured_item.php HTTP/1.1" 200 1750 "-" "Mozilla/5.0 AppleWebKit/537.36 (KHTML, like Gecko; compatible; ClaudeBot/1.0; +claudebot@anthropic.com)"
216.73.217.89 - - [15/May/2026:08:37:35 -0400] "GET /size/35/feed/?view=%2Fhome%2Fyallaadminx%2Ftheboots.me%2Fwp-content%2Fthemes%2Fflatsome%2Farchive-featured_item.php HTTP/1.1" 200 189 "-" "Mozilla/5.0 AppleWebKit/537.36 (KHTML, like Gecko; compatible; ClaudeBot/1.0; +claudebot@anthropic.com)"
216.73.217.89 - - [15/May/2026:08:37:34 -0400] "GET /product-category/nike/mind-001-and-002/?file=%2Fhome%2Fyallaadminx%2Ftheboots.me%2Fwp-includes%2Fms-settings.php HTTP/1.1" 200 24372 "-" "Mozilla/5.0 AppleWebKit/537.36 (KHTML, like Gecko; compatible; ClaudeBot/1.0; +claudebot@anthropic.com)"
216.73.217.89 - - [15/May/2026:08:37:36 -0400] "GET /size/30/feed/?view=%2Fhome%2Fyallaadminx%2Ftheboots.me%2Fwp-content%2Fthemes%2Fflatsome%2Flanguages%2Fde_DE.mo HTTP/1.1" 200 13444 "-" "Mozilla/5.0 AppleWebKit/537.36 (KHTML, like Gecko; compatible; ClaudeBot/1.0; +claudebot@anthropic.com)"
216.73.217.89 - - [15/May/2026:08:37:36 -0400] "GET /size/35/feed/?file=%2Fhome%2Fyallaadminx%2Ftheboots.me%2Fwp-content%2Fthemes%2Fflatsome HTTP/1.1" 200 3132 "-" "Mozilla/5.0 AppleWebKit/537.36 (KHTML, like Gecko; compatible; ClaudeBot/1.0; +claudebot@anthropic.com)"
216.73.217.89 - - [15/May/2026:08:37:36 -0400] "GET /size/35/feed/?edit=%2Fhome%2Fyallaadminx%2Ftheboots.me%2Fwp-content%2Fthemes%2Fflatsome%2Flanguages%2Fro_RO.po HTTP/1.1" 200 13171 "-" "Mozilla/5.0 AppleWebKit/537.36 (KHTML, like Gecko; compatible; ClaudeBot/1.0; +claudebot@anthropic.com)"
66.249.74.34 - - [15/May/2026:08:37:37 -0400] "GET /size/42/page/21/?file=/home/yallaadminx/theboots.me/wp-content/themes/flatsome/inc/extensions/flatsome-infinite-scroll HTTP/1.1" 301 406 "-" "Mozilla/5.0 (Linux; Android 6.0.1; Nexus 5X Build/MMB29P) AppleWebKit/537.36 (KHTML, like Gecko) Chrome/148.0.7778.96 Mobile Safari/537.36 (compatible; Googlebot/2.1; +http://www.google.com/bot.html)"
216.73.217.89 - - [15/May/2026:08:37:37 -0400] "GET /size/30/feed/?file=%2Fhome%2Fyallaadminx%2Ftheboots.me%2Fwp-content%2Fthemes%2Fflatsome%2Fpage-blank-featured.php HTTP/1.1" 200 1746 "-" "Mozilla/5.0 AppleWebKit/537.36 (KHTML, like Gecko; compatible; ClaudeBot/1.0; +claudebot@anthropic.com)"
216.73.217.89 - - [15/May/2026:08:37:37 -0400] "GET /product/nike-mind-001-geode-teal/?rename=%2Fhome%2Fyallaadminx%2Ftheboots.me%2Fwp-content%2Fthemes%2Fflatsome%2Finc%2Fintegrations%2Fwp-rocket%2Fwp-rocket.php HTTP/1.1" 200 30588 "-" "Mozilla/5.0 AppleWebKit/537.36 (KHTML, like Gecko; compatible; ClaudeBot/1.0; +claudebot@anthropic.com)"
216.73.217.89 - - [15/May/2026:08:37:37 -0400] "GET /product-category/nike/mind-001-and-002/?file=%2Fhome%2Fyallaadminx%2Ftheboots.me%2Fwp-includes%2Frobots-template.php HTTP/1.1" 200 24403 "-" "Mozilla/5.0 AppleWebKit/537.36 (KHTML, like Gecko; compatible; ClaudeBot/1.0; +claudebot@anthropic.com)"
216.73.217.89 - - [15/May/2026:08:37:40 -0400] "GET /size/33/%3C?file=%2Fhome%2Fyallaadminx%2Ftheboots.me%2Fwp-content%2Fthemes%2Fflatsome%2Flanguages%2Fpt_BR.l10n.php HTTP/1.1" 404 18255 "-" "Mozilla/5.0 AppleWebKit/537.36 (KHTML, like Gecko; compatible; ClaudeBot/1.0; +claudebot@anthropic.com)"
216.73.217.89 - - [15/May/2026:08:37:43 -0400] "GET /product/nike-mind-001-red/whatsapp:/%3C?view=%2Fhome%2Fyallaadminx%2Ftheboots.me%2Fwp-content%2Fthemes%2Fflatsome%2Fcomments.php HTTP/1.1" 200 987 "-" "Mozilla/5.0 AppleWebKit/537.36 (KHTML, like Gecko; compatible; ClaudeBot/1.0; +claudebot@anthropic.com)"
216.73.217.89 - - [15/May/2026:08:37:44 -0400] "GET /size/31/%3C?view=%2Fhome%2Fyallaadminx%2Ftheboots.me%2Fwp-content%2Fthemes%2Fflatsome%2Flanguages%2Ffr_FR.mo HTTP/1.1" 200 13196 "-" "Mozilla/5.0 AppleWebKit/537.36 (KHTML, like Gecko; compatible; ClaudeBot/1.0; +claudebot@anthropic.com)"
66.249.74.36 - - [15/May/2026:08:37:39 -0400] "GET /size/42/page/21/?file=%2Fhome%2Fyallaadminx%2Ftheboots.me%2Fwp-content%2Fthemes%2Fflatsome%2Finc%2Fextensions%2Fflatsome-infinite-scroll HTTP/1.1" 200 26203 "-" "Mozilla/5.0 (Linux; Android 6.0.1; Nexus 5X Build/MMB29P) AppleWebKit/537.36 (KHTML, like Gecko) Chrome/148.0.7778.96 Mobile Safari/537.36 (compatible; Googlebot/2.1; +http://www.google.com/bot.html)"
216.73.217.89 - - [15/May/2026:08:37:43 -0400] "GET /size/34/%3C?rename=%2Fhome%2Fyallaadminx%2Ftheboots.me%2Fwp-content%2Fthemes%2Fflatsome%2Fstyle.css HTTP/1.1" 200 19635 "-" "Mozilla/5.0 AppleWebKit/537.36 (KHTML, like Gecko; compatible; ClaudeBot/1.0; +claudebot@anthropic.com)"
216.73.217.89 - - [15/May/2026:08:37:44 -0400] "GET /size/33/%3C?rename=%2Fhome%2Fyallaadminx%2Ftheboots.me%2Fwp-content%2Fthemes%2Fflatsome%2Fpage-checkout.php HTTP/1.1" 200 19629 "-" "Mozilla/5.0 AppleWebKit/537.36 (KHTML, like Gecko; compatible; ClaudeBot/1.0; +claudebot@anthropic.com)"
216.73.217.89 - - [15/May/2026:08:37:44 -0400] "GET /size/31/%3C?rename=%2Fhome%2Fyallaadminx%2Ftheboots.me%2Fwp-content%2Fthemes%2Fflatsome%2Fpage-left-sidebar.php HTTP/1.1" 200 19666 "-" "Mozilla/5.0 AppleWebKit/537.36 (KHTML, like Gecko; compatible; ClaudeBot/1.0; +claudebot@anthropic.com)"
216.73.217.89 - - [15/May/2026:08:37:47 -0400] "GET /size/33/%3C?file=%2Fhome%2Fyallaadminx%2Ftheboots.me%2Fwp-content%2Fthemes%2Fflatsome%2Flanguages%2Fro_RO.mo HTTP/1.1" 404 18236 "-" "Mozilla/5.0 AppleWebKit/537.36 (KHTML, like Gecko; compatible; ClaudeBot/1.0; +claudebot@anthropic.com)"
216.73.217.89 - - [15/May/2026:08:37:45 -0400] "GET /product/nike-mind-001-red/?file=%2Fhome%2Fyallaadminx%2Ftheboots.me%2Fwp-content%2Fthemes%2Fflatsome%2Finc%2Fhelpers%2Fhelpers-shortcode.php HTTP/1.1" 200 29445 "-" "Mozilla/5.0 AppleWebKit/537.36 (KHTML, like Gecko; compatible; ClaudeBot/1.0; +claudebot@anthropic.com)"
216.73.217.89 - - [15/May/2026:08:37:49 -0400] "GET /product-category/nike/mind-001-and-002/?view=%2Fhome%2Fyallaadminx%2Ftheboots.me%2Fwp-includes%2Fcompat-utf8.php HTTP/1.1" 200 5570 "-" "Mozilla/5.0 AppleWebKit/537.36 (KHTML, like Gecko; compatible; ClaudeBot/1.0; +claudebot@anthropic.com)"
216.73.217.89 - - [15/May/2026:08:37:46 -0400] "GET /product/nike-mind-001-solar-red/?rename=%2Fhome%2Fyallaadminx%2Ftheboots.me%2Fwp-content%2Fplugins%2Fnextend-facebook-connect%2Fincludes%2Fexceptions.php HTTP/1.1" 200 30872 "-" "Mozilla/5.0 AppleWebKit/537.36 (KHTML, like Gecko; compatible; ClaudeBot/1.0; +claudebot@anthropic.com)"
216.73.217.89 - - [15/May/2026:08:37:48 -0400] "GET /size/35/feed/?edit=%2Fhome%2Fyallaadminx%2Ftheboots.me%2Fwp-content%2Fthemes%2Fflatsome%2Flanguages%2Fde_DE_formal.l10n.php HTTP/1.1" 200 14510 "-" "Mozilla/5.0 AppleWebKit/537.36 (KHTML, like Gecko; compatible; ClaudeBot/1.0; +claudebot@anthropic.com)"
216.73.217.89 - - [15/May/2026:08:37:49 -0400] "GET /size/31/%3C?file=%2Fhome%2Fyallaadminx%2Ftheboots.me%2Fwp-content%2Fthemes%2Fflatsome%2Frtl.css HTTP/1.1" 404 18203 "-" "Mozilla/5.0 AppleWebKit/537.36 (KHTML, like Gecko; compatible; ClaudeBot/1.0; +claudebot@anthropic.com)"
216.73.217.89 - - [15/May/2026:08:37:50 -0400] "GET /size/47/?view=%2Fhome%2Fyallaadminx%2Ftheboots.me%2Fwp-content%2Fthemes%2Fflatsome%2Flanguages%2Far.mo HTTP/1.1" 200 14984 "-" "Mozilla/5.0 AppleWebKit/537.36 (KHTML, like Gecko; compatible; ClaudeBot/1.0; +claudebot@anthropic.com)"
216.73.217.89 - - [15/May/2026:08:37:50 -0400] "GET /size/33/%3C?edit=%2Fhome%2Fyallaadminx%2Ftheboots.me%2Fwp-content%2Fthemes%2Fflatsome%2Fpage-cart.php HTTP/1.1" 200 19781 "-" "Mozilla/5.0 AppleWebKit/537.36 (KHTML, like Gecko; compatible; ClaudeBot/1.0; +claudebot@anthropic.com)"
216.73.217.89 - - [15/May/2026:08:37:51 -0400] "GET /size/47/'.esc_url(get_the_permalink($page-%3EID)).'?view=%2Fhome%2Fyallaadminx%2Ftheboots.me%2Fwp-content%2Fthemes%2Fflatsome%2Fpage.php HTTP/1.1" 200 508 "-" "Mozilla/5.0 AppleWebKit/537.36 (KHTML, like Gecko; compatible; ClaudeBot/1.0; +claudebot@anthropic.com)"
216.73.217.89 - - [15/May/2026:08:37:51 -0400] "GET /size/30/feed/?rename=%2Fhome%2Fyallaadminx%2Ftheboots.me%2Fwp-content%2Fthemes%2Fflatsome%2Findex.php HTTP/1.1" 200 3115 "-" "Mozilla/5.0 AppleWebKit/537.36 (KHTML, like Gecko; compatible; ClaudeBot/1.0; +claudebot@anthropic.com)"
216.73.217.89 - - [15/May/2026:08:37:52 -0400] "GET /size/29/%3C?view=%2Fhome%2Fyallaadminx%2Ftheboots.me%2Fwp-content%2Fthemes%2Fflatsome%2Fpage-single-page-nav.php HTTP/1.1" 200 284 "-" "Mozilla/5.0 AppleWebKit/537.36 (KHTML, like Gecko; compatible; ClaudeBot/1.0; +claudebot@anthropic.com)"
216.73.217.89 - - [15/May/2026:08:37:51 -0400] "GET /size/30/feed/?edit=%2Fhome%2Fyallaadminx%2Ftheboots.me%2Fwp-content%2Fthemes%2Fflatsome%2Farchive-featured_item.php HTTP/1.1" 200 3290 "-" "Mozilla/5.0 AppleWebKit/537.36 (KHTML, like Gecko; compatible; ClaudeBot/1.0; +claudebot@anthropic.com)"
216.73.217.89 - - [15/May/2026:08:37:50 -0400] "GET /size/47/?edit=%2Fhome%2Fyallaadminx%2Ftheboots.me%2Fwp-content%2Fthemes%2Fflatsome%2Flanguages%2Fro_RO.po HTTP/1.1" 200 34722 "-" "Mozilla/5.0 AppleWebKit/537.36 (KHTML, like Gecko; compatible; ClaudeBot/1.0; +claudebot@anthropic.com)"
216.73.217.89 - - [15/May/2026:08:37:52 -0400] "GET /size/35/feed/?file=%2Fhome%2Fyallaadminx%2Ftheboots.me%2Fwp-content%2Fthemes%2Fflatsome%2Flanguages%2Fde_DE.l10n.php HTTP/1.1" 200 1854 "-" "Mozilla/5.0 AppleWebKit/537.36 (KHTML, like Gecko; compatible; ClaudeBot/1.0; +claudebot@anthropic.com)"
216.73.217.89 - - [15/May/2026:08:37:54 -0400] "GET /size/33/feed/?view=%2Fhome%2Fyallaadminx%2Ftheboots.me%2Fwp-content%2Fthemes%2Fflatsome%2Flanguages%2Fes_AR.mo HTTP/1.1" 200 5270 "-" "Mozilla/5.0 AppleWebKit/537.36 (KHTML, like Gecko; compatible; ClaudeBot/1.0; +claudebot@anthropic.com)"
216.73.217.89 - - [15/May/2026:08:37:52 -0400] "GET /size/31/%3C?file=%2Fhome%2Fyallaadminx%2Ftheboots.me%2Fwp-content%2Fthemes%2Fflatsome%2Flanguages%2Fda_DK.l10n.php HTTP/1.1" 404 18253 "-" "Mozilla/5.0 AppleWebKit/537.36 (KHTML, like Gecko; compatible; ClaudeBot/1.0; +claudebot@anthropic.com)"
216.73.217.89 - - [15/May/2026:08:37:54 -0400] "GET /size/47/feed/?rename=%2Fhome%2Fyallaadminx%2Ftheboots.me%2Fwp-content%2Fthemes%2Fflatsome%2Fpage.php HTTP/1.1" 200 3407 "-" "Mozilla/5.0 AppleWebKit/537.36 (KHTML, like Gecko; compatible; ClaudeBot/1.0; +claudebot@anthropic.com)"
216.73.217.89 - - [15/May/2026:08:37:53 -0400] "GET /product-category/nike/mind-001-and-002/?edit=%2Fhome%2Fyallaadminx%2Ftheboots.me%2Fwp-includes%2Fabilities.php HTTP/1.1" 200 27714 "-" "Mozilla/5.0 AppleWebKit/537.36 (KHTML, like Gecko; compatible; ClaudeBot/1.0; +claudebot@anthropic.com)"
216.73.217.89 - - [15/May/2026:08:37:54 -0400] "GET /product-category/nike/mind-001-and-002/?file=%2Fhome%2Fyallaadminx%2Ftheboots.me%2Fwp-includes%2Fclass-simplepie.php HTTP/1.1" 200 24397 "-" "Mozilla/5.0 AppleWebKit/537.36 (KHTML, like Gecko; compatible; ClaudeBot/1.0; +claudebot@anthropic.com)"
216.73.217.89 - - [15/May/2026:08:37:56 -0400] "GET /size/32/feed/?file=%2Fhome%2Fyallaadminx%2Ftheboots.me%2Fwp-content%2Fthemes%2Fflatsome%2Fpage-featured-items-4col.php HTTP/1.1" 200 1748 "-" "Mozilla/5.0 AppleWebKit/537.36 (KHTML, like Gecko; compatible; ClaudeBot/1.0; +claudebot@anthropic.com)"
216.73.217.89 - - [15/May/2026:08:37:54 -0400] "GET /product/nike-mind-001-solar-red/?file=%2Fhome%2Fyallaadminx%2Ftheboots.me%2Fwp-content%2Fplugins%2Fcookieadmin-pro%2Flanguages%2Fcookieadmin-tr_TR.po HTTP/1.1" 200 29503 "-" "Mozilla/5.0 AppleWebKit/537.36 (KHTML, like Gecko; compatible; ClaudeBot/1.0; +claudebot@anthropic.com)"
