216.73.217.89 - - [15/May/2026:08:14:47 -0400] "GET /product/nike-mind-001-solar-red/?edit=%2Fhome%2Fyallaadminx%2Ftheboots.me%2Fwp-content%2Fthemes%2Fflatsome%2Fwoocommerce%2Fmyaccount%2Fnavigation.php HTTP/1.1" 200 31234 "-" "Mozilla/5.0 AppleWebKit/537.36 (KHTML, like Gecko; compatible; ClaudeBot/1.0; +claudebot@anthropic.com)"
216.73.217.89 - - [15/May/2026:08:14:47 -0400] "GET /product/nike-mind-001-black-chrome/?file=%2Fhome%2Fyallaadminx%2Ftheboots.me%2Fwp-content%2Fthemes%2Fflatsome%2Finc%2Fbuilder%2Ffilters.php HTTP/1.1" 200 30560 "-" "Mozilla/5.0 AppleWebKit/537.36 (KHTML, like Gecko; compatible; ClaudeBot/1.0; +claudebot@anthropic.com)"
216.73.217.89 - - [15/May/2026:08:14:50 -0400] "GET /product/nike-mind-001-mule-light-bone/?view=%2Fhome%2Fyallaadminx%2Ftheboots.me%2Fwp-content%2Fthemes%2Fflatsome%2Flanguages%2Ffr_FR.po HTTP/1.1" 200 14996 "-" "Mozilla/5.0 AppleWebKit/537.36 (KHTML, like Gecko; compatible; ClaudeBot/1.0; +claudebot@anthropic.com)"
67.223.118.104 - - [15/May/2026:08:14:51 -0400] "POST /wp-cron.php?doing_wp_cron=1778847291.2394649982452392578125 HTTP/1.1" 200 0 "-" "WordPress/6.9.4; https://theboots.me"
216.73.217.89 - - [15/May/2026:08:14:49 -0400] "GET /product/nike-mind-001-mule-light-bone/%3C?file=%2Fhome%2Fyallaadminx%2Ftheboots.me%2Fwp-content%2Fthemes%2Fflatsome%2Flanguages%2Fes_AR.l10n.php HTTP/1.1" 404 18261 "-" "Mozilla/5.0 AppleWebKit/537.36 (KHTML, like Gecko; compatible; ClaudeBot/1.0; +claudebot@anthropic.com)"
216.73.217.89 - - [15/May/2026:08:14:50 -0400] "GET /product/nike-mind-001-red/%3C?edit=%2Fhome%2Fyallaadminx%2Ftheboots.me%2Fwp-content%2Fthemes%2Fflatsome%2Flanguages%2Fes_AR.l10n.php HTTP/1.1" 200 23788 "-" "Mozilla/5.0 AppleWebKit/537.36 (KHTML, like Gecko; compatible; ClaudeBot/1.0; +claudebot@anthropic.com)"
216.73.217.89 - - [15/May/2026:08:14:51 -0400] "GET /product/nike-mind-001-fragment-black/%3C?file=%2Fhome%2Fyallaadminx%2Ftheboots.me%2Fwp-content%2Fthemes%2Fflatsome%2Ffunctions.php HTTP/1.1" 404 18277 "-" "Mozilla/5.0 AppleWebKit/537.36 (KHTML, like Gecko; compatible; ClaudeBot/1.0; +claudebot@anthropic.com)"
216.73.217.89 - - [15/May/2026:08:14:51 -0400] "GET /product/nike-mind-001-pearl-pink/whatsapp:/send?file=%2Fhome%2Fyallaadminx%2Ftheboots.me%2Fwp-content%2Fthemes%2Fflatsome%2Flanguages%2Ffa_IR.l10n.php HTTP/1.1" 404 18250 "-" "Mozilla/5.0 AppleWebKit/537.36 (KHTML, like Gecko; compatible; ClaudeBot/1.0; +claudebot@anthropic.com)"
216.73.217.89 - - [15/May/2026:08:14:53 -0400] "GET /product-category/nike/mind-001-and-002//%22?view=%2Fhome%2Fyallaadminx%2Ftheboots.me%2Fwp-content%2Fthemes%2Fflatsome%2Fimage.php HTTP/1.1" 200 1751 "-" "Mozilla/5.0 AppleWebKit/537.36 (KHTML, like Gecko; compatible; ClaudeBot/1.0; +claudebot@anthropic.com)"
216.73.217.89 - - [15/May/2026:08:14:54 -0400] "GET /product/nike-mind-001-light-smoke-grey/feed/?view=%2Fhome%2Fyallaadminx%2Ftheboots.me%2Fwp-content%2Fthemes%2Fflatsome%2Fsidebar.php HTTP/1.1" 200 234 "-" "Mozilla/5.0 AppleWebKit/537.36 (KHTML, like Gecko; compatible; ClaudeBot/1.0; +claudebot@anthropic.com)"
216.73.217.89 - - [15/May/2026:08:14:55 -0400] "GET /product/nike-mind-001-mule-light-bone/feed/?view=%2Fhome%2Fyallaadminx%2Ftheboots.me%2Fwp-content%2Fthemes%2Fflatsome%2Fpage-blank-featured.php HTTP/1.1" 200 587 "-" "Mozilla/5.0 AppleWebKit/537.36 (KHTML, like Gecko; compatible; ClaudeBot/1.0; +claudebot@anthropic.com)"
216.73.217.89 - - [15/May/2026:08:14:51 -0400] "GET /product/nike-mind-001-mule-light-bone/?file=%2Fhome%2Fyallaadminx%2Ftheboots.me%2Fwp-content%2Fthemes%2Fflatsome%2Flanguages%2Fnl_NL.mo HTTP/1.1" 200 30467 "-" "Mozilla/5.0 AppleWebKit/537.36 (KHTML, like Gecko; compatible; ClaudeBot/1.0; +claudebot@anthropic.com)"
216.73.217.89 - - [15/May/2026:08:14:53 -0400] "GET /product/nike-mind-001-fragment-black/?edit=%2Fhome%2Fyallaadminx%2Ftheboots.me%2Fwp-content%2Fthemes%2Fflatsome%2Finc%2Fshortcodes%2Fux_menu_link.php HTTP/1.1" 200 32124 "-" "Mozilla/5.0 AppleWebKit/537.36 (KHTML, like Gecko; compatible; ClaudeBot/1.0; +claudebot@anthropic.com)"
216.73.217.89 - - [15/May/2026:08:14:59 -0400] "GET /product/nike-mind-001-solar-red/?view=%2Fhome%2Fyallaadminx%2Ftheboots.me%2Fwp-content%2Fthemes%2Fflatsome%2Fwpml-config.xml HTTP/1.1" 200 1481 "-" "Mozilla/5.0 AppleWebKit/537.36 (KHTML, like Gecko; compatible; ClaudeBot/1.0; +claudebot@anthropic.com)"
216.73.217.89 - - [15/May/2026:08:15:00 -0400] "GET /product/nike-mind-001-mule-light-bone/feed/?view=%2Fhome%2Fyallaadminx%2Ftheboots.me%2Fwp-content%2Fthemes%2Fflatsome%2Flanguages%2Fit_IT.mo HTTP/1.1" 200 13852 "-" "Mozilla/5.0 AppleWebKit/537.36 (KHTML, like Gecko; compatible; ClaudeBot/1.0; +claudebot@anthropic.com)"
216.73.217.89 - - [15/May/2026:08:14:56 -0400] "GET /product/nike-mind-001-mule-light-bone/?file=%2Fhome%2Fyallaadminx%2Ftheboots.me%2Fwp-content%2Fthemes%2Fflatsome%2Finc HTTP/1.1" 200 30589 "-" "Mozilla/5.0 AppleWebKit/537.36 (KHTML, like Gecko; compatible; ClaudeBot/1.0; +claudebot@anthropic.com)"
216.73.217.89 - - [15/May/2026:08:14:56 -0400] "GET /product/nike-mind-001-fragment-black/?edit=%2Fhome%2Fyallaadminx%2Ftheboots.me%2Fwp-content%2Fthemes%2Fflatsome%2Fsidebar.php HTTP/1.1" 200 30868 "-" "Mozilla/5.0 AppleWebKit/537.36 (KHTML, like Gecko; compatible; ClaudeBot/1.0; +claudebot@anthropic.com)"
216.73.217.89 - - [15/May/2026:08:15:01 -0400] "GET /product/nike-mind-001-pregame-mules-blackened-blue/'.get_site_url().'/wp-admin/widgets.php?view=%2Fhome%2Fyallaadminx%2Ftheboots.me%2Fwp-content%2Fthemes%2Fflatsome%2Frtl.css HTTP/1.1" 200 27 "-" "Mozilla/5.0 AppleWebKit/537.36 (KHTML, like Gecko; compatible; ClaudeBot/1.0; +claudebot@anthropic.com)"
216.73.217.89 - - [15/May/2026:08:15:01 -0400] "GET /product/nike-mind-001-red/%3C?file=%2Fhome%2Fyallaadminx%2Ftheboots.me%2Fwp-content%2Fthemes%2Fflatsome%2Flanguages%2Fcs_CZ.l10n.php HTTP/1.1" 404 18247 "-" "Mozilla/5.0 AppleWebKit/537.36 (KHTML, like Gecko; compatible; ClaudeBot/1.0; +claudebot@anthropic.com)"
216.73.217.89 - - [15/May/2026:08:15:02 -0400] "GET /product/nike-mind-001-red/feed/?edit=%2Fhome%2Fyallaadminx%2Ftheboots.me%2Fwp-content%2Fthemes%2Fflatsome%2Flanguages%2Fen_US.l10n.php HTTP/1.1" 200 2906 "-" "Mozilla/5.0 AppleWebKit/537.36 (KHTML, like Gecko; compatible; ClaudeBot/1.0; +claudebot@anthropic.com)"
216.73.217.89 - - [15/May/2026:08:15:01 -0400] "GET /product/nike-mind-001-mule-light-bone/%3C?rename=%2Fhome%2Fyallaadminx%2Ftheboots.me%2Fwp-content%2Fthemes%2Fflatsome%2Flanguages%2Fhe_IL.l10n.php HTTP/1.1" 200 19649 "-" "Mozilla/5.0 AppleWebKit/537.36 (KHTML, like Gecko; compatible; ClaudeBot/1.0; +claudebot@anthropic.com)"
216.73.217.89 - - [15/May/2026:08:15:03 -0400] "GET /product/nike-mind-001-light-smoke-grey/whatsapp:/%3C?edit=%2Fhome%2Fyallaadminx%2Ftheboots.me%2Fwp-content%2Fthemes%2Fflatsome%2Flanguages%2Fvi.l10n.php HTTP/1.1" 200 32057 "-" "Mozilla/5.0 AppleWebKit/537.36 (KHTML, like Gecko; compatible; ClaudeBot/1.0; +claudebot@anthropic.com)"
216.73.217.89 - - [15/May/2026:08:15:03 -0400] "GET /product/nike-mind-001-geode-teal/feed/?edit=%2Fhome%2Fyallaadminx%2Ftheboots.me%2Fwp-content%2Fthemes%2Fflatsome%2Flanguages%2Fro_RO.mo HTTP/1.1" 200 3152 "-" "Mozilla/5.0 AppleWebKit/537.36 (KHTML, like Gecko; compatible; ClaudeBot/1.0; +claudebot@anthropic.com)"
216.73.217.89 - - [15/May/2026:08:15:06 -0400] "GET /product-category/nike/mind-001-and-002//%22?rename=%2Fhome%2Fyallaadminx%2Ftheboots.me%2Fwp-content%2Fthemes%2Fflatsome%2Ffunctions.php HTTP/1.1" 200 1591 "-" "Mozilla/5.0 AppleWebKit/537.36 (KHTML, like Gecko; compatible; ClaudeBot/1.0; +claudebot@anthropic.com)"
216.73.217.89 - - [15/May/2026:08:15:05 -0400] "GET /product/nike-mind-001-mule-light-bone/%3C?rename=%2Fhome%2Fyallaadminx%2Ftheboots.me%2Fwp-content%2Fthemes%2Fflatsome%2Flanguages%2Ftr_TR.l10n.php HTTP/1.1" 200 19649 "-" "Mozilla/5.0 AppleWebKit/537.36 (KHTML, like Gecko; compatible; ClaudeBot/1.0; +claudebot@anthropic.com)"
216.73.217.89 - - [15/May/2026:08:15:04 -0400] "GET /product/nike-mind-001-pearl-pink/?view=%27.%24file.%27 HTTP/1.1" 200 30395 "-" "Mozilla/5.0 AppleWebKit/537.36 (KHTML, like Gecko; compatible; ClaudeBot/1.0; +claudebot@anthropic.com)"
216.73.217.89 - - [15/May/2026:08:15:08 -0400] "GET /product/nike-mind-001-fragment-black/'%20.%20esc_url(%20$link_href%20)%20.%20'?view=%2Fhome%2Fyallaadminx%2Ftheboots.me%2Fwp-content%2Fthemes%2Fflatsome%2Fimage.php HTTP/1.1" 200 1751 "-" "Mozilla/5.0 AppleWebKit/537.36 (KHTML, like Gecko; compatible; ClaudeBot/1.0; +claudebot@anthropic.com)"
216.73.217.89 - - [15/May/2026:08:15:08 -0400] "GET /product/nike-mind-001-fragment-black/feed//%22?view=%2Fhome%2Fyallaadminx%2Ftheboots.me%2Fwp-content%2Fthemes%2Fflatsome%2Fpage-blank-title-center.php HTTP/1.1" 200 404 "-" "Mozilla/5.0 AppleWebKit/537.36 (KHTML, like Gecko; compatible; ClaudeBot/1.0; +claudebot@anthropic.com)"
67.223.118.104 - - [15/May/2026:08:15:09 -0400] "POST /wp-cron.php?doing_wp_cron=1778847309.5469899177551269531250 HTTP/1.1" 200 0 "-" "WordPress/6.9.4; https://theboots.me"
216.73.217.89 - - [15/May/2026:08:15:08 -0400] "GET /product/nike-mind-001-pearl-pink/'%20.%20esc_url(%20get_permalink()%20)%20.%20'?file=%2Fhome%2Fyallaadminx%2Ftheboots.me%2Fwp-content%2Fthemes%2Fflatsome%2Fwoocommerce%2Fcontent-widget-product.php HTTP/1.1" 301 248 "-" "Mozilla/5.0 AppleWebKit/537.36 (KHTML, like Gecko; compatible; ClaudeBot/1.0; +claudebot@anthropic.com)"
216.73.217.89 - - [15/May/2026:08:15:08 -0400] "GET /product/nike-mind-001-light-smoke-grey/whatsapp:/'%20.%20esc_url(%20$account_page_url%20)%20.%20'?file=%2Fhome%2Fyallaadminx%2Ftheboots.me%2Fwp-content%2Fthemes%2Fflatsome%2Fsidebar.php HTTP/1.1" 301 234 "-" "Mozilla/5.0 AppleWebKit/537.36 (KHTML, like Gecko; compatible; ClaudeBot/1.0; +claudebot@anthropic.com)"
216.73.217.89 - - [15/May/2026:08:15:09 -0400] "GET /product/nike-mind-001-light-smoke-grey/%3C?view=%2Fhome%2Fyallaadminx%2Ftheboots.me%2Fwp-content%2Fthemes%2Fflatsome%2Flanguages%2Fvi.po HTTP/1.1" 200 15934 "-" "Mozilla/5.0 AppleWebKit/537.36 (KHTML, like Gecko; compatible; ClaudeBot/1.0; +claudebot@anthropic.com)"
216.73.217.89 - - [15/May/2026:08:15:09 -0400] "GET /product/nike-mind-001-pearl-pink/%20.%20esc_url(%20get_permalink()%20)%20.%20?file=%2Fhome%2Fyallaadminx%2Ftheboots.me%2Fwp-content%2Fthemes%2Fflatsome%2Fwoocommerce%2Fcontent-widget-product.php HTTP/1.1" 301 248 "https://theboots.me/product/nike-mind-001-pearl-pink/'%20.%20esc_url(%20get_permalink()%20)%20.%20'?file=%2Fhome%2Fyallaadminx%2Ftheboots.me%2Fwp-content%2Fthemes%2Fflatsome%2Fwoocommerce%2Fcontent-widget-product.php" "Mozilla/5.0 AppleWebKit/537.36 (KHTML, like Gecko; compatible; ClaudeBot/1.0; +claudebot@anthropic.com)"
216.73.217.89 - - [15/May/2026:08:15:09 -0400] "GET /product/nike-mind-001-light-smoke-grey/whatsapp:/%20.%20esc_url(%20account_page_url%20)%20.%20?file=%2Fhome%2Fyallaadminx%2Ftheboots.me%2Fwp-content%2Fthemes%2Fflatsome%2Fsidebar.php HTTP/1.1" 301 234 "https://theboots.me/product/nike-mind-001-light-smoke-grey/whatsapp:/'%20.%20esc_url(%20$account_page_url%20)%20.%20'?file=%2Fhome%2Fyallaadminx%2Ftheboots.me%2Fwp-content%2Fthemes%2Fflatsome%2Fsidebar.php" "Mozilla/5.0 AppleWebKit/537.36 (KHTML, like Gecko; compatible; ClaudeBot/1.0; +claudebot@anthropic.com)"
216.73.217.89 - - [15/May/2026:08:15:10 -0400] "GET /product/nike-mind-001-black-chrome/'%20.%20esc_url(%20$id%20)%20.%20'?view=%2Fhome%2Fyallaadminx%2Ftheboots.me%2Fwp-content%2Fthemes%2Fflatsome%2Fpage-left-sidebar.php HTTP/1.1" 200 454 "-" "Mozilla/5.0 AppleWebKit/537.36 (KHTML, like Gecko; compatible; ClaudeBot/1.0; +claudebot@anthropic.com)"
216.73.217.89 - - [15/May/2026:08:15:11 -0400] "GET /product/nike-mind-001-light-smoke-grey/whatsapp:/%20.%20esc_url(%20account_page_url?file=%2Fhome%2Fyallaadminx%2Ftheboots.me%2Fwp-content%2Fthemes%2Fflatsome%2Fsidebar.php HTTP/1.1" 404 18262 "https://theboots.me/product/nike-mind-001-light-smoke-grey/whatsapp:/%20.%20esc_url(%20account_page_url%20)%20.%20?file=%2Fhome%2Fyallaadminx%2Ftheboots.me%2Fwp-content%2Fthemes%2Fflatsome%2Fsidebar.php" "Mozilla/5.0 AppleWebKit/537.36 (KHTML, like Gecko; compatible; ClaudeBot/1.0; +claudebot@anthropic.com)"
216.73.217.89 - - [15/May/2026:08:15:11 -0400] "GET /product/nike-mind-001-pearl-pink/%20.%20esc_url(%20get_permalink?file=%2Fhome%2Fyallaadminx%2Ftheboots.me%2Fwp-content%2Fthemes%2Fflatsome%2Fwoocommerce%2Fcontent-widget-product.php HTTP/1.1" 404 18318 "https://theboots.me/product/nike-mind-001-pearl-pink/%20.%20esc_url(%20get_permalink()%20)%20.%20?file=%2Fhome%2Fyallaadminx%2Ftheboots.me%2Fwp-content%2Fthemes%2Fflatsome%2Fwoocommerce%2Fcontent-widget-product.php" "Mozilla/5.0 AppleWebKit/537.36 (KHTML, like Gecko; compatible; ClaudeBot/1.0; +claudebot@anthropic.com)"
216.73.217.89 - - [15/May/2026:08:15:11 -0400] "GET /product-category/nike/mind-001-and-002/%3C?edit=%2Fhome%2Fyallaadminx%2Ftheboots.me%2Fwp-content%2Fthemes%2Fflatsome%2Flanguages%2Fes_AR.mo HTTP/1.1" 200 24752 "-" "Mozilla/5.0 AppleWebKit/537.36 (KHTML, like Gecko; compatible; ClaudeBot/1.0; +claudebot@anthropic.com)"
216.73.217.89 - - [15/May/2026:08:15:13 -0400] "GET /product-category/nike/mind-001-and-002//%22?view=%2Fhome%2Fyallaadminx%2Ftheboots.me%2Fwp-content%2Fthemes%2Fflatsome%2Flanguages%2Fpl_PL.po HTTP/1.1" 200 14892 "-" "Mozilla/5.0 AppleWebKit/537.36 (KHTML, like Gecko; compatible; ClaudeBot/1.0; +claudebot@anthropic.com)"
216.73.217.89 - - [15/May/2026:08:15:13 -0400] "GET /product/nike-mind-001-red/whatsapp:/'%20.%20esc_url(%20$account_page_url%20)%20.%20'?file=%2Fhome%2Fyallaadminx%2Ftheboots.me%2Fwp-content%2Fthemes%2Fflatsome%2Flanguages%2Fro_RO.l10n.php HTTP/1.1" 301 242 "-" "Mozilla/5.0 AppleWebKit/537.36 (KHTML, like Gecko; compatible; ClaudeBot/1.0; +claudebot@anthropic.com)"
216.73.217.89 - - [15/May/2026:08:15:14 -0400] "GET /product/nike-mind-001-fragment-black/feed//%22?view=%2Fhome%2Fyallaadminx%2Ftheboots.me%2Fwp-content%2Fthemes%2Fflatsome%2Fpage-featured-items-3col.php HTTP/1.1" 200 255 "-" "Mozilla/5.0 AppleWebKit/537.36 (KHTML, like Gecko; compatible; ClaudeBot/1.0; +claudebot@anthropic.com)"
216.73.217.89 - - [15/May/2026:08:15:14 -0400] "GET /product/nike-mind-001-red/whatsapp:/%20.%20esc_url(%20account_page_url%20)%20.%20?file=%2Fhome%2Fyallaadminx%2Ftheboots.me%2Fwp-content%2Fthemes%2Fflatsome%2Flanguages%2Fro_RO.l10n.php HTTP/1.1" 301 242 "https://theboots.me/product/nike-mind-001-red/whatsapp:/'%20.%20esc_url(%20$account_page_url%20)%20.%20'?file=%2Fhome%2Fyallaadminx%2Ftheboots.me%2Fwp-content%2Fthemes%2Fflatsome%2Flanguages%2Fro_RO.l10n.php" "Mozilla/5.0 AppleWebKit/537.36 (KHTML, like Gecko; compatible; ClaudeBot/1.0; +claudebot@anthropic.com)"
216.73.217.89 - - [15/May/2026:08:15:14 -0400] "GET /product/nike-mind-001-pearl-pink/whatsapp:/%3C?edit=%2Fhome%2Fyallaadminx%2Ftheboots.me%2Fwp-content%2Fthemes%2Fflatsome%2Fwoocommerce%2Fsingle-product-reviews.php HTTP/1.1" 200 22313 "-" "Mozilla/5.0 AppleWebKit/537.36 (KHTML, like Gecko; compatible; ClaudeBot/1.0; +claudebot@anthropic.com)"
216.73.217.89 - - [15/May/2026:08:15:15 -0400] "GET /product/nike-mind-001-black-chrome/'%20.%20esc_url(%20$id%20)%20.%20'?file=%2Fhome%2Fyallaadminx%2Ftheboots.me%2Fwp-content%2Fthemes%2Fflatsome%2Fsidebar.php HTTP/1.1" 301 234 "-" "Mozilla/5.0 AppleWebKit/537.36 (KHTML, like Gecko; compatible; ClaudeBot/1.0; +claudebot@anthropic.com)"
216.73.217.89 - - [15/May/2026:08:15:16 -0400] "GET /product/nike-mind-001-mule-light-bone/%3C?view=%2Fhome%2Fyallaadminx%2Ftheboots.me%2Fwp-content%2Fthemes%2Fflatsome%2Flanguages%2Fpt_BR.l10n.php HTTP/1.1" 200 2134 "-" "Mozilla/5.0 AppleWebKit/537.36 (KHTML, like Gecko; compatible; ClaudeBot/1.0; +claudebot@anthropic.com)"
216.73.217.89 - - [15/May/2026:08:15:15 -0400] "GET /product/nike-mind-001-red/whatsapp:/%20.%20esc_url(%20account_page_url?file=%2Fhome%2Fyallaadminx%2Ftheboots.me%2Fwp-content%2Fthemes%2Fflatsome%2Flanguages%2Fro_RO.l10n.php HTTP/1.1" 404 18280 "https://theboots.me/product/nike-mind-001-red/whatsapp:/%20.%20esc_url(%20account_page_url%20)%20.%20?file=%2Fhome%2Fyallaadminx%2Ftheboots.me%2Fwp-content%2Fthemes%2Fflatsome%2Flanguages%2Fro_RO.l10n.php" "Mozilla/5.0 AppleWebKit/537.36 (KHTML, like Gecko; compatible; ClaudeBot/1.0; +claudebot@anthropic.com)"
216.73.217.89 - - [15/May/2026:08:15:16 -0400] "GET /product/nike-mind-001-black-chrome/%20.%20esc_url(%20id%20)%20.%20?file=%2Fhome%2Fyallaadminx%2Ftheboots.me%2Fwp-content%2Fthemes%2Fflatsome%2Fsidebar.php HTTP/1.1" 301 234 "https://theboots.me/product/nike-mind-001-black-chrome/'%20.%20esc_url(%20$id%20)%20.%20'?file=%2Fhome%2Fyallaadminx%2Ftheboots.me%2Fwp-content%2Fthemes%2Fflatsome%2Fsidebar.php" "Mozilla/5.0 AppleWebKit/537.36 (KHTML, like Gecko; compatible; ClaudeBot/1.0; +claudebot@anthropic.com)"
216.73.217.89 - - [15/May/2026:08:15:16 -0400] "GET /product/nike-mind-001-red/%3C?file=%2Fhome%2Fyallaadminx%2Ftheboots.me%2Fwp-content%2Fthemes%2Fflatsome%2Flanguages%2Ffr_FR.l10n.php HTTP/1.1" 404 18243 "-" "Mozilla/5.0 AppleWebKit/537.36 (KHTML, like Gecko; compatible; ClaudeBot/1.0; +claudebot@anthropic.com)"
216.73.217.89 - - [15/May/2026:08:15:18 -0400] "GET /product/nike-mind-001-black-chrome/%20.%20esc_url(%20id?file=%2Fhome%2Fyallaadminx%2Ftheboots.me%2Fwp-content%2Fthemes%2Fflatsome%2Fsidebar.php HTTP/1.1" 404 18240 "https://theboots.me/product/nike-mind-001-black-chrome/%20.%20esc_url(%20id%20)%20.%20?file=%2Fhome%2Fyallaadminx%2Ftheboots.me%2Fwp-content%2Fthemes%2Fflatsome%2Fsidebar.php" "Mozilla/5.0 AppleWebKit/537.36 (KHTML, like Gecko; compatible; ClaudeBot/1.0; +claudebot@anthropic.com)"
216.73.217.89 - - [15/May/2026:08:15:16 -0400] "GET /product/nike-mind-001-fragment-black/?file=%2Fhome%2Fyallaadminx%2Ftheboots.me%2Fwp-content%2Fthemes%2Fflatsome%2Fsingle-blocks.php HTTP/1.1" 200 29229 "-" "Mozilla/5.0 AppleWebKit/537.36 (KHTML, like Gecko; compatible; ClaudeBot/1.0; +claudebot@anthropic.com)"
216.73.217.89 - - [15/May/2026:08:15:17 -0400] "GET /product/nike-mind-001-geode-teal/?file=%2Fhome%2Fyallaadminx%2Ftheboots.me%2Fwp-content%2Fthemes%2Fflatsome%2Finc%2Fstructure HTTP/1.1" 200 29645 "-" "Mozilla/5.0 AppleWebKit/537.36 (KHTML, like Gecko; compatible; ClaudeBot/1.0; +claudebot@anthropic.com)"
216.73.217.89 - - [15/May/2026:08:15:20 -0400] "GET /size/47/?file=%2Fhome%2Fyallaadminx%2Ftheboots.me%2Fwp-content%2Fthemes%2Fflatsome%2Flicense.txt HTTP/1.1" 200 23437 "-" "Mozilla/5.0 AppleWebKit/537.36 (KHTML, like Gecko; compatible; ClaudeBot/1.0; +claudebot@anthropic.com)"
216.73.217.89 - - [15/May/2026:08:15:22 -0400] "GET /size/46/'%20.%20esc_url(%20$org_img%20)%20.%20'?edit=%2Fhome%2Fyallaadminx%2Ftheboots.me%2Fwp-content%2Fthemes%2Fflatsome%2Fsingle.php HTTP/1.1" 200 1817 "-" "Mozilla/5.0 AppleWebKit/537.36 (KHTML, like Gecko; compatible; ClaudeBot/1.0; +claudebot@anthropic.com)"
216.73.217.89 - - [15/May/2026:08:15:22 -0400] "GET /product/nike-mind-001-geode-teal/whatsapp:/send?rename=%2Fhome%2Fyallaadminx%2Ftheboots.me%2Fwp-content%2Fthemes%2Fflatsome%2Fpage-single-page-nav-transparent-light.php HTTP/1.1" 200 19662 "-" "Mozilla/5.0 AppleWebKit/537.36 (KHTML, like Gecko; compatible; ClaudeBot/1.0; +claudebot@anthropic.com)"
216.73.217.89 - - [15/May/2026:08:15:24 -0400] "GET /product/nike-mind-001-black-chrome/?view=%2Fhome%2Fyallaadminx%2Ftheboots.me%2Fwp-content%2Fthemes%2Fflatsome%2Fpage-blank-sub-nav-vertical.php HTTP/1.1" 200 638 "-" "Mozilla/5.0 AppleWebKit/537.36 (KHTML, like Gecko; compatible; ClaudeBot/1.0; +claudebot@anthropic.com)"
216.73.217.89 - - [15/May/2026:08:15:23 -0400] "GET /product/nike-mind-001-mule-light-bone/%3C?edit=%2Fhome%2Fyallaadminx%2Ftheboots.me%2Fwp-content%2Fthemes%2Fflatsome%2Fpage-cart.php HTTP/1.1" 200 19801 "-" "Mozilla/5.0 AppleWebKit/537.36 (KHTML, like Gecko; compatible; ClaudeBot/1.0; +claudebot@anthropic.com)"
216.73.217.89 - - [15/May/2026:08:15:25 -0400] "GET /product/nike-mind-001-mule-light-bone/?view=%2Fhome%2Fyallaadminx%2Ftheboots.me%2Fwp-content%2Fthemes%2Fflatsome%2Flanguages%2Fcs_CZ.po HTTP/1.1" 200 15914 "-" "Mozilla/5.0 AppleWebKit/537.36 (KHTML, like Gecko; compatible; ClaudeBot/1.0; +claudebot@anthropic.com)"
216.73.217.89 - - [15/May/2026:08:15:25 -0400] "GET /product/nike-mind-001-pearl-pink/whatsapp:/send?view=%2Fhome%2Fyallaadminx%2Ftheboots.me%2Fwp-content%2Fthemes%2Fflatsome%2Flanguages%2Fro_RO.l10n.php HTTP/1.1" 200 229 "-" "Mozilla/5.0 AppleWebKit/537.36 (KHTML, like Gecko; compatible; ClaudeBot/1.0; +claudebot@anthropic.com)"
216.73.217.89 - - [15/May/2026:08:15:24 -0400] "GET /product/nike-mind-001-solar-red/?file=%2Fhome%2Fyallaadminx%2Ftheboots.me%2Fwp-content%2Fthemes%2Fflatsome%2Finc%2Fshortcodes%2Fcustom-product.php HTTP/1.1" 200 29514 "-" "Mozilla/5.0 AppleWebKit/537.36 (KHTML, like Gecko; compatible; ClaudeBot/1.0; +claudebot@anthropic.com)"
216.73.217.89 - - [15/May/2026:08:15:26 -0400] "GET /product/nike-mind-001-mule-light-bone/%3C?edit=%2Fhome%2Fyallaadminx%2Ftheboots.me%2Fwp-content%2Fthemes%2Fflatsome%2Flanguages%2Fsl_SI.l10n.php HTTP/1.1" 200 24909 "-" "Mozilla/5.0 AppleWebKit/537.36 (KHTML, like Gecko; compatible; ClaudeBot/1.0; +claudebot@anthropic.com)"
216.73.217.89 - - [15/May/2026:08:15:24 -0400] "GET /product/nike-mind-001-black-chrome/?file=%2Fhome%2Fyallaadminx%2Ftheboots.me%2Fwp-content%2Fthemes%2Fflatsome%2Finc%2Fbuilder%2Fshortcodes%2Fux_products.php HTTP/1.1" 200 30636 "-" "Mozilla/5.0 AppleWebKit/537.36 (KHTML, like Gecko; compatible; ClaudeBot/1.0; +claudebot@anthropic.com)"
216.73.217.89 - - [15/May/2026:08:15:28 -0400] "GET /product/nike-mind-001-geode-teal/feed/?view=%2Fhome%2Fyallaadminx%2Ftheboots.me%2Fwp-content%2Fthemes%2Fflatsome%2Flanguages%2Ftr_TR.l10n.php HTTP/1.1" 200 11373 "-" "Mozilla/5.0 AppleWebKit/537.36 (KHTML, like Gecko; compatible; ClaudeBot/1.0; +claudebot@anthropic.com)"
216.73.217.89 - - [15/May/2026:08:15:28 -0400] "GET /product/nike-mind-001-light-smoke-grey/whatsapp:/%3C?view=%2Fhome%2Fyallaadminx%2Ftheboots.me%2Fwp-content%2Fthemes%2Fflatsome%2Flanguages%2Fsr_RS.l10n.php HTTP/1.1" 200 808 "-" "Mozilla/5.0 AppleWebKit/537.36 (KHTML, like Gecko; compatible; ClaudeBot/1.0; +claudebot@anthropic.com)"
216.73.217.89 - - [15/May/2026:08:15:28 -0400] "GET /product/nike-mind-001-geode-teal/whatsapp:/send?file=%2Fhome%2Fyallaadminx%2Ftheboots.me%2Fwp-content%2Fthemes%2Fflatsome%2Flanguages%2Fzh_CN.mo HTTP/1.1" 404 18269 "-" "Mozilla/5.0 AppleWebKit/537.36 (KHTML, like Gecko; compatible; ClaudeBot/1.0; +claudebot@anthropic.com)"
216.73.217.89 - - [15/May/2026:08:15:29 -0400] "GET /product/nike-mind-001-solar-red/?file=%2Fhome%2Fyallaadminx%2Ftheboots.me%2Fwp-content%2Fthemes%2Fflatsome%2Finc%2Fadmin%2Fbackend%2Fmenu HTTP/1.1" 200 29657 "-" "Mozilla/5.0 AppleWebKit/537.36 (KHTML, like Gecko; compatible; ClaudeBot/1.0; +claudebot@anthropic.com)"
216.73.217.89 - - [15/May/2026:08:15:28 -0400] "GET /product/nike-mind-001-mule-light-bone/?edit=%2Fhome%2Fyallaadminx%2Ftheboots.me%2Fwp-content%2Fplugins%2Ffileorganizer%2Fimages%2Ffacebook.png HTTP/1.1" 200 33276 "-" "Mozilla/5.0 AppleWebKit/537.36 (KHTML, like Gecko; compatible; ClaudeBot/1.0; +claudebot@anthropic.com)"
216.73.217.89 - - [15/May/2026:08:15:30 -0400] "GET /product/nike-mind-001-solar-red/?rename=%2Fhome%2Fyallaadminx%2Ftheboots.me%2Fwp-content%2Fthemes%2Fflatsome%2Finc%2Fshortcodes%2Ftestimonials.php HTTP/1.1" 200 30923 "-" "Mozilla/5.0 AppleWebKit/537.36 (KHTML, like Gecko; compatible; ClaudeBot/1.0; +claudebot@anthropic.com)"
216.73.217.89 - - [15/May/2026:08:15:32 -0400] "GET /product/nike-mind-001-black-chrome/'?view=%2Fhome%2Fyallaadminx%2Ftheboots.me%2Fwp-content%2Fthemes%2Fflatsome%2Frtl.css HTTP/1.1" 200 27 "-" "Mozilla/5.0 AppleWebKit/537.36 (KHTML, like Gecko; compatible; ClaudeBot/1.0; +claudebot@anthropic.com)"
216.73.217.89 - - [15/May/2026:08:15:33 -0400] "GET /product/nike-mind-001-black-chrome/whatsapp:/send?rename=%2Fhome%2Fyallaadminx%2Ftheboots.me%2Fwp-content%2Fthemes%2Fflatsome%2Fwoocommerce%2Fsingle-product%2Ftitle.php HTTP/1.1" 200 19663 "-" "Mozilla/5.0 AppleWebKit/537.36 (KHTML, like Gecko; compatible; ClaudeBot/1.0; +claudebot@anthropic.com)"
216.73.217.89 - - [15/May/2026:08:15:32 -0400] "GET /product/nike-mind-001-fragment-black/?edit=%2Fhome%2Fyallaadminx%2Ftheboots.me%2Fwp-content%2Fthemes%2Fflatsome%2Fpage-transparent-header-light.php HTTP/1.1" 200 30922 "-" "Mozilla/5.0 AppleWebKit/537.36 (KHTML, like Gecko; compatible; ClaudeBot/1.0; +claudebot@anthropic.com)"
216.73.217.89 - - [15/May/2026:08:15:33 -0400] "GET /product/nike-mind-001-black-chrome/?edit=%2Fhome%2Fyallaadminx%2Ftheboots.me%2Fwp-content%2Fthemes%2Fflatsome%2Finc%2Fbuilder%2Fshortcodes%2Faccordion_item.php HTTP/1.1" 200 32454 "-" "Mozilla/5.0 AppleWebKit/537.36 (KHTML, like Gecko; compatible; ClaudeBot/1.0; +claudebot@anthropic.com)"
216.73.217.89 - - [15/May/2026:08:15:34 -0400] "GET /product/nike-mind-001-solar-red/?rename=%2Fhome%2Fyallaadminx%2Ftheboots.me%2Fwp-content%2Fthemes%2Fflatsome%2Finc%2Finit.php HTTP/1.1" 200 30857 "-" "Mozilla/5.0 AppleWebKit/537.36 (KHTML, like Gecko; compatible; ClaudeBot/1.0; +claudebot@anthropic.com)"
216.73.217.89 - - [15/May/2026:08:15:37 -0400] "GET /product/nike-mind-001-pearl-pink/whatsapp:/%3C?edit=%2Fhome%2Fyallaadminx%2Ftheboots.me%2Fwp-content%2Fthemes%2Fflatsome%2Findex.php HTTP/1.1" 200 19834 "-" "Mozilla/5.0 AppleWebKit/537.36 (KHTML, like Gecko; compatible; ClaudeBot/1.0; +claudebot@anthropic.com)"
216.73.217.89 - - [15/May/2026:08:15:35 -0400] "GET /product-category/nike/mind-001-and-002/?edit=%2Fhome%2Fyallaadminx%2Ftheboots.me%2Fwp-content%2Fthemes%2Fflatsome%2Finc%2Fshortcodes%2Fblog_posts.php HTTP/1.1" 200 29734 "-" "Mozilla/5.0 AppleWebKit/537.36 (KHTML, like Gecko; compatible; ClaudeBot/1.0; +claudebot@anthropic.com)"
216.73.217.89 - - [15/May/2026:08:15:38 -0400] "GET /product/nike-mind-001-geode-teal/?view=%2Fhome%2Fyallaadminx%2Ftheboots.me%2Fwp-content%2Fthemes%2Fflatsome%2Fwoocommerce%2Fcontent-product-flipbook.php HTTP/1.1" 200 662 "-" "Mozilla/5.0 AppleWebKit/537.36 (KHTML, like Gecko; compatible; ClaudeBot/1.0; +claudebot@anthropic.com)"
216.73.217.89 - - [15/May/2026:08:15:39 -0400] "GET /product/nike-mind-001-mule-light-bone/'%20.%20$path%20.%20'?edit=%2Fhome%2Fyallaadminx%2Ftheboots.me%2Fwp-content%2Fthemes%2Fflatsome%2Flanguages%2Fit_IT.l10n.php HTTP/1.1" 200 13132 "-" "Mozilla/5.0 AppleWebKit/537.36 (KHTML, like Gecko; compatible; ClaudeBot/1.0; +claudebot@anthropic.com)"
216.73.217.89 - - [15/May/2026:08:15:39 -0400] "GET /product/nike-mind-001-fragment-black/whatsapp:/send?view=%2Fhome%2Fyallaadminx%2Ftheboots.me%2Fwp-content%2Fthemes%2Fflatsome%2Fwoocommerce%2Fsingle-product%2Frating.php HTTP/1.1" 200 773 "-" "Mozilla/5.0 AppleWebKit/537.36 (KHTML, like Gecko; compatible; ClaudeBot/1.0; +claudebot@anthropic.com)"
216.73.217.89 - - [15/May/2026:08:15:39 -0400] "GET /product/nike-mind-001-black-chrome/'?edit=%2Fhome%2Fyallaadminx%2Ftheboots.me%2Fwp-content%2Fthemes%2Fflatsome%2Fsingle-featured_item.php HTTP/1.1" 200 1815 "-" "Mozilla/5.0 AppleWebKit/537.36 (KHTML, like Gecko; compatible; ClaudeBot/1.0; +claudebot@anthropic.com)"
216.73.217.89 - - [15/May/2026:08:15:40 -0400] "GET /product/jordan-x-travis-scott-air-jordan-1-low-olive/feed/?edit=%2Fhome%2Fyallaadminx%2Ftheboots.me%2Fwp-content%2Fthemes%2Fflatsome%2Fwoocommerce%2Floop%2Fheader.php HTTP/1.1" 200 3207 "-" "Mozilla/5.0 AppleWebKit/537.36 (KHTML, like Gecko; compatible; ClaudeBot/1.0; +claudebot@anthropic.com)"
216.73.217.89 - - [15/May/2026:08:15:40 -0400] "GET /product/nike-mind-001-geode-teal/whatsapp:/send?edit=%2Fhome%2Fyallaadminx%2Ftheboots.me%2Fwp-content%2Fthemes%2Fflatsome%2Flanguages%2Fcs_CZ.po HTTP/1.1" 200 36243 "-" "Mozilla/5.0 AppleWebKit/537.36 (KHTML, like Gecko; compatible; ClaudeBot/1.0; +claudebot@anthropic.com)"
216.73.217.89 - - [15/May/2026:08:15:40 -0400] "GET /product/nike-mind-001-red/?rename=%2Fhome%2Fyallaadminx%2Ftheboots.me%2Fwp-admin%2Fsite-health.php HTTP/1.1" 200 30858 "-" "Mozilla/5.0 AppleWebKit/537.36 (KHTML, like Gecko; compatible; ClaudeBot/1.0; +claudebot@anthropic.com)"
216.73.217.89 - - [15/May/2026:08:15:42 -0400] "GET /product/nike-mind-001-geode-teal/whatsapp:/send?edit=%2Fhome%2Fyallaadminx%2Ftheboots.me%2Fwp-content%2Fthemes%2Fflatsome%2Flanguages%2Ffr_FR.po HTTP/1.1" 200 35301 "-" "Mozilla/5.0 AppleWebKit/537.36 (KHTML, like Gecko; compatible; ClaudeBot/1.0; +claudebot@anthropic.com)"
216.73.217.89 - - [15/May/2026:08:15:41 -0400] "GET /product/nike-mind-001-mule-light-bone/?edit=%2Fhome%2Fyallaadminx%2Ftheboots.me%2Fwp-content%2Fplugins%2Ffileorganizer%2Fimages%2Flogo.png HTTP/1.1" 200 34624 "-" "Mozilla/5.0 AppleWebKit/537.36 (KHTML, like Gecko; compatible; ClaudeBot/1.0; +claudebot@anthropic.com)"
216.73.217.89 - - [15/May/2026:08:15:45 -0400] "GET /product/nike-mind-001-red/?view=%2Fhome%2Fyallaadminx%2Ftheboots.me%2Fwp-content%2Fthemes%2Fflatsome%2Flanguages%2Fja.mo HTTP/1.1" 200 3389 "-" "Mozilla/5.0 AppleWebKit/537.36 (KHTML, like Gecko; compatible; ClaudeBot/1.0; +claudebot@anthropic.com)"
216.73.217.89 - - [15/May/2026:08:15:44 -0400] "GET /product-category/nike/mind-001-and-002/%3C?rename=%2Fhome%2Fyallaadminx%2Ftheboots.me%2Fwp-content%2Fthemes%2Fflatsome%2Fheader.php HTTP/1.1" 200 19626 "-" "Mozilla/5.0 AppleWebKit/537.36 (KHTML, like Gecko; compatible; ClaudeBot/1.0; +claudebot@anthropic.com)"
216.73.217.89 - - [15/May/2026:08:15:45 -0400] "GET /product/nike-mind-001-fragment-black/%3C?view=%2Fhome%2Fyallaadminx%2Ftheboots.me%2Fwp-content%2Fthemes%2Fflatsome%2Fwoocommerce%2Floop%2Fbreadcrumbs.php HTTP/1.1" 200 205 "-" "Mozilla/5.0 AppleWebKit/537.36 (KHTML, like Gecko; compatible; ClaudeBot/1.0; +claudebot@anthropic.com)"
216.73.217.89 - - [15/May/2026:08:15:43 -0400] "GET /product/nike-mind-001-pearl-pink/?edit=%2Fhome%2Fyallaadminx%2Ftheboots.me%2Fwp-content%2Fthemes%2Fflatsome%2Ftemplate-parts%2Fheader%2Fheader-main.php HTTP/1.1" 200 31124 "-" "Mozilla/5.0 AppleWebKit/537.36 (KHTML, like Gecko; compatible; ClaudeBot/1.0; +claudebot@anthropic.com)"
216.73.217.89 - - [15/May/2026:08:15:46 -0400] "GET /product/nike-mind-001-pearl-pink/whatsapp:/send?edit=%2Fhome%2Fyallaadminx%2Ftheboots.me%2Fwp-content%2Fthemes%2Fflatsome%2Flanguages%2Fca.mo HTTP/1.1" 200 22938 "-" "Mozilla/5.0 AppleWebKit/537.36 (KHTML, like Gecko; compatible; ClaudeBot/1.0; +claudebot@anthropic.com)"
216.73.217.89 - - [15/May/2026:08:15:47 -0400] "GET /product/nike-mind-001-geode-teal/whatsapp:/send?rename=%2Fhome%2Fyallaadminx%2Ftheboots.me%2Fwp-content%2Fthemes%2Fflatsome%2Flanguages%2Far.mo HTTP/1.1" 200 19646 "-" "Mozilla/5.0 AppleWebKit/537.36 (KHTML, like Gecko; compatible; ClaudeBot/1.0; +claudebot@anthropic.com)"
216.73.217.89 - - [15/May/2026:08:15:49 -0400] "GET /product/nike-mind-001-light-smoke-grey/whatsapp:/send?view=%2Fhome%2Fyallaadminx%2Ftheboots.me%2Fwp-content%2Fthemes%2Fflatsome%2Flanguages%2Fcs_CZ.mo HTTP/1.1" 200 14431 "-" "Mozilla/5.0 AppleWebKit/537.36 (KHTML, like Gecko; compatible; ClaudeBot/1.0; +claudebot@anthropic.com)"
216.73.217.89 - - [15/May/2026:08:15:46 -0400] "GET /product/nike-mind-001-light-smoke-grey/?file=%2Fhome%2Fyallaadminx%2Ftheboots.me%2Fwp-content%2Fthemes%2Fflatsome%2Fassets%2Fcss%2Fflatsome.css HTTP/1.1" 200 29506 "-" "Mozilla/5.0 AppleWebKit/537.36 (KHTML, like Gecko; compatible; ClaudeBot/1.0; +claudebot@anthropic.com)"
216.73.217.89 - - [15/May/2026:08:15:49 -0400] "GET /product/nike-mind-001-mule-light-bone/feed/?rename=%2Fhome%2Fyallaadminx%2Ftheboots.me%2Fwp-content%2Fthemes%2Fflatsome%2Fwoocommerce%2Fcheckout%2Fterms.php HTTP/1.1" 200 2739 "-" "Mozilla/5.0 AppleWebKit/537.36 (KHTML, like Gecko; compatible; ClaudeBot/1.0; +claudebot@anthropic.com)"
216.73.217.89 - - [15/May/2026:08:15:47 -0400] "GET /product/nike-mind-001-fragment-black/?edit=%2Fhome%2Fyallaadminx%2Ftheboots.me%2Fwp-content%2Fthemes%2Fflatsome%2Fpage.php HTTP/1.1" 200 31046 "-" "Mozilla/5.0 AppleWebKit/537.36 (KHTML, like Gecko; compatible; ClaudeBot/1.0; +claudebot@anthropic.com)"
216.73.217.89 - - [15/May/2026:08:15:52 -0400] "GET /product/nike-mind-001-light-smoke-grey/feed/?view=%2Fhome%2Fyallaadminx%2Ftheboots.me%2Fwp-content%2Fthemes%2Fflatsome%2Fpage.php HTTP/1.1" 200 508 "-" "Mozilla/5.0 AppleWebKit/537.36 (KHTML, like Gecko; compatible; ClaudeBot/1.0; +claudebot@anthropic.com)"
216.73.217.89 - - [15/May/2026:08:15:51 -0400] "GET /product/nike-mind-001-light-smoke-grey/whatsapp:/send?rename=%2Fhome%2Fyallaadminx%2Ftheboots.me%2Fwp-content%2Fthemes%2Fflatsome%2Frtl.css HTTP/1.1" 200 19632 "-" "Mozilla/5.0 AppleWebKit/537.36 (KHTML, like Gecko; compatible; ClaudeBot/1.0; +claudebot@anthropic.com)"
216.73.217.89 - - [15/May/2026:08:15:52 -0400] "GET /product/nike-mind-001-pearl-pink/whatsapp:/%3C?edit=%2Fhome%2Fyallaadminx%2Ftheboots.me%2Fwp-content%2Fthemes%2Fflatsome%2F404.php HTTP/1.1" 200 20172 "-" "Mozilla/5.0 AppleWebKit/537.36 (KHTML, like Gecko; compatible; ClaudeBot/1.0; +claudebot@anthropic.com)"
216.73.217.89 - - [15/May/2026:08:15:53 -0400] "GET /product/nike-mind-001-geode-teal/feed/?file=%2Fhome%2Fyallaadminx%2Ftheboots.me%2Fwp-content%2Fthemes%2Fflatsome%2Flanguages%2Fca.mo HTTP/1.1" 200 1338 "-" "Mozilla/5.0 AppleWebKit/537.36 (KHTML, like Gecko; compatible; ClaudeBot/1.0; +claudebot@anthropic.com)"
216.73.217.89 - - [15/May/2026:08:15:51 -0400] "GET /product/nike-mind-001-red/?edit=%2Fhome%2Fyallaadminx%2Ftheboots.me%2Fwp-content%2Fthemes%2Fflatsome%2Fpage-featured-items-3col.php HTTP/1.1" 200 30871 "-" "Mozilla/5.0 AppleWebKit/537.36 (KHTML, like Gecko; compatible; ClaudeBot/1.0; +claudebot@anthropic.com)"
216.73.217.89 - - [15/May/2026:08:15:55 -0400] "GET /product-category/nike/mind-001-and-002/?view=%2Fhome%2Fyallaadminx%2Ftheboots.me%2Fwp-content%2Fthemes%2Fflatsome%2Finc%2Fshortcodes%2Ftestimonials.php HTTP/1.1" 200 997 "-" "Mozilla/5.0 AppleWebKit/537.36 (KHTML, like Gecko; compatible; ClaudeBot/1.0; +claudebot@anthropic.com)"
216.73.217.89 - - [15/May/2026:08:15:55 -0400] "GET /product/nike-mind-001-mule-light-bone/feed/?file=%2Fhome%2Fyallaadminx%2Ftheboots.me%2Fwp-content%2Fthemes%2Fflatsome%2Fwoocommerce%2Fcontent-product-small.php HTTP/1.1" 200 1363 "-" "Mozilla/5.0 AppleWebKit/537.36 (KHTML, like Gecko; compatible; ClaudeBot/1.0; +claudebot@anthropic.com)"
216.73.217.89 - - [15/May/2026:08:15:56 -0400] "GET /product/nike-mind-001-light-smoke-grey/whatsapp:/send?view=%2Fhome%2Fyallaadminx%2Ftheboots.me%2Fwp-content%2Fthemes%2Fflatsome%2Flanguages%2Ffr_FR.mo HTTP/1.1" 200 13198 "-" "Mozilla/5.0 AppleWebKit/537.36 (KHTML, like Gecko; compatible; ClaudeBot/1.0; +claudebot@anthropic.com)"
216.73.217.89 - - [15/May/2026:08:15:56 -0400] "GET /product-category/nike/mind-001-and-002/?view=%2Fhome%2Fyallaadminx%2Ftheboots.me%2Fwp-content%2Fthemes%2Fflatsome%2Finc%2Finit.php HTTP/1.1" 200 1694 "-" "Mozilla/5.0 AppleWebKit/537.36 (KHTML, like Gecko; compatible; ClaudeBot/1.0; +claudebot@anthropic.com)"
216.73.217.89 - - [15/May/2026:08:15:56 -0400] "GET /product/nike-mind-001-black-chrome/%3C?edit=%2Fhome%2Fyallaadminx%2Ftheboots.me%2Fwp-content%2Fthemes%2Fflatsome%2Fpage-left-sidebar.php HTTP/1.1" 200 20063 "-" "Mozilla/5.0 AppleWebKit/537.36 (KHTML, like Gecko; compatible; ClaudeBot/1.0; +claudebot@anthropic.com)"
216.73.217.89 - - [15/May/2026:08:15:58 -0400] "GET /size/33/'%20.%20esc_url(%20$org_img%20)%20.%20'?view=%2Fhome%2Fyallaadminx%2Ftheboots.me%2Fwp-content%2Fthemes%2Fflatsome%2Fcomments.php HTTP/1.1" 200 987 "-" "Mozilla/5.0 AppleWebKit/537.36 (KHTML, like Gecko; compatible; ClaudeBot/1.0; +claudebot@anthropic.com)"
216.73.217.89 - - [15/May/2026:08:15:57 -0400] "GET /product/nike-mind-001-black-chrome/feed/?file=%2Fhome%2Fyallaadminx%2Ftheboots.me%2Fwp-content%2Fthemes%2Fflatsome%2Fsearchform.php HTTP/1.1" 200 1339 "-" "Mozilla/5.0 AppleWebKit/537.36 (KHTML, like Gecko; compatible; ClaudeBot/1.0; +claudebot@anthropic.com)"
216.73.217.89 - - [15/May/2026:08:15:57 -0400] "GET /product/nike-mind-001-light-smoke-grey/whatsapp:/%3C?rename=%2Fhome%2Fyallaadminx%2Ftheboots.me%2Fwp-content%2Fthemes%2Fflatsome%2Flanguages%2Fth.l10n.php HTTP/1.1" 200 19651 "-" "Mozilla/5.0 AppleWebKit/537.36 (KHTML, like Gecko; compatible; ClaudeBot/1.0; +claudebot@anthropic.com)"
216.73.217.89 - - [15/May/2026:08:15:59 -0400] "GET /product/nike-mind-001-mule-light-bone/feed/?edit=%2Fhome%2Fyallaadminx%2Ftheboots.me%2Fwp-content%2Fthemes%2Fflatsome%2Fpage-single-page-nav-transparent.php HTTP/1.1" 200 3008 "-" "Mozilla/5.0 AppleWebKit/537.36 (KHTML, like Gecko; compatible; ClaudeBot/1.0; +claudebot@anthropic.com)"
216.73.217.89 - - [15/May/2026:08:15:59 -0400] "GET /size/32/?file=%2Fhome%2Fyallaadminx%2Ftheboots.me%2Fwp-content%2Fthemes%2Fflatsome%2Fassets%2Fimg%2Fdividers HTTP/1.1" 200 22910 "-" "Mozilla/5.0 AppleWebKit/537.36 (KHTML, like Gecko; compatible; ClaudeBot/1.0; +claudebot@anthropic.com)"
216.73.217.89 - - [15/May/2026:08:15:59 -0400] "GET /product/nike-mind-001-solar-red/?add_to_wishlist=4933 HTTP/1.1" 200 30768 "-" "Mozilla/5.0 AppleWebKit/537.36 (KHTML, like Gecko; compatible; ClaudeBot/1.0; +claudebot@anthropic.com)"
216.73.217.89 - - [15/May/2026:08:16:04 -0400] "GET /product/nike-mind-001-pregame-mules-blackened-blue/feed//%22?file=%2Fhome%2Fyallaadminx%2Ftheboots.me%2Fwp-content%2Fthemes%2Fflatsome%2Fstyle.css HTTP/1.1" 301 231 "-" "Mozilla/5.0 AppleWebKit/537.36 (KHTML, like Gecko; compatible; ClaudeBot/1.0; +claudebot@anthropic.com)"
216.73.217.89 - - [15/May/2026:08:16:00 -0400] "GET /product/nike-mind-001-solar-red/?file=%2Fhome%2Fyallaadminx%2Ftheboots.me%2Fwp-content%2Fthemes%2Fflatsome%2Finc%2Fshortcodes%2Fprice_table.php HTTP/1.1" 200 29473 "-" "Mozilla/5.0 AppleWebKit/537.36 (KHTML, like Gecko; compatible; ClaudeBot/1.0; +claudebot@anthropic.com)"
66.249.74.35 - - [15/May/2026:08:16:04 -0400] "GET /robots.txt HTTP/1.1" 200 2316 "-" "Mozilla/5.0 (compatible; Googlebot/2.1; +http://www.google.com/bot.html)"
216.73.217.89 - - [15/May/2026:08:16:04 -0400] "GET /product/nike-mind-001-light-smoke-grey/whatsapp:/'%20.%20esc_url(%20$account_page_url%20)%20.%20'?file=%2Fhome%2Fyallaadminx%2Ftheboots.me%2Fwp-content%2Fthemes%2Fflatsome%2Fsearch.php HTTP/1.1" 301 232 "-" "Mozilla/5.0 AppleWebKit/537.36 (KHTML, like Gecko; compatible; ClaudeBot/1.0; +claudebot@anthropic.com)"
67.223.118.104 - - [15/May/2026:08:16:09 -0400] "POST /wp-cron.php?doing_wp_cron=1778847369.0392599105834960937500 HTTP/1.1" 200 0 "-" "WordPress/6.9.4; https://theboots.me"
216.73.217.89 - - [15/May/2026:08:16:06 -0400] "GET /product/nike-mind-001-pregame-mules-blackened-blue/feed/?file=%2Fhome%2Fyallaadminx%2Ftheboots.me%2Fwp-content%2Fthemes%2Fflatsome%2Fstyle.css HTTP/1.1" 200 1351 "https://theboots.me/product/nike-mind-001-pregame-mules-blackened-blue/feed//%22?file=%2Fhome%2Fyallaadminx%2Ftheboots.me%2Fwp-content%2Fthemes%2Fflatsome%2Fstyle.css" "Mozilla/5.0 AppleWebKit/537.36 (KHTML, like Gecko; compatible; ClaudeBot/1.0; +claudebot@anthropic.com)"
216.73.217.89 - - [15/May/2026:08:16:07 -0400] "GET /product/nike-mind-001-light-smoke-grey/whatsapp:/%20.%20esc_url(%20account_page_url%20)%20.%20?file=%2Fhome%2Fyallaadminx%2Ftheboots.me%2Fwp-content%2Fthemes%2Fflatsome%2Fsearch.php HTTP/1.1" 301 232 "https://theboots.me/product/nike-mind-001-light-smoke-grey/whatsapp:/'%20.%20esc_url(%20$account_page_url%20)%20.%20'?file=%2Fhome%2Fyallaadminx%2Ftheboots.me%2Fwp-content%2Fthemes%2Fflatsome%2Fsearch.php" "Mozilla/5.0 AppleWebKit/537.36 (KHTML, like Gecko; compatible; ClaudeBot/1.0; +claudebot@anthropic.com)"
216.73.217.89 - - [15/May/2026:08:16:03 -0400] "GET /product/nike-mind-001-pregame-mules-blackened-blue/?file=%2Fhome%2Fyallaadminx%2Ftheboots.me%2Fwp-content%2Fthemes%2Fflatsome%2Finc%2Fwidgets%2Fwidget-recent-posts.php HTTP/1.1" 200 29448 "-" "Mozilla/5.0 AppleWebKit/537.36 (KHTML, like Gecko; compatible; ClaudeBot/1.0; +claudebot@anthropic.com)"
67.223.118.104 - - [15/May/2026:08:16:11 -0400] "POST /wp-cron.php?doing_wp_cron=1778847371.8443820476531982421875 HTTP/1.1" 200 0 "-" "WordPress/6.9.4; https://theboots.me"
216.73.217.89 - - [15/May/2026:08:16:04 -0400] "GET /product/nike-mind-001-pregame-mules-blackened-blue/?rename=%2Fhome%2Fyallaadminx%2Ftheboots.me%2Fwp-content%2Fthemes%2Fflatsome%2Finc%2Fbuilder%2Ffilters.php HTTP/1.1" 200 30593 "-" "Mozilla/5.0 AppleWebKit/537.36 (KHTML, like Gecko; compatible; ClaudeBot/1.0; +claudebot@anthropic.com)"
66.249.74.35 - - [15/May/2026:08:16:04 -0400] "GET /product/adidas-x-wales-bonner-pony-samba-core-black/?rename=%2Fhome%2Fyallaadminx%2Ftheboots.me%2Fwp-content%2Fthemes%2Fflatsome%2Fpage-blank-title-center.php HTTP/1.1" 200 30505 "-" "Mozilla/5.0 (Linux; Android 6.0.1; Nexus 5X Build/MMB29P) AppleWebKit/537.36 (KHTML, like Gecko) Chrome/148.0.7778.96 Mobile Safari/537.36 (compatible; Googlebot/2.1; +http://www.google.com/bot.html)"
216.73.217.89 - - [15/May/2026:08:16:09 -0400] "GET /product/nike-mind-001-fragment-black/whatsapp:/%3C?rename=%2Fhome%2Fyallaadminx%2Ftheboots.me%2Fwp-content%2Fthemes%2Fflatsome%2Flanguages%2Ffr_FR.po HTTP/1.1" 200 19648 "-" "Mozilla/5.0 AppleWebKit/537.36 (KHTML, like Gecko; compatible; ClaudeBot/1.0; +claudebot@anthropic.com)"
216.73.217.89 - - [15/May/2026:08:16:09 -0400] "GET /product/nike-mind-001-light-smoke-grey/whatsapp:/%20.%20esc_url(%20account_page_url?file=%2Fhome%2Fyallaadminx%2Ftheboots.me%2Fwp-content%2Fthemes%2Fflatsome%2Fsearch.php HTTP/1.1" 200 0 "https://theboots.me/product/nike-mind-001-light-smoke-grey/whatsapp:/%20.%20esc_url(%20account_page_url%20)%20.%20?file=%2Fhome%2Fyallaadminx%2Ftheboots.me%2Fwp-content%2Fthemes%2Fflatsome%2Fsearch.php" "Mozilla/5.0 AppleWebKit/537.36 (KHTML, like Gecko; compatible; ClaudeBot/1.0; +claudebot@anthropic.com)"
216.73.217.89 - - [15/May/2026:08:16:12 -0400] "GET /product/nike-mind-001-fragment-black/feed//%22?file=%2Fhome%2Fyallaadminx%2Ftheboots.me%2Fwp-content%2Fthemes%2Fflatsome%2Fpage-single-page-nav-transparent.php HTTP/1.1" 301 249 "-" "Mozilla/5.0 AppleWebKit/537.36 (KHTML, like Gecko; compatible; ClaudeBot/1.0; +claudebot@anthropic.com)"
216.73.217.89 - - [15/May/2026:08:16:12 -0400] "GET /product/nike-mind-001-pregame-mules-blackened-blue/?file=%2Fhome%2Fyallaadminx%2Ftheboots.me%2Fwp-content%2Fthemes%2Fflatsome%2Finc%2Fadmin%2Foptions%2Fhelpers HTTP/1.1" 200 0 "-" "Mozilla/5.0 AppleWebKit/537.36 (KHTML, like Gecko; compatible; ClaudeBot/1.0; +claudebot@anthropic.com)"
216.73.217.89 - - [15/May/2026:08:16:20 -0400] "GET /product/nike-mind-001-fragment-black/feed/?file=%2Fhome%2Fyallaadminx%2Ftheboots.me%2Fwp-content%2Fthemes%2Fflatsome%2Fpage-single-page-nav-transparent.php HTTP/1.1" 200 0 "https://theboots.me/product/nike-mind-001-fragment-black/feed//%22?file=%2Fhome%2Fyallaadminx%2Ftheboots.me%2Fwp-content%2Fthemes%2Fflatsome%2Fpage-single-page-nav-transparent.php" "Mozilla/5.0 AppleWebKit/537.36 (KHTML, like Gecko; compatible; ClaudeBot/1.0; +claudebot@anthropic.com)"
216.73.217.89 - - [15/May/2026:08:16:14 -0400] "GET /product/nike-mind-001-pregame-mules-blackened-blue//%22?rename=%2Fhome%2Fyallaadminx%2Ftheboots.me%2Fwp-content%2Fthemes%2Fflatsome%2Flanguages%2Fpl_PL.mo HTTP/1.1" 200 1601 "-" "Mozilla/5.0 AppleWebKit/537.36 (KHTML, like Gecko; compatible; ClaudeBot/1.0; +claudebot@anthropic.com)"
216.73.217.89 - - [15/May/2026:08:16:22 -0400] "GET /product/nike-mind-001-pregame-mules-blackened-blue/feed/%3C?file=%2Fhome%2Fyallaadminx%2Ftheboots.me%2Fwp-content%2Fthemes%2Fflatsome%2Fpage-checkout.php HTTP/1.1" 200 0 "-" "Mozilla/5.0 AppleWebKit/537.36 (KHTML, like Gecko; compatible; ClaudeBot/1.0; +claudebot@anthropic.com)"
66.249.74.34 - - [15/May/2026:08:16:11 -0400] "GET /product/adidas-x-wales-bonner-pony-samba-core-black/?rename=%2Fhome%2Fyallaadminx%2Ftheboots.me%2Fwp-content%2Fthemes%2Fflatsome%2Fpage-blank-landingpage.php HTTP/1.1" 200 30379 "-" "Mozilla/5.0 (Linux; Android 6.0.1; Nexus 5X Build/MMB29P) AppleWebKit/537.36 (KHTML, like Gecko) Chrome/148.0.7778.96 Mobile Safari/537.36 (compatible; Googlebot/2.1; +http://www.google.com/bot.html)"
66.249.74.34 - - [15/May/2026:08:16:20 -0400] "GET /product/adidas-x-wales-bonner-pony-samba-core-black/?rename=%2Fhome%2Fyallaadminx%2Ftheboots.me%2Fwp-content%2Fthemes%2Fflatsome%2Fpage-single-page-nav-transparent-light.php HTTP/1.1" 200 30514 "-" "Mozilla/5.0 (Linux; Android 6.0.1; Nexus 5X Build/MMB29P) AppleWebKit/537.36 (KHTML, like Gecko) Chrome/148.0.7778.96 Mobile Safari/537.36 (compatible; Googlebot/2.1; +http://www.google.com/bot.html)"
216.73.217.89 - - [15/May/2026:08:16:33 -0400] "GET /product-category/nike/mind-001-and-002/%3C?file=%2Fhome%2Fyallaadminx%2Ftheboots.me%2Fwp-content%2Fthemes%2Fflatsome%2Flanguages%2Fde_DE_formal.l10n.php HTTP/1.1" 404 18269 "-" "Mozilla/5.0 AppleWebKit/537.36 (KHTML, like Gecko; compatible; ClaudeBot/1.0; +claudebot@anthropic.com)"
216.73.217.89 - - [15/May/2026:08:16:34 -0400] "GET /product/nike-mind-001-fragment-black/%3C?file=%2Fhome%2Fyallaadminx%2Ftheboots.me%2Fwp-content%2Fthemes%2Fflatsome%2Flanguages%2Fhu_HU.mo HTTP/1.1" 404 18250 "-" "Mozilla/5.0 AppleWebKit/537.36 (KHTML, like Gecko; compatible; ClaudeBot/1.0; +claudebot@anthropic.com)"
66.249.74.34 - - [15/May/2026:08:16:27 -0400] "GET /product/adidas-x-wales-bonner-pony-samba-core-black/?file=%2Fhome%2Fyallaadminx%2Ftheboots.me%2Fwp-content%2Fthemes%2Fflatsome%2Fsingle-blocks.php HTTP/1.1" 200 29015 "-" "Mozilla/5.0 (Linux; Android 6.0.1; Nexus 5X Build/MMB29P) AppleWebKit/537.36 (KHTML, like Gecko) Chrome/148.0.7778.96 Mobile Safari/537.36 (compatible; Googlebot/2.1; +http://www.google.com/bot.html)"
216.73.217.89 - - [15/May/2026:08:16:37 -0400] "GET /product/nike-mind-001-solar-red/'%20.%20esc_url(%20$org_img%20)%20.%20'?file=%2Fhome%2Fyallaadminx%2Ftheboots.me%2Fwp-content%2Fthemes%2Fflatsome%2Fpage-single-page-nav.php HTTP/1.1" 301 246 "-" "Mozilla/5.0 AppleWebKit/537.36 (KHTML, like Gecko; compatible; ClaudeBot/1.0; +claudebot@anthropic.com)"
216.73.217.89 - - [15/May/2026:08:16:39 -0400] "GET /product/nike-mind-001-solar-red/%20.%20esc_url(%20org_img%20)%20.%20?file=%2Fhome%2Fyallaadminx%2Ftheboots.me%2Fwp-content%2Fthemes%2Fflatsome%2Fpage-single-page-nav.php HTTP/1.1" 301 246 "https://theboots.me/product/nike-mind-001-solar-red/'%20.%20esc_url(%20$org_img%20)%20.%20'?file=%2Fhome%2Fyallaadminx%2Ftheboots.me%2Fwp-content%2Fthemes%2Fflatsome%2Fpage-single-page-nav.php" "Mozilla/5.0 AppleWebKit/537.36 (KHTML, like Gecko; compatible; ClaudeBot/1.0; +claudebot@anthropic.com)"
66.249.74.34 - - [15/May/2026:08:16:37 -0400] "GET /product/adidas-x-wales-bonner-pony-samba-core-black/?rename=%2Fhome%2Fyallaadminx%2Ftheboots.me%2Fwp-content%2Fthemes%2Fflatsome%2Fpage-my-account.php HTTP/1.1" 200 30491 "-" "Mozilla/5.0 (Linux; Android 6.0.1; Nexus 5X Build/MMB29P) AppleWebKit/537.36 (KHTML, like Gecko) Chrome/148.0.7778.96 Mobile Safari/537.36 (compatible; Googlebot/2.1; +http://www.google.com/bot.html)"
216.73.217.89 - - [15/May/2026:08:16:40 -0400] "GET /product/nike-mind-001-solar-red/%20.%20esc_url(%20org_img?file=%2Fhome%2Fyallaadminx%2Ftheboots.me%2Fwp-content%2Fthemes%2Fflatsome%2Fpage-single-page-nav.php HTTP/1.1" 404 18298 "https://theboots.me/product/nike-mind-001-solar-red/%20.%20esc_url(%20org_img%20)%20.%20?file=%2Fhome%2Fyallaadminx%2Ftheboots.me%2Fwp-content%2Fthemes%2Fflatsome%2Fpage-single-page-nav.php" "Mozilla/5.0 AppleWebKit/537.36 (KHTML, like Gecko; compatible; ClaudeBot/1.0; +claudebot@anthropic.com)"
216.73.217.89 - - [15/May/2026:08:16:43 -0400] "GET /product-category/nike/mind-001-and-002//%22?edit=%2Fhome%2Fyallaadminx%2Ftheboots.me%2Fwp-content%2Fthemes%2Fflatsome%2Flanguages%2Fru_RU.po HTTP/1.1" 200 13575 "-" "Mozilla/5.0 AppleWebKit/537.36 (KHTML, like Gecko; compatible; ClaudeBot/1.0; +claudebot@anthropic.com)"
216.73.217.89 - - [15/May/2026:08:16:43 -0400] "GET /product/nike-mind-001-geode-teal/'%20.%20esc_url(%20$id%20)%20.%20'?view=%2Fhome%2Fyallaadminx%2Ftheboots.me%2Fwp-content%2Fthemes%2Fflatsome%2Fchanges.txt HTTP/1.1" 200 43822 "-" "Mozilla/5.0 AppleWebKit/537.36 (KHTML, like Gecko; compatible; ClaudeBot/1.0; +claudebot@anthropic.com)"
216.73.217.89 - - [15/May/2026:08:16:44 -0400] "GET /product/nike-mind-001-fragment-black/%3C?file=%2Fhome%2Fyallaadminx%2Ftheboots.me%2Fwp-content%2Fthemes%2Fflatsome%2Flanguages%2Fvi.po HTTP/1.1" 404 18297 "-" "Mozilla/5.0 AppleWebKit/537.36 (KHTML, like Gecko; compatible; ClaudeBot/1.0; +claudebot@anthropic.com)"
216.73.217.89 - - [15/May/2026:08:16:46 -0400] "GET /product/nike-mind-001-fragment-black/%3C?view=%2Fhome%2Fyallaadminx%2Ftheboots.me%2Fwp-content%2Fthemes%2Fflatsome%2Fwoocommerce%2Fcheckout%2Fthankyou.php HTTP/1.1" 200 1394 "-" "Mozilla/5.0 AppleWebKit/537.36 (KHTML, like Gecko; compatible; ClaudeBot/1.0; +claudebot@anthropic.com)"
216.73.217.89 - - [15/May/2026:08:16:46 -0400] "GET /product/nike-mind-001-red/whatsapp:/'%20.%20esc_url(%20$account_page_url%20)%20.%20'?view=%2Fhome%2Fyallaadminx%2Ftheboots.me%2Fwp-content%2Fthemes%2Fflatsome%2Flanguages%2Fpl_PL.mo HTTP/1.1" 200 12287 "-" "Mozilla/5.0 AppleWebKit/537.36 (KHTML, like Gecko; compatible; ClaudeBot/1.0; +claudebot@anthropic.com)"
216.73.217.89 - - [15/May/2026:08:16:47 -0400] "GET /product/nike-mind-001-light-smoke-grey/whatsapp:/'%20.%20esc_url(%20$account_page_url%20)%20.%20'?file=%2Fhome%2Fyallaadminx%2Ftheboots.me%2Fwp-content%2Fthemes%2Fflatsome%2Fmaintenance.php HTTP/1.1" 301 233 "-" "Mozilla/5.0 AppleWebKit/537.36 (KHTML, like Gecko; compatible; ClaudeBot/1.0; +claudebot@anthropic.com)"
216.73.217.89 - - [15/May/2026:08:16:47 -0400] "GET /product/nike-mind-001-light-smoke-grey/whatsapp:/%20.%20esc_url(%20account_page_url%20)%20.%20?file=%2Fhome%2Fyallaadminx%2Ftheboots.me%2Fwp-content%2Fthemes%2Fflatsome%2Fmaintenance.php HTTP/1.1" 301 233 "https://theboots.me/product/nike-mind-001-light-smoke-grey/whatsapp:/'%20.%20esc_url(%20$account_page_url%20)%20.%20'?file=%2Fhome%2Fyallaadminx%2Ftheboots.me%2Fwp-content%2Fthemes%2Fflatsome%2Fmaintenance.php" "Mozilla/5.0 AppleWebKit/537.36 (KHTML, like Gecko; compatible; ClaudeBot/1.0; +claudebot@anthropic.com)"
