47.128.62.171 - - [15/May/2026:11:48:04 -0400] "GET /?filter_size=35%2C36%2C37%2C40%2C42%2C43&post_type=product&stock_status=instock HTTP/1.1" 200 51106 "-" "Mozilla/5.0 (compatible; Bytespider; spider-feedback@bytedance.com) AppleWebKit/537.36 (KHTML, like Gecko) Chrome/70.0.0.0 Safari/537.36"
47.128.62.171 - - [15/May/2026:11:48:27 -0400] "GET /wp-content/uploads/2024/03/ShoeNation-Logo.png HTTP/1.1" 200 0 "https://www.shoenation.me/?filter_size=35%2C36%2C37%2C40%2C42%2C43&post_type=product&stock_status=instock" "Mozilla/5.0 (compatible; Bytespider; spider-feedback@bytedance.com) AppleWebKit/537.36 (KHTML, like Gecko) Chrome/70.0.0.0 Safari/537.36"
47.128.62.171 - - [15/May/2026:11:48:27 -0400] "GET /wp-content/uploads/2025/02/IMG_0260-150x150.jpeg HTTP/1.1" 200 0 "https://www.shoenation.me/?filter_size=35%2C36%2C37%2C40%2C42%2C43&post_type=product&stock_status=instock" "Mozilla/5.0 (compatible; Bytespider; spider-feedback@bytedance.com) AppleWebKit/537.36 (KHTML, like Gecko) Chrome/70.0.0.0 Safari/537.36"
47.128.62.171 - - [15/May/2026:11:48:27 -0400] "GET /wp-content/uploads/2025/02/new-balance-530-miu-miu-v0-0p61tlqcrp2d1-150x150.webp HTTP/1.1" 200 0 "https://www.shoenation.me/?filter_size=35%2C36%2C37%2C40%2C42%2C43&post_type=product&stock_status=instock" "Mozilla/5.0 (compatible; Bytespider; spider-feedback@bytedance.com) AppleWebKit/537.36 (KHTML, like Gecko) Chrome/70.0.0.0 Safari/537.36"
47.128.62.171 - - [15/May/2026:11:48:27 -0400] "GET /wp-content/uploads/2025/02/download-150x150.jpg HTTP/1.1" 200 0 "https://www.shoenation.me/?filter_size=35%2C36%2C37%2C40%2C42%2C43&post_type=product&stock_status=instock" "Mozilla/5.0 (compatible; Bytespider; spider-feedback@bytedance.com) AppleWebKit/537.36 (KHTML, like Gecko) Chrome/70.0.0.0 Safari/537.36"
47.128.62.171 - - [15/May/2026:11:48:27 -0400] "GET /wp-content/uploads/2024/06/3423897250m8_zm-1-150x150.jpg HTTP/1.1" 200 0 "https://www.shoenation.me/?filter_size=35%2C36%2C37%2C40%2C42%2C43&post_type=product&stock_status=instock" "Mozilla/5.0 (compatible; Bytespider; spider-feedback@bytedance.com) AppleWebKit/537.36 (KHTML, like Gecko) Chrome/70.0.0.0 Safari/537.36"
47.128.62.171 - - [15/May/2026:11:48:27 -0400] "GET /wp-content/uploads/2024/06/5ef42a4788df9cdaaf135d9583f2228b-1-150x150.jpg HTTP/1.1" 200 0 "https://www.shoenation.me/?filter_size=35%2C36%2C37%2C40%2C42%2C43&post_type=product&stock_status=instock" "Mozilla/5.0 (compatible; Bytespider; spider-feedback@bytedance.com) AppleWebKit/537.36 (KHTML, like Gecko) Chrome/70.0.0.0 Safari/537.36"
47.128.62.171 - - [15/May/2026:11:48:27 -0400] "GET /wp-content/uploads/2024/06/ca089c0521d61637a52311e4c5c83f0f-150x150.jpg HTTP/1.1" 200 0 "https://www.shoenation.me/?filter_size=35%2C36%2C37%2C40%2C42%2C43&post_type=product&stock_status=instock" "Mozilla/5.0 (compatible; Bytespider; spider-feedback@bytedance.com) AppleWebKit/537.36 (KHTML, like Gecko) Chrome/70.0.0.0 Safari/537.36"
47.128.62.171 - - [15/May/2026:11:48:27 -0400] "GET /wp-content/uploads/2024/06/63922ed58580f70019f80ea5-1-150x150.webp HTTP/1.1" 200 0 "https://www.shoenation.me/?filter_size=35%2C36%2C37%2C40%2C42%2C43&post_type=product&stock_status=instock" "Mozilla/5.0 (compatible; Bytespider; spider-feedback@bytedance.com) AppleWebKit/537.36 (KHTML, like Gecko) Chrome/70.0.0.0 Safari/537.36"
47.128.62.171 - - [15/May/2026:11:48:27 -0400] "GET /wp-content/uploads/2024/06/product-jpeg-500x500-1-150x150.webp HTTP/1.1" 200 0 "https://www.shoenation.me/?filter_size=35%2C36%2C37%2C40%2C42%2C43&post_type=product&stock_status=instock" "Mozilla/5.0 (compatible; Bytespider; spider-feedback@bytedance.com) AppleWebKit/537.36 (KHTML, like Gecko) Chrome/70.0.0.0 Safari/537.36"
47.128.62.171 - - [15/May/2026:11:48:27 -0400] "GET /wp-content/uploads/2025/02/614b4079e84ea91f6aa9d9919838a0d6.jpg_720x720q80-150x150.jpg HTTP/1.1" 200 0 "https://www.shoenation.me/?filter_size=35%2C36%2C37%2C40%2C42%2C43&post_type=product&stock_status=instock" "Mozilla/5.0 (compatible; Bytespider; spider-feedback@bytedance.com) AppleWebKit/537.36 (KHTML, like Gecko) Chrome/70.0.0.0 Safari/537.36"
47.128.62.171 - - [15/May/2026:11:48:27 -0400] "GET /wp-content/uploads/2024/06/17-best-nike-running-shoes-15275-150x150.webp HTTP/1.1" 200 0 "https://www.shoenation.me/?filter_size=35%2C36%2C37%2C40%2C42%2C43&post_type=product&stock_status=instock" "Mozilla/5.0 (compatible; Bytespider; spider-feedback@bytedance.com) AppleWebKit/537.36 (KHTML, like Gecko) Chrome/70.0.0.0 Safari/537.36"
47.128.62.171 - - [15/May/2026:11:48:27 -0400] "GET /wp-content/uploads/2024/10/162050C_A_107X1_ed076325-5427-49a6-8db3-531d48402bcb_1024x1024@2x-430x401.webp HTTP/1.1" 200 0 "https://www.shoenation.me/?filter_size=35%2C36%2C37%2C40%2C42%2C43&post_type=product&stock_status=instock" "Mozilla/5.0 (compatible; Bytespider; spider-feedback@bytedance.com) AppleWebKit/537.36 (KHTML, like Gecko) Chrome/70.0.0.0 Safari/537.36"
47.128.62.171 - - [15/May/2026:11:48:47 -0400] "GET /wp-content/uploads/2024/03/OUCO0007-3-430x430.png HTTP/1.1" 500 2431 "https://www.shoenation.me/?filter_size=35%2C36%2C37%2C40%2C42%2C43&post_type=product&stock_status=instock" "Mozilla/5.0 (compatible; Bytespider; spider-feedback@bytedance.com) AppleWebKit/537.36 (KHTML, like Gecko) Chrome/70.0.0.0 Safari/537.36"
47.128.62.171 - - [15/May/2026:11:48:28 -0400] "GET /wp-content/uploads/2024/10/0883-CONM9160C00008H-1-430x400.webp HTTP/1.1" 200 0 "https://www.shoenation.me/?filter_size=35%2C36%2C37%2C40%2C42%2C43&post_type=product&stock_status=instock" "Mozilla/5.0 (compatible; Bytespider; spider-feedback@bytedance.com) AppleWebKit/537.36 (KHTML, like Gecko) Chrome/70.0.0.0 Safari/537.36"
47.128.62.171 - - [15/May/2026:11:48:28 -0400] "GET /wp-content/uploads/2024/10/0885-CON162050C000009-5.webp HTTP/1.1" 200 0 "https://www.shoenation.me/?filter_size=35%2C36%2C37%2C40%2C42%2C43&post_type=product&stock_status=instock" "Mozilla/5.0 (compatible; Bytespider; spider-feedback@bytedance.com) AppleWebKit/537.36 (KHTML, like Gecko) Chrome/70.0.0.0 Safari/537.36"
47.128.62.171 - - [15/May/2026:11:48:28 -0400] "GET /wp-content/uploads/2024/03/OUCO0001-1-430x430.png HTTP/1.1" 200 0 "https://www.shoenation.me/?filter_size=35%2C36%2C37%2C40%2C42%2C43&post_type=product&stock_status=instock" "Mozilla/5.0 (compatible; Bytespider; spider-feedback@bytedance.com) AppleWebKit/537.36 (KHTML, like Gecko) Chrome/70.0.0.0 Safari/537.36"
47.128.62.171 - - [15/May/2026:11:48:28 -0400] "GET /wp-content/uploads/2024/03/OUCO0001-2-430x430.png HTTP/1.1" 200 0 "https://www.shoenation.me/?filter_size=35%2C36%2C37%2C40%2C42%2C43&post_type=product&stock_status=instock" "Mozilla/5.0 (compatible; Bytespider; spider-feedback@bytedance.com) AppleWebKit/537.36 (KHTML, like Gecko) Chrome/70.0.0.0 Safari/537.36"
47.128.62.171 - - [15/May/2026:11:48:28 -0400] "GET /wp-content/uploads/2024/03/OUCO0009-2-430x430.png HTTP/1.1" 200 0 "https://www.shoenation.me/?filter_size=35%2C36%2C37%2C40%2C42%2C43&post_type=product&stock_status=instock" "Mozilla/5.0 (compatible; Bytespider; spider-feedback@bytedance.com) AppleWebKit/537.36 (KHTML, like Gecko) Chrome/70.0.0.0 Safari/537.36"
47.128.62.171 - - [15/May/2026:11:48:28 -0400] "GET /wp-content/uploads/2024/03/OUCO0009-1-430x430.png HTTP/1.1" 200 0 "https://www.shoenation.me/?filter_size=35%2C36%2C37%2C40%2C42%2C43&post_type=product&stock_status=instock" "Mozilla/5.0 (compatible; Bytespider; spider-feedback@bytedance.com) AppleWebKit/537.36 (KHTML, like Gecko) Chrome/70.0.0.0 Safari/537.36"
47.128.62.171 - - [15/May/2026:11:48:28 -0400] "GET /wp-content/uploads/2024/03/OUCO0003-2-430x430.png HTTP/1.1" 200 0 "https://www.shoenation.me/?filter_size=35%2C36%2C37%2C40%2C42%2C43&post_type=product&stock_status=instock" "Mozilla/5.0 (compatible; Bytespider; spider-feedback@bytedance.com) AppleWebKit/537.36 (KHTML, like Gecko) Chrome/70.0.0.0 Safari/537.36"
47.128.62.171 - - [15/May/2026:11:48:28 -0400] "GET /wp-content/uploads/2024/03/OUCO0003-1-430x430.png HTTP/1.1" 200 0 "https://www.shoenation.me/?filter_size=35%2C36%2C37%2C40%2C42%2C43&post_type=product&stock_status=instock" "Mozilla/5.0 (compatible; Bytespider; spider-feedback@bytedance.com) AppleWebKit/537.36 (KHTML, like Gecko) Chrome/70.0.0.0 Safari/537.36"
47.128.62.171 - - [15/May/2026:11:48:28 -0400] "GET /wp-content/uploads/2024/03/OUCO0005-3-430x430.png HTTP/1.1" 200 0 "https://www.shoenation.me/?filter_size=35%2C36%2C37%2C40%2C42%2C43&post_type=product&stock_status=instock" "Mozilla/5.0 (compatible; Bytespider; spider-feedback@bytedance.com) AppleWebKit/537.36 (KHTML, like Gecko) Chrome/70.0.0.0 Safari/537.36"
47.128.62.171 - - [15/May/2026:11:48:28 -0400] "GET /wp-content/uploads/2024/03/OUCO0005-1-430x430.png HTTP/1.1" 200 0 "https://www.shoenation.me/?filter_size=35%2C36%2C37%2C40%2C42%2C43&post_type=product&stock_status=instock" "Mozilla/5.0 (compatible; Bytespider; spider-feedback@bytedance.com) AppleWebKit/537.36 (KHTML, like Gecko) Chrome/70.0.0.0 Safari/537.36"
47.128.62.171 - - [15/May/2026:11:48:28 -0400] "GET /wp-content/uploads/2024/03/OSHSN0619-3-430x430.png HTTP/1.1" 200 0 "https://www.shoenation.me/?filter_size=35%2C36%2C37%2C40%2C42%2C43&post_type=product&stock_status=instock" "Mozilla/5.0 (compatible; Bytespider; spider-feedback@bytedance.com) AppleWebKit/537.36 (KHTML, like Gecko) Chrome/70.0.0.0 Safari/537.36"
47.128.62.171 - - [15/May/2026:11:48:28 -0400] "GET /wp-content/uploads/2024/03/OSHSN0619-1-430x430.png HTTP/1.1" 200 0 "https://www.shoenation.me/?filter_size=35%2C36%2C37%2C40%2C42%2C43&post_type=product&stock_status=instock" "Mozilla/5.0 (compatible; Bytespider; spider-feedback@bytedance.com) AppleWebKit/537.36 (KHTML, like Gecko) Chrome/70.0.0.0 Safari/537.36"
47.128.62.171 - - [15/May/2026:11:48:28 -0400] "GET /wp-content/uploads/2024/03/OUCO0008-2-430x430.png HTTP/1.1" 200 0 "https://www.shoenation.me/?filter_size=35%2C36%2C37%2C40%2C42%2C43&post_type=product&stock_status=instock" "Mozilla/5.0 (compatible; Bytespider; spider-feedback@bytedance.com) AppleWebKit/537.36 (KHTML, like Gecko) Chrome/70.0.0.0 Safari/537.36"
47.128.62.171 - - [15/May/2026:11:48:28 -0400] "GET /wp-content/uploads/2024/03/OUCO0008-1-430x430.png HTTP/1.1" 200 0 "https://www.shoenation.me/?filter_size=35%2C36%2C37%2C40%2C42%2C43&post_type=product&stock_status=instock" "Mozilla/5.0 (compatible; Bytespider; spider-feedback@bytedance.com) AppleWebKit/537.36 (KHTML, like Gecko) Chrome/70.0.0.0 Safari/537.36"
47.128.62.171 - - [15/May/2026:11:48:47 -0400] "GET /wp-content/uploads/2024/03/OUCO0015-2-430x430.png HTTP/1.1" 200 0 "https://www.shoenation.me/?filter_size=35%2C36%2C37%2C40%2C42%2C43&post_type=product&stock_status=instock" "Mozilla/5.0 (compatible; Bytespider; spider-feedback@bytedance.com) AppleWebKit/537.36 (KHTML, like Gecko) Chrome/70.0.0.0 Safari/537.36"
47.128.62.171 - - [15/May/2026:11:48:47 -0400] "GET /wp-content/uploads/2024/03/OUCO0015-1-430x430.png HTTP/1.1" 200 0 "https://www.shoenation.me/?filter_size=35%2C36%2C37%2C40%2C42%2C43&post_type=product&stock_status=instock" "Mozilla/5.0 (compatible; Bytespider; spider-feedback@bytedance.com) AppleWebKit/537.36 (KHTML, like Gecko) Chrome/70.0.0.0 Safari/537.36"
47.128.62.171 - - [15/May/2026:11:48:47 -0400] "GET /wp-content/uploads/2024/03/OUCO0013-2-430x430.png HTTP/1.1" 200 0 "https://www.shoenation.me/?filter_size=35%2C36%2C37%2C40%2C42%2C43&post_type=product&stock_status=instock" "Mozilla/5.0 (compatible; Bytespider; spider-feedback@bytedance.com) AppleWebKit/537.36 (KHTML, like Gecko) Chrome/70.0.0.0 Safari/537.36"
47.128.62.171 - - [15/May/2026:11:48:47 -0400] "GET /wp-content/uploads/2024/03/OUCO0013-1-430x430.png HTTP/1.1" 200 0 "https://www.shoenation.me/?filter_size=35%2C36%2C37%2C40%2C42%2C43&post_type=product&stock_status=instock" "Mozilla/5.0 (compatible; Bytespider; spider-feedback@bytedance.com) AppleWebKit/537.36 (KHTML, like Gecko) Chrome/70.0.0.0 Safari/537.36"
47.128.62.171 - - [15/May/2026:11:48:47 -0400] "GET /wp-content/uploads/2024/03/OUCO0011-3-430x430.png HTTP/1.1" 200 0 "https://www.shoenation.me/?filter_size=35%2C36%2C37%2C40%2C42%2C43&post_type=product&stock_status=instock" "Mozilla/5.0 (compatible; Bytespider; spider-feedback@bytedance.com) AppleWebKit/537.36 (KHTML, like Gecko) Chrome/70.0.0.0 Safari/537.36"
47.128.62.171 - - [15/May/2026:11:48:47 -0400] "GET /wp-content/uploads/2024/03/OUCO0011-1-430x430.png HTTP/1.1" 200 0 "https://www.shoenation.me/?filter_size=35%2C36%2C37%2C40%2C42%2C43&post_type=product&stock_status=instock" "Mozilla/5.0 (compatible; Bytespider; spider-feedback@bytedance.com) AppleWebKit/537.36 (KHTML, like Gecko) Chrome/70.0.0.0 Safari/537.36"
47.128.62.171 - - [15/May/2026:11:48:47 -0400] "GET /wp-content/uploads/2024/03/OUCO0007-1-430x430.png HTTP/1.1" 200 0 "https://www.shoenation.me/?filter_size=35%2C36%2C37%2C40%2C42%2C43&post_type=product&stock_status=instock" "Mozilla/5.0 (compatible; Bytespider; spider-feedback@bytedance.com) AppleWebKit/537.36 (KHTML, like Gecko) Chrome/70.0.0.0 Safari/537.36"
47.128.62.171 - - [15/May/2026:11:48:47 -0400] "GET /wp-content/uploads/2024/03/wd-envelope-dark.svg HTTP/1.1" 200 0 "https://www.shoenation.me/?filter_size=35%2C36%2C37%2C40%2C42%2C43&post_type=product&stock_status=instock" "Mozilla/5.0 (compatible; Bytespider; spider-feedback@bytedance.com) AppleWebKit/537.36 (KHTML, like Gecko) Chrome/70.0.0.0 Safari/537.36"
185.191.171.6 - - [15/May/2026:11:48:25 -0400] "GET /product/adidas-gazelle-bold-black-sneakers/ HTTP/1.1" 200 0 "-" "Mozilla/5.0 (compatible; SemrushBot/7~bl; +http://www.semrush.com/bot.html)"
67.223.118.104 - - [15/May/2026:11:49:17 -0400] "POST /wp-cron.php?doing_wp_cron=1778860157.3375730514526367187500 HTTP/1.1" 200 0 "-" "WordPress/6.9.4; https://www.shoenation.me"
67.223.118.104 - - [15/May/2026:11:49:21 -0400] "POST /wp-cron.php?doing_wp_cron=1778860161.8717629909515380859375 HTTP/1.1" 200 0 "-" "WordPress/6.9.4; https://www.shoenation.me"
185.191.171.6 - - [15/May/2026:11:49:15 -0400] "GET /product/adidas-gazelle-bold-black-sneakers/ HTTP/1.1" 200 63385 "-" "Mozilla/5.0 (compatible; SemrushBot/7~bl; +http://www.semrush.com/bot.html)"
184.73.195.18 - - [15/May/2026:11:50:01 -0400] "GET /?product=nike-air-force-1-low-gum-white-sneakers HTTP/1.1" 200 63662 "-" "Mozilla/5.0 AppleWebKit/537.36 (KHTML, like Gecko; compatible; Amazonbot/0.1; +https://developer.amazon.com/support/amazonbot) Chrome/119.0.6045.214 Safari/537.36"
47.82.10.196 - - [15/May/2026:11:50:08 -0400] "GET /wp-content/uploads/2025/01/c2_dfa0965b-244c-4cdb-98a0-3ad6194aa166.webp HTTP/1.1" 404 41723 "https://www.shoenation.me/" "Mozilla/5.0 (Windows NT 10.0; Win64; x64) AppleWebKit/537.36 (KHTML, like Gecko) Chrome/135.0.0.0 Safari/537.36"
66.249.73.71 - - [15/May/2026:11:50:25 -0400] "GET /?detail/393665113 HTTP/1.1" 200 23371 "-" "Mozilla/5.0 (Linux; Android 6.0.1; Nexus 5X Build/MMB29P) AppleWebKit/537.36 (KHTML, like Gecko) Chrome/148.0.7778.96 Mobile Safari/537.36 (compatible; Googlebot/2.1; +http://www.google.com/bot.html)"
67.223.118.104 - - [15/May/2026:11:51:27 -0400] "POST /wp-cron.php?doing_wp_cron=1778860287.0541770458221435546875 HTTP/1.1" 200 0 "-" "WordPress/6.9.4; https://www.shoenation.me"
66.249.73.73 - - [15/May/2026:11:51:26 -0400] "GET /goods.php?item/p2592706 HTTP/1.1" 200 25004 "-" "Mozilla/5.0 (Linux; Android 6.0.1; Nexus 5X Build/MMB29P) AppleWebKit/537.36 (KHTML, like Gecko) Chrome/148.0.7778.96 Mobile Safari/537.36 (compatible; Googlebot/2.1; +http://www.google.com/bot.html)"
179.125.28.142 - - [15/May/2026:11:51:22 -0400] "GET /wp-content/uploads/2024/06/EditsbyAhmar01_57b3126b-b12c-4e01-8c82-6afac5cbed48-300x300.webp HTTP/1.1" 404 41734 "-" "Opera/9.83.(Windows CE; ti-ET) Presto/2.9.173 Version/10.00"
47.82.10.150 - - [15/May/2026:11:51:30 -0400] "GET /wp-content/uploads/2024/05/blazer-low-77-jumbo-womens-shoes-PdFBP1-1.webp HTTP/1.1" 404 41721 "https://www.shoenation.me/" "Mozilla/5.0 (Windows NT 10.0; Win64; x64) AppleWebKit/537.36 (KHTML, like Gecko) Chrome/134.0.0.0 Safari/537.36"
66.249.73.71 - - [15/May/2026:11:51:57 -0400] "GET /?post_type=product&filter_size=38,41,42 HTTP/1.1" 200 25209 "-" "Mozilla/5.0 (Linux; Android 6.0.1; Nexus 5X Build/MMB29P) AppleWebKit/537.36 (KHTML, like Gecko) Chrome/148.0.7778.96 Mobile Safari/537.36 (compatible; Googlebot/2.1; +http://www.google.com/bot.html)"
67.223.118.104 - - [15/May/2026:11:52:08 -0400] "POST /wp-cron.php?doing_wp_cron=1778860328.5438010692596435546875 HTTP/1.1" 200 0 "-" "WordPress/6.9.4; https://www.shoenation.me"
47.128.62.179 - - [15/May/2026:11:52:05 -0400] "GET /?per_page=18&per_row=2&product_cat=ugg&shop_view=grid&stock_status=instock%2Consale HTTP/1.1" 301 0 "-" "Mozilla/5.0 (compatible; Bytespider; spider-feedback@bytedance.com) AppleWebKit/537.36 (KHTML, like Gecko) Chrome/70.0.0.0 Safari/537.36"
47.128.62.179 - - [15/May/2026:11:52:08 -0400] "GET /product-category/ugg/?per_page=18&per_row=2&shop_view=grid&stock_status=instock%2Consale HTTP/1.1" 200 50473 "-" "Mozilla/5.0 (compatible; Bytespider; spider-feedback@bytedance.com) AppleWebKit/537.36 (KHTML, like Gecko) Chrome/70.0.0.0 Safari/537.36"
67.223.118.104 - - [15/May/2026:11:52:43 -0400] "POST /wp-cron.php?doing_wp_cron=1778860362.4352860450744628906250 HTTP/1.1" 200 0 "-" "WordPress/6.9.4; https://www.shoenation.me"
47.128.62.179 - - [15/May/2026:11:52:23 -0400] "GET /wp-content/uploads/2024/06/17-best-nike-running-shoes-15275-150x150.webp HTTP/1.1" 404 178527 "https://www.shoenation.me/product-category/ugg/?per_page=18&per_row=2&shop_view=grid&stock_status=instock%2Consale" "Mozilla/5.0 (compatible; Bytespider; spider-feedback@bytedance.com) AppleWebKit/537.36 (KHTML, like Gecko) Chrome/70.0.0.0 Safari/537.36"
47.128.62.179 - - [15/May/2026:11:52:23 -0400] "GET /wp-content/uploads/2025/02/new-balance-530-miu-miu-v0-0p61tlqcrp2d1-150x150.webp HTTP/1.1" 404 178551 "https://www.shoenation.me/product-category/ugg/?per_page=18&per_row=2&shop_view=grid&stock_status=instock%2Consale" "Mozilla/5.0 (compatible; Bytespider; spider-feedback@bytedance.com) AppleWebKit/537.36 (KHTML, like Gecko) Chrome/70.0.0.0 Safari/537.36"
47.128.62.179 - - [15/May/2026:11:52:23 -0400] "GET /wp-content/uploads/2024/03/ShoeNation-Logo.png HTTP/1.1" 404 178449 "https://www.shoenation.me/product-category/ugg/?per_page=18&per_row=2&shop_view=grid&stock_status=instock%2Consale" "Mozilla/5.0 (compatible; Bytespider; spider-feedback@bytedance.com) AppleWebKit/537.36 (KHTML, like Gecko) Chrome/70.0.0.0 Safari/537.36"
47.128.62.179 - - [15/May/2026:11:52:23 -0400] "GET /wp-content/uploads/2025/01/OUSL0038-2-430x430.png HTTP/1.1" 404 178458 "https://www.shoenation.me/product-category/ugg/?per_page=18&per_row=2&shop_view=grid&stock_status=instock%2Consale" "Mozilla/5.0 (compatible; Bytespider; spider-feedback@bytedance.com) AppleWebKit/537.36 (KHTML, like Gecko) Chrome/70.0.0.0 Safari/537.36"
47.128.62.179 - - [15/May/2026:11:52:23 -0400] "GET /wp-content/uploads/2025/01/OUSL0039-2-430x430.png HTTP/1.1" 404 178458 "https://www.shoenation.me/product-category/ugg/?per_page=18&per_row=2&shop_view=grid&stock_status=instock%2Consale" "Mozilla/5.0 (compatible; Bytespider; spider-feedback@bytedance.com) AppleWebKit/537.36 (KHTML, like Gecko) Chrome/70.0.0.0 Safari/537.36"
47.128.62.179 - - [15/May/2026:11:52:23 -0400] "GET /wp-content/uploads/2024/06/3423897250m8_zm-1-150x150.jpg HTTP/1.1" 404 178479 "https://www.shoenation.me/product-category/ugg/?per_page=18&per_row=2&shop_view=grid&stock_status=instock%2Consale" "Mozilla/5.0 (compatible; Bytespider; spider-feedback@bytedance.com) AppleWebKit/537.36 (KHTML, like Gecko) Chrome/70.0.0.0 Safari/537.36"
47.128.62.179 - - [15/May/2026:11:52:23 -0400] "GET /wp-content/uploads/2024/06/5ef42a4788df9cdaaf135d9583f2228b-1-150x150.jpg HTTP/1.1" 404 178530 "https://www.shoenation.me/product-category/ugg/?per_page=18&per_row=2&shop_view=grid&stock_status=instock%2Consale" "Mozilla/5.0 (compatible; Bytespider; spider-feedback@bytedance.com) AppleWebKit/537.36 (KHTML, like Gecko) Chrome/70.0.0.0 Safari/537.36"
47.128.62.179 - - [15/May/2026:11:52:23 -0400] "GET /wp-content/uploads/2024/06/ca089c0521d61637a52311e4c5c83f0f-150x150.jpg HTTP/1.1" 404 178524 "https://www.shoenation.me/product-category/ugg/?per_page=18&per_row=2&shop_view=grid&stock_status=instock%2Consale" "Mozilla/5.0 (compatible; Bytespider; spider-feedback@bytedance.com) AppleWebKit/537.36 (KHTML, like Gecko) Chrome/70.0.0.0 Safari/537.36"
47.128.62.179 - - [15/May/2026:11:52:23 -0400] "GET /wp-content/uploads/2025/01/OUSL0039-1-430x430.png HTTP/1.1" 404 178458 "https://www.shoenation.me/product-category/ugg/?per_page=18&per_row=2&shop_view=grid&stock_status=instock%2Consale" "Mozilla/5.0 (compatible; Bytespider; spider-feedback@bytedance.com) AppleWebKit/537.36 (KHTML, like Gecko) Chrome/70.0.0.0 Safari/537.36"
47.128.62.179 - - [15/May/2026:11:52:23 -0400] "GET /wp-content/uploads/2025/02/IMG_0260-150x150.jpeg HTTP/1.1" 404 178455 "https://www.shoenation.me/product-category/ugg/?per_page=18&per_row=2&shop_view=grid&stock_status=instock%2Consale" "Mozilla/5.0 (compatible; Bytespider; spider-feedback@bytedance.com) AppleWebKit/537.36 (KHTML, like Gecko) Chrome/70.0.0.0 Safari/537.36"
47.128.62.179 - - [15/May/2026:11:52:23 -0400] "GET /wp-content/uploads/2025/02/download-150x150.jpg HTTP/1.1" 404 178452 "https://www.shoenation.me/product-category/ugg/?per_page=18&per_row=2&shop_view=grid&stock_status=instock%2Consale" "Mozilla/5.0 (compatible; Bytespider; spider-feedback@bytedance.com) AppleWebKit/537.36 (KHTML, like Gecko) Chrome/70.0.0.0 Safari/537.36"
47.128.62.179 - - [15/May/2026:11:52:23 -0400] "GET /wp-content/uploads/2024/06/63922ed58580f70019f80ea5-1-150x150.webp HTTP/1.1" 404 178509 "https://www.shoenation.me/product-category/ugg/?per_page=18&per_row=2&shop_view=grid&stock_status=instock%2Consale" "Mozilla/5.0 (compatible; Bytespider; spider-feedback@bytedance.com) AppleWebKit/537.36 (KHTML, like Gecko) Chrome/70.0.0.0 Safari/537.36"
47.128.62.179 - - [15/May/2026:11:52:23 -0400] "GET /wp-content/uploads/2025/01/OUSL0038-3-430x430.png HTTP/1.1" 404 178458 "https://www.shoenation.me/product-category/ugg/?per_page=18&per_row=2&shop_view=grid&stock_status=instock%2Consale" "Mozilla/5.0 (compatible; Bytespider; spider-feedback@bytedance.com) AppleWebKit/537.36 (KHTML, like Gecko) Chrome/70.0.0.0 Safari/537.36"
47.128.62.179 - - [15/May/2026:11:52:23 -0400] "GET /wp-content/uploads/2025/02/614b4079e84ea91f6aa9d9919838a0d6.jpg_720x720q80-150x150.jpg HTTP/1.1" 404 178569 "https://www.shoenation.me/product-category/ugg/?per_page=18&per_row=2&shop_view=grid&stock_status=instock%2Consale" "Mozilla/5.0 (compatible; Bytespider; spider-feedback@bytedance.com) AppleWebKit/537.36 (KHTML, like Gecko) Chrome/70.0.0.0 Safari/537.36"
47.128.62.179 - - [15/May/2026:11:52:23 -0400] "GET /wp-content/uploads/2024/06/product-jpeg-500x500-1-150x150.webp HTTP/1.1" 404 178497 "https://www.shoenation.me/product-category/ugg/?per_page=18&per_row=2&shop_view=grid&stock_status=instock%2Consale" "Mozilla/5.0 (compatible; Bytespider; spider-feedback@bytedance.com) AppleWebKit/537.36 (KHTML, like Gecko) Chrome/70.0.0.0 Safari/537.36"
47.128.62.179 - - [15/May/2026:11:52:43 -0400] "GET /wp-content/uploads/2025/01/c2_dfa0965b-244c-4cdb-98a0-3ad6194aa166-430x430.webp HTTP/1.1" 200 0 "https://www.shoenation.me/product-category/ugg/?per_page=18&per_row=2&shop_view=grid&stock_status=instock%2Consale" "Mozilla/5.0 (compatible; Bytespider; spider-feedback@bytedance.com) AppleWebKit/537.36 (KHTML, like Gecko) Chrome/70.0.0.0 Safari/537.36"
47.128.62.179 - - [15/May/2026:11:52:43 -0400] "GET /wp-content/uploads/2025/01/OUSL0033-2-430x430.png HTTP/1.1" 200 0 "https://www.shoenation.me/product-category/ugg/?per_page=18&per_row=2&shop_view=grid&stock_status=instock%2Consale" "Mozilla/5.0 (compatible; Bytespider; spider-feedback@bytedance.com) AppleWebKit/537.36 (KHTML, like Gecko) Chrome/70.0.0.0 Safari/537.36"
47.128.62.179 - - [15/May/2026:11:52:43 -0400] "GET /wp-content/uploads/2025/01/OUSL0034-1-430x430.png HTTP/1.1" 200 0 "https://www.shoenation.me/product-category/ugg/?per_page=18&per_row=2&shop_view=grid&stock_status=instock%2Consale" "Mozilla/5.0 (compatible; Bytespider; spider-feedback@bytedance.com) AppleWebKit/537.36 (KHTML, like Gecko) Chrome/70.0.0.0 Safari/537.36"
47.128.62.179 - - [15/May/2026:11:52:43 -0400] "GET /wp-content/uploads/2025/01/OUSL0034-3-1-430x430.png HTTP/1.1" 200 0 "https://www.shoenation.me/product-category/ugg/?per_page=18&per_row=2&shop_view=grid&stock_status=instock%2Consale" "Mozilla/5.0 (compatible; Bytespider; spider-feedback@bytedance.com) AppleWebKit/537.36 (KHTML, like Gecko) Chrome/70.0.0.0 Safari/537.36"
47.128.62.179 - - [15/May/2026:11:52:43 -0400] "GET /wp-content/uploads/2025/01/OUSL0033-3-430x430.png HTTP/1.1" 200 0 "https://www.shoenation.me/product-category/ugg/?per_page=18&per_row=2&shop_view=grid&stock_status=instock%2Consale" "Mozilla/5.0 (compatible; Bytespider; spider-feedback@bytedance.com) AppleWebKit/537.36 (KHTML, like Gecko) Chrome/70.0.0.0 Safari/537.36"
47.128.62.179 - - [15/May/2026:11:52:43 -0400] "GET /wp-content/uploads/2025/01/OUSL0015-3-430x430.png HTTP/1.1" 200 0 "https://www.shoenation.me/product-category/ugg/?per_page=18&per_row=2&shop_view=grid&stock_status=instock%2Consale" "Mozilla/5.0 (compatible; Bytespider; spider-feedback@bytedance.com) AppleWebKit/537.36 (KHTML, like Gecko) Chrome/70.0.0.0 Safari/537.36"
47.128.62.179 - - [15/May/2026:11:52:43 -0400] "GET /wp-content/uploads/2025/01/OUSL0031-1-Copy-430x430.png HTTP/1.1" 200 0 "https://www.shoenation.me/product-category/ugg/?per_page=18&per_row=2&shop_view=grid&stock_status=instock%2Consale" "Mozilla/5.0 (compatible; Bytespider; spider-feedback@bytedance.com) AppleWebKit/537.36 (KHTML, like Gecko) Chrome/70.0.0.0 Safari/537.36"
47.128.62.179 - - [15/May/2026:11:52:43 -0400] "GET /wp-content/uploads/2025/01/c3_a8804c25-982e-40cc-b739-ceac8051fb14-430x430.webp HTTP/1.1" 200 0 "https://www.shoenation.me/product-category/ugg/?per_page=18&per_row=2&shop_view=grid&stock_status=instock%2Consale" "Mozilla/5.0 (compatible; Bytespider; spider-feedback@bytedance.com) AppleWebKit/537.36 (KHTML, like Gecko) Chrome/70.0.0.0 Safari/537.36"
47.128.62.179 - - [15/May/2026:11:52:43 -0400] "GET /wp-content/uploads/2025/01/OUSL0032-1-430x430.png HTTP/1.1" 200 0 "https://www.shoenation.me/product-category/ugg/?per_page=18&per_row=2&shop_view=grid&stock_status=instock%2Consale" "Mozilla/5.0 (compatible; Bytespider; spider-feedback@bytedance.com) AppleWebKit/537.36 (KHTML, like Gecko) Chrome/70.0.0.0 Safari/537.36"
47.128.62.179 - - [15/May/2026:11:52:43 -0400] "GET /wp-content/uploads/2025/01/OUSL0032-2-430x430.png HTTP/1.1" 200 0 "https://www.shoenation.me/product-category/ugg/?per_page=18&per_row=2&shop_view=grid&stock_status=instock%2Consale" "Mozilla/5.0 (compatible; Bytespider; spider-feedback@bytedance.com) AppleWebKit/537.36 (KHTML, like Gecko) Chrome/70.0.0.0 Safari/537.36"
47.128.62.179 - - [15/May/2026:11:52:43 -0400] "GET /wp-content/uploads/2025/01/OUSL0014-3-430x430.png HTTP/1.1" 200 0 "https://www.shoenation.me/product-category/ugg/?per_page=18&per_row=2&shop_view=grid&stock_status=instock%2Consale" "Mozilla/5.0 (compatible; Bytespider; spider-feedback@bytedance.com) AppleWebKit/537.36 (KHTML, like Gecko) Chrome/70.0.0.0 Safari/537.36"
47.128.62.179 - - [15/May/2026:11:52:43 -0400] "GET /wp-content/uploads/2025/01/OUSL0031-2-430x430.png HTTP/1.1" 200 0 "https://www.shoenation.me/product-category/ugg/?per_page=18&per_row=2&shop_view=grid&stock_status=instock%2Consale" "Mozilla/5.0 (compatible; Bytespider; spider-feedback@bytedance.com) AppleWebKit/537.36 (KHTML, like Gecko) Chrome/70.0.0.0 Safari/537.36"
47.128.62.179 - - [15/May/2026:11:52:43 -0400] "GET /wp-content/uploads/2025/01/OUSL0015-2-430x430.png HTTP/1.1" 200 0 "https://www.shoenation.me/product-category/ugg/?per_page=18&per_row=2&shop_view=grid&stock_status=instock%2Consale" "Mozilla/5.0 (compatible; Bytespider; spider-feedback@bytedance.com) AppleWebKit/537.36 (KHTML, like Gecko) Chrome/70.0.0.0 Safari/537.36"
47.128.62.179 - - [15/May/2026:11:52:43 -0400] "GET /wp-content/uploads/2025/01/OUSL0014-2-430x430.png HTTP/1.1" 200 0 "https://www.shoenation.me/product-category/ugg/?per_page=18&per_row=2&shop_view=grid&stock_status=instock%2Consale" "Mozilla/5.0 (compatible; Bytespider; spider-feedback@bytedance.com) AppleWebKit/537.36 (KHTML, like Gecko) Chrome/70.0.0.0 Safari/537.36"
47.128.62.179 - - [15/May/2026:11:52:43 -0400] "GET /wp-content/uploads/2025/01/OUSL0013-1-430x430.png HTTP/1.1" 200 0 "https://www.shoenation.me/product-category/ugg/?per_page=18&per_row=2&shop_view=grid&stock_status=instock%2Consale" "Mozilla/5.0 (compatible; Bytespider; spider-feedback@bytedance.com) AppleWebKit/537.36 (KHTML, like Gecko) Chrome/70.0.0.0 Safari/537.36"
47.128.62.179 - - [15/May/2026:11:52:43 -0400] "GET /wp-content/uploads/2025/01/OUSL0013-2-430x430.png HTTP/1.1" 200 0 "https://www.shoenation.me/product-category/ugg/?per_page=18&per_row=2&shop_view=grid&stock_status=instock%2Consale" "Mozilla/5.0 (compatible; Bytespider; spider-feedback@bytedance.com) AppleWebKit/537.36 (KHTML, like Gecko) Chrome/70.0.0.0 Safari/537.36"
67.223.118.104 - - [15/May/2026:11:54:10 -0400] "POST /wp-cron.php?doing_wp_cron=1778860450.1492109298706054687500 HTTP/1.1" 200 0 "-" "WordPress/6.9.4; https://www.shoenation.me"
203.215.165.146 - - [15/May/2026:11:54:07 -0400] "GET /?filter_size=38%2C40%2C44&per_page=12&product_cat=nb530&stock_status=onsale HTTP/1.1" 301 0 "-" "Mozilla/5.0 (Windows NT 6.1; WOW64) AppleWebKit/537.36 (KHTML, like Gecko) Chrome/89.0.4389.114 Safari/537.36"
203.215.165.146 - - [15/May/2026:11:54:10 -0400] "GET /product-category/new-balance/nb530/?filter_size=38%2C40%2C44&per_page=12&stock_status=onsale HTTP/1.1" 200 54437 "-" "Mozilla/5.0 (Windows NT 6.1; WOW64) AppleWebKit/537.36 (KHTML, like Gecko) Chrome/89.0.4389.114 Safari/537.36"
86.249.150.17 - - [15/May/2026:11:55:44 -0400] "GET /wp-content/uploads/2024/07/f134b77d-fb82-4d86-af38-95826485e454-860x860.webp HTTP/1.1" 200 0 "-" "Opera/8.71.(X11; Linux i686; wa-BE) Presto/2.9.184 Version/11.00"
14.251.219.248 - - [15/May/2026:11:55:53 -0400] "GET /wp-content/uploads/2024/07/f134b77d-fb82-4d86-af38-95826485e454-860x860.webp HTTP/1.1" 200 0 "-" "Mozilla/5.0 (Macintosh; Intel Mac OS X 10_5_0 rv:6.0; hne-IN) AppleWebKit/531.16.3 (KHTML, like Gecko) Version/5.1 Safari/531.16.3"
67.223.118.104 - - [15/May/2026:11:56:11 -0400] "POST /wp-cron.php?doing_wp_cron=1778860571.3391110897064208984375 HTTP/1.1" 200 0 "-" "WordPress/6.9.4; https://www.shoenation.me"
47.128.62.117 - - [15/May/2026:11:56:05 -0400] "GET /?filter_size=36%2C38%2C40%2C42%2C44&paged=2&product_cat=on-running HTTP/1.1" 301 0 "-" "Mozilla/5.0 (Linux; Android 5.0) AppleWebKit/537.36 (KHTML, like Gecko) Mobile Safari/537.36 (compatible; Bytespider; spider-feedback@bytedance.com)"
49.51.180.2 - - [15/May/2026:11:55:46 -0400] "GET /my-account/ HTTP/1.1" 200 0 "-" "Mozilla/5.0 (iPhone; CPU iPhone OS 13_2_3 like Mac OS X) AppleWebKit/605.1.15 (KHTML, like Gecko) Version/13.0.3 Mobile/15E148 Safari/604.1"
67.223.118.104 - - [15/May/2026:11:56:23 -0400] "POST /wp-cron.php?doing_wp_cron=1778860583.0442209243774414062500 HTTP/1.1" 200 0 "-" "WordPress/6.9.4; https://www.shoenation.me"
47.128.62.161 - - [15/May/2026:11:55:56 -0400] "GET /?filter_size=39%2C40%2C42%2C43%2C45%2C47&post_type=product&stock_status=onsale HTTP/1.1" 200 47022 "-" "Mozilla/5.0 (Linux; Android 5.0) AppleWebKit/537.36 (KHTML, like Gecko) Mobile Safari/537.36 (compatible; Bytespider; spider-feedback@bytedance.com)"
47.128.62.117 - - [15/May/2026:11:56:12 -0400] "GET /product-category/on-running/page/2/?filter_size=36%2C38%2C40%2C42%2C44 HTTP/1.1" 200 51561 "-" "Mozilla/5.0 (Linux; Android 5.0) AppleWebKit/537.36 (KHTML, like Gecko) Mobile Safari/537.36 (compatible; Bytespider; spider-feedback@bytedance.com)"
47.128.62.161 - - [15/May/2026:11:56:24 -0400] "GET /wp-content/uploads/2025/02/new-balance-530-miu-miu-v0-0p61tlqcrp2d1-150x150.webp HTTP/1.1" 404 178551 "https://www.shoenation.me/?filter_size=39%2C40%2C42%2C43%2C45%2C47&post_type=product&stock_status=onsale" "Mozilla/5.0 (Linux; Android 5.0) AppleWebKit/537.36 (KHTML, like Gecko) Mobile Safari/537.36 (compatible; Bytespider; spider-feedback@bytedance.com)"
47.128.62.161 - - [15/May/2026:11:56:24 -0400] "GET /wp-content/uploads/2025/02/IMG_0260-150x150.jpeg HTTP/1.1" 404 178455 "https://www.shoenation.me/?filter_size=39%2C40%2C42%2C43%2C45%2C47&post_type=product&stock_status=onsale" "Mozilla/5.0 (Linux; Android 5.0) AppleWebKit/537.36 (KHTML, like Gecko) Mobile Safari/537.36 (compatible; Bytespider; spider-feedback@bytedance.com)"
47.128.62.161 - - [15/May/2026:11:56:24 -0400] "GET /wp-content/uploads/2024/03/ShoeNation-Logo.png HTTP/1.1" 404 178449 "https://www.shoenation.me/?filter_size=39%2C40%2C42%2C43%2C45%2C47&post_type=product&stock_status=onsale" "Mozilla/5.0 (Linux; Android 5.0) AppleWebKit/537.36 (KHTML, like Gecko) Mobile Safari/537.36 (compatible; Bytespider; spider-feedback@bytedance.com)"
47.128.62.161 - - [15/May/2026:11:56:25 -0400] "GET /wp-content/uploads/2024/03/wd-envelope-dark.svg HTTP/1.1" 404 178452 "https://www.shoenation.me/?filter_size=39%2C40%2C42%2C43%2C45%2C47&post_type=product&stock_status=onsale" "Mozilla/5.0 (Linux; Android 5.0) AppleWebKit/537.36 (KHTML, like Gecko) Mobile Safari/537.36 (compatible; Bytespider; spider-feedback@bytedance.com)"
47.128.62.161 - - [15/May/2026:11:56:25 -0400] "GET /wp-content/uploads/2025/02/download-150x150.jpg HTTP/1.1" 404 178452 "https://www.shoenation.me/?filter_size=39%2C40%2C42%2C43%2C45%2C47&post_type=product&stock_status=onsale" "Mozilla/5.0 (Linux; Android 5.0) AppleWebKit/537.36 (KHTML, like Gecko) Mobile Safari/537.36 (compatible; Bytespider; spider-feedback@bytedance.com)"
47.128.62.117 - - [15/May/2026:11:56:34 -0400] "GET /wp-content/uploads/2024/03/ShoeNation-Logo.png HTTP/1.1" 404 178449 "https://www.shoenation.me/product-category/on-running/page/2/?filter_size=36%2C38%2C40%2C42%2C44" "Mozilla/5.0 (Linux; Android 5.0) AppleWebKit/537.36 (KHTML, like Gecko) Mobile Safari/537.36 (compatible; Bytespider; spider-feedback@bytedance.com)"
47.128.62.117 - - [15/May/2026:11:56:35 -0400] "GET /wp-content/uploads/2024/03/OURU0147-1-430x430.png HTTP/1.1" 404 178458 "https://www.shoenation.me/product-category/on-running/page/2/?filter_size=36%2C38%2C40%2C42%2C44" "Mozilla/5.0 (Linux; Android 5.0) AppleWebKit/537.36 (KHTML, like Gecko) Mobile Safari/537.36 (compatible; Bytespider; spider-feedback@bytedance.com)"
47.128.62.117 - - [15/May/2026:11:56:35 -0400] "GET /wp-content/uploads/2024/07/on-cloud-5-p131173-197220_medium-e1721666971512-430x431.jpg HTTP/1.1" 404 178569 "https://www.shoenation.me/product-category/on-running/page/2/?filter_size=36%2C38%2C40%2C42%2C44" "Mozilla/5.0 (Linux; Android 5.0) AppleWebKit/537.36 (KHTML, like Gecko) Mobile Safari/537.36 (compatible; Bytespider; spider-feedback@bytedance.com)"
47.128.62.117 - - [15/May/2026:11:56:35 -0400] "GET /wp-content/uploads/2024/11/9b5461c9862e472797c5d862ec9f43c2-430x430.webp HTTP/1.1" 404 178527 "https://www.shoenation.me/product-category/on-running/page/2/?filter_size=36%2C38%2C40%2C42%2C44" "Mozilla/5.0 (Linux; Android 5.0) AppleWebKit/537.36 (KHTML, like Gecko) Mobile Safari/537.36 (compatible; Bytespider; spider-feedback@bytedance.com)"
47.128.62.117 - - [15/May/2026:11:56:35 -0400] "GET /wp-content/uploads/2025/05/c78dfe6c689101c4f9604ed660d37e22d2dde75f-430x430.png HTTP/1.1" 404 178548 "https://www.shoenation.me/product-category/on-running/page/2/?filter_size=36%2C38%2C40%2C42%2C44" "Mozilla/5.0 (Linux; Android 5.0) AppleWebKit/537.36 (KHTML, like Gecko) Mobile Safari/537.36 (compatible; Bytespider; spider-feedback@bytedance.com)"
47.128.62.117 - - [15/May/2026:11:56:34 -0400] "GET /wp-content/uploads/2025/02/IMG_0260-150x150.jpeg HTTP/1.1" 404 178455 "https://www.shoenation.me/product-category/on-running/page/2/?filter_size=36%2C38%2C40%2C42%2C44" "Mozilla/5.0 (Linux; Android 5.0) AppleWebKit/537.36 (KHTML, like Gecko) Mobile Safari/537.36 (compatible; Bytespider; spider-feedback@bytedance.com)"
47.128.62.117 - - [15/May/2026:11:56:35 -0400] "GET /wp-content/uploads/2025/02/download-150x150.jpg HTTP/1.1" 404 178452 "https://www.shoenation.me/product-category/on-running/page/2/?filter_size=36%2C38%2C40%2C42%2C44" "Mozilla/5.0 (Linux; Android 5.0) AppleWebKit/537.36 (KHTML, like Gecko) Mobile Safari/537.36 (compatible; Bytespider; spider-feedback@bytedance.com)"
47.128.62.117 - - [15/May/2026:11:56:34 -0400] "GET /wp-content/uploads/2025/02/new-balance-530-miu-miu-v0-0p61tlqcrp2d1-150x150.webp HTTP/1.1" 404 178551 "https://www.shoenation.me/product-category/on-running/page/2/?filter_size=36%2C38%2C40%2C42%2C44" "Mozilla/5.0 (Linux; Android 5.0) AppleWebKit/537.36 (KHTML, like Gecko) Mobile Safari/537.36 (compatible; Bytespider; spider-feedback@bytedance.com)"
47.128.62.117 - - [15/May/2026:11:56:35 -0400] "GET /wp-content/uploads/2024/07/on-cloud-5-p134775-197862_medium-e1721667330979-430x430.jpg HTTP/1.1" 404 178569 "https://www.shoenation.me/product-category/on-running/page/2/?filter_size=36%2C38%2C40%2C42%2C44" "Mozilla/5.0 (Linux; Android 5.0) AppleWebKit/537.36 (KHTML, like Gecko) Mobile Safari/537.36 (compatible; Bytespider; spider-feedback@bytedance.com)"
47.128.62.117 - - [15/May/2026:11:56:35 -0400] "GET /wp-content/uploads/2024/07/Small-JPEG-26.98124-cloudnova-fw23-pearl_shell-w-g6-430x430.webp HTTP/1.1" 404 178584 "https://www.shoenation.me/product-category/on-running/page/2/?filter_size=36%2C38%2C40%2C42%2C44" "Mozilla/5.0 (Linux; Android 5.0) AppleWebKit/537.36 (KHTML, like Gecko) Mobile Safari/537.36 (compatible; Bytespider; spider-feedback@bytedance.com)"
47.128.62.117 - - [15/May/2026:11:56:35 -0400] "GET /wp-content/uploads/2024/07/on-women-cloudnova-undyed-white-heather-2698224-1-430x430.jpg HTTP/1.1" 404 178575 "https://www.shoenation.me/product-category/on-running/page/2/?filter_size=36%2C38%2C40%2C42%2C44" "Mozilla/5.0 (Linux; Android 5.0) AppleWebKit/537.36 (KHTML, like Gecko) Mobile Safari/537.36 (compatible; Bytespider; spider-feedback@bytedance.com)"
47.128.62.117 - - [15/May/2026:11:56:35 -0400] "GET /wp-content/uploads/2024/03/OURU0141-1-430x430.png HTTP/1.1" 404 178458 "https://www.shoenation.me/product-category/on-running/page/2/?filter_size=36%2C38%2C40%2C42%2C44" "Mozilla/5.0 (Linux; Android 5.0) AppleWebKit/537.36 (KHTML, like Gecko) Mobile Safari/537.36 (compatible; Bytespider; spider-feedback@bytedance.com)"
47.128.62.117 - - [15/May/2026:11:56:35 -0400] "GET /wp-content/uploads/2024/03/wd-envelope-dark.svg HTTP/1.1" 404 178452 "https://www.shoenation.me/product-category/on-running/page/2/?filter_size=36%2C38%2C40%2C42%2C44" "Mozilla/5.0 (Linux; Android 5.0) AppleWebKit/537.36 (KHTML, like Gecko) Mobile Safari/537.36 (compatible; Bytespider; spider-feedback@bytedance.com)"
47.128.62.117 - - [15/May/2026:11:56:35 -0400] "GET /wp-content/uploads/2024/07/1__55292-430x430.webp HTTP/1.1" 404 178455 "https://www.shoenation.me/product-category/on-running/page/2/?filter_size=36%2C38%2C40%2C42%2C44" "Mozilla/5.0 (Linux; Android 5.0) AppleWebKit/537.36 (KHTML, like Gecko) Mobile Safari/537.36 (compatible; Bytespider; spider-feedback@bytedance.com)"
47.128.62.117 - - [15/May/2026:11:56:35 -0400] "GET /wp-content/uploads/2024/07/on-cloud-5-p149729-224493_medium-e1721666722244-430x431.jpg HTTP/1.1" 404 178569 "https://www.shoenation.me/product-category/on-running/page/2/?filter_size=36%2C38%2C40%2C42%2C44" "Mozilla/5.0 (Linux; Android 5.0) AppleWebKit/537.36 (KHTML, like Gecko) Mobile Safari/537.36 (compatible; Bytespider; spider-feedback@bytedance.com)"
47.128.62.117 - - [15/May/2026:11:56:35 -0400] "GET /wp-content/uploads/2024/05/080_3wd10380307-black-hay_01_1-430x394.jpg HTTP/1.1" 404 178518 "https://www.shoenation.me/product-category/on-running/page/2/?filter_size=36%2C38%2C40%2C42%2C44" "Mozilla/5.0 (Linux; Android 5.0) AppleWebKit/537.36 (KHTML, like Gecko) Mobile Safari/537.36 (compatible; Bytespider; spider-feedback@bytedance.com)"
47.128.62.117 - - [15/May/2026:11:56:35 -0400] "GET /wp-content/uploads/2024/11/5b28bb53c9634b839e75f2ddce55bd5c-430x430.webp HTTP/1.1" 404 178527 "https://www.shoenation.me/product-category/on-running/page/2/?filter_size=36%2C38%2C40%2C42%2C44" "Mozilla/5.0 (Linux; Android 5.0) AppleWebKit/537.36 (KHTML, like Gecko) Mobile Safari/537.36 (compatible; Bytespider; spider-feedback@bytedance.com)"
66.249.73.73 - - [15/May/2026:11:57:55 -0400] "GET /?detail/791211994 HTTP/1.1" 200 23846 "-" "Mozilla/5.0 (Linux; Android 6.0.1; Nexus 5X Build/MMB29P) AppleWebKit/537.36 (KHTML, like Gecko) Chrome/148.0.7778.96 Mobile Safari/537.36 (compatible; Googlebot/2.1; +http://www.google.com/bot.html)"
66.249.73.71 - - [15/May/2026:11:57:56 -0400] "GET /?detail/565855896 HTTP/1.1" 200 24018 "-" "Mozilla/5.0 (Linux; Android 6.0.1; Nexus 5X Build/MMB29P) AppleWebKit/537.36 (KHTML, like Gecko) Chrome/148.0.7778.96 Mobile Safari/537.36 (compatible; Googlebot/2.1; +http://www.google.com/bot.html)"
67.223.118.104 - - [15/May/2026:12:00:26 -0400] "POST /wp-cron.php?doing_wp_cron=1778860826.4377200603485107421875 HTTP/1.1" 200 0 "-" "WordPress/6.9.4; https://www.shoenation.me"
67.223.118.104 - - [15/May/2026:12:00:26 -0400] "POST /wp-cron.php?doing_wp_cron=1778860826.4378769397735595703125 HTTP/1.1" 200 0 "-" "WordPress/6.9.4; https://www.shoenation.me"
47.128.62.176 - - [15/May/2026:11:59:56 -0400] "GET /?filter_size=36%2C40%2C41%2C42%2C44&product_cat=asics&stock_status=onsale HTTP/1.1" 301 0 "-" "Mozilla/5.0 (Linux; Android 5.0) AppleWebKit/537.36 (KHTML, like Gecko) Mobile Safari/537.36 (compatible; Bytespider; spider-feedback@bytedance.com)"
47.128.62.122 - - [15/May/2026:12:00:06 -0400] "GET /?filter_size=37%2C40%2C43&per_page=24&product_cat=asics HTTP/1.1" 301 0 "-" "Mozilla/5.0 (compatible; Bytespider; spider-feedback@bytedance.com) AppleWebKit/537.36 (KHTML, like Gecko) Chrome/70.0.0.0 Safari/537.36"
23.128.48.209 - - [15/May/2026:12:00:19 -0400] "GET /wp-content/uploads/2024/03/OURU0141-3-860x860.png HTTP/1.1" 200 0 "-" "Mozilla/5.0 (Macintosh; U; PPC Mac OS X 10_10_5 rv:5.0; am-ET) AppleWebKit/534.16.5 (KHTML, like Gecko) Version/5.0.1 Safari/534.16.5"
66.249.73.72 - - [15/May/2026:12:00:31 -0400] "GET /?detail/135348160 HTTP/1.1" 200 23605 "-" "Mozilla/5.0 (Linux; Android 6.0.1; Nexus 5X Build/MMB29P) AppleWebKit/537.36 (KHTML, like Gecko) Chrome/148.0.7778.96 Mobile Safari/537.36 (compatible; Googlebot/2.1; +http://www.google.com/bot.html)"
67.223.118.104 - - [15/May/2026:12:00:31 -0400] "POST /wp-cron.php?doing_wp_cron=1778860831.7371149063110351562500 HTTP/1.1" 200 0 "-" "WordPress/6.9.4; https://www.shoenation.me"
47.128.62.176 - - [15/May/2026:12:00:26 -0400] "GET /product-category/asics/?filter_size=36%2C40%2C41%2C42%2C44&stock_status=onsale HTTP/1.1" 200 47235 "-" "Mozilla/5.0 (Linux; Android 5.0) AppleWebKit/537.36 (KHTML, like Gecko) Mobile Safari/537.36 (compatible; Bytespider; spider-feedback@bytedance.com)"
47.128.62.122 - - [15/May/2026:12:00:26 -0400] "GET /product-category/asics/?filter_size=37%2C40%2C43&per_page=24 HTTP/1.1" 200 50558 "-" "Mozilla/5.0 (compatible; Bytespider; spider-feedback@bytedance.com) AppleWebKit/537.36 (KHTML, like Gecko) Chrome/70.0.0.0 Safari/537.36"
172.56.194.62 - - [15/May/2026:12:00:46 -0400] "GET /wp-content/uploads/2024/03/OURU0141-3-860x860.png HTTP/1.1" 200 0 "-" "Mozilla/5.0 (iPod; U; CPU iPhone OS 3_1 like Mac OS X; sq-AL) AppleWebKit/531.50.7 (KHTML, like Gecko) Version/3.0.5 Mobile/8B118 Safari/6531.50.7"
47.128.62.176 - - [15/May/2026:12:00:37 -0400] "GET /wp-content/uploads/2025/02/IMG_0260-150x150.jpeg HTTP/1.1" 200 0 "https://www.shoenation.me/product-category/asics/?filter_size=36%2C40%2C41%2C42%2C44&stock_status=onsale" "Mozilla/5.0 (Linux; Android 5.0) AppleWebKit/537.36 (KHTML, like Gecko) Mobile Safari/537.36 (compatible; Bytespider; spider-feedback@bytedance.com)"
47.128.62.176 - - [15/May/2026:12:00:38 -0400] "GET /wp-content/uploads/2025/02/download-150x150.jpg HTTP/1.1" 200 0 "https://www.shoenation.me/product-category/asics/?filter_size=36%2C40%2C41%2C42%2C44&stock_status=onsale" "Mozilla/5.0 (Linux; Android 5.0) AppleWebKit/537.36 (KHTML, like Gecko) Mobile Safari/537.36 (compatible; Bytespider; spider-feedback@bytedance.com)"
47.128.62.176 - - [15/May/2026:12:00:37 -0400] "GET /wp-content/uploads/2024/03/ShoeNation-Logo.png HTTP/1.1" 200 0 "https://www.shoenation.me/product-category/asics/?filter_size=36%2C40%2C41%2C42%2C44&stock_status=onsale" "Mozilla/5.0 (Linux; Android 5.0) AppleWebKit/537.36 (KHTML, like Gecko) Mobile Safari/537.36 (compatible; Bytespider; spider-feedback@bytedance.com)"
47.128.62.176 - - [15/May/2026:12:00:38 -0400] "GET /wp-content/uploads/2024/06/ca089c0521d61637a52311e4c5c83f0f.jpg HTTP/1.1" 200 0 "https://www.shoenation.me/product-category/asics/?filter_size=36%2C40%2C41%2C42%2C44&stock_status=onsale" "Mozilla/5.0 (Linux; Android 5.0) AppleWebKit/537.36 (KHTML, like Gecko) Mobile Safari/537.36 (compatible; Bytespider; spider-feedback@bytedance.com)"
47.128.62.176 - - [15/May/2026:12:00:38 -0400] "GET /wp-content/uploads/2025/02/new-balance-530-miu-miu-v0-0p61tlqcrp2d1-150x150.webp HTTP/1.1" 200 0 "https://www.shoenation.me/product-category/asics/?filter_size=36%2C40%2C41%2C42%2C44&stock_status=onsale" "Mozilla/5.0 (Linux; Android 5.0) AppleWebKit/537.36 (KHTML, like Gecko) Mobile Safari/537.36 (compatible; Bytespider; spider-feedback@bytedance.com)"
47.128.62.176 - - [15/May/2026:12:00:53 -0400] "GET /wp-content/uploads/2024/03/wd-envelope-dark.svg HTTP/1.1" 200 0 "https://www.shoenation.me/product-category/asics/?filter_size=36%2C40%2C41%2C42%2C44&stock_status=onsale" "Mozilla/5.0 (Linux; Android 5.0) AppleWebKit/537.36 (KHTML, like Gecko) Mobile Safari/537.36 (compatible; Bytespider; spider-feedback@bytedance.com)"
197.119.238.79 - - [15/May/2026:12:00:46 -0400] "GET /wp-content/uploads/2024/03/OURU0141-3-860x860.png HTTP/1.1" 500 905 "-" "Mozilla/5.0 (Windows; U; Windows CE) AppleWebKit/531.7.1 (KHTML, like Gecko) Version/5.0.1 Safari/531.7.1"
47.128.62.122 - - [15/May/2026:12:00:40 -0400] "GET /wp-content/uploads/2025/05/main-square_78b0451e-e383-4801-9ba1-5a57e8feb085_x480-430x430.webp HTTP/1.1" 500 2431 "https://www.shoenation.me/product-category/asics/?filter_size=37%2C40%2C43&per_page=24" "Mozilla/5.0 (compatible; Bytespider; spider-feedback@bytedance.com) AppleWebKit/537.36 (KHTML, like Gecko) Chrome/70.0.0.0 Safari/537.36"
47.128.62.122 - - [15/May/2026:12:00:58 -0400] "GET /wp-content/uploads/2024/03/wd-envelope-dark.svg HTTP/1.1" 500 2431 "https://www.shoenation.me/product-category/asics/?filter_size=37%2C40%2C43&per_page=24" "Mozilla/5.0 (compatible; Bytespider; spider-feedback@bytedance.com) AppleWebKit/537.36 (KHTML, like Gecko) Chrome/70.0.0.0 Safari/537.36"
47.128.62.122 - - [15/May/2026:12:00:39 -0400] "GET /wp-content/uploads/2024/06/63922ed58580f70019f80ea5-1-150x150.webp HTTP/1.1" 200 0 "https://www.shoenation.me/product-category/asics/?filter_size=37%2C40%2C43&per_page=24" "Mozilla/5.0 (compatible; Bytespider; spider-feedback@bytedance.com) AppleWebKit/537.36 (KHTML, like Gecko) Chrome/70.0.0.0 Safari/537.36"
47.128.62.122 - - [15/May/2026:12:00:39 -0400] "GET /wp-content/uploads/2024/10/4c3a88be29f44d2da46f59b48195f747-430x621.webp HTTP/1.1" 200 0 "https://www.shoenation.me/product-category/asics/?filter_size=37%2C40%2C43&per_page=24" "Mozilla/5.0 (compatible; Bytespider; spider-feedback@bytedance.com) AppleWebKit/537.36 (KHTML, like Gecko) Chrome/70.0.0.0 Safari/537.36"
47.128.62.122 - - [15/May/2026:12:00:39 -0400] "GET /wp-content/uploads/2024/10/4d27e740aa664662bc3b56577cbd1d82-scaled-e1730316639165-430x430.webp HTTP/1.1" 200 0 "https://www.shoenation.me/product-category/asics/?filter_size=37%2C40%2C43&per_page=24" "Mozilla/5.0 (compatible; Bytespider; spider-feedback@bytedance.com) AppleWebKit/537.36 (KHTML, like Gecko) Chrome/70.0.0.0 Safari/537.36"
47.128.62.122 - - [15/May/2026:12:00:39 -0400] "GET /wp-content/uploads/2024/06/3423897250m8_zm-1-150x150.jpg HTTP/1.1" 200 0 "https://www.shoenation.me/product-category/asics/?filter_size=37%2C40%2C43&per_page=24" "Mozilla/5.0 (compatible; Bytespider; spider-feedback@bytedance.com) AppleWebKit/537.36 (KHTML, like Gecko) Chrome/70.0.0.0 Safari/537.36"
47.128.62.122 - - [15/May/2026:12:00:39 -0400] "GET /wp-content/uploads/2024/06/ca089c0521d61637a52311e4c5c83f0f.jpg HTTP/1.1" 200 0 "https://www.shoenation.me/product-category/asics/?filter_size=37%2C40%2C43&per_page=24" "Mozilla/5.0 (compatible; Bytespider; spider-feedback@bytedance.com) AppleWebKit/537.36 (KHTML, like Gecko) Chrome/70.0.0.0 Safari/537.36"
47.128.62.122 - - [15/May/2026:12:00:39 -0400] "GET /wp-content/uploads/2024/05/9-1100x1100-1-430x430.jpg HTTP/1.1" 200 0 "https://www.shoenation.me/product-category/asics/?filter_size=37%2C40%2C43&per_page=24" "Mozilla/5.0 (compatible; Bytespider; spider-feedback@bytedance.com) AppleWebKit/537.36 (KHTML, like Gecko) Chrome/70.0.0.0 Safari/537.36"
47.128.62.122 - - [15/May/2026:12:00:40 -0400] "GET /wp-content/uploads/2024/10/b26c518c01564c90ab1b1733ab03cb92-430x430.webp HTTP/1.1" 200 0 "https://www.shoenation.me/product-category/asics/?filter_size=37%2C40%2C43&per_page=24" "Mozilla/5.0 (compatible; Bytespider; spider-feedback@bytedance.com) AppleWebKit/537.36 (KHTML, like Gecko) Chrome/70.0.0.0 Safari/537.36"
47.128.62.122 - - [15/May/2026:12:00:39 -0400] "GET /wp-content/uploads/2025/02/new-balance-530-miu-miu-v0-0p61tlqcrp2d1-150x150.webp HTTP/1.1" 200 0 "https://www.shoenation.me/product-category/asics/?filter_size=37%2C40%2C43&per_page=24" "Mozilla/5.0 (compatible; Bytespider; spider-feedback@bytedance.com) AppleWebKit/537.36 (KHTML, like Gecko) Chrome/70.0.0.0 Safari/537.36"
