47.128.62.165 - - [15/May/2026:09:40:09 -0400] "GET /wp-content/uploads/2025/02/new-balance-530-miu-miu-v0-0p61tlqcrp2d1.webp HTTP/1.1" 200 0 "https://www.shoenation.me/product-category/new-balance/miu-miu/?filter_size=39%2C40%2C41%2C44%2C45" "Mozilla/5.0 (compatible; Bytespider; spider-feedback@bytedance.com) AppleWebKit/537.36 (KHTML, like Gecko) Chrome/70.0.0.0 Safari/537.36"
47.128.62.165 - - [15/May/2026:09:40:09 -0400] "GET /wp-content/uploads/2024/06/63922ed58580f70019f80ea5-1-150x150.webp HTTP/1.1" 200 0 "https://www.shoenation.me/product-category/new-balance/miu-miu/?filter_size=39%2C40%2C41%2C44%2C45" "Mozilla/5.0 (compatible; Bytespider; spider-feedback@bytedance.com) AppleWebKit/537.36 (KHTML, like Gecko) Chrome/70.0.0.0 Safari/537.36"
47.128.62.165 - - [15/May/2026:09:40:09 -0400] "GET /wp-content/uploads/2025/02/614b4079e84ea91f6aa9d9919838a0d6.jpg_720x720q80-150x150.jpg HTTP/1.1" 200 0 "https://www.shoenation.me/product-category/new-balance/miu-miu/?filter_size=39%2C40%2C41%2C44%2C45" "Mozilla/5.0 (compatible; Bytespider; spider-feedback@bytedance.com) AppleWebKit/537.36 (KHTML, like Gecko) Chrome/70.0.0.0 Safari/537.36"
47.128.62.165 - - [15/May/2026:09:40:09 -0400] "GET /wp-content/uploads/2024/06/product-jpeg-500x500-1-150x150.webp HTTP/1.1" 200 0 "https://www.shoenation.me/product-category/new-balance/miu-miu/?filter_size=39%2C40%2C41%2C44%2C45" "Mozilla/5.0 (compatible; Bytespider; spider-feedback@bytedance.com) AppleWebKit/537.36 (KHTML, like Gecko) Chrome/70.0.0.0 Safari/537.36"
47.128.62.165 - - [15/May/2026:09:40:09 -0400] "GET /wp-content/uploads/2024/06/17-best-nike-running-shoes-15275-150x150.webp HTTP/1.1" 200 0 "https://www.shoenation.me/product-category/new-balance/miu-miu/?filter_size=39%2C40%2C41%2C44%2C45" "Mozilla/5.0 (compatible; Bytespider; spider-feedback@bytedance.com) AppleWebKit/537.36 (KHTML, like Gecko) Chrome/70.0.0.0 Safari/537.36"
47.128.62.165 - - [15/May/2026:09:40:09 -0400] "GET /wp-content/uploads/2024/05/5e765d015cslf0009f_1-e1717178285881-430x449.webp HTTP/1.1" 200 0 "https://www.shoenation.me/product-category/new-balance/miu-miu/?filter_size=39%2C40%2C41%2C44%2C45" "Mozilla/5.0 (compatible; Bytespider; spider-feedback@bytedance.com) AppleWebKit/537.36 (KHTML, like Gecko) Chrome/70.0.0.0 Safari/537.36"
47.128.62.165 - - [15/May/2026:09:40:09 -0400] "GET /wp-content/uploads/2024/05/574NewBalancexMiuMiudenimcolonialbeigesneakers-4_2024x2024-430x538.webp HTTP/1.1" 200 0 "https://www.shoenation.me/product-category/new-balance/miu-miu/?filter_size=39%2C40%2C41%2C44%2C45" "Mozilla/5.0 (compatible; Bytespider; spider-feedback@bytedance.com) AppleWebKit/537.36 (KHTML, like Gecko) Chrome/70.0.0.0 Safari/537.36"
47.128.62.165 - - [15/May/2026:09:40:09 -0400] "GET /wp-content/uploads/2024/07/cq5dam.web_.hE7E3DA.1200.1200-6.avif HTTP/1.1" 200 0 "https://www.shoenation.me/product-category/new-balance/miu-miu/?filter_size=39%2C40%2C41%2C44%2C45" "Mozilla/5.0 (compatible; Bytespider; spider-feedback@bytedance.com) AppleWebKit/537.36 (KHTML, like Gecko) Chrome/70.0.0.0 Safari/537.36"
47.128.62.165 - - [15/May/2026:09:40:09 -0400] "GET /wp-content/uploads/2024/05/5e765d015cslf0009f_5-430x602.jpeg HTTP/1.1" 200 0 "https://www.shoenation.me/product-category/new-balance/miu-miu/?filter_size=39%2C40%2C41%2C44%2C45" "Mozilla/5.0 (compatible; Bytespider; spider-feedback@bytedance.com) AppleWebKit/537.36 (KHTML, like Gecko) Chrome/70.0.0.0 Safari/537.36"
47.128.62.165 - - [15/May/2026:09:40:09 -0400] "GET /wp-content/uploads/2024/07/cq5dam.web_.hE7E3DA.1200.1200-3-2.avif HTTP/1.1" 200 0 "https://www.shoenation.me/product-category/new-balance/miu-miu/?filter_size=39%2C40%2C41%2C44%2C45" "Mozilla/5.0 (compatible; Bytespider; spider-feedback@bytedance.com) AppleWebKit/537.36 (KHTML, like Gecko) Chrome/70.0.0.0 Safari/537.36"
47.128.62.165 - - [15/May/2026:09:40:09 -0400] "GET /wp-content/uploads/2024/07/cq5dam.web_.hE7E3DA.1200.1200-2-2.avif HTTP/1.1" 200 0 "https://www.shoenation.me/product-category/new-balance/miu-miu/?filter_size=39%2C40%2C41%2C44%2C45" "Mozilla/5.0 (compatible; Bytespider; spider-feedback@bytedance.com) AppleWebKit/537.36 (KHTML, like Gecko) Chrome/70.0.0.0 Safari/537.36"
47.128.62.165 - - [15/May/2026:09:40:09 -0400] "GET /wp-content/uploads/2024/07/cq5dam.web_.hE7E3DA.1200.1200-2-1.avif HTTP/1.1" 200 0 "https://www.shoenation.me/product-category/new-balance/miu-miu/?filter_size=39%2C40%2C41%2C44%2C45" "Mozilla/5.0 (compatible; Bytespider; spider-feedback@bytedance.com) AppleWebKit/537.36 (KHTML, like Gecko) Chrome/70.0.0.0 Safari/537.36"
47.128.62.165 - - [15/May/2026:09:40:09 -0400] "GET /wp-content/uploads/2024/07/cq5dam.web_.hE7E3DA.1200.1200-5.avif HTTP/1.1" 200 0 "https://www.shoenation.me/product-category/new-balance/miu-miu/?filter_size=39%2C40%2C41%2C44%2C45" "Mozilla/5.0 (compatible; Bytespider; spider-feedback@bytedance.com) AppleWebKit/537.36 (KHTML, like Gecko) Chrome/70.0.0.0 Safari/537.36"
47.128.62.165 - - [15/May/2026:09:40:09 -0400] "GET /wp-content/uploads/2024/07/cq5dam.web_.hE7E3DA.1200.1200-4.avif HTTP/1.1" 200 0 "https://www.shoenation.me/product-category/new-balance/miu-miu/?filter_size=39%2C40%2C41%2C44%2C45" "Mozilla/5.0 (compatible; Bytespider; spider-feedback@bytedance.com) AppleWebKit/537.36 (KHTML, like Gecko) Chrome/70.0.0.0 Safari/537.36"
47.128.62.165 - - [15/May/2026:09:40:29 -0400] "GET /wp-content/uploads/2024/03/wd-envelope-dark.svg HTTP/1.1" 200 0 "https://www.shoenation.me/product-category/new-balance/miu-miu/?filter_size=39%2C40%2C41%2C44%2C45" "Mozilla/5.0 (compatible; Bytespider; spider-feedback@bytedance.com) AppleWebKit/537.36 (KHTML, like Gecko) Chrome/70.0.0.0 Safari/537.36"
67.223.118.104 - - [15/May/2026:09:40:48 -0400] "POST /wp-cron.php?doing_wp_cron=1778852448.8349440097808837890625 HTTP/1.1" 200 0 "-" "WordPress/6.9.4; https://www.shoenation.me"
147.135.213.175 - - [15/May/2026:09:40:10 -0400] "GET /?post_type=product&filter_size=37,43,45,46,47&stock_status=onsale HTTP/1.1" 200 47020 "-" "Mozilla/5.0 (compatible; MJ12bot/v1.4.8; http://mj12bot.com/)"
147.135.213.175 - - [15/May/2026:09:40:50 -0400] "GET /?post_type=product&filter_size=37,43,45,47&per_page=12 HTTP/1.1" 200 50338 "-" "Mozilla/5.0 (compatible; MJ12bot/v1.4.8; http://mj12bot.com/)"
147.135.213.175 - - [15/May/2026:09:40:54 -0400] "GET /?post_type=product&filter_size=37,43,45,47&per_page=18 HTTP/1.1" 200 50444 "-" "Mozilla/5.0 (compatible; MJ12bot/v1.4.8; http://mj12bot.com/)"
147.135.213.175 - - [15/May/2026:09:40:59 -0400] "GET /?post_type=product&filter_size=37,43,45,47&per_page=24 HTTP/1.1" 200 50364 "-" "Mozilla/5.0 (compatible; MJ12bot/v1.4.8; http://mj12bot.com/)"
66.249.73.72 - - [15/May/2026:09:41:01 -0400] "GET /?detail/535927746 HTTP/1.1" 200 24127 "-" "Mozilla/5.0 (Linux; Android 6.0.1; Nexus 5X Build/MMB29P) AppleWebKit/537.36 (KHTML, like Gecko) Chrome/148.0.7778.96 Mobile Safari/537.36 (compatible; Googlebot/2.1; +http://www.google.com/bot.html)"
66.249.73.71 - - [15/May/2026:09:41:02 -0400] "GET /?detail/208391248 HTTP/1.1" 200 24036 "-" "Mozilla/5.0 (Linux; Android 6.0.1; Nexus 5X Build/MMB29P) AppleWebKit/537.36 (KHTML, like Gecko) Chrome/148.0.7778.96 Mobile Safari/537.36 (compatible; Googlebot/2.1; +http://www.google.com/bot.html)"
147.135.213.175 - - [15/May/2026:09:41:03 -0400] "GET /?post_type=product&filter_size=37,43,45,47&per_page=9 HTTP/1.1" 200 50325 "-" "Mozilla/5.0 (compatible; MJ12bot/v1.4.8; http://mj12bot.com/)"
147.135.213.175 - - [15/May/2026:09:41:09 -0400] "GET /?post_type=product&filter_size=37,43,45,47&shop_view=grid&per_row=2 HTTP/1.1" 200 50437 "-" "Mozilla/5.0 (compatible; MJ12bot/v1.4.8; http://mj12bot.com/)"
147.135.213.175 - - [15/May/2026:09:41:13 -0400] "GET /?post_type=product&filter_size=37,43,45,47&shop_view=grid&per_row=3 HTTP/1.1" 200 50445 "-" "Mozilla/5.0 (compatible; MJ12bot/v1.4.8; http://mj12bot.com/)"
147.135.213.175 - - [15/May/2026:09:41:18 -0400] "GET /?post_type=product&filter_size=37,43,45,47&shop_view=grid&per_row=4 HTTP/1.1" 200 50424 "-" "Mozilla/5.0 (compatible; MJ12bot/v1.4.8; http://mj12bot.com/)"
147.135.213.175 - - [15/May/2026:09:41:24 -0400] "GET /?post_type=product&filter_size=37,43,45,47&stock_status=instock HTTP/1.1" 200 50367 "-" "Mozilla/5.0 (compatible; MJ12bot/v1.4.8; http://mj12bot.com/)"
147.135.213.175 - - [15/May/2026:09:41:31 -0400] "GET /?post_type=product&filter_size=37,43,45,47&stock_status=onsale HTTP/1.1" 200 46930 "-" "Mozilla/5.0 (compatible; MJ12bot/v1.4.8; http://mj12bot.com/)"
147.135.213.175 - - [15/May/2026:09:41:36 -0400] "GET /?post_type=product&filter_size=37,43,46&paged=2 HTTP/1.1" 301 0 "-" "Mozilla/5.0 (compatible; MJ12bot/v1.4.8; http://mj12bot.com/)"
147.135.213.175 - - [15/May/2026:09:41:40 -0400] "GET /page/2/?post_type=product&filter_size=37%2C43%2C46 HTTP/1.1" 200 51283 "-" "Mozilla/5.0 (compatible; MJ12bot/v1.4.8; http://mj12bot.com/)"
67.223.118.104 - - [15/May/2026:09:41:57 -0400] "POST /wp-cron.php?doing_wp_cron=1778852517.2404479980468750000000 HTTP/1.1" 200 0 "-" "WordPress/6.9.4; https://www.shoenation.me"
147.135.213.175 - - [15/May/2026:09:41:46 -0400] "GET /?post_type=product&filter_size=37,43,46&per_page=12 HTTP/1.1" 200 51515 "-" "Mozilla/5.0 (compatible; MJ12bot/v1.4.8; http://mj12bot.com/)"
147.135.213.175 - - [15/May/2026:09:41:59 -0400] "GET /?post_type=product&filter_size=37,43,46&per_page=18 HTTP/1.1" 200 52625 "-" "Mozilla/5.0 (compatible; MJ12bot/v1.4.8; http://mj12bot.com/)"
67.223.118.104 - - [15/May/2026:09:42:18 -0400] "POST /wp-cron.php?doing_wp_cron=1778852538.7450869083404541015625 HTTP/1.1" 200 0 "-" "WordPress/6.9.4; https://www.shoenation.me"
147.135.213.175 - - [15/May/2026:09:42:11 -0400] "GET /?post_type=product&filter_size=37,43,46&per_page=24 HTTP/1.1" 200 53555 "-" "Mozilla/5.0 (compatible; MJ12bot/v1.4.8; http://mj12bot.com/)"
147.135.213.175 - - [15/May/2026:09:42:20 -0400] "GET /?post_type=product&filter_size=37,43,46&per_page=9 HTTP/1.1" 200 50915 "-" "Mozilla/5.0 (compatible; MJ12bot/v1.4.8; http://mj12bot.com/)"
147.135.213.175 - - [15/May/2026:09:42:27 -0400] "GET /?post_type=product&filter_size=37,43,46&shop_view=grid&per_row=2 HTTP/1.1" 200 51461 "-" "Mozilla/5.0 (compatible; MJ12bot/v1.4.8; http://mj12bot.com/)"
147.135.213.175 - - [15/May/2026:09:42:34 -0400] "GET /?post_type=product&filter_size=37,43,46&shop_view=grid&per_row=3 HTTP/1.1" 200 51460 "-" "Mozilla/5.0 (compatible; MJ12bot/v1.4.8; http://mj12bot.com/)"
147.135.213.175 - - [15/May/2026:09:42:40 -0400] "GET /?post_type=product&filter_size=37,43,46&shop_view=grid&per_row=4 HTTP/1.1" 200 51454 "-" "Mozilla/5.0 (compatible; MJ12bot/v1.4.8; http://mj12bot.com/)"
147.135.213.175 - - [15/May/2026:09:42:48 -0400] "GET /?post_type=product&filter_size=37,43,46&stock_status=instock HTTP/1.1" 200 51511 "-" "Mozilla/5.0 (compatible; MJ12bot/v1.4.8; http://mj12bot.com/)"
147.135.213.175 - - [15/May/2026:09:42:54 -0400] "GET /?post_type=product&filter_size=37,43,46&stock_status=onsale HTTP/1.1" 200 47011 "-" "Mozilla/5.0 (compatible; MJ12bot/v1.4.8; http://mj12bot.com/)"
147.135.213.175 - - [15/May/2026:09:42:59 -0400] "GET /?post_type=product&filter_size=37,43,46,47&per_page=12 HTTP/1.1" 200 49722 "-" "Mozilla/5.0 (compatible; MJ12bot/v1.4.8; http://mj12bot.com/)"
147.135.213.175 - - [15/May/2026:09:43:05 -0400] "GET /?post_type=product&filter_size=37,43,46,47&per_page=18 HTTP/1.1" 200 49681 "-" "Mozilla/5.0 (compatible; MJ12bot/v1.4.8; http://mj12bot.com/)"
67.223.118.104 - - [15/May/2026:09:43:17 -0400] "POST /wp-cron.php?doing_wp_cron=1778852597.6345729827880859375000 HTTP/1.1" 200 0 "-" "WordPress/6.9.4; https://www.shoenation.me"
147.135.213.175 - - [15/May/2026:09:43:11 -0400] "GET /?post_type=product&filter_size=37,43,46,47&per_page=24 HTTP/1.1" 200 49868 "-" "Mozilla/5.0 (compatible; MJ12bot/v1.4.8; http://mj12bot.com/)"
147.135.213.175 - - [15/May/2026:09:43:19 -0400] "GET /?post_type=product&filter_size=37,43,46,47&per_page=9 HTTP/1.1" 200 49699 "-" "Mozilla/5.0 (compatible; MJ12bot/v1.4.8; http://mj12bot.com/)"
147.135.213.175 - - [15/May/2026:09:43:25 -0400] "GET /?post_type=product&filter_size=37,43,46,47&shop_view=grid&per_row=2 HTTP/1.1" 200 49658 "-" "Mozilla/5.0 (compatible; MJ12bot/v1.4.8; http://mj12bot.com/)"
147.135.213.175 - - [15/May/2026:09:43:33 -0400] "GET /?post_type=product&filter_size=37,43,46,47&shop_view=grid&per_row=3 HTTP/1.1" 200 49665 "-" "Mozilla/5.0 (compatible; MJ12bot/v1.4.8; http://mj12bot.com/)"
147.135.213.175 - - [15/May/2026:09:43:41 -0400] "GET /?post_type=product&filter_size=37,43,46,47&shop_view=grid&per_row=4 HTTP/1.1" 200 49540 "-" "Mozilla/5.0 (compatible; MJ12bot/v1.4.8; http://mj12bot.com/)"
67.223.118.104 - - [15/May/2026:09:44:01 -0400] "POST /wp-cron.php?doing_wp_cron=1778852641.1463871002197265625000 HTTP/1.1" 200 0 "-" "WordPress/6.9.4; https://www.shoenation.me"
147.135.213.175 - - [15/May/2026:09:43:50 -0400] "GET /?post_type=product&filter_size=37,43,46,47&stock_status=instock HTTP/1.1" 200 49742 "-" "Mozilla/5.0 (compatible; MJ12bot/v1.4.8; http://mj12bot.com/)"
147.135.213.175 - - [15/May/2026:09:44:03 -0400] "GET /?product_cat=9060&filter_size=38,40&paged=3 HTTP/1.1" 301 0 "-" "Mozilla/5.0 (compatible; MJ12bot/v1.4.8; http://mj12bot.com/)"
67.223.118.104 - - [15/May/2026:09:44:05 -0400] "POST /wp-cron.php?doing_wp_cron=1778852645.8419330120086669921875 HTTP/1.1" 200 0 "-" "WordPress/6.9.4; https://www.shoenation.me"
47.128.62.156 - - [15/May/2026:09:43:58 -0400] "GET /?filter_size=36%2C38%2C45&per_page=12&per_row=2&post_type=product&shop_view=grid HTTP/1.1" 200 51564 "-" "Mozilla/5.0 (compatible; Bytespider; spider-feedback@bytedance.com) AppleWebKit/537.36 (KHTML, like Gecko) Chrome/70.0.0.0 Safari/537.36"
66.249.73.72 - - [15/May/2026:09:44:09 -0400] "GET /?stock_status=instock%2Consale&per_page=9&post_type=product&filter_size=38%2C43%2C44 HTTP/1.1" 200 25471 "-" "Mozilla/5.0 (Linux; Android 6.0.1; Nexus 5X Build/MMB29P) AppleWebKit/537.36 (KHTML, like Gecko) Chrome/148.0.7778.96 Mobile Safari/537.36 (compatible; Googlebot/2.1; +http://www.google.com/bot.html)"
47.128.62.156 - - [15/May/2026:09:44:08 -0400] "GET /wp-content/uploads/2025/02/new-balance-530-miu-miu-v0-0p61tlqcrp2d1-150x150.webp HTTP/1.1" 404 178551 "https://www.shoenation.me/?filter_size=36%2C38%2C45&per_page=12&per_row=2&post_type=product&shop_view=grid" "Mozilla/5.0 (compatible; Bytespider; spider-feedback@bytedance.com) AppleWebKit/537.36 (KHTML, like Gecko) Chrome/70.0.0.0 Safari/537.36"
47.128.62.156 - - [15/May/2026:09:44:08 -0400] "GET /wp-content/uploads/2024/06/ca089c0521d61637a52311e4c5c83f0f-150x150.jpg HTTP/1.1" 404 178524 "https://www.shoenation.me/?filter_size=36%2C38%2C45&per_page=12&per_row=2&post_type=product&shop_view=grid" "Mozilla/5.0 (compatible; Bytespider; spider-feedback@bytedance.com) AppleWebKit/537.36 (KHTML, like Gecko) Chrome/70.0.0.0 Safari/537.36"
47.128.62.156 - - [15/May/2026:09:44:08 -0400] "GET /wp-content/uploads/2025/02/IMG_0260-150x150.jpeg HTTP/1.1" 404 178455 "https://www.shoenation.me/?filter_size=36%2C38%2C45&per_page=12&per_row=2&post_type=product&shop_view=grid" "Mozilla/5.0 (compatible; Bytespider; spider-feedback@bytedance.com) AppleWebKit/537.36 (KHTML, like Gecko) Chrome/70.0.0.0 Safari/537.36"
47.128.62.156 - - [15/May/2026:09:44:07 -0400] "GET /wp-content/uploads/2024/03/ShoeNation-Logo.png HTTP/1.1" 404 178449 "https://www.shoenation.me/?filter_size=36%2C38%2C45&per_page=12&per_row=2&post_type=product&shop_view=grid" "Mozilla/5.0 (compatible; Bytespider; spider-feedback@bytedance.com) AppleWebKit/537.36 (KHTML, like Gecko) Chrome/70.0.0.0 Safari/537.36"
47.128.62.156 - - [15/May/2026:09:44:08 -0400] "GET /wp-content/uploads/2024/03/OUAD0059-2-430x430.png HTTP/1.1" 404 178458 "https://www.shoenation.me/?filter_size=36%2C38%2C45&per_page=12&per_row=2&post_type=product&shop_view=grid" "Mozilla/5.0 (compatible; Bytespider; spider-feedback@bytedance.com) AppleWebKit/537.36 (KHTML, like Gecko) Chrome/70.0.0.0 Safari/537.36"
47.128.62.156 - - [15/May/2026:09:44:08 -0400] "GET /wp-content/uploads/2024/06/5ef42a4788df9cdaaf135d9583f2228b-1-150x150.jpg HTTP/1.1" 404 178530 "https://www.shoenation.me/?filter_size=36%2C38%2C45&per_page=12&per_row=2&post_type=product&shop_view=grid" "Mozilla/5.0 (compatible; Bytespider; spider-feedback@bytedance.com) AppleWebKit/537.36 (KHTML, like Gecko) Chrome/70.0.0.0 Safari/537.36"
47.128.62.156 - - [15/May/2026:09:44:08 -0400] "GET /wp-content/uploads/2024/03/OUAD0041-2-430x430.png HTTP/1.1" 404 178458 "https://www.shoenation.me/?filter_size=36%2C38%2C45&per_page=12&per_row=2&post_type=product&shop_view=grid" "Mozilla/5.0 (compatible; Bytespider; spider-feedback@bytedance.com) AppleWebKit/537.36 (KHTML, like Gecko) Chrome/70.0.0.0 Safari/537.36"
47.128.62.156 - - [15/May/2026:09:44:08 -0400] "GET /wp-content/uploads/2024/06/17-best-nike-running-shoes-15275-150x150.webp HTTP/1.1" 404 178527 "https://www.shoenation.me/?filter_size=36%2C38%2C45&per_page=12&per_row=2&post_type=product&shop_view=grid" "Mozilla/5.0 (compatible; Bytespider; spider-feedback@bytedance.com) AppleWebKit/537.36 (KHTML, like Gecko) Chrome/70.0.0.0 Safari/537.36"
47.128.62.156 - - [15/May/2026:09:44:08 -0400] "GET /wp-content/uploads/2025/02/download-150x150.jpg HTTP/1.1" 404 178452 "https://www.shoenation.me/?filter_size=36%2C38%2C45&per_page=12&per_row=2&post_type=product&shop_view=grid" "Mozilla/5.0 (compatible; Bytespider; spider-feedback@bytedance.com) AppleWebKit/537.36 (KHTML, like Gecko) Chrome/70.0.0.0 Safari/537.36"
47.128.62.156 - - [15/May/2026:09:44:08 -0400] "GET /wp-content/uploads/2024/03/OUAD0041-1-430x430.png HTTP/1.1" 404 178458 "https://www.shoenation.me/?filter_size=36%2C38%2C45&per_page=12&per_row=2&post_type=product&shop_view=grid" "Mozilla/5.0 (compatible; Bytespider; spider-feedback@bytedance.com) AppleWebKit/537.36 (KHTML, like Gecko) Chrome/70.0.0.0 Safari/537.36"
47.128.62.156 - - [15/May/2026:09:44:08 -0400] "GET /wp-content/uploads/2024/06/63922ed58580f70019f80ea5-1-150x150.webp HTTP/1.1" 200 0 "https://www.shoenation.me/?filter_size=36%2C38%2C45&per_page=12&per_row=2&post_type=product&shop_view=grid" "Mozilla/5.0 (compatible; Bytespider; spider-feedback@bytedance.com) AppleWebKit/537.36 (KHTML, like Gecko) Chrome/70.0.0.0 Safari/537.36"
47.128.62.156 - - [15/May/2026:09:44:08 -0400] "GET /wp-content/uploads/2024/06/product-jpeg-500x500-1-150x150.webp HTTP/1.1" 404 178497 "https://www.shoenation.me/?filter_size=36%2C38%2C45&per_page=12&per_row=2&post_type=product&shop_view=grid" "Mozilla/5.0 (compatible; Bytespider; spider-feedback@bytedance.com) AppleWebKit/537.36 (KHTML, like Gecko) Chrome/70.0.0.0 Safari/537.36"
47.128.62.156 - - [15/May/2026:09:44:08 -0400] "GET /wp-content/uploads/2025/02/614b4079e84ea91f6aa9d9919838a0d6.jpg_720x720q80-150x150.jpg HTTP/1.1" 200 0 "https://www.shoenation.me/?filter_size=36%2C38%2C45&per_page=12&per_row=2&post_type=product&shop_view=grid" "Mozilla/5.0 (compatible; Bytespider; spider-feedback@bytedance.com) AppleWebKit/537.36 (KHTML, like Gecko) Chrome/70.0.0.0 Safari/537.36"
47.128.62.156 - - [15/May/2026:09:44:28 -0400] "GET /wp-content/uploads/2025/10/js4488_A-430x430.jpg HTTP/1.1" 200 0 "https://www.shoenation.me/?filter_size=36%2C38%2C45&per_page=12&per_row=2&post_type=product&shop_view=grid" "Mozilla/5.0 (compatible; Bytespider; spider-feedback@bytedance.com) AppleWebKit/537.36 (KHTML, like Gecko) Chrome/70.0.0.0 Safari/537.36"
47.128.62.156 - - [15/May/2026:09:44:28 -0400] "GET /wp-content/uploads/2024/03/OUAD0032-2-430x430.png HTTP/1.1" 200 0 "https://www.shoenation.me/?filter_size=36%2C38%2C45&per_page=12&per_row=2&post_type=product&shop_view=grid" "Mozilla/5.0 (compatible; Bytespider; spider-feedback@bytedance.com) AppleWebKit/537.36 (KHTML, like Gecko) Chrome/70.0.0.0 Safari/537.36"
47.128.62.156 - - [15/May/2026:09:44:28 -0400] "GET /wp-content/uploads/2025/10/KJ1365_04-430x430.webp HTTP/1.1" 200 0 "https://www.shoenation.me/?filter_size=36%2C38%2C45&per_page=12&per_row=2&post_type=product&shop_view=grid" "Mozilla/5.0 (compatible; Bytespider; spider-feedback@bytedance.com) AppleWebKit/537.36 (KHTML, like Gecko) Chrome/70.0.0.0 Safari/537.36"
47.128.62.156 - - [15/May/2026:09:44:28 -0400] "GET /wp-content/uploads/2024/03/OUAD0060-1-430x430.png HTTP/1.1" 200 0 "https://www.shoenation.me/?filter_size=36%2C38%2C45&per_page=12&per_row=2&post_type=product&shop_view=grid" "Mozilla/5.0 (compatible; Bytespider; spider-feedback@bytedance.com) AppleWebKit/537.36 (KHTML, like Gecko) Chrome/70.0.0.0 Safari/537.36"
47.128.62.156 - - [15/May/2026:09:44:28 -0400] "GET /wp-content/uploads/2025/10/JP7149_01-430x430.webp HTTP/1.1" 200 0 "https://www.shoenation.me/?filter_size=36%2C38%2C45&per_page=12&per_row=2&post_type=product&shop_view=grid" "Mozilla/5.0 (compatible; Bytespider; spider-feedback@bytedance.com) AppleWebKit/537.36 (KHTML, like Gecko) Chrome/70.0.0.0 Safari/537.36"
47.128.62.156 - - [15/May/2026:09:44:28 -0400] "GET /wp-content/uploads/2025/10/KJ1365_01-430x430.webp HTTP/1.1" 200 0 "https://www.shoenation.me/?filter_size=36%2C38%2C45&per_page=12&per_row=2&post_type=product&shop_view=grid" "Mozilla/5.0 (compatible; Bytespider; spider-feedback@bytedance.com) AppleWebKit/537.36 (KHTML, like Gecko) Chrome/70.0.0.0 Safari/537.36"
47.128.62.156 - - [15/May/2026:09:44:28 -0400] "GET /wp-content/uploads/2025/10/js4454_F-600x600-1-430x430.jpg HTTP/1.1" 200 0 "https://www.shoenation.me/?filter_size=36%2C38%2C45&per_page=12&per_row=2&post_type=product&shop_view=grid" "Mozilla/5.0 (compatible; Bytespider; spider-feedback@bytedance.com) AppleWebKit/537.36 (KHTML, like Gecko) Chrome/70.0.0.0 Safari/537.36"
47.128.62.156 - - [15/May/2026:09:44:28 -0400] "GET /wp-content/uploads/2024/03/OUAD0013-1-430x430.png HTTP/1.1" 200 0 "https://www.shoenation.me/?filter_size=36%2C38%2C45&per_page=12&per_row=2&post_type=product&shop_view=grid" "Mozilla/5.0 (compatible; Bytespider; spider-feedback@bytedance.com) AppleWebKit/537.36 (KHTML, like Gecko) Chrome/70.0.0.0 Safari/537.36"
47.128.62.156 - - [15/May/2026:09:44:08 -0400] "GET /wp-content/uploads/2024/06/3423897250m8_zm-1-150x150.jpg HTTP/1.1" 200 0 "https://www.shoenation.me/?filter_size=36%2C38%2C45&per_page=12&per_row=2&post_type=product&shop_view=grid" "Mozilla/5.0 (compatible; Bytespider; spider-feedback@bytedance.com) AppleWebKit/537.36 (KHTML, like Gecko) Chrome/70.0.0.0 Safari/537.36"
47.128.62.156 - - [15/May/2026:09:44:08 -0400] "GET /wp-content/uploads/2024/03/OUAD0059-1-430x430.png HTTP/1.1" 200 0 "https://www.shoenation.me/?filter_size=36%2C38%2C45&per_page=12&per_row=2&post_type=product&shop_view=grid" "Mozilla/5.0 (compatible; Bytespider; spider-feedback@bytedance.com) AppleWebKit/537.36 (KHTML, like Gecko) Chrome/70.0.0.0 Safari/537.36"
47.128.62.156 - - [15/May/2026:09:44:28 -0400] "GET /wp-content/uploads/2025/10/JP7149_04-430x430.webp HTTP/1.1" 200 0 "https://www.shoenation.me/?filter_size=36%2C38%2C45&per_page=12&per_row=2&post_type=product&shop_view=grid" "Mozilla/5.0 (compatible; Bytespider; spider-feedback@bytedance.com) AppleWebKit/537.36 (KHTML, like Gecko) Chrome/70.0.0.0 Safari/537.36"
47.128.62.156 - - [15/May/2026:09:44:28 -0400] "GET /wp-content/uploads/2024/03/OUAD0060-3-430x430.png HTTP/1.1" 200 0 "https://www.shoenation.me/?filter_size=36%2C38%2C45&per_page=12&per_row=2&post_type=product&shop_view=grid" "Mozilla/5.0 (compatible; Bytespider; spider-feedback@bytedance.com) AppleWebKit/537.36 (KHTML, like Gecko) Chrome/70.0.0.0 Safari/537.36"
47.128.62.156 - - [15/May/2026:09:44:28 -0400] "GET /wp-content/uploads/2025/10/Adizero_EVO_SL_Shoes_Black_JR3420_01_00_standard-430x430.png HTTP/1.1" 200 0 "https://www.shoenation.me/?filter_size=36%2C38%2C45&per_page=12&per_row=2&post_type=product&shop_view=grid" "Mozilla/5.0 (compatible; Bytespider; spider-feedback@bytedance.com) AppleWebKit/537.36 (KHTML, like Gecko) Chrome/70.0.0.0 Safari/537.36"
47.128.62.156 - - [15/May/2026:09:44:28 -0400] "GET /wp-content/uploads/2025/10/js4488_F-600x600-1-430x430.jpg HTTP/1.1" 200 0 "https://www.shoenation.me/?filter_size=36%2C38%2C45&per_page=12&per_row=2&post_type=product&shop_view=grid" "Mozilla/5.0 (compatible; Bytespider; spider-feedback@bytedance.com) AppleWebKit/537.36 (KHTML, like Gecko) Chrome/70.0.0.0 Safari/537.36"
47.128.62.156 - - [15/May/2026:09:44:28 -0400] "GET /wp-content/uploads/2025/10/js4454_A-430x430.jpg HTTP/1.1" 200 0 "https://www.shoenation.me/?filter_size=36%2C38%2C45&per_page=12&per_row=2&post_type=product&shop_view=grid" "Mozilla/5.0 (compatible; Bytespider; spider-feedback@bytedance.com) AppleWebKit/537.36 (KHTML, like Gecko) Chrome/70.0.0.0 Safari/537.36"
47.128.62.156 - - [15/May/2026:09:44:28 -0400] "GET /wp-content/uploads/2025/10/Adizero_EVO_SL_Shoes_Black_JR3420_05_standard-430x430.png HTTP/1.1" 200 0 "https://www.shoenation.me/?filter_size=36%2C38%2C45&per_page=12&per_row=2&post_type=product&shop_view=grid" "Mozilla/5.0 (compatible; Bytespider; spider-feedback@bytedance.com) AppleWebKit/537.36 (KHTML, like Gecko) Chrome/70.0.0.0 Safari/537.36"
47.128.62.156 - - [15/May/2026:09:44:28 -0400] "GET /wp-content/uploads/2024/03/OUAD0032-1-430x430.png HTTP/1.1" 200 0 "https://www.shoenation.me/?filter_size=36%2C38%2C45&per_page=12&per_row=2&post_type=product&shop_view=grid" "Mozilla/5.0 (compatible; Bytespider; spider-feedback@bytedance.com) AppleWebKit/537.36 (KHTML, like Gecko) Chrome/70.0.0.0 Safari/537.36"
47.128.62.156 - - [15/May/2026:09:44:28 -0400] "GET /wp-content/uploads/2024/03/OUAD0013-3-430x430.png HTTP/1.1" 200 0 "https://www.shoenation.me/?filter_size=36%2C38%2C45&per_page=12&per_row=2&post_type=product&shop_view=grid" "Mozilla/5.0 (compatible; Bytespider; spider-feedback@bytedance.com) AppleWebKit/537.36 (KHTML, like Gecko) Chrome/70.0.0.0 Safari/537.36"
216.244.66.248 - - [15/May/2026:09:44:36 -0400] "GET /robots.txt HTTP/1.1" 200 71 "-" "Mozilla/5.0 (compatible; DotBot/1.2; +https://opensiteexplorer.org/dotbot; help@moz.com)"
147.135.213.175 - - [15/May/2026:09:44:07 -0400] "GET /product-category/new-balance/9060/page/3/?filter_size=38%2C40 HTTP/1.1" 200 50606 "-" "Mozilla/5.0 (compatible; MJ12bot/v1.4.8; http://mj12bot.com/)"
147.135.213.175 - - [15/May/2026:09:44:49 -0400] "GET /?product_cat=9060&filter_size=38,40,42&shop_view=grid&per_row=2&paged=3 HTTP/1.1" 301 0 "-" "Mozilla/5.0 (compatible; MJ12bot/v1.4.8; http://mj12bot.com/)"
147.135.213.175 - - [15/May/2026:09:45:00 -0400] "GET /product-category/new-balance/9060/page/3/?filter_size=38%2C40%2C42&shop_view=grid&per_row=2 HTTP/1.1" 200 50731 "-" "Mozilla/5.0 (compatible; MJ12bot/v1.4.8; http://mj12bot.com/)"
67.223.118.104 - - [15/May/2026:09:45:08 -0400] "POST /wp-cron.php?doing_wp_cron=1778852708.2583389282226562500000 HTTP/1.1" 200 0 "-" "WordPress/6.9.4; https://www.shoenation.me"
147.135.213.175 - - [15/May/2026:09:45:06 -0400] "GET /?product_cat=9060&filter_size=38,40,42&shop_view=grid&per_row=3 HTTP/1.1" 301 0 "-" "Mozilla/5.0 (compatible; MJ12bot/v1.4.8; http://mj12bot.com/)"
147.135.213.175 - - [15/May/2026:09:45:09 -0400] "GET /product-category/new-balance/9060/?filter_size=38%2C40%2C42&shop_view=grid&per_row=3 HTTP/1.1" 200 51578 "-" "Mozilla/5.0 (compatible; MJ12bot/v1.4.8; http://mj12bot.com/)"
67.223.118.104 - - [15/May/2026:09:45:18 -0400] "POST /wp-cron.php?doing_wp_cron=1778852718.2625899314880371093750 HTTP/1.1" 200 0 "-" "WordPress/6.9.4; https://www.shoenation.me"
147.135.213.175 - - [15/May/2026:09:45:17 -0400] "GET /?product_cat=9060&filter_size=38,40,42&shop_view=grid&per_row=3&paged=2 HTTP/1.1" 301 0 "-" "Mozilla/5.0 (compatible; MJ12bot/v1.4.8; http://mj12bot.com/)"
147.135.213.175 - - [15/May/2026:09:45:19 -0400] "GET /product-category/new-balance/9060/page/2/?filter_size=38%2C40%2C42&shop_view=grid&per_row=3 HTTP/1.1" 200 51358 "-" "Mozilla/5.0 (compatible; MJ12bot/v1.4.8; http://mj12bot.com/)"
147.135.213.175 - - [15/May/2026:09:45:24 -0400] "GET /?product_cat=9060&filter_size=38,40,42&shop_view=grid&per_row=4 HTTP/1.1" 301 0 "-" "Mozilla/5.0 (compatible; MJ12bot/v1.4.8; http://mj12bot.com/)"
147.135.213.175 - - [15/May/2026:09:45:27 -0400] "GET /product-category/new-balance/9060/?filter_size=38%2C40%2C42&shop_view=grid&per_row=4 HTTP/1.1" 200 51578 "-" "Mozilla/5.0 (compatible; MJ12bot/v1.4.8; http://mj12bot.com/)"
147.135.213.175 - - [15/May/2026:09:45:32 -0400] "GET /?product_cat=9060&filter_size=38,40,42&shop_view=grid&per_row=4&paged=2 HTTP/1.1" 301 0 "-" "Mozilla/5.0 (compatible; MJ12bot/v1.4.8; http://mj12bot.com/)"
147.135.213.175 - - [15/May/2026:09:45:35 -0400] "GET /product-category/new-balance/9060/page/2/?filter_size=38%2C40%2C42&shop_view=grid&per_row=4 HTTP/1.1" 200 51332 "-" "Mozilla/5.0 (compatible; MJ12bot/v1.4.8; http://mj12bot.com/)"
147.135.213.175 - - [15/May/2026:09:45:40 -0400] "GET /?product_cat=9060&filter_size=38,40,42&shop_view=grid&per_row=4&paged=3 HTTP/1.1" 301 0 "-" "Mozilla/5.0 (compatible; MJ12bot/v1.4.8; http://mj12bot.com/)"
147.135.213.175 - - [15/May/2026:09:45:42 -0400] "GET /product-category/new-balance/9060/page/3/?filter_size=38%2C40%2C42&shop_view=grid&per_row=4 HTTP/1.1" 200 50675 "-" "Mozilla/5.0 (compatible; MJ12bot/v1.4.8; http://mj12bot.com/)"
147.135.213.175 - - [15/May/2026:09:45:47 -0400] "GET /?product_cat=9060&filter_size=38,40,42&stock_status=instock HTTP/1.1" 301 0 "-" "Mozilla/5.0 (compatible; MJ12bot/v1.4.8; http://mj12bot.com/)"
147.135.213.175 - - [15/May/2026:09:45:50 -0400] "GET /product-category/new-balance/9060/?filter_size=38%2C40%2C42&stock_status=instock HTTP/1.1" 200 51646 "-" "Mozilla/5.0 (compatible; MJ12bot/v1.4.8; http://mj12bot.com/)"
147.135.213.175 - - [15/May/2026:09:45:56 -0400] "GET /?product_cat=9060&filter_size=38,40,42&stock_status=instock&paged=2 HTTP/1.1" 301 0 "-" "Mozilla/5.0 (compatible; MJ12bot/v1.4.8; http://mj12bot.com/)"
147.135.213.175 - - [15/May/2026:09:46:00 -0400] "GET /product-category/new-balance/9060/page/2/?filter_size=38%2C40%2C42&stock_status=instock HTTP/1.1" 200 51352 "-" "Mozilla/5.0 (compatible; MJ12bot/v1.4.8; http://mj12bot.com/)"
147.135.213.175 - - [15/May/2026:09:46:06 -0400] "GET /?product_cat=9060&filter_size=38,40,42,43&shop_view=grid&per_row=3&paged=2 HTTP/1.1" 301 0 "-" "Mozilla/5.0 (compatible; MJ12bot/v1.4.8; http://mj12bot.com/)"
67.223.118.104 - - [15/May/2026:09:46:19 -0400] "POST /wp-cron.php?doing_wp_cron=1778852779.3346440792083740234375 HTTP/1.1" 200 0 "-" "WordPress/6.9.4; https://www.shoenation.me"
147.135.213.175 - - [15/May/2026:09:46:10 -0400] "GET /product-category/new-balance/9060/page/2/?filter_size=38%2C40%2C42%2C43&shop_view=grid&per_row=3 HTTP/1.1" 200 51355 "-" "Mozilla/5.0 (compatible; MJ12bot/v1.4.8; http://mj12bot.com/)"
147.135.213.175 - - [15/May/2026:09:46:21 -0400] "GET /?product_cat=9060&filter_size=38,40,42,43&stock_status=onsale HTTP/1.1" 301 0 "-" "Mozilla/5.0 (compatible; MJ12bot/v1.4.8; http://mj12bot.com/)"
147.135.213.175 - - [15/May/2026:09:46:26 -0400] "GET /product-category/new-balance/9060/?filter_size=38%2C40%2C42%2C43&stock_status=onsale HTTP/1.1" 200 47057 "-" "Mozilla/5.0 (compatible; MJ12bot/v1.4.8; http://mj12bot.com/)"
147.135.213.175 - - [15/May/2026:09:46:36 -0400] "GET /?product_cat=9060&filter_size=38,40,42,43,44&paged=2 HTTP/1.1" 301 0 "-" "Mozilla/5.0 (compatible; MJ12bot/v1.4.8; http://mj12bot.com/)"
67.223.118.104 - - [15/May/2026:09:46:53 -0400] "POST /wp-cron.php?doing_wp_cron=1778852813.1470999717712402343750 HTTP/1.1" 200 0 "-" "WordPress/6.9.4; https://www.shoenation.me"
147.135.213.175 - - [15/May/2026:09:46:42 -0400] "GET /product-category/new-balance/9060/page/2/?filter_size=38%2C40%2C42%2C43%2C44 HTTP/1.1" 200 51285 "-" "Mozilla/5.0 (compatible; MJ12bot/v1.4.8; http://mj12bot.com/)"
147.135.213.175 - - [15/May/2026:09:46:55 -0400] "GET /?product_cat=9060&filter_size=38,40,42,43,44&paged=3 HTTP/1.1" 301 0 "-" "Mozilla/5.0 (compatible; MJ12bot/v1.4.8; http://mj12bot.com/)"
147.135.213.175 - - [15/May/2026:09:47:01 -0400] "GET /product-category/new-balance/9060/page/3/?filter_size=38%2C40%2C42%2C43%2C44 HTTP/1.1" 200 50631 "-" "Mozilla/5.0 (compatible; MJ12bot/v1.4.8; http://mj12bot.com/)"
67.223.118.104 - - [15/May/2026:09:47:20 -0400] "POST /wp-cron.php?doing_wp_cron=1778852840.0373990535736083984375 HTTP/1.1" 200 0 "-" "WordPress/6.9.4; https://www.shoenation.me"
147.135.213.175 - - [15/May/2026:09:47:16 -0400] "GET /?product_cat=9060&filter_size=38,40,42,43,44&per_page=12 HTTP/1.1" 301 0 "-" "Mozilla/5.0 (compatible; MJ12bot/v1.4.8; http://mj12bot.com/)"
147.135.213.175 - - [15/May/2026:09:47:22 -0400] "GET /product-category/new-balance/9060/?filter_size=38%2C40%2C42%2C43%2C44&per_page=12 HTTP/1.1" 200 51658 "-" "Mozilla/5.0 (compatible; MJ12bot/v1.4.8; http://mj12bot.com/)"
147.135.213.175 - - [15/May/2026:09:47:34 -0400] "GET /?product_cat=9060&filter_size=38,40,42,43,44&per_page=12&paged=2 HTTP/1.1" 301 0 "-" "Mozilla/5.0 (compatible; MJ12bot/v1.4.8; http://mj12bot.com/)"
147.135.213.175 - - [15/May/2026:09:47:39 -0400] "GET /product-category/new-balance/9060/page/2/?filter_size=38%2C40%2C42%2C43%2C44&per_page=12 HTTP/1.1" 200 51368 "-" "Mozilla/5.0 (compatible; MJ12bot/v1.4.8; http://mj12bot.com/)"
147.135.213.175 - - [15/May/2026:09:47:55 -0400] "GET /?product_cat=9060&filter_size=38,40,42,43,44&per_page=12&paged=3 HTTP/1.1" 301 0 "-" "Mozilla/5.0 (compatible; MJ12bot/v1.4.8; http://mj12bot.com/)"
47.128.62.178 - - [15/May/2026:09:47:59 -0400] "GET /?filter_size=37%2C38%2C39%2C40%2C42&per_page=9&product_cat=j4&stock_status=onsale HTTP/1.1" 301 0 "-" "Mozilla/5.0 (compatible; Bytespider; spider-feedback@bytedance.com) AppleWebKit/537.36 (KHTML, like Gecko) Chrome/70.0.0.0 Safari/537.36"
47.128.62.178 - - [15/May/2026:09:48:02 -0400] "GET /product-category/nike/j4/?filter_size=37%2C38%2C39%2C40%2C42&per_page=9&stock_status=onsale HTTP/1.1" 200 47343 "-" "Mozilla/5.0 (compatible; Bytespider; spider-feedback@bytedance.com) AppleWebKit/537.36 (KHTML, like Gecko) Chrome/70.0.0.0 Safari/537.36"
147.135.213.175 - - [15/May/2026:09:48:00 -0400] "GET /product-category/new-balance/9060/page/3/?filter_size=38%2C40%2C42%2C43%2C44&per_page=12 HTTP/1.1" 200 50689 "-" "Mozilla/5.0 (compatible; MJ12bot/v1.4.8; http://mj12bot.com/)"
67.223.118.104 - - [15/May/2026:09:48:29 -0400] "POST /wp-cron.php?doing_wp_cron=1778852909.3424739837646484375000 HTTP/1.1" 200 0 "-" "WordPress/6.9.4; https://www.shoenation.me"
147.135.213.175 - - [15/May/2026:09:48:14 -0400] "GET /?product_cat=9060&filter_size=38,40,42,43,44&per_page=18 HTTP/1.1" 301 0 "-" "Mozilla/5.0 (compatible; MJ12bot/v1.4.8; http://mj12bot.com/)"
47.128.62.178 - - [15/May/2026:09:48:16 -0400] "GET /wp-content/uploads/2024/06/product-jpeg-500x500-1-150x150.webp HTTP/1.1" 404 178497 "https://www.shoenation.me/product-category/nike/j4/?filter_size=37%2C38%2C39%2C40%2C42&per_page=9&stock_status=onsale" "Mozilla/5.0 (compatible; Bytespider; spider-feedback@bytedance.com) AppleWebKit/537.36 (KHTML, like Gecko) Chrome/70.0.0.0 Safari/537.36"
47.128.62.178 - - [15/May/2026:09:48:16 -0400] "GET /wp-content/uploads/2024/06/17-best-nike-running-shoes-15275-150x150.webp HTTP/1.1" 404 178527 "https://www.shoenation.me/product-category/nike/j4/?filter_size=37%2C38%2C39%2C40%2C42&per_page=9&stock_status=onsale" "Mozilla/5.0 (compatible; Bytespider; spider-feedback@bytedance.com) AppleWebKit/537.36 (KHTML, like Gecko) Chrome/70.0.0.0 Safari/537.36"
47.128.62.178 - - [15/May/2026:09:48:15 -0400] "GET /wp-content/uploads/2025/02/new-balance-530-miu-miu-v0-0p61tlqcrp2d1-150x150.webp HTTP/1.1" 404 178551 "https://www.shoenation.me/product-category/nike/j4/?filter_size=37%2C38%2C39%2C40%2C42&per_page=9&stock_status=onsale" "Mozilla/5.0 (compatible; Bytespider; spider-feedback@bytedance.com) AppleWebKit/537.36 (KHTML, like Gecko) Chrome/70.0.0.0 Safari/537.36"
47.128.62.178 - - [15/May/2026:09:48:16 -0400] "GET /wp-content/uploads/2024/03/Air-Jordan-4-Red-Cement-Store-Li.webp HTTP/1.1" 404 178503 "https://www.shoenation.me/product-category/nike/j4/?filter_size=37%2C38%2C39%2C40%2C42&per_page=9&stock_status=onsale" "Mozilla/5.0 (compatible; Bytespider; spider-feedback@bytedance.com) AppleWebKit/537.36 (KHTML, like Gecko) Chrome/70.0.0.0 Safari/537.36"
47.128.62.178 - - [15/May/2026:09:48:16 -0400] "GET /wp-content/uploads/2024/06/5ef42a4788df9cdaaf135d9583f2228b-1-150x150.jpg HTTP/1.1" 404 178530 "https://www.shoenation.me/product-category/nike/j4/?filter_size=37%2C38%2C39%2C40%2C42&per_page=9&stock_status=onsale" "Mozilla/5.0 (compatible; Bytespider; spider-feedback@bytedance.com) AppleWebKit/537.36 (KHTML, like Gecko) Chrome/70.0.0.0 Safari/537.36"
47.128.62.178 - - [15/May/2026:09:48:16 -0400] "GET /wp-content/uploads/2024/03/wd-envelope-dark.svg HTTP/1.1" 404 178452 "https://www.shoenation.me/product-category/nike/j4/?filter_size=37%2C38%2C39%2C40%2C42&per_page=9&stock_status=onsale" "Mozilla/5.0 (compatible; Bytespider; spider-feedback@bytedance.com) AppleWebKit/537.36 (KHTML, like Gecko) Chrome/70.0.0.0 Safari/537.36"
47.128.62.178 - - [15/May/2026:09:48:15 -0400] "GET /wp-content/uploads/2025/02/IMG_0260-150x150.jpeg HTTP/1.1" 404 178455 "https://www.shoenation.me/product-category/nike/j4/?filter_size=37%2C38%2C39%2C40%2C42&per_page=9&stock_status=onsale" "Mozilla/5.0 (compatible; Bytespider; spider-feedback@bytedance.com) AppleWebKit/537.36 (KHTML, like Gecko) Chrome/70.0.0.0 Safari/537.36"
47.128.62.178 - - [15/May/2026:09:48:16 -0400] "GET /wp-content/uploads/2024/06/ca089c0521d61637a52311e4c5c83f0f-150x150.jpg HTTP/1.1" 404 178524 "https://www.shoenation.me/product-category/nike/j4/?filter_size=37%2C38%2C39%2C40%2C42&per_page=9&stock_status=onsale" "Mozilla/5.0 (compatible; Bytespider; spider-feedback@bytedance.com) AppleWebKit/537.36 (KHTML, like Gecko) Chrome/70.0.0.0 Safari/537.36"
47.128.62.178 - - [15/May/2026:09:48:16 -0400] "GET /wp-content/uploads/2024/06/3423897250m8_zm-1-150x150.jpg HTTP/1.1" 404 178479 "https://www.shoenation.me/product-category/nike/j4/?filter_size=37%2C38%2C39%2C40%2C42&per_page=9&stock_status=onsale" "Mozilla/5.0 (compatible; Bytespider; spider-feedback@bytedance.com) AppleWebKit/537.36 (KHTML, like Gecko) Chrome/70.0.0.0 Safari/537.36"
47.128.62.178 - - [15/May/2026:09:48:15 -0400] "GET /wp-content/uploads/2024/03/ShoeNation-Logo.png HTTP/1.1" 404 178449 "https://www.shoenation.me/product-category/nike/j4/?filter_size=37%2C38%2C39%2C40%2C42&per_page=9&stock_status=onsale" "Mozilla/5.0 (compatible; Bytespider; spider-feedback@bytedance.com) AppleWebKit/537.36 (KHTML, like Gecko) Chrome/70.0.0.0 Safari/537.36"
47.128.62.178 - - [15/May/2026:09:48:16 -0400] "GET /wp-content/uploads/2024/06/63922ed58580f70019f80ea5-1-150x150.webp HTTP/1.1" 404 178509 "https://www.shoenation.me/product-category/nike/j4/?filter_size=37%2C38%2C39%2C40%2C42&per_page=9&stock_status=onsale" "Mozilla/5.0 (compatible; Bytespider; spider-feedback@bytedance.com) AppleWebKit/537.36 (KHTML, like Gecko) Chrome/70.0.0.0 Safari/537.36"
47.128.62.178 - - [15/May/2026:09:48:16 -0400] "GET /wp-content/uploads/2025/02/download-150x150.jpg HTTP/1.1" 404 178452 "https://www.shoenation.me/product-category/nike/j4/?filter_size=37%2C38%2C39%2C40%2C42&per_page=9&stock_status=onsale" "Mozilla/5.0 (compatible; Bytespider; spider-feedback@bytedance.com) AppleWebKit/537.36 (KHTML, like Gecko) Chrome/70.0.0.0 Safari/537.36"
47.128.62.178 - - [15/May/2026:09:48:16 -0400] "GET /wp-content/uploads/2025/02/614b4079e84ea91f6aa9d9919838a0d6.jpg_720x720q80-150x150.jpg HTTP/1.1" 404 178569 "https://www.shoenation.me/product-category/nike/j4/?filter_size=37%2C38%2C39%2C40%2C42&per_page=9&stock_status=onsale" "Mozilla/5.0 (compatible; Bytespider; spider-feedback@bytedance.com) AppleWebKit/537.36 (KHTML, like Gecko) Chrome/70.0.0.0 Safari/537.36"
147.135.213.175 - - [15/May/2026:09:48:32 -0400] "GET /product-category/new-balance/9060/?filter_size=38%2C40%2C42%2C43%2C44&per_page=18 HTTP/1.1" 200 52539 "-" "Mozilla/5.0 (compatible; MJ12bot/v1.4.8; http://mj12bot.com/)"
147.135.213.175 - - [15/May/2026:09:48:48 -0400] "GET /?product_cat=9060&filter_size=38,40,42,43,44&per_page=18&paged=2 HTTP/1.1" 301 0 "-" "Mozilla/5.0 (compatible; MJ12bot/v1.4.8; http://mj12bot.com/)"
147.135.213.175 - - [15/May/2026:09:48:53 -0400] "GET /product-category/new-balance/9060/page/2/?filter_size=38%2C40%2C42%2C43%2C44&per_page=18 HTTP/1.1" 200 51888 "-" "Mozilla/5.0 (compatible; MJ12bot/v1.4.8; http://mj12bot.com/)"
147.135.213.175 - - [15/May/2026:09:49:01 -0400] "GET /?product_cat=9060&filter_size=38,40,42,43,44&per_page=24 HTTP/1.1" 301 0 "-" "Mozilla/5.0 (compatible; MJ12bot/v1.4.8; http://mj12bot.com/)"
67.223.118.104 - - [15/May/2026:09:49:12 -0400] "POST /wp-cron.php?doing_wp_cron=1778852952.5531249046325683593750 HTTP/1.1" 200 0 "-" "WordPress/6.9.4; https://www.shoenation.me"
147.135.213.175 - - [15/May/2026:09:49:05 -0400] "GET /product-category/new-balance/9060/?filter_size=38%2C40%2C42%2C43%2C44&per_page=24 HTTP/1.1" 200 53583 "-" "Mozilla/5.0 (compatible; MJ12bot/v1.4.8; http://mj12bot.com/)"
147.135.213.175 - - [15/May/2026:09:49:14 -0400] "GET /?product_cat=9060&filter_size=38,40,42,43,44&per_page=24&paged=2 HTTP/1.1" 301 0 "-" "Mozilla/5.0 (compatible; MJ12bot/v1.4.8; http://mj12bot.com/)"
67.223.118.104 - - [15/May/2026:09:49:23 -0400] "POST /wp-cron.php?doing_wp_cron=1778852963.1561129093170166015625 HTTP/1.1" 200 0 "-" "WordPress/6.9.4; https://www.shoenation.me"
147.135.213.175 - - [15/May/2026:09:49:18 -0400] "GET /product-category/new-balance/9060/page/2/?filter_size=38%2C40%2C42%2C43%2C44&per_page=24 HTTP/1.1" 200 50683 "-" "Mozilla/5.0 (compatible; MJ12bot/v1.4.8; http://mj12bot.com/)"
147.135.213.175 - - [15/May/2026:09:49:25 -0400] "GET /?product_cat=9060&filter_size=38,40,42,43,44&per_page=9&paged=3 HTTP/1.1" 301 0 "-" "Mozilla/5.0 (compatible; MJ12bot/v1.4.8; http://mj12bot.com/)"
147.135.213.175 - - [15/May/2026:09:49:28 -0400] "GET /product-category/new-balance/9060/page/3/?filter_size=38%2C40%2C42%2C43%2C44&per_page=9 HTTP/1.1" 200 50960 "-" "Mozilla/5.0 (compatible; MJ12bot/v1.4.8; http://mj12bot.com/)"
147.135.213.175 - - [15/May/2026:09:49:35 -0400] "GET /?product_cat=9060&filter_size=38,40,42,43,44,45&per_page=24&paged=2 HTTP/1.1" 301 0 "-" "Mozilla/5.0 (compatible; MJ12bot/v1.4.8; http://mj12bot.com/)"
147.135.213.175 - - [15/May/2026:09:49:38 -0400] "GET /product-category/new-balance/9060/page/2/?filter_size=38%2C40%2C42%2C43%2C44%2C45&per_page=24 HTTP/1.1" 200 50902 "-" "Mozilla/5.0 (compatible; MJ12bot/v1.4.8; http://mj12bot.com/)"
147.135.213.175 - - [15/May/2026:09:49:46 -0400] "GET /?product_cat=9060&filter_size=38,40,42,43,44,45&per_page=9&paged=2 HTTP/1.1" 301 0 "-" "Mozilla/5.0 (compatible; MJ12bot/v1.4.8; http://mj12bot.com/)"
147.135.213.175 - - [15/May/2026:09:49:49 -0400] "GET /product-category/new-balance/9060/page/2/?filter_size=38%2C40%2C42%2C43%2C44%2C45&per_page=9 HTTP/1.1" 200 50844 "-" "Mozilla/5.0 (compatible; MJ12bot/v1.4.8; http://mj12bot.com/)"
147.135.213.175 - - [15/May/2026:09:49:55 -0400] "GET /?product_cat=9060&filter_size=38,40,42,43,44,45&per_page=9&paged=3 HTTP/1.1" 301 0 "-" "Mozilla/5.0 (compatible; MJ12bot/v1.4.8; http://mj12bot.com/)"
147.135.213.175 - - [15/May/2026:09:49:58 -0400] "GET /product-category/new-balance/9060/page/3/?filter_size=38%2C40%2C42%2C43%2C44%2C45&per_page=9 HTTP/1.1" 200 50980 "-" "Mozilla/5.0 (compatible; MJ12bot/v1.4.8; http://mj12bot.com/)"
147.135.213.175 - - [15/May/2026:09:50:10 -0400] "GET /?product_cat=9060&filter_size=38,40,42,43,44,45&per_page=9&paged=4 HTTP/1.1" 301 0 "-" "Mozilla/5.0 (compatible; MJ12bot/v1.4.8; http://mj12bot.com/)"
67.223.118.104 - - [15/May/2026:09:50:23 -0400] "POST /wp-cron.php?doing_wp_cron=1778853023.8508579730987548828125 HTTP/1.1" 200 0 "-" "WordPress/6.9.4; https://www.shoenation.me"
147.135.213.175 - - [15/May/2026:09:50:15 -0400] "GET /product-category/new-balance/9060/page/4/?filter_size=38%2C40%2C42%2C43%2C44%2C45&per_page=9 HTTP/1.1" 200 50147 "-" "Mozilla/5.0 (compatible; MJ12bot/v1.4.8; http://mj12bot.com/)"
147.135.213.175 - - [15/May/2026:09:50:25 -0400] "GET /?product_cat=9060&filter_size=38,40,42,43,44,45&shop_view=grid&per_row=2 HTTP/1.1" 301 0 "-" "Mozilla/5.0 (compatible; MJ12bot/v1.4.8; http://mj12bot.com/)"
147.135.213.175 - - [15/May/2026:09:50:31 -0400] "GET /product-category/new-balance/9060/?filter_size=38%2C40%2C42%2C43%2C44%2C45&shop_view=grid&per_row=2 HTTP/1.1" 200 51657 "-" "Mozilla/5.0 (compatible; MJ12bot/v1.4.8; http://mj12bot.com/)"
147.135.213.175 - - [15/May/2026:09:50:42 -0400] "GET /?product_cat=9060&filter_size=38,40,42,43,44,45&shop_view=grid&per_row=2&paged=2 HTTP/1.1" 301 0 "-" "Mozilla/5.0 (compatible; MJ12bot/v1.4.8; http://mj12bot.com/)"
147.135.213.175 - - [15/May/2026:09:50:49 -0400] "GET /product-category/new-balance/9060/page/2/?filter_size=38%2C40%2C42%2C43%2C44%2C45&shop_view=grid&per_row=2 HTTP/1.1" 200 51422 "-" "Mozilla/5.0 (compatible; MJ12bot/v1.4.8; http://mj12bot.com/)"
147.135.213.175 - - [15/May/2026:09:51:07 -0400] "GET /?product_cat=9060&filter_size=38,40,42,43,44,45&shop_view=grid&per_row=2&paged=3 HTTP/1.1" 301 0 "-" "Mozilla/5.0 (compatible; MJ12bot/v1.4.8; http://mj12bot.com/)"
67.223.118.104 - - [15/May/2026:09:51:21 -0400] "POST /wp-cron.php?doing_wp_cron=1778853081.5401799678802490234375 HTTP/1.1" 200 0 "-" "WordPress/6.9.4; https://www.shoenation.me"
147.135.213.175 - - [15/May/2026:09:51:14 -0400] "GET /product-category/new-balance/9060/page/3/?filter_size=38%2C40%2C42%2C43%2C44%2C45&shop_view=grid&per_row=2 HTTP/1.1" 200 50853 "-" "Mozilla/5.0 (compatible; MJ12bot/v1.4.8; http://mj12bot.com/)"
147.135.213.175 - - [15/May/2026:09:51:23 -0400] "GET /?product_cat=9060&filter_size=38,40,42,43,44,45&shop_view=grid&per_row=3 HTTP/1.1" 301 0 "-" "Mozilla/5.0 (compatible; MJ12bot/v1.4.8; http://mj12bot.com/)"
147.135.213.175 - - [15/May/2026:09:51:26 -0400] "GET /product-category/new-balance/9060/?filter_size=38%2C40%2C42%2C43%2C44%2C45&shop_view=grid&per_row=3 HTTP/1.1" 200 51656 "-" "Mozilla/5.0 (compatible; MJ12bot/v1.4.8; http://mj12bot.com/)"
147.135.213.175 - - [15/May/2026:09:51:37 -0400] "GET /?product_cat=9060&filter_size=38,40,42,43,44,45&shop_view=grid&per_row=4 HTTP/1.1" 301 0 "-" "Mozilla/5.0 (compatible; MJ12bot/v1.4.8; http://mj12bot.com/)"
147.135.213.175 - - [15/May/2026:09:51:42 -0400] "GET /product-category/new-balance/9060/?filter_size=38%2C40%2C42%2C43%2C44%2C45&shop_view=grid&per_row=4 HTTP/1.1" 200 51599 "-" "Mozilla/5.0 (compatible; MJ12bot/v1.4.8; http://mj12bot.com/)"
67.223.118.104 - - [15/May/2026:09:51:55 -0400] "POST /wp-cron.php?doing_wp_cron=1778853115.2563829421997070312500 HTTP/1.1" 200 0 "-" "WordPress/6.9.4; https://www.shoenation.me"
147.135.213.175 - - [15/May/2026:09:51:52 -0400] "GET /?product_cat=9060&filter_size=38,40,42,43,44,45&shop_view=grid&per_row=4&paged=2 HTTP/1.1" 301 0 "-" "Mozilla/5.0 (compatible; MJ12bot/v1.4.8; http://mj12bot.com/)"
47.128.62.172 - - [15/May/2026:09:51:59 -0400] "GET /?filter_size=38%2C39%2C44&per_page=12&per_row=4&product_cat=asics&shop_view=grid HTTP/1.1" 301 0 "-" "Mozilla/5.0 (compatible; Bytespider; spider-feedback@bytedance.com) AppleWebKit/537.36 (KHTML, like Gecko) Chrome/70.0.0.0 Safari/537.36"
147.135.213.175 - - [15/May/2026:09:51:57 -0400] "GET /product-category/new-balance/9060/page/2/?filter_size=38%2C40%2C42%2C43%2C44%2C45&shop_view=grid&per_row=4 HTTP/1.1" 200 51298 "-" "Mozilla/5.0 (compatible; MJ12bot/v1.4.8; http://mj12bot.com/)"
147.135.213.175 - - [15/May/2026:09:52:06 -0400] "GET /?product_cat=9060&filter_size=38,40,42,43,44,45&shop_view=grid&per_row=4&paged=3 HTTP/1.1" 301 0 "-" "Mozilla/5.0 (compatible; MJ12bot/v1.4.8; http://mj12bot.com/)"
47.128.62.172 - - [15/May/2026:09:52:01 -0400] "GET /product-category/asics/?filter_size=38%2C39%2C44&per_page=12&per_row=4&shop_view=grid HTTP/1.1" 200 50546 "-" "Mozilla/5.0 (compatible; Bytespider; spider-feedback@bytedance.com) AppleWebKit/537.36 (KHTML, like Gecko) Chrome/70.0.0.0 Safari/537.36"
47.82.10.194 - - [15/May/2026:09:52:12 -0400] "GET /wp-content/uploads/2024/10/4_3952b8ed-cf12-4c72-96a0-7a5e0fd48abf_540x.webp HTTP/1.1" 200 0 "https://www.shoenation.me/" "Mozilla/5.0 (Macintosh; Intel Mac OS X 10_15_7) AppleWebKit/605.1.15 (KHTML, like Gecko) Version/18.1.1 Safari/605.1.15"
47.128.62.172 - - [15/May/2026:09:52:12 -0400] "GET /wp-content/uploads/2024/03/ShoeNation-Logo.png HTTP/1.1" 200 0 "https://www.shoenation.me/product-category/asics/?filter_size=38%2C39%2C44&per_page=12&per_row=4&shop_view=grid" "Mozilla/5.0 (compatible; Bytespider; spider-feedback@bytedance.com) AppleWebKit/537.36 (KHTML, like Gecko) Chrome/70.0.0.0 Safari/537.36"
47.128.62.172 - - [15/May/2026:09:52:12 -0400] "GET /wp-content/uploads/2025/02/IMG_0260-150x150.jpeg HTTP/1.1" 200 0 "https://www.shoenation.me/product-category/asics/?filter_size=38%2C39%2C44&per_page=12&per_row=4&shop_view=grid" "Mozilla/5.0 (compatible; Bytespider; spider-feedback@bytedance.com) AppleWebKit/537.36 (KHTML, like Gecko) Chrome/70.0.0.0 Safari/537.36"
47.128.62.172 - - [15/May/2026:09:52:12 -0400] "GET /wp-content/uploads/2025/02/new-balance-530-miu-miu-v0-0p61tlqcrp2d1-150x150.webp HTTP/1.1" 200 0 "https://www.shoenation.me/product-category/asics/?filter_size=38%2C39%2C44&per_page=12&per_row=4&shop_view=grid" "Mozilla/5.0 (compatible; Bytespider; spider-feedback@bytedance.com) AppleWebKit/537.36 (KHTML, like Gecko) Chrome/70.0.0.0 Safari/537.36"
47.128.62.172 - - [15/May/2026:09:52:12 -0400] "GET /wp-content/uploads/2025/02/download-150x150.jpg HTTP/1.1" 200 0 "https://www.shoenation.me/product-category/asics/?filter_size=38%2C39%2C44&per_page=12&per_row=4&shop_view=grid" "Mozilla/5.0 (compatible; Bytespider; spider-feedback@bytedance.com) AppleWebKit/537.36 (KHTML, like Gecko) Chrome/70.0.0.0 Safari/537.36"
