47.128.62.172 - - [15/May/2026:09:52:12 -0400] "GET /wp-content/uploads/2024/06/ca089c0521d61637a52311e4c5c83f0f.jpg HTTP/1.1" 200 0 "https://www.shoenation.me/product-category/asics/?filter_size=38%2C39%2C44&per_page=12&per_row=4&shop_view=grid" "Mozilla/5.0 (compatible; Bytespider; spider-feedback@bytedance.com) AppleWebKit/537.36 (KHTML, like Gecko) Chrome/70.0.0.0 Safari/537.36"
47.128.62.172 - - [15/May/2026:09:52:12 -0400] "GET /wp-content/uploads/2024/06/3423897250m8_zm-1-150x150.jpg HTTP/1.1" 200 0 "https://www.shoenation.me/product-category/asics/?filter_size=38%2C39%2C44&per_page=12&per_row=4&shop_view=grid" "Mozilla/5.0 (compatible; Bytespider; spider-feedback@bytedance.com) AppleWebKit/537.36 (KHTML, like Gecko) Chrome/70.0.0.0 Safari/537.36"
47.128.62.172 - - [15/May/2026:09:52:12 -0400] "GET /wp-content/uploads/2024/06/5ef42a4788df9cdaaf135d9583f2228b-1-150x150.jpg HTTP/1.1" 200 0 "https://www.shoenation.me/product-category/asics/?filter_size=38%2C39%2C44&per_page=12&per_row=4&shop_view=grid" "Mozilla/5.0 (compatible; Bytespider; spider-feedback@bytedance.com) AppleWebKit/537.36 (KHTML, like Gecko) Chrome/70.0.0.0 Safari/537.36"
47.128.62.172 - - [15/May/2026:09:52:12 -0400] "GET /wp-content/uploads/2024/06/ca089c0521d61637a52311e4c5c83f0f-150x150.jpg HTTP/1.1" 200 0 "https://www.shoenation.me/product-category/asics/?filter_size=38%2C39%2C44&per_page=12&per_row=4&shop_view=grid" "Mozilla/5.0 (compatible; Bytespider; spider-feedback@bytedance.com) AppleWebKit/537.36 (KHTML, like Gecko) Chrome/70.0.0.0 Safari/537.36"
47.128.62.172 - - [15/May/2026:09:52:12 -0400] "GET /wp-content/uploads/2024/06/63922ed58580f70019f80ea5-1-150x150.webp HTTP/1.1" 200 0 "https://www.shoenation.me/product-category/asics/?filter_size=38%2C39%2C44&per_page=12&per_row=4&shop_view=grid" "Mozilla/5.0 (compatible; Bytespider; spider-feedback@bytedance.com) AppleWebKit/537.36 (KHTML, like Gecko) Chrome/70.0.0.0 Safari/537.36"
47.128.62.172 - - [15/May/2026:09:52:12 -0400] "GET /wp-content/uploads/2024/06/product-jpeg-500x500-1-150x150.webp HTTP/1.1" 200 0 "https://www.shoenation.me/product-category/asics/?filter_size=38%2C39%2C44&per_page=12&per_row=4&shop_view=grid" "Mozilla/5.0 (compatible; Bytespider; spider-feedback@bytedance.com) AppleWebKit/537.36 (KHTML, like Gecko) Chrome/70.0.0.0 Safari/537.36"
47.128.62.172 - - [15/May/2026:09:52:12 -0400] "GET /wp-content/uploads/2025/02/614b4079e84ea91f6aa9d9919838a0d6.jpg_720x720q80-150x150.jpg HTTP/1.1" 200 0 "https://www.shoenation.me/product-category/asics/?filter_size=38%2C39%2C44&per_page=12&per_row=4&shop_view=grid" "Mozilla/5.0 (compatible; Bytespider; spider-feedback@bytedance.com) AppleWebKit/537.36 (KHTML, like Gecko) Chrome/70.0.0.0 Safari/537.36"
47.128.62.172 - - [15/May/2026:09:52:12 -0400] "GET /wp-content/uploads/2024/05/9-1100x1100-1-430x430.jpg HTTP/1.1" 200 0 "https://www.shoenation.me/product-category/asics/?filter_size=38%2C39%2C44&per_page=12&per_row=4&shop_view=grid" "Mozilla/5.0 (compatible; Bytespider; spider-feedback@bytedance.com) AppleWebKit/537.36 (KHTML, like Gecko) Chrome/70.0.0.0 Safari/537.36"
47.128.62.172 - - [15/May/2026:09:52:12 -0400] "GET /wp-content/uploads/2024/06/17-best-nike-running-shoes-15275-150x150.webp HTTP/1.1" 200 0 "https://www.shoenation.me/product-category/asics/?filter_size=38%2C39%2C44&per_page=12&per_row=4&shop_view=grid" "Mozilla/5.0 (compatible; Bytespider; spider-feedback@bytedance.com) AppleWebKit/537.36 (KHTML, like Gecko) Chrome/70.0.0.0 Safari/537.36"
47.128.62.172 - - [15/May/2026:09:52:12 -0400] "GET /wp-content/uploads/2024/05/sv3yr5cnvhe-600x600-1-430x430.jpg HTTP/1.1" 200 0 "https://www.shoenation.me/product-category/asics/?filter_size=38%2C39%2C44&per_page=12&per_row=4&shop_view=grid" "Mozilla/5.0 (compatible; Bytespider; spider-feedback@bytedance.com) AppleWebKit/537.36 (KHTML, like Gecko) Chrome/70.0.0.0 Safari/537.36"
47.128.62.172 - - [15/May/2026:09:52:12 -0400] "GET /wp-content/uploads/2024/05/6-1100x1100-1-430x430.jpg HTTP/1.1" 200 0 "https://www.shoenation.me/product-category/asics/?filter_size=38%2C39%2C44&per_page=12&per_row=4&shop_view=grid" "Mozilla/5.0 (compatible; Bytespider; spider-feedback@bytedance.com) AppleWebKit/537.36 (KHTML, like Gecko) Chrome/70.0.0.0 Safari/537.36"
47.128.62.172 - - [15/May/2026:09:52:12 -0400] "GET /wp-content/uploads/2024/05/ihmjovaqhca1-600x600-1-430x430.jpg HTTP/1.1" 200 0 "https://www.shoenation.me/product-category/asics/?filter_size=38%2C39%2C44&per_page=12&per_row=4&shop_view=grid" "Mozilla/5.0 (compatible; Bytespider; spider-feedback@bytedance.com) AppleWebKit/537.36 (KHTML, like Gecko) Chrome/70.0.0.0 Safari/537.36"
47.128.62.172 - - [15/May/2026:09:52:12 -0400] "GET /wp-content/uploads/2024/10/4c3a88be29f44d2da46f59b48195f747-430x621.webp HTTP/1.1" 200 0 "https://www.shoenation.me/product-category/asics/?filter_size=38%2C39%2C44&per_page=12&per_row=4&shop_view=grid" "Mozilla/5.0 (compatible; Bytespider; spider-feedback@bytedance.com) AppleWebKit/537.36 (KHTML, like Gecko) Chrome/70.0.0.0 Safari/537.36"
47.128.62.172 - - [15/May/2026:09:52:12 -0400] "GET /wp-content/uploads/2024/10/4d27e740aa664662bc3b56577cbd1d82-scaled-e1730316639165-430x430.webp HTTP/1.1" 200 0 "https://www.shoenation.me/product-category/asics/?filter_size=38%2C39%2C44&per_page=12&per_row=4&shop_view=grid" "Mozilla/5.0 (compatible; Bytespider; spider-feedback@bytedance.com) AppleWebKit/537.36 (KHTML, like Gecko) Chrome/70.0.0.0 Safari/537.36"
47.128.62.172 - - [15/May/2026:09:52:12 -0400] "GET /wp-content/uploads/2024/10/375448f458a94464b2fe37d6c150c99b-430x621.webp HTTP/1.1" 200 0 "https://www.shoenation.me/product-category/asics/?filter_size=38%2C39%2C44&per_page=12&per_row=4&shop_view=grid" "Mozilla/5.0 (compatible; Bytespider; spider-feedback@bytedance.com) AppleWebKit/537.36 (KHTML, like Gecko) Chrome/70.0.0.0 Safari/537.36"
47.128.62.172 - - [15/May/2026:09:52:12 -0400] "GET /wp-content/uploads/2024/10/33b42bf3e2b746fd9600d70b242362ee-scaled-e1730316593174-430x430.webp HTTP/1.1" 200 0 "https://www.shoenation.me/product-category/asics/?filter_size=38%2C39%2C44&per_page=12&per_row=4&shop_view=grid" "Mozilla/5.0 (compatible; Bytespider; spider-feedback@bytedance.com) AppleWebKit/537.36 (KHTML, like Gecko) Chrome/70.0.0.0 Safari/537.36"
47.128.62.172 - - [15/May/2026:09:52:12 -0400] "GET /wp-content/uploads/2024/10/adf92b9a11a54bbc846516f06975d4f3-430x430.webp HTTP/1.1" 200 0 "https://www.shoenation.me/product-category/asics/?filter_size=38%2C39%2C44&per_page=12&per_row=4&shop_view=grid" "Mozilla/5.0 (compatible; Bytespider; spider-feedback@bytedance.com) AppleWebKit/537.36 (KHTML, like Gecko) Chrome/70.0.0.0 Safari/537.36"
47.128.62.172 - - [15/May/2026:09:52:12 -0400] "GET /wp-content/uploads/2024/10/b26c518c01564c90ab1b1733ab03cb92-430x430.webp HTTP/1.1" 200 0 "https://www.shoenation.me/product-category/asics/?filter_size=38%2C39%2C44&per_page=12&per_row=4&shop_view=grid" "Mozilla/5.0 (compatible; Bytespider; spider-feedback@bytedance.com) AppleWebKit/537.36 (KHTML, like Gecko) Chrome/70.0.0.0 Safari/537.36"
47.128.62.172 - - [15/May/2026:09:52:13 -0400] "GET /wp-content/uploads/2024/05/4_7a732504-3046-4756-a982-5ce8c1b53677_540x-430x276.webp HTTP/1.1" 200 0 "https://www.shoenation.me/product-category/asics/?filter_size=38%2C39%2C44&per_page=12&per_row=4&shop_view=grid" "Mozilla/5.0 (compatible; Bytespider; spider-feedback@bytedance.com) AppleWebKit/537.36 (KHTML, like Gecko) Chrome/70.0.0.0 Safari/537.36"
47.128.62.172 - - [15/May/2026:09:52:13 -0400] "GET /wp-content/uploads/2024/05/main-square_29d422ea-528b-434b-a3a7-e749087c7db0_540x-430x430.webp HTTP/1.1" 200 0 "https://www.shoenation.me/product-category/asics/?filter_size=38%2C39%2C44&per_page=12&per_row=4&shop_view=grid" "Mozilla/5.0 (compatible; Bytespider; spider-feedback@bytedance.com) AppleWebKit/537.36 (KHTML, like Gecko) Chrome/70.0.0.0 Safari/537.36"
47.128.62.172 - - [15/May/2026:09:52:13 -0400] "GET /wp-content/uploads/2025/05/main-square_78b0451e-e383-4801-9ba1-5a57e8feb085_x480-430x430.webp HTTP/1.1" 200 0 "https://www.shoenation.me/product-category/asics/?filter_size=38%2C39%2C44&per_page=12&per_row=4&shop_view=grid" "Mozilla/5.0 (compatible; Bytespider; spider-feedback@bytedance.com) AppleWebKit/537.36 (KHTML, like Gecko) Chrome/70.0.0.0 Safari/537.36"
47.128.62.172 - - [15/May/2026:09:52:13 -0400] "GET /wp-content/uploads/2025/05/1201A019_006_SB_FR_GLB-430x323.webp HTTP/1.1" 200 0 "https://www.shoenation.me/product-category/asics/?filter_size=38%2C39%2C44&per_page=12&per_row=4&shop_view=grid" "Mozilla/5.0 (compatible; Bytespider; spider-feedback@bytedance.com) AppleWebKit/537.36 (KHTML, like Gecko) Chrome/70.0.0.0 Safari/537.36"
47.128.62.172 - - [15/May/2026:09:52:32 -0400] "GET /wp-content/uploads/2024/03/wd-envelope-dark.svg HTTP/1.1" 200 0 "https://www.shoenation.me/product-category/asics/?filter_size=38%2C39%2C44&per_page=12&per_row=4&shop_view=grid" "Mozilla/5.0 (compatible; Bytespider; spider-feedback@bytedance.com) AppleWebKit/537.36 (KHTML, like Gecko) Chrome/70.0.0.0 Safari/537.36"
67.223.118.104 - - [15/May/2026:09:52:50 -0400] "POST /wp-cron.php?doing_wp_cron=1778853169.8382189273834228515625 HTTP/1.1" 200 0 "-" "WordPress/6.9.4; https://www.shoenation.me"
147.135.213.175 - - [15/May/2026:09:52:52 -0400] "GET /?product_cat=9060&filter_size=38,40,42,45&shop_view=grid&per_row=4 HTTP/1.1" 301 0 "-" "Mozilla/5.0 (compatible; MJ12bot/v1.4.8; http://mj12bot.com/)"
67.223.118.104 - - [15/May/2026:09:53:09 -0400] "POST /wp-cron.php?doing_wp_cron=1778853189.0348260402679443359375 HTTP/1.1" 200 0 "-" "WordPress/6.9.4; https://www.shoenation.me"
147.135.213.175 - - [15/May/2026:09:52:10 -0400] "GET /product-category/new-balance/9060/page/3/?filter_size=38%2C40%2C42%2C43%2C44%2C45&shop_view=grid&per_row=4 HTTP/1.1" 200 50909 "-" "Mozilla/5.0 (compatible; MJ12bot/v1.4.8; http://mj12bot.com/)"
147.135.213.175 - - [15/May/2026:09:53:09 -0400] "GET /product-category/new-balance/9060/?filter_size=38%2C40%2C42%2C45&shop_view=grid&per_row=4 HTTP/1.1" 200 51614 "-" "Mozilla/5.0 (compatible; MJ12bot/v1.4.8; http://mj12bot.com/)"
147.135.213.175 - - [15/May/2026:09:53:16 -0400] "GET /?product_cat=9060&filter_size=38,40,42,45&shop_view=grid&per_row=4&paged=2 HTTP/1.1" 301 0 "-" "Mozilla/5.0 (compatible; MJ12bot/v1.4.8; http://mj12bot.com/)"
147.135.213.175 - - [15/May/2026:09:53:19 -0400] "GET /product-category/new-balance/9060/page/2/?filter_size=38%2C40%2C42%2C45&shop_view=grid&per_row=4 HTTP/1.1" 200 51365 "-" "Mozilla/5.0 (compatible; MJ12bot/v1.4.8; http://mj12bot.com/)"
147.135.213.175 - - [15/May/2026:09:53:24 -0400] "GET /?product_cat=9060&filter_size=38,40,42,45&shop_view=grid&per_row=4&paged=3 HTTP/1.1" 301 0 "-" "Mozilla/5.0 (compatible; MJ12bot/v1.4.8; http://mj12bot.com/)"
147.135.213.175 - - [15/May/2026:09:53:27 -0400] "GET /product-category/new-balance/9060/page/3/?filter_size=38%2C40%2C42%2C45&shop_view=grid&per_row=4 HTTP/1.1" 200 50858 "-" "Mozilla/5.0 (compatible; MJ12bot/v1.4.8; http://mj12bot.com/)"
147.135.213.175 - - [15/May/2026:09:53:32 -0400] "GET /?product_cat=9060&filter_size=38,40,42,45&stock_status=instock HTTP/1.1" 301 0 "-" "Mozilla/5.0 (compatible; MJ12bot/v1.4.8; http://mj12bot.com/)"
147.135.213.175 - - [15/May/2026:09:53:35 -0400] "GET /product-category/new-balance/9060/?filter_size=38%2C40%2C42%2C45&stock_status=instock HTTP/1.1" 200 51589 "-" "Mozilla/5.0 (compatible; MJ12bot/v1.4.8; http://mj12bot.com/)"
147.135.213.175 - - [15/May/2026:09:53:44 -0400] "GET /?product_cat=9060&filter_size=38,40,43&per_page=12 HTTP/1.1" 301 0 "-" "Mozilla/5.0 (compatible; MJ12bot/v1.4.8; http://mj12bot.com/)"
147.135.213.175 - - [15/May/2026:09:53:49 -0400] "GET /product-category/new-balance/9060/?filter_size=38%2C40%2C43&per_page=12 HTTP/1.1" 200 51469 "-" "Mozilla/5.0 (compatible; MJ12bot/v1.4.8; http://mj12bot.com/)"
147.135.213.175 - - [15/May/2026:09:53:58 -0400] "GET /?product_cat=9060&filter_size=38,40,43&per_page=18 HTTP/1.1" 301 0 "-" "Mozilla/5.0 (compatible; MJ12bot/v1.4.8; http://mj12bot.com/)"
67.223.118.104 - - [15/May/2026:09:54:15 -0400] "POST /wp-cron.php?doing_wp_cron=1778853255.0361669063568115234375 HTTP/1.1" 200 0 "-" "WordPress/6.9.4; https://www.shoenation.me"
147.135.213.175 - - [15/May/2026:09:54:04 -0400] "GET /product-category/new-balance/9060/?filter_size=38%2C40%2C43&per_page=18 HTTP/1.1" 200 52460 "-" "Mozilla/5.0 (compatible; MJ12bot/v1.4.8; http://mj12bot.com/)"
147.135.213.175 - - [15/May/2026:09:54:16 -0400] "GET /?product_cat=9060&filter_size=38,40,43&per_page=18&paged=2 HTTP/1.1" 301 0 "-" "Mozilla/5.0 (compatible; MJ12bot/v1.4.8; http://mj12bot.com/)"
67.223.118.104 - - [15/May/2026:09:54:28 -0400] "POST /wp-cron.php?doing_wp_cron=1778853268.3498830795288085937500 HTTP/1.1" 200 0 "-" "WordPress/6.9.4; https://www.shoenation.me"
216.244.66.248 - - [15/May/2026:09:54:18 -0400] "GET /?post_type=product&filter_size=36,38,41,42 HTTP/1.1" 200 283009 "-" "Mozilla/5.0 (compatible; DotBot/1.2; +https://opensiteexplorer.org/dotbot; help@moz.com)"
67.223.118.104 - - [15/May/2026:09:54:34 -0400] "POST /wp-cron.php?doing_wp_cron=1778853274.1475720405578613281250 HTTP/1.1" 200 0 "-" "WordPress/6.9.4; https://www.shoenation.me"
147.135.213.175 - - [15/May/2026:09:54:21 -0400] "GET /product-category/new-balance/9060/page/2/?filter_size=38%2C40%2C43&per_page=18 HTTP/1.1" 200 51737 "-" "Mozilla/5.0 (compatible; MJ12bot/v1.4.8; http://mj12bot.com/)"
147.135.213.175 - - [15/May/2026:09:54:36 -0400] "GET /?product_cat=9060&filter_size=38,40,43&per_page=24 HTTP/1.1" 301 0 "-" "Mozilla/5.0 (compatible; MJ12bot/v1.4.8; http://mj12bot.com/)"
147.135.213.175 - - [15/May/2026:09:54:41 -0400] "GET /product-category/new-balance/9060/?filter_size=38%2C40%2C43&per_page=24 HTTP/1.1" 200 53648 "-" "Mozilla/5.0 (compatible; MJ12bot/v1.4.8; http://mj12bot.com/)"
147.135.213.175 - - [15/May/2026:09:54:53 -0400] "GET /?product_cat=9060&filter_size=38,40,43&per_page=24&paged=2 HTTP/1.1" 301 0 "-" "Mozilla/5.0 (compatible; MJ12bot/v1.4.8; http://mj12bot.com/)"
216.244.66.248 - - [15/May/2026:09:54:58 -0400] "GET /?product_cat=adidas&filter_size=37,39,40,44 HTTP/1.1" 301 0 "-" "Mozilla/5.0 (compatible; DotBot/1.2; +https://opensiteexplorer.org/dotbot; help@moz.com)"
147.135.213.175 - - [15/May/2026:09:54:57 -0400] "GET /product-category/new-balance/9060/page/2/?filter_size=38%2C40%2C43&per_page=24 HTTP/1.1" 200 50687 "-" "Mozilla/5.0 (compatible; MJ12bot/v1.4.8; http://mj12bot.com/)"
66.249.73.72 - - [15/May/2026:09:55:11 -0400] "GET /?detail/158993894 HTTP/1.1" 200 23712 "-" "Mozilla/5.0 (Linux; Android 6.0.1; Nexus 5X Build/MMB29P) AppleWebKit/537.36 (KHTML, like Gecko) Chrome/148.0.7778.96 Mobile Safari/537.36 (compatible; Googlebot/2.1; +http://www.google.com/bot.html)"
147.135.213.175 - - [15/May/2026:09:55:11 -0400] "GET /?product_cat=9060&filter_size=38,40,43&per_page=9 HTTP/1.1" 301 0 "-" "Mozilla/5.0 (compatible; MJ12bot/v1.4.8; http://mj12bot.com/)"
147.135.213.175 - - [15/May/2026:09:55:16 -0400] "GET /product-category/new-balance/9060/?filter_size=38%2C40%2C43&per_page=9 HTTP/1.1" 200 50905 "-" "Mozilla/5.0 (compatible; MJ12bot/v1.4.8; http://mj12bot.com/)"
147.135.213.175 - - [15/May/2026:09:55:23 -0400] "GET /?product_cat=9060&filter_size=38,40,43&per_page=9&paged=2 HTTP/1.1" 301 0 "-" "Mozilla/5.0 (compatible; MJ12bot/v1.4.8; http://mj12bot.com/)"
147.135.213.175 - - [15/May/2026:09:55:26 -0400] "GET /product-category/new-balance/9060/page/2/?filter_size=38%2C40%2C43&per_page=9 HTTP/1.1" 200 50791 "-" "Mozilla/5.0 (compatible; MJ12bot/v1.4.8; http://mj12bot.com/)"
147.135.213.175 - - [15/May/2026:09:55:30 -0400] "GET /?product_cat=9060&filter_size=38,40,43,44&per_page=12&paged=3 HTTP/1.1" 301 0 "-" "Mozilla/5.0 (compatible; MJ12bot/v1.4.8; http://mj12bot.com/)"
67.223.118.104 - - [15/May/2026:09:55:37 -0400] "POST /wp-cron.php?doing_wp_cron=1778853337.8429260253906250000000 HTTP/1.1" 200 0 "-" "WordPress/6.9.4; https://www.shoenation.me"
216.244.66.248 - - [15/May/2026:09:55:34 -0400] "GET /?product_cat=j4&filter_size=39,41,44,46 HTTP/1.1" 301 0 "-" "Mozilla/5.0 (compatible; DotBot/1.2; +https://opensiteexplorer.org/dotbot; help@moz.com)"
67.223.118.104 - - [15/May/2026:09:55:42 -0400] "POST /wp-cron.php?doing_wp_cron=1778853342.6478300094604492187500 HTTP/1.1" 200 0 "-" "WordPress/6.9.4; https://www.shoenation.me"
147.135.213.175 - - [15/May/2026:09:55:34 -0400] "GET /product-category/new-balance/9060/page/3/?filter_size=38%2C40%2C43%2C44&per_page=12 HTTP/1.1" 200 50717 "-" "Mozilla/5.0 (compatible; MJ12bot/v1.4.8; http://mj12bot.com/)"
147.135.213.175 - - [15/May/2026:09:55:44 -0400] "GET /?product_cat=9060&filter_size=38,40,43,44&per_page=18 HTTP/1.1" 301 0 "-" "Mozilla/5.0 (compatible; MJ12bot/v1.4.8; http://mj12bot.com/)"
147.135.213.175 - - [15/May/2026:09:55:49 -0400] "GET /product-category/new-balance/9060/?filter_size=38%2C40%2C43%2C44&per_page=18 HTTP/1.1" 200 52492 "-" "Mozilla/5.0 (compatible; MJ12bot/v1.4.8; http://mj12bot.com/)"
147.135.213.175 - - [15/May/2026:09:55:59 -0400] "GET /?product_cat=9060&filter_size=38,40,43,44&per_page=18&paged=2 HTTP/1.1" 301 0 "-" "Mozilla/5.0 (compatible; MJ12bot/v1.4.8; http://mj12bot.com/)"
47.128.62.132 - - [15/May/2026:09:56:00 -0400] "GET /?filter_size=39%2C40%2C42%2C44&per_page=9&per_row=2&product_cat=j4&shop_view=grid&stock_status=instock HTTP/1.1" 301 0 "-" "Mozilla/5.0 (compatible; Bytespider; spider-feedback@bytedance.com) AppleWebKit/537.36 (KHTML, like Gecko) Chrome/70.0.0.0 Safari/537.36"
216.244.66.248 - - [15/May/2026:09:56:03 -0400] "GET /?product_cat=adidas&filter_size=37,38,40,41 HTTP/1.1" 301 0 "-" "Mozilla/5.0 (compatible; DotBot/1.2; +https://opensiteexplorer.org/dotbot; help@moz.com)"
67.223.118.104 - - [15/May/2026:09:56:17 -0400] "POST /wp-cron.php?doing_wp_cron=1778853377.0348470211029052734375 HTTP/1.1" 200 0 "-" "WordPress/6.9.4; https://www.shoenation.me"
47.128.62.132 - - [15/May/2026:09:56:03 -0400] "GET /product-category/nike/j4/?filter_size=39%2C40%2C42%2C44&per_page=9&per_row=2&shop_view=grid&stock_status=instock HTTP/1.1" 200 50797 "-" "Mozilla/5.0 (compatible; Bytespider; spider-feedback@bytedance.com) AppleWebKit/537.36 (KHTML, like Gecko) Chrome/70.0.0.0 Safari/537.36"
147.135.213.175 - - [15/May/2026:09:56:04 -0400] "GET /product-category/new-balance/9060/page/2/?filter_size=38%2C40%2C43%2C44&per_page=18 HTTP/1.1" 200 51836 "-" "Mozilla/5.0 (compatible; MJ12bot/v1.4.8; http://mj12bot.com/)"
94.103.87.20 - - [15/May/2026:09:56:36 -0400] "GET /robots.txt HTTP/1.1" 200 71 "-" "Mozilla/5.0 (compatible; MJ12bot/v1.4.8; http://mj12bot.com/)"
147.135.213.175 - - [15/May/2026:09:56:23 -0400] "GET /?product_cat=9060&filter_size=38,40,43,44&per_page=9&paged=2 HTTP/1.1" 301 0 "-" "Mozilla/5.0 (compatible; MJ12bot/v1.4.8; http://mj12bot.com/)"
47.128.62.132 - - [15/May/2026:09:56:19 -0400] "GET /wp-content/uploads/2025/02/IMG_0260-150x150.jpeg HTTP/1.1" 404 178455 "https://www.shoenation.me/product-category/nike/j4/?filter_size=39%2C40%2C42%2C44&per_page=9&per_row=2&shop_view=grid&stock_status=instock" "Mozilla/5.0 (compatible; Bytespider; spider-feedback@bytedance.com) AppleWebKit/537.36 (KHTML, like Gecko) Chrome/70.0.0.0 Safari/537.36"
47.128.62.132 - - [15/May/2026:09:56:20 -0400] "GET /wp-content/uploads/2024/06/63922ed58580f70019f80ea5-1-150x150.webp HTTP/1.1" 404 178509 "https://www.shoenation.me/product-category/nike/j4/?filter_size=39%2C40%2C42%2C44&per_page=9&per_row=2&shop_view=grid&stock_status=instock" "Mozilla/5.0 (compatible; Bytespider; spider-feedback@bytedance.com) AppleWebKit/537.36 (KHTML, like Gecko) Chrome/70.0.0.0 Safari/537.36"
47.128.62.132 - - [15/May/2026:09:56:20 -0400] "GET /wp-content/uploads/2024/03/OUJO0379-1-430x430.png HTTP/1.1" 404 178458 "https://www.shoenation.me/product-category/nike/j4/?filter_size=39%2C40%2C42%2C44&per_page=9&per_row=2&shop_view=grid&stock_status=instock" "Mozilla/5.0 (compatible; Bytespider; spider-feedback@bytedance.com) AppleWebKit/537.36 (KHTML, like Gecko) Chrome/70.0.0.0 Safari/537.36"
47.128.62.132 - - [15/May/2026:09:56:19 -0400] "GET /wp-content/uploads/2024/03/ShoeNation-Logo.png HTTP/1.1" 404 178449 "https://www.shoenation.me/product-category/nike/j4/?filter_size=39%2C40%2C42%2C44&per_page=9&per_row=2&shop_view=grid&stock_status=instock" "Mozilla/5.0 (compatible; Bytespider; spider-feedback@bytedance.com) AppleWebKit/537.36 (KHTML, like Gecko) Chrome/70.0.0.0 Safari/537.36"
47.128.62.132 - - [15/May/2026:09:56:20 -0400] "GET /wp-content/uploads/2024/06/5ef42a4788df9cdaaf135d9583f2228b-1-150x150.jpg HTTP/1.1" 404 178530 "https://www.shoenation.me/product-category/nike/j4/?filter_size=39%2C40%2C42%2C44&per_page=9&per_row=2&shop_view=grid&stock_status=instock" "Mozilla/5.0 (compatible; Bytespider; spider-feedback@bytedance.com) AppleWebKit/537.36 (KHTML, like Gecko) Chrome/70.0.0.0 Safari/537.36"
47.128.62.132 - - [15/May/2026:09:56:20 -0400] "GET /wp-content/uploads/2024/04/OUJO0245-3-430x430.png HTTP/1.1" 404 178458 "https://www.shoenation.me/product-category/nike/j4/?filter_size=39%2C40%2C42%2C44&per_page=9&per_row=2&shop_view=grid&stock_status=instock" "Mozilla/5.0 (compatible; Bytespider; spider-feedback@bytedance.com) AppleWebKit/537.36 (KHTML, like Gecko) Chrome/70.0.0.0 Safari/537.36"
47.128.62.132 - - [15/May/2026:09:56:19 -0400] "GET /wp-content/uploads/2025/02/new-balance-530-miu-miu-v0-0p61tlqcrp2d1-150x150.webp HTTP/1.1" 404 178551 "https://www.shoenation.me/product-category/nike/j4/?filter_size=39%2C40%2C42%2C44&per_page=9&per_row=2&shop_view=grid&stock_status=instock" "Mozilla/5.0 (compatible; Bytespider; spider-feedback@bytedance.com) AppleWebKit/537.36 (KHTML, like Gecko) Chrome/70.0.0.0 Safari/537.36"
47.128.62.132 - - [15/May/2026:09:56:20 -0400] "GET /wp-content/uploads/2024/06/17-best-nike-running-shoes-15275-150x150.webp HTTP/1.1" 404 178527 "https://www.shoenation.me/product-category/nike/j4/?filter_size=39%2C40%2C42%2C44&per_page=9&per_row=2&shop_view=grid&stock_status=instock" "Mozilla/5.0 (compatible; Bytespider; spider-feedback@bytedance.com) AppleWebKit/537.36 (KHTML, like Gecko) Chrome/70.0.0.0 Safari/537.36"
47.128.62.132 - - [15/May/2026:09:56:20 -0400] "GET /wp-content/uploads/2025/02/download-150x150.jpg HTTP/1.1" 404 178452 "https://www.shoenation.me/product-category/nike/j4/?filter_size=39%2C40%2C42%2C44&per_page=9&per_row=2&shop_view=grid&stock_status=instock" "Mozilla/5.0 (compatible; Bytespider; spider-feedback@bytedance.com) AppleWebKit/537.36 (KHTML, like Gecko) Chrome/70.0.0.0 Safari/537.36"
47.128.62.132 - - [15/May/2026:09:56:20 -0400] "GET /wp-content/uploads/2024/03/Air-Jordan-4-Red-Cement-Store-Li.webp HTTP/1.1" 200 0 "https://www.shoenation.me/product-category/nike/j4/?filter_size=39%2C40%2C42%2C44&per_page=9&per_row=2&shop_view=grid&stock_status=instock" "Mozilla/5.0 (compatible; Bytespider; spider-feedback@bytedance.com) AppleWebKit/537.36 (KHTML, like Gecko) Chrome/70.0.0.0 Safari/537.36"
47.128.62.132 - - [15/May/2026:09:56:20 -0400] "GET /wp-content/uploads/2024/03/OUJO0379-2-430x430.png HTTP/1.1" 404 178458 "https://www.shoenation.me/product-category/nike/j4/?filter_size=39%2C40%2C42%2C44&per_page=9&per_row=2&shop_view=grid&stock_status=instock" "Mozilla/5.0 (compatible; Bytespider; spider-feedback@bytedance.com) AppleWebKit/537.36 (KHTML, like Gecko) Chrome/70.0.0.0 Safari/537.36"
47.128.62.132 - - [15/May/2026:09:56:20 -0400] "GET /wp-content/uploads/2024/06/3423897250m8_zm-1-150x150.jpg HTTP/1.1" 200 0 "https://www.shoenation.me/product-category/nike/j4/?filter_size=39%2C40%2C42%2C44&per_page=9&per_row=2&shop_view=grid&stock_status=instock" "Mozilla/5.0 (compatible; Bytespider; spider-feedback@bytedance.com) AppleWebKit/537.36 (KHTML, like Gecko) Chrome/70.0.0.0 Safari/537.36"
47.128.62.132 - - [15/May/2026:09:56:20 -0400] "GET /wp-content/uploads/2024/06/ca089c0521d61637a52311e4c5c83f0f-150x150.jpg HTTP/1.1" 200 0 "https://www.shoenation.me/product-category/nike/j4/?filter_size=39%2C40%2C42%2C44&per_page=9&per_row=2&shop_view=grid&stock_status=instock" "Mozilla/5.0 (compatible; Bytespider; spider-feedback@bytedance.com) AppleWebKit/537.36 (KHTML, like Gecko) Chrome/70.0.0.0 Safari/537.36"
47.128.62.132 - - [15/May/2026:09:56:20 -0400] "GET /wp-content/uploads/2024/06/product-jpeg-500x500-1-150x150.webp HTTP/1.1" 200 0 "https://www.shoenation.me/product-category/nike/j4/?filter_size=39%2C40%2C42%2C44&per_page=9&per_row=2&shop_view=grid&stock_status=instock" "Mozilla/5.0 (compatible; Bytespider; spider-feedback@bytedance.com) AppleWebKit/537.36 (KHTML, like Gecko) Chrome/70.0.0.0 Safari/537.36"
47.128.62.132 - - [15/May/2026:09:56:20 -0400] "GET /wp-content/uploads/2025/02/614b4079e84ea91f6aa9d9919838a0d6.jpg_720x720q80-150x150.jpg HTTP/1.1" 200 0 "https://www.shoenation.me/product-category/nike/j4/?filter_size=39%2C40%2C42%2C44&per_page=9&per_row=2&shop_view=grid&stock_status=instock" "Mozilla/5.0 (compatible; Bytespider; spider-feedback@bytedance.com) AppleWebKit/537.36 (KHTML, like Gecko) Chrome/70.0.0.0 Safari/537.36"
47.128.62.132 - - [15/May/2026:09:56:20 -0400] "GET /wp-content/uploads/2024/04/OUJO0245-1-430x430.png HTTP/1.1" 200 0 "https://www.shoenation.me/product-category/nike/j4/?filter_size=39%2C40%2C42%2C44&per_page=9&per_row=2&shop_view=grid&stock_status=instock" "Mozilla/5.0 (compatible; Bytespider; spider-feedback@bytedance.com) AppleWebKit/537.36 (KHTML, like Gecko) Chrome/70.0.0.0 Safari/537.36"
47.128.62.132 - - [15/May/2026:09:56:40 -0400] "GET /wp-content/uploads/2024/04/OUJO0247-1-430x430.png HTTP/1.1" 200 0 "https://www.shoenation.me/product-category/nike/j4/?filter_size=39%2C40%2C42%2C44&per_page=9&per_row=2&shop_view=grid&stock_status=instock" "Mozilla/5.0 (compatible; Bytespider; spider-feedback@bytedance.com) AppleWebKit/537.36 (KHTML, like Gecko) Chrome/70.0.0.0 Safari/537.36"
47.128.62.132 - - [15/May/2026:09:56:40 -0400] "GET /wp-content/uploads/2024/04/OUJO0199-1-430x430.png HTTP/1.1" 200 0 "https://www.shoenation.me/product-category/nike/j4/?filter_size=39%2C40%2C42%2C44&per_page=9&per_row=2&shop_view=grid&stock_status=instock" "Mozilla/5.0 (compatible; Bytespider; spider-feedback@bytedance.com) AppleWebKit/537.36 (KHTML, like Gecko) Chrome/70.0.0.0 Safari/537.36"
47.128.62.132 - - [15/May/2026:09:56:40 -0400] "GET /wp-content/uploads/2024/04/OUJO0247-3-430x430.png HTTP/1.1" 200 0 "https://www.shoenation.me/product-category/nike/j4/?filter_size=39%2C40%2C42%2C44&per_page=9&per_row=2&shop_view=grid&stock_status=instock" "Mozilla/5.0 (compatible; Bytespider; spider-feedback@bytedance.com) AppleWebKit/537.36 (KHTML, like Gecko) Chrome/70.0.0.0 Safari/537.36"
47.128.62.132 - - [15/May/2026:09:56:40 -0400] "GET /wp-content/uploads/2024/03/OUJO0127-1-430x430.jpg HTTP/1.1" 200 0 "https://www.shoenation.me/product-category/nike/j4/?filter_size=39%2C40%2C42%2C44&per_page=9&per_row=2&shop_view=grid&stock_status=instock" "Mozilla/5.0 (compatible; Bytespider; spider-feedback@bytedance.com) AppleWebKit/537.36 (KHTML, like Gecko) Chrome/70.0.0.0 Safari/537.36"
47.128.62.132 - - [15/May/2026:09:56:40 -0400] "GET /wp-content/uploads/2024/04/OUJO0199-3-430x430.png HTTP/1.1" 200 0 "https://www.shoenation.me/product-category/nike/j4/?filter_size=39%2C40%2C42%2C44&per_page=9&per_row=2&shop_view=grid&stock_status=instock" "Mozilla/5.0 (compatible; Bytespider; spider-feedback@bytedance.com) AppleWebKit/537.36 (KHTML, like Gecko) Chrome/70.0.0.0 Safari/537.36"
47.128.62.132 - - [15/May/2026:09:56:40 -0400] "GET /wp-content/uploads/2024/03/OUJO0458-1-430x430.png HTTP/1.1" 200 0 "https://www.shoenation.me/product-category/nike/j4/?filter_size=39%2C40%2C42%2C44&per_page=9&per_row=2&shop_view=grid&stock_status=instock" "Mozilla/5.0 (compatible; Bytespider; spider-feedback@bytedance.com) AppleWebKit/537.36 (KHTML, like Gecko) Chrome/70.0.0.0 Safari/537.36"
47.128.62.132 - - [15/May/2026:09:56:40 -0400] "GET /wp-content/uploads/2024/03/OUJO0127-3-430x430.jpg HTTP/1.1" 200 0 "https://www.shoenation.me/product-category/nike/j4/?filter_size=39%2C40%2C42%2C44&per_page=9&per_row=2&shop_view=grid&stock_status=instock" "Mozilla/5.0 (compatible; Bytespider; spider-feedback@bytedance.com) AppleWebKit/537.36 (KHTML, like Gecko) Chrome/70.0.0.0 Safari/537.36"
47.128.62.132 - - [15/May/2026:09:56:40 -0400] "GET /wp-content/uploads/2024/04/OUJO0286-1-430x430.png HTTP/1.1" 200 0 "https://www.shoenation.me/product-category/nike/j4/?filter_size=39%2C40%2C42%2C44&per_page=9&per_row=2&shop_view=grid&stock_status=instock" "Mozilla/5.0 (compatible; Bytespider; spider-feedback@bytedance.com) AppleWebKit/537.36 (KHTML, like Gecko) Chrome/70.0.0.0 Safari/537.36"
47.128.62.132 - - [15/May/2026:09:56:40 -0400] "GET /wp-content/uploads/2024/03/OUJO0458-3-430x430.png HTTP/1.1" 200 0 "https://www.shoenation.me/product-category/nike/j4/?filter_size=39%2C40%2C42%2C44&per_page=9&per_row=2&shop_view=grid&stock_status=instock" "Mozilla/5.0 (compatible; Bytespider; spider-feedback@bytedance.com) AppleWebKit/537.36 (KHTML, like Gecko) Chrome/70.0.0.0 Safari/537.36"
47.128.62.132 - - [15/May/2026:09:56:40 -0400] "GET /wp-content/uploads/2024/04/OUJO0123-1-430x430.jpg HTTP/1.1" 200 0 "https://www.shoenation.me/product-category/nike/j4/?filter_size=39%2C40%2C42%2C44&per_page=9&per_row=2&shop_view=grid&stock_status=instock" "Mozilla/5.0 (compatible; Bytespider; spider-feedback@bytedance.com) AppleWebKit/537.36 (KHTML, like Gecko) Chrome/70.0.0.0 Safari/537.36"
47.128.62.132 - - [15/May/2026:09:56:40 -0400] "GET /wp-content/uploads/2024/04/OUJO0286-3-430x430.png HTTP/1.1" 200 0 "https://www.shoenation.me/product-category/nike/j4/?filter_size=39%2C40%2C42%2C44&per_page=9&per_row=2&shop_view=grid&stock_status=instock" "Mozilla/5.0 (compatible; Bytespider; spider-feedback@bytedance.com) AppleWebKit/537.36 (KHTML, like Gecko) Chrome/70.0.0.0 Safari/537.36"
47.128.62.132 - - [15/May/2026:09:56:40 -0400] "GET /wp-content/uploads/2024/03/OUJO0426-1-430x430.png HTTP/1.1" 200 0 "https://www.shoenation.me/product-category/nike/j4/?filter_size=39%2C40%2C42%2C44&per_page=9&per_row=2&shop_view=grid&stock_status=instock" "Mozilla/5.0 (compatible; Bytespider; spider-feedback@bytedance.com) AppleWebKit/537.36 (KHTML, like Gecko) Chrome/70.0.0.0 Safari/537.36"
47.128.62.132 - - [15/May/2026:09:56:40 -0400] "GET /wp-content/uploads/2024/04/OUJO0123-3-430x430.jpg HTTP/1.1" 200 0 "https://www.shoenation.me/product-category/nike/j4/?filter_size=39%2C40%2C42%2C44&per_page=9&per_row=2&shop_view=grid&stock_status=instock" "Mozilla/5.0 (compatible; Bytespider; spider-feedback@bytedance.com) AppleWebKit/537.36 (KHTML, like Gecko) Chrome/70.0.0.0 Safari/537.36"
47.128.62.132 - - [15/May/2026:09:56:40 -0400] "GET /wp-content/uploads/2024/03/OUJO0426-2-430x430.png HTTP/1.1" 200 0 "https://www.shoenation.me/product-category/nike/j4/?filter_size=39%2C40%2C42%2C44&per_page=9&per_row=2&shop_view=grid&stock_status=instock" "Mozilla/5.0 (compatible; Bytespider; spider-feedback@bytedance.com) AppleWebKit/537.36 (KHTML, like Gecko) Chrome/70.0.0.0 Safari/537.36"
67.223.118.104 - - [15/May/2026:09:57:08 -0400] "POST /wp-cron.php?doing_wp_cron=1778853427.5383279323577880859375 HTTP/1.1" 200 0 "-" "WordPress/6.9.4; https://www.shoenation.me"
67.223.118.104 - - [15/May/2026:09:57:16 -0400] "POST /wp-cron.php?doing_wp_cron=1778853436.0443470478057861328125 HTTP/1.1" 200 0 "-" "WordPress/6.9.4; https://www.shoenation.me"
94.103.87.20 - - [15/May/2026:09:56:38 -0400] "GET /?per_page=12&post_type=product&filter_size=36,39,40,45,46&stock_status=onsale HTTP/1.1" 200 47067 "-" "Mozilla/5.0 (compatible; MJ12bot/v1.4.8; http://mj12bot.com/)"
147.135.213.175 - - [15/May/2026:09:56:47 -0400] "GET /product-category/new-balance/9060/page/2/?filter_size=38%2C40%2C43%2C44&per_page=9 HTTP/1.1" 200 50829 "-" "Mozilla/5.0 (compatible; MJ12bot/v1.4.8; http://mj12bot.com/)"
147.135.213.175 - - [15/May/2026:09:57:19 -0400] "GET /?product_cat=9060&filter_size=38,40,43,44&per_page=9&paged=4 HTTP/1.1" 301 0 "-" "Mozilla/5.0 (compatible; MJ12bot/v1.4.8; http://mj12bot.com/)"
94.103.87.20 - - [15/May/2026:09:57:19 -0400] "GET /?post_type=product&filter_size=37-5,38,39,40,41,44,45 HTTP/1.1" 200 50251 "-" "Mozilla/5.0 (compatible; MJ12bot/v1.4.8; http://mj12bot.com/)"
147.135.213.175 - - [15/May/2026:09:57:23 -0400] "GET /product-category/new-balance/9060/page/4/?filter_size=38%2C40%2C43%2C44&per_page=9 HTTP/1.1" 200 50008 "-" "Mozilla/5.0 (compatible; MJ12bot/v1.4.8; http://mj12bot.com/)"
94.103.87.20 - - [15/May/2026:09:57:25 -0400] "GET /?post_type=product&filter_size=37-5,38,39,40,42,44,45 HTTP/1.1" 200 50254 "-" "Mozilla/5.0 (compatible; MJ12bot/v1.4.8; http://mj12bot.com/)"
147.135.213.175 - - [15/May/2026:09:57:31 -0400] "GET /?product_cat=9060&filter_size=38,40,43,44&shop_view=grid&per_row=2 HTTP/1.1" 301 0 "-" "Mozilla/5.0 (compatible; MJ12bot/v1.4.8; http://mj12bot.com/)"
94.103.87.20 - - [15/May/2026:09:57:34 -0400] "GET /?post_type=product&filter_size=37-5,38,39,41,42,44 HTTP/1.1" 200 50274 "-" "Mozilla/5.0 (compatible; MJ12bot/v1.4.8; http://mj12bot.com/)"
147.135.213.175 - - [15/May/2026:09:57:34 -0400] "GET /product-category/new-balance/9060/?filter_size=38%2C40%2C43%2C44&shop_view=grid&per_row=2 HTTP/1.1" 200 51596 "-" "Mozilla/5.0 (compatible; MJ12bot/v1.4.8; http://mj12bot.com/)"
147.135.213.175 - - [15/May/2026:09:57:43 -0400] "GET /?product_cat=9060&filter_size=38,40,43,44&shop_view=grid&per_row=2&paged=2 HTTP/1.1" 301 0 "-" "Mozilla/5.0 (compatible; MJ12bot/v1.4.8; http://mj12bot.com/)"
94.103.87.20 - - [15/May/2026:09:57:44 -0400] "GET /?post_type=product&filter_size=37-5,38,39,41,42,44,45 HTTP/1.1" 200 50286 "-" "Mozilla/5.0 (compatible; MJ12bot/v1.4.8; http://mj12bot.com/)"
147.135.213.175 - - [15/May/2026:09:57:47 -0400] "GET /product-category/new-balance/9060/page/2/?filter_size=38%2C40%2C43%2C44&shop_view=grid&per_row=2 HTTP/1.1" 200 51307 "-" "Mozilla/5.0 (compatible; MJ12bot/v1.4.8; http://mj12bot.com/)"
94.103.87.20 - - [15/May/2026:09:57:51 -0400] "GET /?post_type=product&filter_size=37-5,38,39,41,43,44 HTTP/1.1" 200 50273 "-" "Mozilla/5.0 (compatible; MJ12bot/v1.4.8; http://mj12bot.com/)"
147.135.213.175 - - [15/May/2026:09:57:55 -0400] "GET /?product_cat=9060&filter_size=38,40,43,44&shop_view=grid&per_row=2&paged=3 HTTP/1.1" 301 0 "-" "Mozilla/5.0 (compatible; MJ12bot/v1.4.8; http://mj12bot.com/)"
147.135.213.175 - - [15/May/2026:09:57:59 -0400] "GET /product-category/new-balance/9060/page/3/?filter_size=38%2C40%2C43%2C44&shop_view=grid&per_row=2 HTTP/1.1" 200 50702 "-" "Mozilla/5.0 (compatible; MJ12bot/v1.4.8; http://mj12bot.com/)"
94.103.87.20 - - [15/May/2026:09:58:01 -0400] "GET /?post_type=product&filter_size=37-5,38,39,41,43,44,45 HTTP/1.1" 200 50254 "-" "Mozilla/5.0 (compatible; MJ12bot/v1.4.8; http://mj12bot.com/)"
147.135.213.175 - - [15/May/2026:09:58:10 -0400] "GET /?product_cat=9060&filter_size=38,40,43,44&shop_view=grid&per_row=3 HTTP/1.1" 301 0 "-" "Mozilla/5.0 (compatible; MJ12bot/v1.4.8; http://mj12bot.com/)"
67.223.118.104 - - [15/May/2026:09:58:22 -0400] "POST /wp-cron.php?doing_wp_cron=1778853502.7341110706329345703125 HTTP/1.1" 200 0 "-" "WordPress/6.9.4; https://www.shoenation.me"
94.103.87.20 - - [15/May/2026:09:58:12 -0400] "GET /?post_type=product&filter_size=37-5,38,39,41,44,45&per_page=12 HTTP/1.1" 200 50313 "-" "Mozilla/5.0 (compatible; MJ12bot/v1.4.8; http://mj12bot.com/)"
67.223.118.104 - - [15/May/2026:09:58:27 -0400] "POST /wp-cron.php?doing_wp_cron=1778853507.9338059425354003906250 HTTP/1.1" 200 0 "-" "WordPress/6.9.4; https://www.shoenation.me"
147.135.213.175 - - [15/May/2026:09:58:16 -0400] "GET /product-category/new-balance/9060/?filter_size=38%2C40%2C43%2C44&shop_view=grid&per_row=3 HTTP/1.1" 200 51578 "-" "Mozilla/5.0 (compatible; MJ12bot/v1.4.8; http://mj12bot.com/)"
147.135.213.175 - - [15/May/2026:09:58:29 -0400] "GET /?product_cat=9060&filter_size=38,40,43,44&shop_view=grid&per_row=3&paged=2 HTTP/1.1" 301 0 "-" "Mozilla/5.0 (compatible; MJ12bot/v1.4.8; http://mj12bot.com/)"
94.103.87.20 - - [15/May/2026:09:58:26 -0400] "GET /?post_type=product&filter_size=37-5,38,39,41,44,45&per_page=18 HTTP/1.1" 200 50308 "-" "Mozilla/5.0 (compatible; MJ12bot/v1.4.8; http://mj12bot.com/)"
147.135.213.175 - - [15/May/2026:09:58:36 -0400] "GET /product-category/new-balance/9060/page/2/?filter_size=38%2C40%2C43%2C44&shop_view=grid&per_row=3 HTTP/1.1" 200 51349 "-" "Mozilla/5.0 (compatible; MJ12bot/v1.4.8; http://mj12bot.com/)"
147.135.213.175 - - [15/May/2026:09:58:46 -0400] "GET /?product_cat=9060&filter_size=38,40,43,44&shop_view=grid&per_row=3&paged=3 HTTP/1.1" 301 0 "-" "Mozilla/5.0 (compatible; MJ12bot/v1.4.8; http://mj12bot.com/)"
147.135.213.175 - - [15/May/2026:09:58:50 -0400] "GET /product-category/new-balance/9060/page/3/?filter_size=38%2C40%2C43%2C44&shop_view=grid&per_row=3 HTTP/1.1" 200 50733 "-" "Mozilla/5.0 (compatible; MJ12bot/v1.4.8; http://mj12bot.com/)"
147.135.213.175 - - [15/May/2026:09:58:59 -0400] "GET /?product_cat=9060&filter_size=38,40,43,44&shop_view=grid&per_row=4 HTTP/1.1" 301 0 "-" "Mozilla/5.0 (compatible; MJ12bot/v1.4.8; http://mj12bot.com/)"
147.135.213.175 - - [15/May/2026:09:59:04 -0400] "GET /product-category/new-balance/9060/?filter_size=38%2C40%2C43%2C44&shop_view=grid&per_row=4 HTTP/1.1" 200 51689 "-" "Mozilla/5.0 (compatible; MJ12bot/v1.4.8; http://mj12bot.com/)"
147.135.213.175 - - [15/May/2026:09:59:15 -0400] "GET /?product_cat=9060&filter_size=38,40,43,44&shop_view=grid&per_row=4&paged=2 HTTP/1.1" 301 0 "-" "Mozilla/5.0 (compatible; MJ12bot/v1.4.8; http://mj12bot.com/)"
67.223.118.104 - - [15/May/2026:09:59:29 -0400] "POST /wp-cron.php?doing_wp_cron=1778853569.3540470600128173828125 HTTP/1.1" 200 0 "-" "WordPress/6.9.4; https://www.shoenation.me"
147.135.213.175 - - [15/May/2026:09:59:21 -0400] "GET /product-category/new-balance/9060/page/2/?filter_size=38%2C40%2C43%2C44&shop_view=grid&per_row=4 HTTP/1.1" 200 51367 "-" "Mozilla/5.0 (compatible; MJ12bot/v1.4.8; http://mj12bot.com/)"
67.223.118.104 - - [15/May/2026:09:59:29 -0400] "POST /wp-cron.php?doing_wp_cron=1778853569.7346489429473876953125 HTTP/1.1" 200 0 "-" "WordPress/6.9.4; https://www.shoenation.me"
94.103.87.20 - - [15/May/2026:09:59:22 -0400] "GET /?post_type=product&filter_size=37-5,38,39,41,44,45&per_page=24 HTTP/1.1" 200 50306 "-" "Mozilla/5.0 (compatible; MJ12bot/v1.4.8; http://mj12bot.com/)"
147.135.213.175 - - [15/May/2026:09:59:31 -0400] "GET /?product_cat=9060&filter_size=38,40,43,44&shop_view=grid&per_row=4&paged=3 HTTP/1.1" 301 0 "-" "Mozilla/5.0 (compatible; MJ12bot/v1.4.8; http://mj12bot.com/)"
94.103.87.20 - - [15/May/2026:09:59:33 -0400] "GET /?post_type=product&filter_size=37-5,38,39,41,44,45&per_page=9 HTTP/1.1" 200 50328 "-" "Mozilla/5.0 (compatible; MJ12bot/v1.4.8; http://mj12bot.com/)"
147.135.213.175 - - [15/May/2026:09:59:35 -0400] "GET /product-category/new-balance/9060/page/3/?filter_size=38%2C40%2C43%2C44&shop_view=grid&per_row=4 HTTP/1.1" 200 50733 "-" "Mozilla/5.0 (compatible; MJ12bot/v1.4.8; http://mj12bot.com/)"
147.135.213.175 - - [15/May/2026:09:59:44 -0400] "GET /?product_cat=9060&filter_size=38,40,43,44&stock_status=instock HTTP/1.1" 301 0 "-" "Mozilla/5.0 (compatible; MJ12bot/v1.4.8; http://mj12bot.com/)"
67.223.118.104 - - [15/May/2026:10:00:10 -0400] "POST /wp-cron.php?doing_wp_cron=1778853610.8349790573120117187500 HTTP/1.1" 200 0 "-" "WordPress/6.9.4; https://www.shoenation.me"
147.135.213.175 - - [15/May/2026:09:59:49 -0400] "GET /product-category/new-balance/9060/?filter_size=38%2C40%2C43%2C44&stock_status=instock HTTP/1.1" 200 51600 "-" "Mozilla/5.0 (compatible; MJ12bot/v1.4.8; http://mj12bot.com/)"
47.128.62.186 - - [15/May/2026:10:00:00 -0400] "GET /?filter_size=37%2C38%2C39%2C40%2C42%2C43%2C44&product_cat=j4&stock_status=onsale HTTP/1.1" 301 0 "-" "Mozilla/5.0 (compatible; Bytespider; spider-feedback@bytedance.com) AppleWebKit/537.36 (KHTML, like Gecko) Chrome/70.0.0.0 Safari/537.36"
147.135.213.175 - - [15/May/2026:10:00:13 -0400] "GET /?product_cat=9060&filter_size=38,40,43,44&stock_status=instock&paged=2 HTTP/1.1" 301 0 "-" "Mozilla/5.0 (compatible; MJ12bot/v1.4.8; http://mj12bot.com/)"
67.223.118.104 - - [15/May/2026:10:00:28 -0400] "POST /wp-cron.php?doing_wp_cron=1778853628.2530319690704345703125 HTTP/1.1" 200 0 "-" "WordPress/6.9.4; https://www.shoenation.me"
94.103.87.20 - - [15/May/2026:10:00:06 -0400] "GET /?post_type=product&filter_size=37-5,38,39,41,44,45&shop_view=grid&per_row=2 HTTP/1.1" 200 50268 "-" "Mozilla/5.0 (compatible; MJ12bot/v1.4.8; http://mj12bot.com/)"
47.128.62.186 - - [15/May/2026:10:00:15 -0400] "GET /product-category/nike/j4/?filter_size=37%2C38%2C39%2C40%2C42%2C43%2C44&stock_status=onsale HTTP/1.1" 200 47335 "-" "Mozilla/5.0 (compatible; Bytespider; spider-feedback@bytedance.com) AppleWebKit/537.36 (KHTML, like Gecko) Chrome/70.0.0.0 Safari/537.36"
66.249.73.72 - - [15/May/2026:10:00:29 -0400] "GET /?detail/330050623 HTTP/1.1" 200 23651 "-" "Mozilla/5.0 (Linux; Android 6.0.1; Nexus 5X Build/MMB29P) AppleWebKit/537.36 (KHTML, like Gecko) Chrome/148.0.7778.96 Mobile Safari/537.36 (compatible; Googlebot/2.1; +http://www.google.com/bot.html)"
47.128.62.186 - - [15/May/2026:10:00:32 -0400] "GET /wp-content/uploads/2025/02/new-balance-530-miu-miu-v0-0p61tlqcrp2d1-150x150.webp HTTP/1.1" 404 178551 "https://www.shoenation.me/product-category/nike/j4/?filter_size=37%2C38%2C39%2C40%2C42%2C43%2C44&stock_status=onsale" "Mozilla/5.0 (compatible; Bytespider; spider-feedback@bytedance.com) AppleWebKit/537.36 (KHTML, like Gecko) Chrome/70.0.0.0 Safari/537.36"
47.128.62.186 - - [15/May/2026:10:00:33 -0400] "GET /wp-content/uploads/2024/06/63922ed58580f70019f80ea5-1-150x150.webp HTTP/1.1" 404 178509 "https://www.shoenation.me/product-category/nike/j4/?filter_size=37%2C38%2C39%2C40%2C42%2C43%2C44&stock_status=onsale" "Mozilla/5.0 (compatible; Bytespider; spider-feedback@bytedance.com) AppleWebKit/537.36 (KHTML, like Gecko) Chrome/70.0.0.0 Safari/537.36"
47.128.62.186 - - [15/May/2026:10:00:33 -0400] "GET /wp-content/uploads/2024/06/product-jpeg-500x500-1-150x150.webp HTTP/1.1" 404 178497 "https://www.shoenation.me/product-category/nike/j4/?filter_size=37%2C38%2C39%2C40%2C42%2C43%2C44&stock_status=onsale" "Mozilla/5.0 (compatible; Bytespider; spider-feedback@bytedance.com) AppleWebKit/537.36 (KHTML, like Gecko) Chrome/70.0.0.0 Safari/537.36"
47.128.62.186 - - [15/May/2026:10:00:33 -0400] "GET /wp-content/uploads/2024/06/17-best-nike-running-shoes-15275-150x150.webp HTTP/1.1" 404 178527 "https://www.shoenation.me/product-category/nike/j4/?filter_size=37%2C38%2C39%2C40%2C42%2C43%2C44&stock_status=onsale" "Mozilla/5.0 (compatible; Bytespider; spider-feedback@bytedance.com) AppleWebKit/537.36 (KHTML, like Gecko) Chrome/70.0.0.0 Safari/537.36"
47.128.62.186 - - [15/May/2026:10:00:33 -0400] "GET /wp-content/uploads/2024/06/ca089c0521d61637a52311e4c5c83f0f-150x150.jpg HTTP/1.1" 404 178524 "https://www.shoenation.me/product-category/nike/j4/?filter_size=37%2C38%2C39%2C40%2C42%2C43%2C44&stock_status=onsale" "Mozilla/5.0 (compatible; Bytespider; spider-feedback@bytedance.com) AppleWebKit/537.36 (KHTML, like Gecko) Chrome/70.0.0.0 Safari/537.36"
47.128.62.186 - - [15/May/2026:10:00:33 -0400] "GET /wp-content/uploads/2025/02/download-150x150.jpg HTTP/1.1" 404 178452 "https://www.shoenation.me/product-category/nike/j4/?filter_size=37%2C38%2C39%2C40%2C42%2C43%2C44&stock_status=onsale" "Mozilla/5.0 (compatible; Bytespider; spider-feedback@bytedance.com) AppleWebKit/537.36 (KHTML, like Gecko) Chrome/70.0.0.0 Safari/537.36"
147.135.213.175 - - [15/May/2026:10:00:24 -0400] "GET /product-category/new-balance/9060/page/2/?filter_size=38%2C40%2C43%2C44&stock_status=instock HTTP/1.1" 200 51336 "-" "Mozilla/5.0 (compatible; MJ12bot/v1.4.8; http://mj12bot.com/)"
47.128.62.186 - - [15/May/2026:10:00:33 -0400] "GET /wp-content/uploads/2024/06/3423897250m8_zm-1-150x150.jpg HTTP/1.1" 404 178479 "https://www.shoenation.me/product-category/nike/j4/?filter_size=37%2C38%2C39%2C40%2C42%2C43%2C44&stock_status=onsale" "Mozilla/5.0 (compatible; Bytespider; spider-feedback@bytedance.com) AppleWebKit/537.36 (KHTML, like Gecko) Chrome/70.0.0.0 Safari/537.36"
47.128.62.186 - - [15/May/2026:10:00:32 -0400] "GET /wp-content/uploads/2024/03/ShoeNation-Logo.png HTTP/1.1" 404 178449 "https://www.shoenation.me/product-category/nike/j4/?filter_size=37%2C38%2C39%2C40%2C42%2C43%2C44&stock_status=onsale" "Mozilla/5.0 (compatible; Bytespider; spider-feedback@bytedance.com) AppleWebKit/537.36 (KHTML, like Gecko) Chrome/70.0.0.0 Safari/537.36"
47.128.62.186 - - [15/May/2026:10:00:33 -0400] "GET /wp-content/uploads/2025/02/614b4079e84ea91f6aa9d9919838a0d6.jpg_720x720q80-150x150.jpg HTTP/1.1" 404 178569 "https://www.shoenation.me/product-category/nike/j4/?filter_size=37%2C38%2C39%2C40%2C42%2C43%2C44&stock_status=onsale" "Mozilla/5.0 (compatible; Bytespider; spider-feedback@bytedance.com) AppleWebKit/537.36 (KHTML, like Gecko) Chrome/70.0.0.0 Safari/537.36"
47.128.62.186 - - [15/May/2026:10:00:34 -0400] "GET /wp-content/uploads/2024/03/wd-envelope-dark.svg HTTP/1.1" 404 178452 "https://www.shoenation.me/product-category/nike/j4/?filter_size=37%2C38%2C39%2C40%2C42%2C43%2C44&stock_status=onsale" "Mozilla/5.0 (compatible; Bytespider; spider-feedback@bytedance.com) AppleWebKit/537.36 (KHTML, like Gecko) Chrome/70.0.0.0 Safari/537.36"
47.128.62.186 - - [15/May/2026:10:00:33 -0400] "GET /wp-content/uploads/2024/06/5ef42a4788df9cdaaf135d9583f2228b-1-150x150.jpg HTTP/1.1" 404 178530 "https://www.shoenation.me/product-category/nike/j4/?filter_size=37%2C38%2C39%2C40%2C42%2C43%2C44&stock_status=onsale" "Mozilla/5.0 (compatible; Bytespider; spider-feedback@bytedance.com) AppleWebKit/537.36 (KHTML, like Gecko) Chrome/70.0.0.0 Safari/537.36"
47.128.62.186 - - [15/May/2026:10:00:32 -0400] "GET /wp-content/uploads/2025/02/IMG_0260-150x150.jpeg HTTP/1.1" 404 178455 "https://www.shoenation.me/product-category/nike/j4/?filter_size=37%2C38%2C39%2C40%2C42%2C43%2C44&stock_status=onsale" "Mozilla/5.0 (compatible; Bytespider; spider-feedback@bytedance.com) AppleWebKit/537.36 (KHTML, like Gecko) Chrome/70.0.0.0 Safari/537.36"
47.128.62.186 - - [15/May/2026:10:00:33 -0400] "GET /wp-content/uploads/2024/03/Air-Jordan-4-Red-Cement-Store-Li.webp HTTP/1.1" 404 178503 "https://www.shoenation.me/product-category/nike/j4/?filter_size=37%2C38%2C39%2C40%2C42%2C43%2C44&stock_status=onsale" "Mozilla/5.0 (compatible; Bytespider; spider-feedback@bytedance.com) AppleWebKit/537.36 (KHTML, like Gecko) Chrome/70.0.0.0 Safari/537.36"
147.135.213.175 - - [15/May/2026:10:00:56 -0400] "GET /?product_cat=9060&filter_size=38,40,43,44&stock_status=instock&paged=3 HTTP/1.1" 301 0 "-" "Mozilla/5.0 (compatible; MJ12bot/v1.4.8; http://mj12bot.com/)"
94.103.87.20 - - [15/May/2026:10:00:34 -0400] "GET /?post_type=product&filter_size=37-5,38,39,41,44,45&shop_view=grid&per_row=3 HTTP/1.1" 200 50284 "-" "Mozilla/5.0 (compatible; MJ12bot/v1.4.8; http://mj12bot.com/)"
147.135.213.175 - - [15/May/2026:10:01:01 -0400] "GET /product-category/new-balance/9060/page/3/?filter_size=38%2C40%2C43%2C44&stock_status=instock HTTP/1.1" 200 50711 "-" "Mozilla/5.0 (compatible; MJ12bot/v1.4.8; http://mj12bot.com/)"
147.135.213.175 - - [15/May/2026:10:01:06 -0400] "GET /?product_cat=9060&filter_size=38,40,43,44&stock_status=instock,onsale HTTP/1.1" 301 0 "-" "Mozilla/5.0 (compatible; MJ12bot/v1.4.8; http://mj12bot.com/)"
94.103.87.20 - - [15/May/2026:10:01:04 -0400] "GET /?post_type=product&filter_size=37-5,38,39,41,44,45&shop_view=grid&per_row=4 HTTP/1.1" 200 50347 "-" "Mozilla/5.0 (compatible; MJ12bot/v1.4.8; http://mj12bot.com/)"
147.135.213.175 - - [15/May/2026:10:01:09 -0400] "GET /product-category/new-balance/9060/?filter_size=38%2C40%2C43%2C44&stock_status=instock%2Consale HTTP/1.1" 200 51639 "-" "Mozilla/5.0 (compatible; MJ12bot/v1.4.8; http://mj12bot.com/)"
94.103.87.20 - - [15/May/2026:10:01:12 -0400] "GET /?post_type=product&filter_size=37-5,38,39,41,44,45&stock_status=instock HTTP/1.1" 200 50329 "-" "Mozilla/5.0 (compatible; MJ12bot/v1.4.8; http://mj12bot.com/)"
94.103.87.20 - - [15/May/2026:10:01:18 -0400] "GET /?post_type=product&filter_size=37-5,38,39,41,44,45&stock_status=onsale HTTP/1.1" 200 47175 "-" "Mozilla/5.0 (compatible; MJ12bot/v1.4.8; http://mj12bot.com/)"
67.223.118.104 - - [15/May/2026:10:01:30 -0400] "POST /wp-cron.php?doing_wp_cron=1778853690.4469430446624755859375 HTTP/1.1" 200 0 "-" "WordPress/6.9.4; https://www.shoenation.me"
94.103.87.20 - - [15/May/2026:10:01:26 -0400] "GET /?post_type=product&filter_size=37-5,38,39,41,45 HTTP/1.1" 200 50155 "-" "Mozilla/5.0 (compatible; MJ12bot/v1.4.8; http://mj12bot.com/)"
94.103.87.20 - - [15/May/2026:10:01:33 -0400] "GET /?post_type=product&filter_size=37-5,38,39,42 HTTP/1.1" 200 50296 "-" "Mozilla/5.0 (compatible; MJ12bot/v1.4.8; http://mj12bot.com/)"
94.103.87.20 - - [15/May/2026:10:01:40 -0400] "GET /?post_type=product&filter_size=37-5,38,39,42,43 HTTP/1.1" 200 50118 "-" "Mozilla/5.0 (compatible; MJ12bot/v1.4.8; http://mj12bot.com/)"
94.103.87.20 - - [15/May/2026:10:01:46 -0400] "GET /?post_type=product&filter_size=37-5,38,39,42,43,44 HTTP/1.1" 200 50276 "-" "Mozilla/5.0 (compatible; MJ12bot/v1.4.8; http://mj12bot.com/)"
67.223.118.104 - - [15/May/2026:10:02:23 -0400] "POST /wp-cron.php?doing_wp_cron=1778853743.7872889041900634765625 HTTP/1.1" 200 0 "-" "WordPress/6.9.4; https://www.shoenation.me"
94.103.87.20 - - [15/May/2026:10:02:21 -0400] "GET /?post_type=product&filter_size=37-5,38,39,42,43,44,45 HTTP/1.1" 200 50161 "-" "Mozilla/5.0 (compatible; MJ12bot/v1.4.8; http://mj12bot.com/)"
94.103.87.20 - - [15/May/2026:10:02:26 -0400] "GET /?post_type=product&filter_size=37-5,38,39,42,43,45 HTTP/1.1" 200 50277 "-" "Mozilla/5.0 (compatible; MJ12bot/v1.4.8; http://mj12bot.com/)"
94.103.87.20 - - [15/May/2026:10:02:36 -0400] "GET /?post_type=product&filter_size=37-5,38,39,42,44 HTTP/1.1" 200 50154 "-" "Mozilla/5.0 (compatible; MJ12bot/v1.4.8; http://mj12bot.com/)"
