47.128.62.11 - - [15/May/2026:11:08:47 -0400] "GET /wp-content/uploads/2024/05/OSHSN0291-2-430x430.png HTTP/1.1" 200 0 "https://www.shoenation.me/product-category/new-balance/550/?filter_size=36%2C39%2C42%2C45&per_row=3&shop_view=grid&stock_status=instock%2Consale" "Mozilla/5.0 (compatible; Bytespider; spider-feedback@bytedance.com) AppleWebKit/537.36 (KHTML, like Gecko) Chrome/70.0.0.0 Safari/537.36"
47.128.62.11 - - [15/May/2026:11:08:47 -0400] "GET /wp-content/uploads/2024/08/s-l1200-430x287.webp HTTP/1.1" 200 0 "https://www.shoenation.me/product-category/new-balance/550/?filter_size=36%2C39%2C42%2C45&per_row=3&shop_view=grid&stock_status=instock%2Consale" "Mozilla/5.0 (compatible; Bytespider; spider-feedback@bytedance.com) AppleWebKit/537.36 (KHTML, like Gecko) Chrome/70.0.0.0 Safari/537.36"
47.128.62.11 - - [15/May/2026:11:08:47 -0400] "GET /wp-content/uploads/2024/08/s-l1200-1-430x287.webp HTTP/1.1" 200 0 "https://www.shoenation.me/product-category/new-balance/550/?filter_size=36%2C39%2C42%2C45&per_row=3&shop_view=grid&stock_status=instock%2Consale" "Mozilla/5.0 (compatible; Bytespider; spider-feedback@bytedance.com) AppleWebKit/537.36 (KHTML, like Gecko) Chrome/70.0.0.0 Safari/537.36"
47.128.62.11 - - [15/May/2026:11:08:47 -0400] "GET /wp-content/uploads/2024/03/wd-envelope-dark.svg HTTP/1.1" 200 0 "https://www.shoenation.me/product-category/new-balance/550/?filter_size=36%2C39%2C42%2C45&per_row=3&shop_view=grid&stock_status=instock%2Consale" "Mozilla/5.0 (compatible; Bytespider; spider-feedback@bytedance.com) AppleWebKit/537.36 (KHTML, like Gecko) Chrome/70.0.0.0 Safari/537.36"
47.82.10.30 - - [15/May/2026:11:11:32 -0400] "GET /?product=nike-sb-dunk-low-pro-x-powerpuff-girls-buttercup HTTP/1.1" 200 0 "https://www.shoenation.me/" "Mozilla/5.0 (Macintosh; Intel Mac OS X 10_15_7) AppleWebKit/537.36 (KHTML, like Gecko) Chrome/134.0.0.0 Safari/537.36"
216.244.66.248 - - [15/May/2026:11:11:54 -0400] "GET /robots.txt HTTP/1.1" 200 71 "-" "Mozilla/5.0 (compatible; DotBot/1.2; +https://opensiteexplorer.org/dotbot; help@moz.com)"
67.223.118.104 - - [15/May/2026:11:11:56 -0400] "POST /wp-cron.php?doing_wp_cron=1778857916.4553129673004150390625 HTTP/1.1" 200 0 "-" "WordPress/6.9.4; https://www.shoenation.me"
47.128.62.173 - - [15/May/2026:11:11:58 -0400] "GET /?filter_size=36%2C44%2C45&product_cat=on-running HTTP/1.1" 301 0 "-" "Mozilla/5.0 (compatible; Bytespider; spider-feedback@bytedance.com) AppleWebKit/537.36 (KHTML, like Gecko) Chrome/70.0.0.0 Safari/537.36"
185.191.171.5 - - [15/May/2026:11:12:07 -0400] "GET /robots.txt HTTP/1.1" 200 71 "-" "Mozilla/5.0 (compatible; SemrushBot/7~bl; +http://www.semrush.com/bot.html)"
47.128.62.173 - - [15/May/2026:11:12:01 -0400] "GET /product-category/on-running/?filter_size=36%2C44%2C45 HTTP/1.1" 200 51296 "-" "Mozilla/5.0 (compatible; Bytespider; spider-feedback@bytedance.com) AppleWebKit/537.36 (KHTML, like Gecko) Chrome/70.0.0.0 Safari/537.36"
66.249.73.71 - - [15/May/2026:11:12:37 -0400] "GET /?detail/759367328 HTTP/1.1" 200 25239 "-" "Mozilla/5.0 (Linux; Android 6.0.1; Nexus 5X Build/MMB29P) AppleWebKit/537.36 (KHTML, like Gecko) Chrome/148.0.7778.96 Mobile Safari/537.36 (compatible; Googlebot/2.1; +http://www.google.com/bot.html)"
47.128.62.173 - - [15/May/2026:11:12:18 -0400] "GET /wp-content/uploads/2024/03/ShoeNation-Logo.png HTTP/1.1" 200 0 "https://www.shoenation.me/product-category/on-running/?filter_size=36%2C44%2C45" "Mozilla/5.0 (compatible; Bytespider; spider-feedback@bytedance.com) AppleWebKit/537.36 (KHTML, like Gecko) Chrome/70.0.0.0 Safari/537.36"
47.128.62.173 - - [15/May/2026:11:12:18 -0400] "GET /wp-content/uploads/2025/02/IMG_0260-150x150.jpeg HTTP/1.1" 200 0 "https://www.shoenation.me/product-category/on-running/?filter_size=36%2C44%2C45" "Mozilla/5.0 (compatible; Bytespider; spider-feedback@bytedance.com) AppleWebKit/537.36 (KHTML, like Gecko) Chrome/70.0.0.0 Safari/537.36"
47.128.62.173 - - [15/May/2026:11:12:18 -0400] "GET /wp-content/uploads/2025/02/new-balance-530-miu-miu-v0-0p61tlqcrp2d1-150x150.webp HTTP/1.1" 200 0 "https://www.shoenation.me/product-category/on-running/?filter_size=36%2C44%2C45" "Mozilla/5.0 (compatible; Bytespider; spider-feedback@bytedance.com) AppleWebKit/537.36 (KHTML, like Gecko) Chrome/70.0.0.0 Safari/537.36"
47.128.62.173 - - [15/May/2026:11:12:18 -0400] "GET /wp-content/uploads/2024/06/5ef42a4788df9cdaaf135d9583f2228b-1-150x150.jpg HTTP/1.1" 200 0 "https://www.shoenation.me/product-category/on-running/?filter_size=36%2C44%2C45" "Mozilla/5.0 (compatible; Bytespider; spider-feedback@bytedance.com) AppleWebKit/537.36 (KHTML, like Gecko) Chrome/70.0.0.0 Safari/537.36"
47.128.62.173 - - [15/May/2026:11:12:18 -0400] "GET /wp-content/uploads/2025/02/download-150x150.jpg HTTP/1.1" 200 0 "https://www.shoenation.me/product-category/on-running/?filter_size=36%2C44%2C45" "Mozilla/5.0 (compatible; Bytespider; spider-feedback@bytedance.com) AppleWebKit/537.36 (KHTML, like Gecko) Chrome/70.0.0.0 Safari/537.36"
47.128.62.173 - - [15/May/2026:11:12:18 -0400] "GET /wp-content/uploads/2024/06/63922ed58580f70019f80ea5-1-150x150.webp HTTP/1.1" 200 0 "https://www.shoenation.me/product-category/on-running/?filter_size=36%2C44%2C45" "Mozilla/5.0 (compatible; Bytespider; spider-feedback@bytedance.com) AppleWebKit/537.36 (KHTML, like Gecko) Chrome/70.0.0.0 Safari/537.36"
47.128.62.173 - - [15/May/2026:11:12:18 -0400] "GET /wp-content/uploads/2024/06/3423897250m8_zm-1-150x150.jpg HTTP/1.1" 200 0 "https://www.shoenation.me/product-category/on-running/?filter_size=36%2C44%2C45" "Mozilla/5.0 (compatible; Bytespider; spider-feedback@bytedance.com) AppleWebKit/537.36 (KHTML, like Gecko) Chrome/70.0.0.0 Safari/537.36"
47.128.62.173 - - [15/May/2026:11:12:18 -0400] "GET /wp-content/uploads/2025/02/614b4079e84ea91f6aa9d9919838a0d6.jpg_720x720q80-150x150.jpg HTTP/1.1" 200 0 "https://www.shoenation.me/product-category/on-running/?filter_size=36%2C44%2C45" "Mozilla/5.0 (compatible; Bytespider; spider-feedback@bytedance.com) AppleWebKit/537.36 (KHTML, like Gecko) Chrome/70.0.0.0 Safari/537.36"
47.128.62.173 - - [15/May/2026:11:12:18 -0400] "GET /wp-content/uploads/2024/06/ca089c0521d61637a52311e4c5c83f0f-150x150.jpg HTTP/1.1" 200 0 "https://www.shoenation.me/product-category/on-running/?filter_size=36%2C44%2C45" "Mozilla/5.0 (compatible; Bytespider; spider-feedback@bytedance.com) AppleWebKit/537.36 (KHTML, like Gecko) Chrome/70.0.0.0 Safari/537.36"
47.128.62.173 - - [15/May/2026:11:12:18 -0400] "GET /wp-content/uploads/2024/06/17-best-nike-running-shoes-15275-150x150.webp HTTP/1.1" 200 0 "https://www.shoenation.me/product-category/on-running/?filter_size=36%2C44%2C45" "Mozilla/5.0 (compatible; Bytespider; spider-feedback@bytedance.com) AppleWebKit/537.36 (KHTML, like Gecko) Chrome/70.0.0.0 Safari/537.36"
47.128.62.173 - - [15/May/2026:11:12:18 -0400] "GET /wp-content/uploads/2024/06/product-jpeg-500x500-1-150x150.webp HTTP/1.1" 200 0 "https://www.shoenation.me/product-category/on-running/?filter_size=36%2C44%2C45" "Mozilla/5.0 (compatible; Bytespider; spider-feedback@bytedance.com) AppleWebKit/537.36 (KHTML, like Gecko) Chrome/70.0.0.0 Safari/537.36"
47.128.62.173 - - [15/May/2026:11:12:18 -0400] "GET /wp-content/uploads/2024/07/OURU0158-2-430x430.png HTTP/1.1" 200 0 "https://www.shoenation.me/product-category/on-running/?filter_size=36%2C44%2C45" "Mozilla/5.0 (compatible; Bytespider; spider-feedback@bytedance.com) AppleWebKit/537.36 (KHTML, like Gecko) Chrome/70.0.0.0 Safari/537.36"
47.128.62.173 - - [15/May/2026:11:12:18 -0400] "GET /wp-content/uploads/2024/07/OURU0158-1-430x430.png HTTP/1.1" 200 0 "https://www.shoenation.me/product-category/on-running/?filter_size=36%2C44%2C45" "Mozilla/5.0 (compatible; Bytespider; spider-feedback@bytedance.com) AppleWebKit/537.36 (KHTML, like Gecko) Chrome/70.0.0.0 Safari/537.36"
47.128.62.173 - - [15/May/2026:11:12:18 -0400] "GET /wp-content/uploads/2024/07/OURU0156-1-430x430.png HTTP/1.1" 200 0 "https://www.shoenation.me/product-category/on-running/?filter_size=36%2C44%2C45" "Mozilla/5.0 (compatible; Bytespider; spider-feedback@bytedance.com) AppleWebKit/537.36 (KHTML, like Gecko) Chrome/70.0.0.0 Safari/537.36"
47.128.62.173 - - [15/May/2026:11:12:18 -0400] "GET /wp-content/uploads/2024/07/OURU0156-2-430x430.png HTTP/1.1" 200 0 "https://www.shoenation.me/product-category/on-running/?filter_size=36%2C44%2C45" "Mozilla/5.0 (compatible; Bytespider; spider-feedback@bytedance.com) AppleWebKit/537.36 (KHTML, like Gecko) Chrome/70.0.0.0 Safari/537.36"
47.128.62.173 - - [15/May/2026:11:12:19 -0400] "GET /wp-content/uploads/2024/07/OURU0157-2-430x430.png HTTP/1.1" 200 0 "https://www.shoenation.me/product-category/on-running/?filter_size=36%2C44%2C45" "Mozilla/5.0 (compatible; Bytespider; spider-feedback@bytedance.com) AppleWebKit/537.36 (KHTML, like Gecko) Chrome/70.0.0.0 Safari/537.36"
47.128.62.173 - - [15/May/2026:11:12:19 -0400] "GET /wp-content/uploads/2024/07/OURU0157-1-430x430.png HTTP/1.1" 200 0 "https://www.shoenation.me/product-category/on-running/?filter_size=36%2C44%2C45" "Mozilla/5.0 (compatible; Bytespider; spider-feedback@bytedance.com) AppleWebKit/537.36 (KHTML, like Gecko) Chrome/70.0.0.0 Safari/537.36"
47.128.62.173 - - [15/May/2026:11:12:19 -0400] "GET /wp-content/uploads/2024/07/OURU0154-1-430x430.png HTTP/1.1" 200 0 "https://www.shoenation.me/product-category/on-running/?filter_size=36%2C44%2C45" "Mozilla/5.0 (compatible; Bytespider; spider-feedback@bytedance.com) AppleWebKit/537.36 (KHTML, like Gecko) Chrome/70.0.0.0 Safari/537.36"
47.128.62.173 - - [15/May/2026:11:12:19 -0400] "GET /wp-content/uploads/2024/07/OURU0155-1-430x430.png HTTP/1.1" 200 0 "https://www.shoenation.me/product-category/on-running/?filter_size=36%2C44%2C45" "Mozilla/5.0 (compatible; Bytespider; spider-feedback@bytedance.com) AppleWebKit/537.36 (KHTML, like Gecko) Chrome/70.0.0.0 Safari/537.36"
47.128.62.173 - - [15/May/2026:11:12:19 -0400] "GET /wp-content/uploads/2024/07/OURU0154-2-430x430.png HTTP/1.1" 200 0 "https://www.shoenation.me/product-category/on-running/?filter_size=36%2C44%2C45" "Mozilla/5.0 (compatible; Bytespider; spider-feedback@bytedance.com) AppleWebKit/537.36 (KHTML, like Gecko) Chrome/70.0.0.0 Safari/537.36"
47.128.62.173 - - [15/May/2026:11:12:19 -0400] "GET /wp-content/uploads/2024/05/wmgq12bobk2bfyzqz8qb_1080x-430x430.jpg HTTP/1.1" 200 0 "https://www.shoenation.me/product-category/on-running/?filter_size=36%2C44%2C45" "Mozilla/5.0 (compatible; Bytespider; spider-feedback@bytedance.com) AppleWebKit/537.36 (KHTML, like Gecko) Chrome/70.0.0.0 Safari/537.36"
47.128.62.173 - - [15/May/2026:11:12:19 -0400] "GET /wp-content/uploads/2024/07/OURU0155-2-430x430.png HTTP/1.1" 200 0 "https://www.shoenation.me/product-category/on-running/?filter_size=36%2C44%2C45" "Mozilla/5.0 (compatible; Bytespider; spider-feedback@bytedance.com) AppleWebKit/537.36 (KHTML, like Gecko) Chrome/70.0.0.0 Safari/537.36"
47.128.62.173 - - [15/May/2026:11:12:19 -0400] "GET /wp-content/uploads/2024/07/webimage-8FD868A5-94DF-4CDA-B335E78AA27F786B_720x-430x430.webp HTTP/1.1" 200 0 "https://www.shoenation.me/product-category/on-running/?filter_size=36%2C44%2C45" "Mozilla/5.0 (compatible; Bytespider; spider-feedback@bytedance.com) AppleWebKit/537.36 (KHTML, like Gecko) Chrome/70.0.0.0 Safari/537.36"
47.128.62.173 - - [15/May/2026:11:12:19 -0400] "GET /wp-content/uploads/2024/05/oz9wzymvydoih0j2x2cb_1080x-430x430.jpg HTTP/1.1" 200 0 "https://www.shoenation.me/product-category/on-running/?filter_size=36%2C44%2C45" "Mozilla/5.0 (compatible; Bytespider; spider-feedback@bytedance.com) AppleWebKit/537.36 (KHTML, like Gecko) Chrome/70.0.0.0 Safari/537.36"
47.128.62.173 - - [15/May/2026:11:12:19 -0400] "GET /wp-content/uploads/2024/07/on-running-cloud-x-3-trainers_19517912_45244376_1000-e1721668345900-430x429.jpg HTTP/1.1" 200 0 "https://www.shoenation.me/product-category/on-running/?filter_size=36%2C44%2C45" "Mozilla/5.0 (compatible; Bytespider; spider-feedback@bytedance.com) AppleWebKit/537.36 (KHTML, like Gecko) Chrome/70.0.0.0 Safari/537.36"
47.128.62.173 - - [15/May/2026:11:12:19 -0400] "GET /wp-content/uploads/2024/07/webimage-9A81D2C0-85B3-4B54-A5493FF1FC631BF6_2048x-430x430.webp HTTP/1.1" 200 0 "https://www.shoenation.me/product-category/on-running/?filter_size=36%2C44%2C45" "Mozilla/5.0 (compatible; Bytespider; spider-feedback@bytedance.com) AppleWebKit/537.36 (KHTML, like Gecko) Chrome/70.0.0.0 Safari/537.36"
47.128.62.173 - - [15/May/2026:11:12:38 -0400] "GET /wp-content/uploads/2024/11/c5a5b1266d5147f597acb87dc018c813-430x430.webp HTTP/1.1" 200 0 "https://www.shoenation.me/product-category/on-running/?filter_size=36%2C44%2C45" "Mozilla/5.0 (compatible; Bytespider; spider-feedback@bytedance.com) AppleWebKit/537.36 (KHTML, like Gecko) Chrome/70.0.0.0 Safari/537.36"
47.128.62.173 - - [15/May/2026:11:12:19 -0400] "GET /wp-content/uploads/2024/07/on-running-cloud-x-3-trainers_19517912_45244407_600-430x489.jpg HTTP/1.1" 200 0 "https://www.shoenation.me/product-category/on-running/?filter_size=36%2C44%2C45" "Mozilla/5.0 (compatible; Bytespider; spider-feedback@bytedance.com) AppleWebKit/537.36 (KHTML, like Gecko) Chrome/70.0.0.0 Safari/537.36"
47.128.62.173 - - [15/May/2026:11:12:38 -0400] "GET /wp-content/uploads/2024/07/on-cloudnova-black-white-oreo-2699265-1-430x430.jpg HTTP/1.1" 200 0 "https://www.shoenation.me/product-category/on-running/?filter_size=36%2C44%2C45" "Mozilla/5.0 (compatible; Bytespider; spider-feedback@bytedance.com) AppleWebKit/537.36 (KHTML, like Gecko) Chrome/70.0.0.0 Safari/537.36"
47.128.62.173 - - [15/May/2026:11:12:38 -0400] "GET /wp-content/uploads/2024/11/51c0bcf0d4204a119cd272809b29a51d-430x430.webp HTTP/1.1" 200 0 "https://www.shoenation.me/product-category/on-running/?filter_size=36%2C44%2C45" "Mozilla/5.0 (compatible; Bytespider; spider-feedback@bytedance.com) AppleWebKit/537.36 (KHTML, like Gecko) Chrome/70.0.0.0 Safari/537.36"
47.128.62.173 - - [15/May/2026:11:12:38 -0400] "GET /wp-content/uploads/2024/07/Cloudnova-Black-Eclipse4-430x430.webp HTTP/1.1" 200 0 "https://www.shoenation.me/product-category/on-running/?filter_size=36%2C44%2C45" "Mozilla/5.0 (compatible; Bytespider; spider-feedback@bytedance.com) AppleWebKit/537.36 (KHTML, like Gecko) Chrome/70.0.0.0 Safari/537.36"
47.128.62.173 - - [15/May/2026:11:12:38 -0400] "GET /wp-content/uploads/2024/07/4283401158_sl1-430x376.webp HTTP/1.1" 200 0 "https://www.shoenation.me/product-category/on-running/?filter_size=36%2C44%2C45" "Mozilla/5.0 (compatible; Bytespider; spider-feedback@bytedance.com) AppleWebKit/537.36 (KHTML, like Gecko) Chrome/70.0.0.0 Safari/537.36"
67.223.118.104 - - [15/May/2026:11:12:48 -0400] "POST /wp-cron.php?doing_wp_cron=1778857968.4399609565734863281250 HTTP/1.1" 200 0 "-" "WordPress/6.9.4; https://www.shoenation.me"
47.128.62.173 - - [15/May/2026:11:12:38 -0400] "GET /wp-content/uploads/2024/07/f134b77d-fb82-4d86-af38-95826485e454-430x430.webp HTTP/1.1" 500 2431 "https://www.shoenation.me/product-category/on-running/?filter_size=36%2C44%2C45" "Mozilla/5.0 (compatible; Bytespider; spider-feedback@bytedance.com) AppleWebKit/537.36 (KHTML, like Gecko) Chrome/70.0.0.0 Safari/537.36"
47.128.62.173 - - [15/May/2026:11:12:38 -0400] "GET /wp-content/uploads/2024/07/e927a2f9-4f38-4dc7-adeb-40e493eb4804-430x430.webp HTTP/1.1" 200 0 "https://www.shoenation.me/product-category/on-running/?filter_size=36%2C44%2C45" "Mozilla/5.0 (compatible; Bytespider; spider-feedback@bytedance.com) AppleWebKit/537.36 (KHTML, like Gecko) Chrome/70.0.0.0 Safari/537.36"
47.128.62.173 - - [15/May/2026:11:12:38 -0400] "GET /wp-content/uploads/2024/07/26-99814_blk_3-430x645.png HTTP/1.1" 200 0 "https://www.shoenation.me/product-category/on-running/?filter_size=36%2C44%2C45" "Mozilla/5.0 (compatible; Bytespider; spider-feedback@bytedance.com) AppleWebKit/537.36 (KHTML, like Gecko) Chrome/70.0.0.0 Safari/537.36"
47.128.62.173 - - [15/May/2026:11:12:38 -0400] "GET /wp-content/uploads/2024/03/wd-envelope-dark.svg HTTP/1.1" 200 0 "https://www.shoenation.me/product-category/on-running/?filter_size=36%2C44%2C45" "Mozilla/5.0 (compatible; Bytespider; spider-feedback@bytedance.com) AppleWebKit/537.36 (KHTML, like Gecko) Chrome/70.0.0.0 Safari/537.36"
85.208.96.199 - - [15/May/2026:11:12:07 -0400] "GET /?product=adidas-samba-cow-print HTTP/1.1" 200 66285 "-" "Mozilla/5.0 (compatible; SemrushBot/7~bl; +http://www.semrush.com/bot.html)"
185.191.171.10 - - [15/May/2026:11:12:52 -0400] "GET /product/adidas-samba-cow-print/ HTTP/1.1" 500 165 "-" "Mozilla/5.0 (compatible; SemrushBot/7~bl; +http://www.semrush.com/bot.html)"
66.249.73.71 - - [15/May/2026:11:12:57 -0400] "GET /shop.php?products/23903756 HTTP/1.1" 200 24781 "-" "Mozilla/5.0 (Linux; Android 6.0.1; Nexus 5X Build/MMB29P) AppleWebKit/537.36 (KHTML, like Gecko) Chrome/148.0.7778.96 Mobile Safari/537.36 (compatible; Googlebot/2.1; +http://www.google.com/bot.html)"
52.204.253.129 - - [15/May/2026:11:13:41 -0400] "GET /?product_cat=air-force HTTP/1.1" 301 0 "-" "Mozilla/5.0 AppleWebKit/537.36 (KHTML, like Gecko; compatible; Amazonbot/0.1; +https://developer.amazon.com/support/amazonbot) Chrome/119.0.6045.214 Safari/537.36"
66.249.73.72 - - [15/May/2026:11:13:52 -0400] "GET /?stock_status=instock&post_type=product&filter_size=35%2C37%2C38%2C40%2C42%2C43%2C44&shop_view=grid&per_row=3 HTTP/1.1" 200 25007 "-" "Mozilla/5.0 (Linux; Android 6.0.1; Nexus 5X Build/MMB29P) AppleWebKit/537.36 (KHTML, like Gecko) Chrome/148.0.7778.96 Mobile Safari/537.36 (compatible; Googlebot/2.1; +http://www.google.com/bot.html)"
67.223.118.104 - - [15/May/2026:11:13:53 -0400] "POST /wp-cron.php?doing_wp_cron=1778858033.5415949821472167968750 HTTP/1.1" 200 0 "-" "WordPress/6.9.4; https://www.shoenation.me"
184.73.239.35 - - [15/May/2026:11:13:45 -0400] "GET /product-category/nike/air-force/ HTTP/1.1" 200 59500 "-" "Mozilla/5.0 AppleWebKit/537.36 (KHTML, like Gecko; compatible; Amazonbot/0.1; +https://developer.amazon.com/support/amazonbot) Chrome/119.0.6045.214 Safari/537.36"
66.249.73.72 - - [15/May/2026:11:15:26 -0400] "GET /?product_cat=adidas&per_row=2&shop_view=grid&filter_size=38,39,40,43,45&stock_status=onsale HTTP/1.1" 200 24448 "-" "Mozilla/5.0 (Linux; Android 6.0.1; Nexus 5X Build/MMB29P) AppleWebKit/537.36 (KHTML, like Gecko) Chrome/148.0.7778.96 Mobile Safari/537.36 (compatible; Googlebot/2.1; +http://www.google.com/bot.html)"
67.223.118.104 - - [15/May/2026:11:15:38 -0400] "POST /wp-cron.php?doing_wp_cron=1778858138.2388210296630859375000 HTTP/1.1" 200 0 "-" "WordPress/6.9.4; https://www.shoenation.me"
43.155.195.141 - - [15/May/2026:11:15:21 -0400] "GET /wishlist/ HTTP/1.1" 200 47909 "-" "Mozilla/5.0 (iPhone; CPU iPhone OS 13_2_3 like Mac OS X) AppleWebKit/605.1.15 (KHTML, like Gecko) Version/13.0.3 Mobile/15E148 Safari/604.1"
47.128.62.163 - - [15/May/2026:11:16:00 -0400] "GET /?filter_size=36%2C37%2C41%2C45%2C46&per_page=9&product_cat=j4&stock_status=instock HTTP/1.1" 301 0 "-" "Mozilla/5.0 (Linux; Android 5.0) AppleWebKit/537.36 (KHTML, like Gecko) Mobile Safari/537.36 (compatible; Bytespider; spider-feedback@bytedance.com)"
47.128.62.163 - - [15/May/2026:11:16:04 -0400] "GET /product-category/nike/j4/?filter_size=36%2C37%2C41%2C45%2C46&per_page=9&stock_status=instock HTTP/1.1" 200 50757 "-" "Mozilla/5.0 (Linux; Android 5.0) AppleWebKit/537.36 (KHTML, like Gecko) Mobile Safari/537.36 (compatible; Bytespider; spider-feedback@bytedance.com)"
67.223.118.104 - - [15/May/2026:11:16:28 -0400] "POST /wp-cron.php?doing_wp_cron=1778858188.4392249584197998046875 HTTP/1.1" 200 0 "-" "WordPress/6.9.4; https://www.shoenation.me"
47.128.62.163 - - [15/May/2026:11:16:16 -0400] "GET /wp-content/uploads/2024/03/OUJO0458-1-430x430.png HTTP/1.1" 404 178458 "https://www.shoenation.me/product-category/nike/j4/?filter_size=36%2C37%2C41%2C45%2C46&per_page=9&stock_status=instock" "Mozilla/5.0 (Linux; Android 5.0) AppleWebKit/537.36 (KHTML, like Gecko) Mobile Safari/537.36 (compatible; Bytespider; spider-feedback@bytedance.com)"
47.128.62.163 - - [15/May/2026:11:16:15 -0400] "GET /wp-content/uploads/2025/02/download-150x150.jpg HTTP/1.1" 404 178452 "https://www.shoenation.me/product-category/nike/j4/?filter_size=36%2C37%2C41%2C45%2C46&per_page=9&stock_status=instock" "Mozilla/5.0 (Linux; Android 5.0) AppleWebKit/537.36 (KHTML, like Gecko) Mobile Safari/537.36 (compatible; Bytespider; spider-feedback@bytedance.com)"
47.128.62.163 - - [15/May/2026:11:16:15 -0400] "GET /wp-content/uploads/2025/02/IMG_0260-150x150.jpeg HTTP/1.1" 404 178455 "https://www.shoenation.me/product-category/nike/j4/?filter_size=36%2C37%2C41%2C45%2C46&per_page=9&stock_status=instock" "Mozilla/5.0 (Linux; Android 5.0) AppleWebKit/537.36 (KHTML, like Gecko) Mobile Safari/537.36 (compatible; Bytespider; spider-feedback@bytedance.com)"
47.128.62.163 - - [15/May/2026:11:16:16 -0400] "GET /wp-content/uploads/2024/03/OUJO0379-1-430x430.png HTTP/1.1" 404 178458 "https://www.shoenation.me/product-category/nike/j4/?filter_size=36%2C37%2C41%2C45%2C46&per_page=9&stock_status=instock" "Mozilla/5.0 (Linux; Android 5.0) AppleWebKit/537.36 (KHTML, like Gecko) Mobile Safari/537.36 (compatible; Bytespider; spider-feedback@bytedance.com)"
47.128.62.163 - - [15/May/2026:11:16:15 -0400] "GET /wp-content/uploads/2024/03/ShoeNation-Logo.png HTTP/1.1" 404 178449 "https://www.shoenation.me/product-category/nike/j4/?filter_size=36%2C37%2C41%2C45%2C46&per_page=9&stock_status=instock" "Mozilla/5.0 (Linux; Android 5.0) AppleWebKit/537.36 (KHTML, like Gecko) Mobile Safari/537.36 (compatible; Bytespider; spider-feedback@bytedance.com)"
47.128.62.163 - - [15/May/2026:11:16:15 -0400] "GET /wp-content/uploads/2024/04/OUJO0245-1-430x430.png HTTP/1.1" 404 178458 "https://www.shoenation.me/product-category/nike/j4/?filter_size=36%2C37%2C41%2C45%2C46&per_page=9&stock_status=instock" "Mozilla/5.0 (Linux; Android 5.0) AppleWebKit/537.36 (KHTML, like Gecko) Mobile Safari/537.36 (compatible; Bytespider; spider-feedback@bytedance.com)"
47.128.62.163 - - [15/May/2026:11:16:15 -0400] "GET /wp-content/uploads/2024/03/Air-Jordan-4-Red-Cement-Store-Li.webp HTTP/1.1" 404 178503 "https://www.shoenation.me/product-category/nike/j4/?filter_size=36%2C37%2C41%2C45%2C46&per_page=9&stock_status=instock" "Mozilla/5.0 (Linux; Android 5.0) AppleWebKit/537.36 (KHTML, like Gecko) Mobile Safari/537.36 (compatible; Bytespider; spider-feedback@bytedance.com)"
47.128.62.163 - - [15/May/2026:11:16:15 -0400] "GET /wp-content/uploads/2025/02/new-balance-530-miu-miu-v0-0p61tlqcrp2d1-150x150.webp HTTP/1.1" 404 178551 "https://www.shoenation.me/product-category/nike/j4/?filter_size=36%2C37%2C41%2C45%2C46&per_page=9&stock_status=instock" "Mozilla/5.0 (Linux; Android 5.0) AppleWebKit/537.36 (KHTML, like Gecko) Mobile Safari/537.36 (compatible; Bytespider; spider-feedback@bytedance.com)"
47.128.62.163 - - [15/May/2026:11:16:16 -0400] "GET /wp-content/uploads/2024/04/OUJO0199-1-430x430.png HTTP/1.1" 404 178458 "https://www.shoenation.me/product-category/nike/j4/?filter_size=36%2C37%2C41%2C45%2C46&per_page=9&stock_status=instock" "Mozilla/5.0 (Linux; Android 5.0) AppleWebKit/537.36 (KHTML, like Gecko) Mobile Safari/537.36 (compatible; Bytespider; spider-feedback@bytedance.com)"
47.128.62.163 - - [15/May/2026:11:16:31 -0400] "GET /wp-content/uploads/2024/03/OUJO0461-1-430x430.png HTTP/1.1" 200 0 "https://www.shoenation.me/product-category/nike/j4/?filter_size=36%2C37%2C41%2C45%2C46&per_page=9&stock_status=instock" "Mozilla/5.0 (Linux; Android 5.0) AppleWebKit/537.36 (KHTML, like Gecko) Mobile Safari/537.36 (compatible; Bytespider; spider-feedback@bytedance.com)"
47.128.62.163 - - [15/May/2026:11:16:31 -0400] "GET /wp-content/uploads/2024/03/OUJO0426-1-430x430.png HTTP/1.1" 200 0 "https://www.shoenation.me/product-category/nike/j4/?filter_size=36%2C37%2C41%2C45%2C46&per_page=9&stock_status=instock" "Mozilla/5.0 (Linux; Android 5.0) AppleWebKit/537.36 (KHTML, like Gecko) Mobile Safari/537.36 (compatible; Bytespider; spider-feedback@bytedance.com)"
47.128.62.163 - - [15/May/2026:11:16:31 -0400] "GET /wp-content/uploads/2024/03/OUJO0126-1-430x430.jpg HTTP/1.1" 200 0 "https://www.shoenation.me/product-category/nike/j4/?filter_size=36%2C37%2C41%2C45%2C46&per_page=9&stock_status=instock" "Mozilla/5.0 (Linux; Android 5.0) AppleWebKit/537.36 (KHTML, like Gecko) Mobile Safari/537.36 (compatible; Bytespider; spider-feedback@bytedance.com)"
47.128.62.163 - - [15/May/2026:11:16:31 -0400] "GET /wp-content/uploads/2024/03/wd-envelope-dark.svg HTTP/1.1" 200 0 "https://www.shoenation.me/product-category/nike/j4/?filter_size=36%2C37%2C41%2C45%2C46&per_page=9&stock_status=instock" "Mozilla/5.0 (Linux; Android 5.0) AppleWebKit/537.36 (KHTML, like Gecko) Mobile Safari/537.36 (compatible; Bytespider; spider-feedback@bytedance.com)"
47.128.62.163 - - [15/May/2026:11:16:30 -0400] "GET /wp-content/uploads/2024/04/OUJO0123-1-430x430.jpg HTTP/1.1" 200 0 "https://www.shoenation.me/product-category/nike/j4/?filter_size=36%2C37%2C41%2C45%2C46&per_page=9&stock_status=instock" "Mozilla/5.0 (Linux; Android 5.0) AppleWebKit/537.36 (KHTML, like Gecko) Mobile Safari/537.36 (compatible; Bytespider; spider-feedback@bytedance.com)"
47.128.62.163 - - [15/May/2026:11:16:31 -0400] "GET /wp-content/uploads/2024/03/OUJO0169-1-430x430.jpg HTTP/1.1" 200 0 "https://www.shoenation.me/product-category/nike/j4/?filter_size=36%2C37%2C41%2C45%2C46&per_page=9&stock_status=instock" "Mozilla/5.0 (Linux; Android 5.0) AppleWebKit/537.36 (KHTML, like Gecko) Mobile Safari/537.36 (compatible; Bytespider; spider-feedback@bytedance.com)"
66.249.73.72 - - [15/May/2026:11:17:37 -0400] "GET /?detail/662413602 HTTP/1.1" 200 24474 "-" "Mozilla/5.0 (Linux; Android 6.0.1; Nexus 5X Build/MMB29P) AppleWebKit/537.36 (KHTML, like Gecko) Chrome/148.0.7778.96 Mobile Safari/537.36 (compatible; Googlebot/2.1; +http://www.google.com/bot.html)"
66.249.73.71 - - [15/May/2026:11:17:57 -0400] "GET /?detail/460975126 HTTP/1.1" 200 23933 "-" "Mozilla/5.0 (Linux; Android 6.0.1; Nexus 5X Build/MMB29P) AppleWebKit/537.36 (KHTML, like Gecko) Chrome/148.0.7778.96 Mobile Safari/537.36 (compatible; Googlebot/2.1; +http://www.google.com/bot.html)"
67.223.118.104 - - [15/May/2026:11:18:05 -0400] "POST /wp-cron.php?doing_wp_cron=1778858285.1359169483184814453125 HTTP/1.1" 200 0 "-" "WordPress/6.9.4; https://www.shoenation.me"
185.24.61.78 - - [15/May/2026:11:17:56 -0400] "GET /wp-content/uploads/2025/09/Speedcat-Leather-Sneakers-4-2-300x300.png HTTP/1.1" 404 41717 "-" "Mozilla/5.0 (Macintosh; PPC Mac OS X 10_7_2) AppleWebKit/536.0 (KHTML, like Gecko) Chrome/15.0.808.0 Safari/536.0"
67.223.118.104 - - [15/May/2026:11:20:28 -0400] "POST /wp-cron.php?doing_wp_cron=1778858428.2465789318084716796875 HTTP/1.1" 200 0 "-" "WordPress/6.9.4; https://www.shoenation.me"
47.128.62.115 - - [15/May/2026:11:19:59 -0400] "GET /?filter_size=37%2C38%2C41%2C43%2C44&per_row=3&post_type=product&shop_view=grid&stock_status=onsale HTTP/1.1" 200 47249 "-" "Mozilla/5.0 (Linux; Android 5.0) AppleWebKit/537.36 (KHTML, like Gecko) Mobile Safari/537.36 (compatible; Bytespider; spider-feedback@bytedance.com)"
47.128.62.115 - - [15/May/2026:11:20:30 -0400] "GET /wp-content/uploads/2024/03/ShoeNation-Logo.png HTTP/1.1" 404 178449 "https://www.shoenation.me/?filter_size=37%2C38%2C41%2C43%2C44&per_row=3&post_type=product&shop_view=grid&stock_status=onsale" "Mozilla/5.0 (Linux; Android 5.0) AppleWebKit/537.36 (KHTML, like Gecko) Mobile Safari/537.36 (compatible; Bytespider; spider-feedback@bytedance.com)"
47.128.62.115 - - [15/May/2026:11:20:30 -0400] "GET /wp-content/uploads/2025/02/IMG_0260-150x150.jpeg HTTP/1.1" 404 178455 "https://www.shoenation.me/?filter_size=37%2C38%2C41%2C43%2C44&per_row=3&post_type=product&shop_view=grid&stock_status=onsale" "Mozilla/5.0 (Linux; Android 5.0) AppleWebKit/537.36 (KHTML, like Gecko) Mobile Safari/537.36 (compatible; Bytespider; spider-feedback@bytedance.com)"
47.128.62.115 - - [15/May/2026:11:20:30 -0400] "GET /wp-content/uploads/2025/02/new-balance-530-miu-miu-v0-0p61tlqcrp2d1-150x150.webp HTTP/1.1" 404 178551 "https://www.shoenation.me/?filter_size=37%2C38%2C41%2C43%2C44&per_row=3&post_type=product&shop_view=grid&stock_status=onsale" "Mozilla/5.0 (Linux; Android 5.0) AppleWebKit/537.36 (KHTML, like Gecko) Mobile Safari/537.36 (compatible; Bytespider; spider-feedback@bytedance.com)"
47.128.62.115 - - [15/May/2026:11:20:30 -0400] "GET /wp-content/uploads/2025/02/download-150x150.jpg HTTP/1.1" 404 178452 "https://www.shoenation.me/?filter_size=37%2C38%2C41%2C43%2C44&per_row=3&post_type=product&shop_view=grid&stock_status=onsale" "Mozilla/5.0 (Linux; Android 5.0) AppleWebKit/537.36 (KHTML, like Gecko) Mobile Safari/537.36 (compatible; Bytespider; spider-feedback@bytedance.com)"
47.128.62.115 - - [15/May/2026:11:20:38 -0400] "GET /wp-content/uploads/2024/03/wd-envelope-dark.svg HTTP/1.1" 200 0 "https://www.shoenation.me/?filter_size=37%2C38%2C41%2C43%2C44&per_row=3&post_type=product&shop_view=grid&stock_status=onsale" "Mozilla/5.0 (Linux; Android 5.0) AppleWebKit/537.36 (KHTML, like Gecko) Mobile Safari/537.36 (compatible; Bytespider; spider-feedback@bytedance.com)"
216.244.66.248 - - [15/May/2026:11:20:44 -0400] "GET /?product_cat=nike&filter_size=39,40,44,47 HTTP/1.1" 301 0 "-" "Mozilla/5.0 (compatible; DotBot/1.2; +https://opensiteexplorer.org/dotbot; help@moz.com)"
216.244.66.248 - - [15/May/2026:11:22:17 -0400] "GET /?product_cat=9060&filter_size=36,38,41,42,43,44,45 HTTP/1.1" 200 0 "-" "Mozilla/5.0 (compatible; DotBot/1.2; +https://opensiteexplorer.org/dotbot; help@moz.com)"
67.223.118.104 - - [15/May/2026:11:22:37 -0400] "POST /wp-cron.php?doing_wp_cron=1778858557.8457839488983154296875 HTTP/1.1" 200 0 "-" "WordPress/6.9.4; https://www.shoenation.me"
66.249.73.72 - - [15/May/2026:11:22:37 -0400] "GET /?detail/14278099 HTTP/1.1" 200 24067 "-" "Mozilla/5.0 (Linux; Android 6.0.1; Nexus 5X Build/MMB29P) AppleWebKit/537.36 (KHTML, like Gecko) Chrome/148.0.7778.96 Mobile Safari/537.36 (compatible; Googlebot/2.1; +http://www.google.com/bot.html)"
47.82.10.201 - - [15/May/2026:11:22:43 -0400] "GET /?product=adidas-jjjjound-x-samba-og-black HTTP/1.1" 200 53346 "https://www.shoenation.me/" "Mozilla/5.0 (Macintosh; Intel Mac OS X 10_15_7) AppleWebKit/605.1.15 (KHTML, like Gecko) Version/18.3.1 Safari/605.1.15"
66.249.73.71 - - [15/May/2026:11:22:57 -0400] "GET /goods.php?item/z470938085 HTTP/1.1" 200 24755 "-" "Mozilla/5.0 (Linux; Android 6.0.1; Nexus 5X Build/MMB29P) AppleWebKit/537.36 (KHTML, like Gecko) Chrome/148.0.7778.96 Mobile Safari/537.36 (compatible; Googlebot/2.1; +http://www.google.com/bot.html)"
216.244.66.248 - - [15/May/2026:11:23:00 -0400] "GET /?product_cat=9060&filter_size=40,41,42,44,45 HTTP/1.1" 301 0 "-" "Mozilla/5.0 (compatible; DotBot/1.2; +https://opensiteexplorer.org/dotbot; help@moz.com)"
67.223.118.104 - - [15/May/2026:11:23:40 -0400] "POST /wp-cron.php?doing_wp_cron=1778858620.1415410041809082031250 HTTP/1.1" 200 0 "-" "WordPress/6.9.4; https://www.shoenation.me"
216.244.66.248 - - [15/May/2026:11:23:37 -0400] "GET /?product_cat=adidas&filter_size=37,40,42,44,45 HTTP/1.1" 301 0 "-" "Mozilla/5.0 (compatible; DotBot/1.2; +https://opensiteexplorer.org/dotbot; help@moz.com)"
47.128.62.185 - - [15/May/2026:11:24:00 -0400] "GET /?filter_size=37%2C40%2C43%2C46&per_page=9&product_cat=yezzy&stock_status=instock HTTP/1.1" 301 0 "-" "Mozilla/5.0 (Linux; Android 5.0) AppleWebKit/537.36 (KHTML, like Gecko) Mobile Safari/537.36 (compatible; Bytespider; spider-feedback@bytedance.com)"
47.128.62.185 - - [15/May/2026:11:24:04 -0400] "GET /product-category/adidas/yezzy/?filter_size=37%2C40%2C43%2C46&per_page=9&stock_status=instock HTTP/1.1" 200 49412 "-" "Mozilla/5.0 (Linux; Android 5.0) AppleWebKit/537.36 (KHTML, like Gecko) Mobile Safari/537.36 (compatible; Bytespider; spider-feedback@bytedance.com)"
216.244.66.248 - - [15/May/2026:11:24:08 -0400] "GET /?product_cat=converse&filter_size=35,38,39,41,43 HTTP/1.1" 301 0 "-" "Mozilla/5.0 (compatible; DotBot/1.2; +https://opensiteexplorer.org/dotbot; help@moz.com)"
67.223.118.104 - - [15/May/2026:11:24:22 -0400] "POST /wp-cron.php?doing_wp_cron=1778858662.8388659954071044921875 HTTP/1.1" 200 0 "-" "WordPress/6.9.4; https://www.shoenation.me"
67.223.118.104 - - [15/May/2026:11:24:23 -0400] "POST /wp-cron.php?doing_wp_cron=1778858662.8385651111602783203125 HTTP/1.1" 200 0 "-" "WordPress/6.9.4; https://www.shoenation.me"
47.128.62.185 - - [15/May/2026:11:24:11 -0400] "GET /wp-content/uploads/2024/03/ShoeNation-Logo.png HTTP/1.1" 404 178449 "https://www.shoenation.me/product-category/adidas/yezzy/?filter_size=37%2C40%2C43%2C46&per_page=9&stock_status=instock" "Mozilla/5.0 (Linux; Android 5.0) AppleWebKit/537.36 (KHTML, like Gecko) Mobile Safari/537.36 (compatible; Bytespider; spider-feedback@bytedance.com)"
47.128.62.185 - - [15/May/2026:11:24:11 -0400] "GET /wp-content/uploads/2024/06/63922ed58580f70019f80ea5-1.webp HTTP/1.1" 404 178485 "https://www.shoenation.me/product-category/adidas/yezzy/?filter_size=37%2C40%2C43%2C46&per_page=9&stock_status=instock" "Mozilla/5.0 (Linux; Android 5.0) AppleWebKit/537.36 (KHTML, like Gecko) Mobile Safari/537.36 (compatible; Bytespider; spider-feedback@bytedance.com)"
47.128.62.185 - - [15/May/2026:11:24:11 -0400] "GET /wp-content/uploads/2025/02/IMG_0260-150x150.jpeg HTTP/1.1" 404 178455 "https://www.shoenation.me/product-category/adidas/yezzy/?filter_size=37%2C40%2C43%2C46&per_page=9&stock_status=instock" "Mozilla/5.0 (Linux; Android 5.0) AppleWebKit/537.36 (KHTML, like Gecko) Mobile Safari/537.36 (compatible; Bytespider; spider-feedback@bytedance.com)"
47.128.62.185 - - [15/May/2026:11:24:11 -0400] "GET /wp-content/uploads/2025/02/new-balance-530-miu-miu-v0-0p61tlqcrp2d1-150x150.webp HTTP/1.1" 404 178551 "https://www.shoenation.me/product-category/adidas/yezzy/?filter_size=37%2C40%2C43%2C46&per_page=9&stock_status=instock" "Mozilla/5.0 (Linux; Android 5.0) AppleWebKit/537.36 (KHTML, like Gecko) Mobile Safari/537.36 (compatible; Bytespider; spider-feedback@bytedance.com)"
47.128.62.185 - - [15/May/2026:11:24:11 -0400] "GET /wp-content/uploads/2024/05/OUAD0019-1-430x430.png HTTP/1.1" 404 178458 "https://www.shoenation.me/product-category/adidas/yezzy/?filter_size=37%2C40%2C43%2C46&per_page=9&stock_status=instock" "Mozilla/5.0 (Linux; Android 5.0) AppleWebKit/537.36 (KHTML, like Gecko) Mobile Safari/537.36 (compatible; Bytespider; spider-feedback@bytedance.com)"
47.128.62.185 - - [15/May/2026:11:24:12 -0400] "GET /wp-content/uploads/2025/02/download-150x150.jpg HTTP/1.1" 404 178452 "https://www.shoenation.me/product-category/adidas/yezzy/?filter_size=37%2C40%2C43%2C46&per_page=9&stock_status=instock" "Mozilla/5.0 (Linux; Android 5.0) AppleWebKit/537.36 (KHTML, like Gecko) Mobile Safari/537.36 (compatible; Bytespider; spider-feedback@bytedance.com)"
47.128.62.185 - - [15/May/2026:11:24:12 -0400] "GET /wp-content/uploads/2024/06/EditsbyAhmar01_57b3126b-b12c-4e01-8c82-6afac5cbed48-430x430.webp HTTP/1.1" 404 178584 "https://www.shoenation.me/product-category/adidas/yezzy/?filter_size=37%2C40%2C43%2C46&per_page=9&stock_status=instock" "Mozilla/5.0 (Linux; Android 5.0) AppleWebKit/537.36 (KHTML, like Gecko) Mobile Safari/537.36 (compatible; Bytespider; spider-feedback@bytedance.com)"
47.128.62.185 - - [15/May/2026:11:24:12 -0400] "GET /wp-content/uploads/2024/05/OUAD0017-1-430x430.png HTTP/1.1" 404 178458 "https://www.shoenation.me/product-category/adidas/yezzy/?filter_size=37%2C40%2C43%2C46&per_page=9&stock_status=instock" "Mozilla/5.0 (Linux; Android 5.0) AppleWebKit/537.36 (KHTML, like Gecko) Mobile Safari/537.36 (compatible; Bytespider; spider-feedback@bytedance.com)"
47.128.62.185 - - [15/May/2026:11:24:26 -0400] "GET /wp-content/uploads/2024/03/wd-envelope-dark.svg HTTP/1.1" 200 0 "https://www.shoenation.me/product-category/adidas/yezzy/?filter_size=37%2C40%2C43%2C46&per_page=9&stock_status=instock" "Mozilla/5.0 (Linux; Android 5.0) AppleWebKit/537.36 (KHTML, like Gecko) Mobile Safari/537.36 (compatible; Bytespider; spider-feedback@bytedance.com)"
67.223.118.104 - - [15/May/2026:11:24:33 -0400] "POST /wp-cron.php?doing_wp_cron=1778858673.8412170410156250000000 HTTP/1.1" 200 0 "-" "WordPress/6.9.4; https://www.shoenation.me"
43.159.62.163 - - [15/May/2026:11:24:18 -0400] "GET /product-category/new-balance/nb530/ HTTP/1.1" 200 57479 "-" "Mozilla/5.0 (iPhone; CPU iPhone OS 13_2_3 like Mac OS X) AppleWebKit/605.1.15 (KHTML, like Gecko) Version/13.0.3 Mobile/15E148 Safari/604.1"
216.244.66.248 - - [15/May/2026:11:24:41 -0400] "GET /?product_cat=nb1906r&filter_size=40,45 HTTP/1.1" 301 0 "-" "Mozilla/5.0 (compatible; DotBot/1.2; +https://opensiteexplorer.org/dotbot; help@moz.com)"
216.244.66.248 - - [15/May/2026:11:25:10 -0400] "GET /?product_cat=nb530&filter_size=36,37,38,39,40,41,43,44 HTTP/1.1" 301 0 "-" "Mozilla/5.0 (compatible; DotBot/1.2; +https://opensiteexplorer.org/dotbot; help@moz.com)"
14.191.227.84 - - [15/May/2026:11:26:56 -0400] "GET /?filter_size=40%2C42%2C43&product_cat=crocs HTTP/1.1" 200 0 "-" "Mozilla/5.0 (Macintosh; Intel Mac OS X 10_12_6) AppleWebKit/537.36 (KHTML, like Gecko) Brave Chrome/80.0.3987.162 Safari/537.36"
67.223.118.104 - - [15/May/2026:11:27:11 -0400] "POST /wp-cron.php?doing_wp_cron=1778858831.2397439479827880859375 HTTP/1.1" 200 0 "-" "WordPress/6.9.4; https://www.shoenation.me"
66.249.73.71 - - [15/May/2026:11:27:37 -0400] "GET /?detail/925282258 HTTP/1.1" 200 24392 "-" "Mozilla/5.0 (Linux; Android 6.0.1; Nexus 5X Build/MMB29P) AppleWebKit/537.36 (KHTML, like Gecko) Chrome/148.0.7778.96 Mobile Safari/537.36 (compatible; Googlebot/2.1; +http://www.google.com/bot.html)"
66.249.73.71 - - [15/May/2026:11:27:57 -0400] "GET /?detail/809115320 HTTP/1.1" 200 24812 "-" "Mozilla/5.0 (Linux; Android 6.0.1; Nexus 5X Build/MMB29P) AppleWebKit/537.36 (KHTML, like Gecko) Chrome/148.0.7778.96 Mobile Safari/537.36 (compatible; Googlebot/2.1; +http://www.google.com/bot.html)"
67.223.118.104 - - [15/May/2026:11:28:04 -0400] "POST /wp-cron.php?doing_wp_cron=1778858884.4482579231262207031250 HTTP/1.1" 200 0 "-" "WordPress/6.9.4; https://www.shoenation.me"
47.128.62.158 - - [15/May/2026:11:28:01 -0400] "GET /?product_cat=sb-dunk&stock_status=instock,onsale&filter_size=40,46 HTTP/1.1" 301 0 "-" "Mozilla/5.0 (compatible; Bytespider; spider-feedback@bytedance.com) AppleWebKit/537.36 (KHTML, like Gecko) Chrome/70.0.0.0 Safari/537.36"
47.128.62.158 - - [15/May/2026:11:28:05 -0400] "GET /product-category/nike/sb-dunk/?stock_status=instock%2Consale&filter_size=40%2C46 HTTP/1.1" 200 51181 "-" "Mozilla/5.0 (compatible; Bytespider; spider-feedback@bytedance.com) AppleWebKit/537.36 (KHTML, like Gecko) Chrome/70.0.0.0 Safari/537.36"
47.128.62.158 - - [15/May/2026:11:28:18 -0400] "GET /wp-content/uploads/2024/03/ShoeNation-Logo.png HTTP/1.1" 200 0 "https://www.shoenation.me/product-category/nike/sb-dunk/?stock_status=instock%2Consale&filter_size=40%2C46" "Mozilla/5.0 (compatible; Bytespider; spider-feedback@bytedance.com) AppleWebKit/537.36 (KHTML, like Gecko) Chrome/70.0.0.0 Safari/537.36"
47.128.62.158 - - [15/May/2026:11:28:18 -0400] "GET /wp-content/uploads/2025/02/IMG_0260-150x150.jpeg HTTP/1.1" 200 0 "https://www.shoenation.me/product-category/nike/sb-dunk/?stock_status=instock%2Consale&filter_size=40%2C46" "Mozilla/5.0 (compatible; Bytespider; spider-feedback@bytedance.com) AppleWebKit/537.36 (KHTML, like Gecko) Chrome/70.0.0.0 Safari/537.36"
47.128.62.158 - - [15/May/2026:11:28:18 -0400] "GET /wp-content/uploads/2025/02/new-balance-530-miu-miu-v0-0p61tlqcrp2d1-150x150.webp HTTP/1.1" 200 0 "https://www.shoenation.me/product-category/nike/sb-dunk/?stock_status=instock%2Consale&filter_size=40%2C46" "Mozilla/5.0 (compatible; Bytespider; spider-feedback@bytedance.com) AppleWebKit/537.36 (KHTML, like Gecko) Chrome/70.0.0.0 Safari/537.36"
47.128.62.158 - - [15/May/2026:11:28:18 -0400] "GET /wp-content/uploads/2025/02/download-150x150.jpg HTTP/1.1" 200 0 "https://www.shoenation.me/product-category/nike/sb-dunk/?stock_status=instock%2Consale&filter_size=40%2C46" "Mozilla/5.0 (compatible; Bytespider; spider-feedback@bytedance.com) AppleWebKit/537.36 (KHTML, like Gecko) Chrome/70.0.0.0 Safari/537.36"
47.128.62.158 - - [15/May/2026:11:28:18 -0400] "GET /wp-content/uploads/2024/06/3423897250m8_zm-1-150x150.jpg HTTP/1.1" 200 0 "https://www.shoenation.me/product-category/nike/sb-dunk/?stock_status=instock%2Consale&filter_size=40%2C46" "Mozilla/5.0 (compatible; Bytespider; spider-feedback@bytedance.com) AppleWebKit/537.36 (KHTML, like Gecko) Chrome/70.0.0.0 Safari/537.36"
47.128.62.158 - - [15/May/2026:11:28:18 -0400] "GET /wp-content/uploads/2024/06/5ef42a4788df9cdaaf135d9583f2228b-1-150x150.jpg HTTP/1.1" 200 0 "https://www.shoenation.me/product-category/nike/sb-dunk/?stock_status=instock%2Consale&filter_size=40%2C46" "Mozilla/5.0 (compatible; Bytespider; spider-feedback@bytedance.com) AppleWebKit/537.36 (KHTML, like Gecko) Chrome/70.0.0.0 Safari/537.36"
47.128.62.158 - - [15/May/2026:11:28:18 -0400] "GET /wp-content/uploads/2024/06/63922ed58580f70019f80ea5-1-150x150.webp HTTP/1.1" 200 0 "https://www.shoenation.me/product-category/nike/sb-dunk/?stock_status=instock%2Consale&filter_size=40%2C46" "Mozilla/5.0 (compatible; Bytespider; spider-feedback@bytedance.com) AppleWebKit/537.36 (KHTML, like Gecko) Chrome/70.0.0.0 Safari/537.36"
47.128.62.158 - - [15/May/2026:11:28:18 -0400] "GET /wp-content/uploads/2024/06/ca089c0521d61637a52311e4c5c83f0f-150x150.jpg HTTP/1.1" 200 0 "https://www.shoenation.me/product-category/nike/sb-dunk/?stock_status=instock%2Consale&filter_size=40%2C46" "Mozilla/5.0 (compatible; Bytespider; spider-feedback@bytedance.com) AppleWebKit/537.36 (KHTML, like Gecko) Chrome/70.0.0.0 Safari/537.36"
47.128.62.158 - - [15/May/2026:11:28:18 -0400] "GET /wp-content/uploads/2025/02/614b4079e84ea91f6aa9d9919838a0d6.jpg_720x720q80-150x150.jpg HTTP/1.1" 200 0 "https://www.shoenation.me/product-category/nike/sb-dunk/?stock_status=instock%2Consale&filter_size=40%2C46" "Mozilla/5.0 (compatible; Bytespider; spider-feedback@bytedance.com) AppleWebKit/537.36 (KHTML, like Gecko) Chrome/70.0.0.0 Safari/537.36"
47.128.62.158 - - [15/May/2026:11:28:18 -0400] "GET /wp-content/uploads/2024/06/product-jpeg-500x500-1-150x150.webp HTTP/1.1" 200 0 "https://www.shoenation.me/product-category/nike/sb-dunk/?stock_status=instock%2Consale&filter_size=40%2C46" "Mozilla/5.0 (compatible; Bytespider; spider-feedback@bytedance.com) AppleWebKit/537.36 (KHTML, like Gecko) Chrome/70.0.0.0 Safari/537.36"
47.128.62.158 - - [15/May/2026:11:28:18 -0400] "GET /wp-content/uploads/2024/03/OUDU0159-1-430x430.png HTTP/1.1" 200 0 "https://www.shoenation.me/product-category/nike/sb-dunk/?stock_status=instock%2Consale&filter_size=40%2C46" "Mozilla/5.0 (compatible; Bytespider; spider-feedback@bytedance.com) AppleWebKit/537.36 (KHTML, like Gecko) Chrome/70.0.0.0 Safari/537.36"
47.128.62.158 - - [15/May/2026:11:28:18 -0400] "GET /wp-content/uploads/2024/06/17-best-nike-running-shoes-15275-150x150.webp HTTP/1.1" 200 0 "https://www.shoenation.me/product-category/nike/sb-dunk/?stock_status=instock%2Consale&filter_size=40%2C46" "Mozilla/5.0 (compatible; Bytespider; spider-feedback@bytedance.com) AppleWebKit/537.36 (KHTML, like Gecko) Chrome/70.0.0.0 Safari/537.36"
47.128.62.158 - - [15/May/2026:11:28:19 -0400] "GET /wp-content/uploads/2024/05/1_14c3d3b0-3479-447d-828c-7aed3e788c7b-430x430.webp HTTP/1.1" 200 0 "https://www.shoenation.me/product-category/nike/sb-dunk/?stock_status=instock%2Consale&filter_size=40%2C46" "Mozilla/5.0 (compatible; Bytespider; spider-feedback@bytedance.com) AppleWebKit/537.36 (KHTML, like Gecko) Chrome/70.0.0.0 Safari/537.36"
47.128.62.158 - - [15/May/2026:11:28:19 -0400] "GET /wp-content/uploads/2024/03/OUDU0159-2-430x430.png HTTP/1.1" 200 0 "https://www.shoenation.me/product-category/nike/sb-dunk/?stock_status=instock%2Consale&filter_size=40%2C46" "Mozilla/5.0 (compatible; Bytespider; spider-feedback@bytedance.com) AppleWebKit/537.36 (KHTML, like Gecko) Chrome/70.0.0.0 Safari/537.36"
47.128.62.158 - - [15/May/2026:11:28:19 -0400] "GET /wp-content/uploads/2024/05/NIKEDUNKLOWSPCLOTCORK-e1716318255425-1-430x376.webp HTTP/1.1" 200 0 "https://www.shoenation.me/product-category/nike/sb-dunk/?stock_status=instock%2Consale&filter_size=40%2C46" "Mozilla/5.0 (compatible; Bytespider; spider-feedback@bytedance.com) AppleWebKit/537.36 (KHTML, like Gecko) Chrome/70.0.0.0 Safari/537.36"
47.128.62.158 - - [15/May/2026:11:28:19 -0400] "GET /wp-content/uploads/2024/03/OUDU0193-2-430x430.png HTTP/1.1" 200 0 "https://www.shoenation.me/product-category/nike/sb-dunk/?stock_status=instock%2Consale&filter_size=40%2C46" "Mozilla/5.0 (compatible; Bytespider; spider-feedback@bytedance.com) AppleWebKit/537.36 (KHTML, like Gecko) Chrome/70.0.0.0 Safari/537.36"
47.128.62.158 - - [15/May/2026:11:28:19 -0400] "GET /wp-content/uploads/2024/03/OUDU0193-1-430x430.png HTTP/1.1" 200 0 "https://www.shoenation.me/product-category/nike/sb-dunk/?stock_status=instock%2Consale&filter_size=40%2C46" "Mozilla/5.0 (compatible; Bytespider; spider-feedback@bytedance.com) AppleWebKit/537.36 (KHTML, like Gecko) Chrome/70.0.0.0 Safari/537.36"
47.128.62.158 - - [15/May/2026:11:28:19 -0400] "GET /wp-content/uploads/2024/05/nike-sb-dunk-low-burgundy-crush-fn0619-600-release-date-430x484.webp HTTP/1.1" 200 0 "https://www.shoenation.me/product-category/nike/sb-dunk/?stock_status=instock%2Consale&filter_size=40%2C46" "Mozilla/5.0 (compatible; Bytespider; spider-feedback@bytedance.com) AppleWebKit/537.36 (KHTML, like Gecko) Chrome/70.0.0.0 Safari/537.36"
47.128.62.158 - - [15/May/2026:11:28:19 -0400] "GET /wp-content/uploads/2024/05/nike-sb-dunk-low-burgundy-crush-fn0619-600-release-date-4-430x484.webp HTTP/1.1" 200 0 "https://www.shoenation.me/product-category/nike/sb-dunk/?stock_status=instock%2Consale&filter_size=40%2C46" "Mozilla/5.0 (compatible; Bytespider; spider-feedback@bytedance.com) AppleWebKit/537.36 (KHTML, like Gecko) Chrome/70.0.0.0 Safari/537.36"
47.128.62.158 - - [15/May/2026:11:28:19 -0400] "GET /wp-content/uploads/2024/03/OUDU0183-2-430x430.png HTTP/1.1" 200 0 "https://www.shoenation.me/product-category/nike/sb-dunk/?stock_status=instock%2Consale&filter_size=40%2C46" "Mozilla/5.0 (compatible; Bytespider; spider-feedback@bytedance.com) AppleWebKit/537.36 (KHTML, like Gecko) Chrome/70.0.0.0 Safari/537.36"
47.128.62.158 - - [15/May/2026:11:28:19 -0400] "GET /wp-content/uploads/2024/03/OUDU0183-1-430x430.png HTTP/1.1" 200 0 "https://www.shoenation.me/product-category/nike/sb-dunk/?stock_status=instock%2Consale&filter_size=40%2C46" "Mozilla/5.0 (compatible; Bytespider; spider-feedback@bytedance.com) AppleWebKit/537.36 (KHTML, like Gecko) Chrome/70.0.0.0 Safari/537.36"
47.128.62.158 - - [15/May/2026:11:28:19 -0400] "GET /wp-content/uploads/2024/03/OUDU0165-2-430x430.png HTTP/1.1" 200 0 "https://www.shoenation.me/product-category/nike/sb-dunk/?stock_status=instock%2Consale&filter_size=40%2C46" "Mozilla/5.0 (compatible; Bytespider; spider-feedback@bytedance.com) AppleWebKit/537.36 (KHTML, like Gecko) Chrome/70.0.0.0 Safari/537.36"
47.128.62.158 - - [15/May/2026:11:28:19 -0400] "GET /wp-content/uploads/2024/03/OUDU0165-1-430x430.png HTTP/1.1" 200 0 "https://www.shoenation.me/product-category/nike/sb-dunk/?stock_status=instock%2Consale&filter_size=40%2C46" "Mozilla/5.0 (compatible; Bytespider; spider-feedback@bytedance.com) AppleWebKit/537.36 (KHTML, like Gecko) Chrome/70.0.0.0 Safari/537.36"
47.128.62.158 - - [15/May/2026:11:28:19 -0400] "GET /wp-content/uploads/2024/03/OUDU0161-3-430x430.png HTTP/1.1" 200 0 "https://www.shoenation.me/product-category/nike/sb-dunk/?stock_status=instock%2Consale&filter_size=40%2C46" "Mozilla/5.0 (compatible; Bytespider; spider-feedback@bytedance.com) AppleWebKit/537.36 (KHTML, like Gecko) Chrome/70.0.0.0 Safari/537.36"
47.128.62.158 - - [15/May/2026:11:28:19 -0400] "GET /wp-content/uploads/2024/03/OUDU0161-1-430x430.png HTTP/1.1" 200 0 "https://www.shoenation.me/product-category/nike/sb-dunk/?stock_status=instock%2Consale&filter_size=40%2C46" "Mozilla/5.0 (compatible; Bytespider; spider-feedback@bytedance.com) AppleWebKit/537.36 (KHTML, like Gecko) Chrome/70.0.0.0 Safari/537.36"
47.128.62.158 - - [15/May/2026:11:28:19 -0400] "GET /wp-content/uploads/2024/03/OUDU0192-3-430x430.png HTTP/1.1" 200 0 "https://www.shoenation.me/product-category/nike/sb-dunk/?stock_status=instock%2Consale&filter_size=40%2C46" "Mozilla/5.0 (compatible; Bytespider; spider-feedback@bytedance.com) AppleWebKit/537.36 (KHTML, like Gecko) Chrome/70.0.0.0 Safari/537.36"
47.128.62.158 - - [15/May/2026:11:28:19 -0400] "GET /wp-content/uploads/2024/03/OUDU0192-1-430x430.png HTTP/1.1" 200 0 "https://www.shoenation.me/product-category/nike/sb-dunk/?stock_status=instock%2Consale&filter_size=40%2C46" "Mozilla/5.0 (compatible; Bytespider; spider-feedback@bytedance.com) AppleWebKit/537.36 (KHTML, like Gecko) Chrome/70.0.0.0 Safari/537.36"
47.128.62.158 - - [15/May/2026:11:28:34 -0400] "GET /wp-content/uploads/2024/03/OUDU0171-3-430x430.png HTTP/1.1" 200 0 "https://www.shoenation.me/product-category/nike/sb-dunk/?stock_status=instock%2Consale&filter_size=40%2C46" "Mozilla/5.0 (compatible; Bytespider; spider-feedback@bytedance.com) AppleWebKit/537.36 (KHTML, like Gecko) Chrome/70.0.0.0 Safari/537.36"
47.128.62.158 - - [15/May/2026:11:28:34 -0400] "GET /wp-content/uploads/2024/03/OUDU0171-1-430x430.png HTTP/1.1" 200 0 "https://www.shoenation.me/product-category/nike/sb-dunk/?stock_status=instock%2Consale&filter_size=40%2C46" "Mozilla/5.0 (compatible; Bytespider; spider-feedback@bytedance.com) AppleWebKit/537.36 (KHTML, like Gecko) Chrome/70.0.0.0 Safari/537.36"
47.128.62.158 - - [15/May/2026:11:28:34 -0400] "GET /wp-content/uploads/2024/03/OUDU0153-2-430x430.png HTTP/1.1" 200 0 "https://www.shoenation.me/product-category/nike/sb-dunk/?stock_status=instock%2Consale&filter_size=40%2C46" "Mozilla/5.0 (compatible; Bytespider; spider-feedback@bytedance.com) AppleWebKit/537.36 (KHTML, like Gecko) Chrome/70.0.0.0 Safari/537.36"
