47.128.62.141 - - [15/May/2026:08:40:45 -0400] "GET /wp-content/themes/woodmart/css/parts/woo-product-loop-icons.min.css?ver=7.4.3 HTTP/1.1" 200 372 "https://www.shoenation.me/product-category/adidas/gazelle/?filter_size=38%2C39%2C41%2C42%2C44%2C45&per_page=24&stock_status=instock" "Mozilla/5.0 (compatible; Bytespider; spider-feedback@bytedance.com) AppleWebKit/537.36 (KHTML, like Gecko) Chrome/70.0.0.0 Safari/537.36"
47.128.62.141 - - [15/May/2026:08:40:46 -0400] "GET /wp-content/themes/woodmart/css/parts/el-list.min.css?ver=7.4.3 HTTP/1.1" 200 406 "https://www.shoenation.me/product-category/adidas/gazelle/?filter_size=38%2C39%2C41%2C42%2C44%2C45&per_page=24&stock_status=instock" "Mozilla/5.0 (compatible; Bytespider; spider-feedback@bytedance.com) AppleWebKit/537.36 (KHTML, like Gecko) Chrome/70.0.0.0 Safari/537.36"
47.128.62.141 - - [15/May/2026:08:40:46 -0400] "GET /wp-content/themes/woodmart/css/parts/header-el-search-fullscreen-general.min.css?ver=7.4.3 HTTP/1.1" 200 640 "https://www.shoenation.me/product-category/adidas/gazelle/?filter_size=38%2C39%2C41%2C42%2C44%2C45&per_page=24&stock_status=instock" "Mozilla/5.0 (compatible; Bytespider; spider-feedback@bytedance.com) AppleWebKit/537.36 (KHTML, like Gecko) Chrome/70.0.0.0 Safari/537.36"
47.128.62.141 - - [15/May/2026:08:40:48 -0400] "GET /wp-content/uploads/2024/03/OUAD0077-1-430x430.png HTTP/1.1" 200 0 "https://www.shoenation.me/product-category/adidas/gazelle/?filter_size=38%2C39%2C41%2C42%2C44%2C45&per_page=24&stock_status=instock" "Mozilla/5.0 (compatible; Bytespider; spider-feedback@bytedance.com) AppleWebKit/537.36 (KHTML, like Gecko) Chrome/70.0.0.0 Safari/537.36"
47.128.62.141 - - [15/May/2026:08:40:48 -0400] "GET /wp-content/uploads/2024/03/OUAD0041-1-430x430.png HTTP/1.1" 200 0 "https://www.shoenation.me/product-category/adidas/gazelle/?filter_size=38%2C39%2C41%2C42%2C44%2C45&per_page=24&stock_status=instock" "Mozilla/5.0 (compatible; Bytespider; spider-feedback@bytedance.com) AppleWebKit/537.36 (KHTML, like Gecko) Chrome/70.0.0.0 Safari/537.36"
47.128.62.141 - - [15/May/2026:08:40:47 -0400] "GET /wp-content/uploads/2025/02/new-balance-530-miu-miu-v0-0p61tlqcrp2d1-150x150.webp HTTP/1.1" 200 0 "https://www.shoenation.me/product-category/adidas/gazelle/?filter_size=38%2C39%2C41%2C42%2C44%2C45&per_page=24&stock_status=instock" "Mozilla/5.0 (compatible; Bytespider; spider-feedback@bytedance.com) AppleWebKit/537.36 (KHTML, like Gecko) Chrome/70.0.0.0 Safari/537.36"
47.128.62.141 - - [15/May/2026:08:40:47 -0400] "GET /wp-content/uploads/2024/05/P8.jpg HTTP/1.1" 200 0 "https://www.shoenation.me/product-category/adidas/gazelle/?filter_size=38%2C39%2C41%2C42%2C44%2C45&per_page=24&stock_status=instock" "Mozilla/5.0 (compatible; Bytespider; spider-feedback@bytedance.com) AppleWebKit/537.36 (KHTML, like Gecko) Chrome/70.0.0.0 Safari/537.36"
47.128.62.141 - - [15/May/2026:08:40:48 -0400] "GET /wp-content/uploads/2024/03/OUAD0075-1-430x430.png HTTP/1.1" 200 0 "https://www.shoenation.me/product-category/adidas/gazelle/?filter_size=38%2C39%2C41%2C42%2C44%2C45&per_page=24&stock_status=instock" "Mozilla/5.0 (compatible; Bytespider; spider-feedback@bytedance.com) AppleWebKit/537.36 (KHTML, like Gecko) Chrome/70.0.0.0 Safari/537.36"
47.128.62.141 - - [15/May/2026:08:40:48 -0400] "GET /wp-content/uploads/2024/05/womens-adidas-originals-gazelle-bold-pink-glow-h06122-16746406761023-430x430.jpg HTTP/1.1" 200 0 "https://www.shoenation.me/product-category/adidas/gazelle/?filter_size=38%2C39%2C41%2C42%2C44%2C45&per_page=24&stock_status=instock" "Mozilla/5.0 (compatible; Bytespider; spider-feedback@bytedance.com) AppleWebKit/537.36 (KHTML, like Gecko) Chrome/70.0.0.0 Safari/537.36"
47.128.62.141 - - [15/May/2026:08:40:48 -0400] "GET /wp-content/uploads/2024/05/IMG_9356-430x372.webp HTTP/1.1" 200 0 "https://www.shoenation.me/product-category/adidas/gazelle/?filter_size=38%2C39%2C41%2C42%2C44%2C45&per_page=24&stock_status=instock" "Mozilla/5.0 (compatible; Bytespider; spider-feedback@bytedance.com) AppleWebKit/537.36 (KHTML, like Gecko) Chrome/70.0.0.0 Safari/537.36"
47.128.62.141 - - [15/May/2026:08:40:48 -0400] "GET /wp-content/uploads/2024/06/ca089c0521d61637a52311e4c5c83f0f-150x150.jpg HTTP/1.1" 200 0 "https://www.shoenation.me/product-category/adidas/gazelle/?filter_size=38%2C39%2C41%2C42%2C44%2C45&per_page=24&stock_status=instock" "Mozilla/5.0 (compatible; Bytespider; spider-feedback@bytedance.com) AppleWebKit/537.36 (KHTML, like Gecko) Chrome/70.0.0.0 Safari/537.36"
47.128.62.141 - - [15/May/2026:08:40:48 -0400] "GET /wp-content/uploads/2024/03/OUAD0076-1-430x430.png HTTP/1.1" 200 0 "https://www.shoenation.me/product-category/adidas/gazelle/?filter_size=38%2C39%2C41%2C42%2C44%2C45&per_page=24&stock_status=instock" "Mozilla/5.0 (compatible; Bytespider; spider-feedback@bytedance.com) AppleWebKit/537.36 (KHTML, like Gecko) Chrome/70.0.0.0 Safari/537.36"
47.128.62.141 - - [15/May/2026:08:40:48 -0400] "GET /wp-content/uploads/2024/03/OUAD0074-1-430x430.png HTTP/1.1" 200 0 "https://www.shoenation.me/product-category/adidas/gazelle/?filter_size=38%2C39%2C41%2C42%2C44%2C45&per_page=24&stock_status=instock" "Mozilla/5.0 (compatible; Bytespider; spider-feedback@bytedance.com) AppleWebKit/537.36 (KHTML, like Gecko) Chrome/70.0.0.0 Safari/537.36"
47.128.62.141 - - [15/May/2026:08:40:48 -0400] "GET /wp-content/uploads/2024/05/IMG_9358-430x399.webp HTTP/1.1" 200 0 "https://www.shoenation.me/product-category/adidas/gazelle/?filter_size=38%2C39%2C41%2C42%2C44%2C45&per_page=24&stock_status=instock" "Mozilla/5.0 (compatible; Bytespider; spider-feedback@bytedance.com) AppleWebKit/537.36 (KHTML, like Gecko) Chrome/70.0.0.0 Safari/537.36"
47.128.62.141 - - [15/May/2026:08:40:48 -0400] "GET /wp-content/uploads/2024/03/OUAD0041-2-430x430.png HTTP/1.1" 200 0 "https://www.shoenation.me/product-category/adidas/gazelle/?filter_size=38%2C39%2C41%2C42%2C44%2C45&per_page=24&stock_status=instock" "Mozilla/5.0 (compatible; Bytespider; spider-feedback@bytedance.com) AppleWebKit/537.36 (KHTML, like Gecko) Chrome/70.0.0.0 Safari/537.36"
47.128.62.141 - - [15/May/2026:08:40:48 -0400] "GET /wp-content/uploads/2024/06/63922ed58580f70019f80ea5-1-150x150.webp HTTP/1.1" 200 0 "https://www.shoenation.me/product-category/adidas/gazelle/?filter_size=38%2C39%2C41%2C42%2C44%2C45&per_page=24&stock_status=instock" "Mozilla/5.0 (compatible; Bytespider; spider-feedback@bytedance.com) AppleWebKit/537.36 (KHTML, like Gecko) Chrome/70.0.0.0 Safari/537.36"
47.128.62.141 - - [15/May/2026:08:40:48 -0400] "GET /wp-content/uploads/2024/03/OUAD0075-2-430x430.png HTTP/1.1" 200 0 "https://www.shoenation.me/product-category/adidas/gazelle/?filter_size=38%2C39%2C41%2C42%2C44%2C45&per_page=24&stock_status=instock" "Mozilla/5.0 (compatible; Bytespider; spider-feedback@bytedance.com) AppleWebKit/537.36 (KHTML, like Gecko) Chrome/70.0.0.0 Safari/537.36"
47.128.62.141 - - [15/May/2026:08:40:48 -0400] "GET /wp-content/uploads/2025/02/614b4079e84ea91f6aa9d9919838a0d6.jpg_720x720q80-150x150.jpg HTTP/1.1" 200 0 "https://www.shoenation.me/product-category/adidas/gazelle/?filter_size=38%2C39%2C41%2C42%2C44%2C45&per_page=24&stock_status=instock" "Mozilla/5.0 (compatible; Bytespider; spider-feedback@bytedance.com) AppleWebKit/537.36 (KHTML, like Gecko) Chrome/70.0.0.0 Safari/537.36"
47.128.62.141 - - [15/May/2026:08:40:46 -0400] "GET /wp-content/uploads/2025/02/IMG_0260-150x150.jpeg HTTP/1.1" 200 0 "https://www.shoenation.me/product-category/adidas/gazelle/?filter_size=38%2C39%2C41%2C42%2C44%2C45&per_page=24&stock_status=instock" "Mozilla/5.0 (compatible; Bytespider; spider-feedback@bytedance.com) AppleWebKit/537.36 (KHTML, like Gecko) Chrome/70.0.0.0 Safari/537.36"
47.128.62.141 - - [15/May/2026:08:40:48 -0400] "GET /wp-content/uploads/2025/02/download-150x150.jpg HTTP/1.1" 200 0 "https://www.shoenation.me/product-category/adidas/gazelle/?filter_size=38%2C39%2C41%2C42%2C44%2C45&per_page=24&stock_status=instock" "Mozilla/5.0 (compatible; Bytespider; spider-feedback@bytedance.com) AppleWebKit/537.36 (KHTML, like Gecko) Chrome/70.0.0.0 Safari/537.36"
47.128.62.141 - - [15/May/2026:08:40:48 -0400] "GET /wp-content/uploads/2024/03/OUAD0076-2-430x430.png HTTP/1.1" 200 0 "https://www.shoenation.me/product-category/adidas/gazelle/?filter_size=38%2C39%2C41%2C42%2C44%2C45&per_page=24&stock_status=instock" "Mozilla/5.0 (compatible; Bytespider; spider-feedback@bytedance.com) AppleWebKit/537.36 (KHTML, like Gecko) Chrome/70.0.0.0 Safari/537.36"
47.128.62.141 - - [15/May/2026:08:40:48 -0400] "GET /wp-content/uploads/2024/06/5ef42a4788df9cdaaf135d9583f2228b-1-150x150.jpg HTTP/1.1" 200 0 "https://www.shoenation.me/product-category/adidas/gazelle/?filter_size=38%2C39%2C41%2C42%2C44%2C45&per_page=24&stock_status=instock" "Mozilla/5.0 (compatible; Bytespider; spider-feedback@bytedance.com) AppleWebKit/537.36 (KHTML, like Gecko) Chrome/70.0.0.0 Safari/537.36"
47.128.62.141 - - [15/May/2026:08:40:48 -0400] "GET /wp-content/uploads/2024/03/OUAD0074-2-430x430.png HTTP/1.1" 200 0 "https://www.shoenation.me/product-category/adidas/gazelle/?filter_size=38%2C39%2C41%2C42%2C44%2C45&per_page=24&stock_status=instock" "Mozilla/5.0 (compatible; Bytespider; spider-feedback@bytedance.com) AppleWebKit/537.36 (KHTML, like Gecko) Chrome/70.0.0.0 Safari/537.36"
47.128.62.141 - - [15/May/2026:08:40:48 -0400] "GET /wp-content/uploads/2024/03/OUAD0082-2-430x430.png HTTP/1.1" 200 0 "https://www.shoenation.me/product-category/adidas/gazelle/?filter_size=38%2C39%2C41%2C42%2C44%2C45&per_page=24&stock_status=instock" "Mozilla/5.0 (compatible; Bytespider; spider-feedback@bytedance.com) AppleWebKit/537.36 (KHTML, like Gecko) Chrome/70.0.0.0 Safari/537.36"
47.128.62.141 - - [15/May/2026:08:40:48 -0400] "GET /wp-content/uploads/2024/03/OUAD0077-3-430x430.png HTTP/1.1" 200 0 "https://www.shoenation.me/product-category/adidas/gazelle/?filter_size=38%2C39%2C41%2C42%2C44%2C45&per_page=24&stock_status=instock" "Mozilla/5.0 (compatible; Bytespider; spider-feedback@bytedance.com) AppleWebKit/537.36 (KHTML, like Gecko) Chrome/70.0.0.0 Safari/537.36"
47.128.62.141 - - [15/May/2026:08:40:48 -0400] "GET /wp-content/uploads/2024/06/3423897250m8_zm-1-150x150.jpg HTTP/1.1" 200 0 "https://www.shoenation.me/product-category/adidas/gazelle/?filter_size=38%2C39%2C41%2C42%2C44%2C45&per_page=24&stock_status=instock" "Mozilla/5.0 (compatible; Bytespider; spider-feedback@bytedance.com) AppleWebKit/537.36 (KHTML, like Gecko) Chrome/70.0.0.0 Safari/537.36"
47.128.62.141 - - [15/May/2026:08:40:48 -0400] "GET /wp-content/uploads/2024/06/17-best-nike-running-shoes-15275-150x150.webp HTTP/1.1" 200 0 "https://www.shoenation.me/product-category/adidas/gazelle/?filter_size=38%2C39%2C41%2C42%2C44%2C45&per_page=24&stock_status=instock" "Mozilla/5.0 (compatible; Bytespider; spider-feedback@bytedance.com) AppleWebKit/537.36 (KHTML, like Gecko) Chrome/70.0.0.0 Safari/537.36"
47.128.62.141 - - [15/May/2026:08:40:48 -0400] "GET /wp-content/uploads/2024/05/womens-adidas-originals-gazelle-bold-pink-glow-h06122-16746406761057-430x430.jpg HTTP/1.1" 200 0 "https://www.shoenation.me/product-category/adidas/gazelle/?filter_size=38%2C39%2C41%2C42%2C44%2C45&per_page=24&stock_status=instock" "Mozilla/5.0 (compatible; Bytespider; spider-feedback@bytedance.com) AppleWebKit/537.36 (KHTML, like Gecko) Chrome/70.0.0.0 Safari/537.36"
47.128.62.141 - - [15/May/2026:08:40:48 -0400] "GET /wp-content/uploads/2024/06/product-jpeg-500x500-1-150x150.webp HTTP/1.1" 200 0 "https://www.shoenation.me/product-category/adidas/gazelle/?filter_size=38%2C39%2C41%2C42%2C44%2C45&per_page=24&stock_status=instock" "Mozilla/5.0 (compatible; Bytespider; spider-feedback@bytedance.com) AppleWebKit/537.36 (KHTML, like Gecko) Chrome/70.0.0.0 Safari/537.36"
47.128.62.141 - - [15/May/2026:08:40:46 -0400] "GET /wp-content/uploads/2024/03/ShoeNation-Logo.png HTTP/1.1" 200 0 "https://www.shoenation.me/product-category/adidas/gazelle/?filter_size=38%2C39%2C41%2C42%2C44%2C45&per_page=24&stock_status=instock" "Mozilla/5.0 (compatible; Bytespider; spider-feedback@bytedance.com) AppleWebKit/537.36 (KHTML, like Gecko) Chrome/70.0.0.0 Safari/537.36"
47.128.62.141 - - [15/May/2026:08:40:48 -0400] "GET /wp-content/uploads/2024/03/OUAD0082-1-430x430.png HTTP/1.1" 200 0 "https://www.shoenation.me/product-category/adidas/gazelle/?filter_size=38%2C39%2C41%2C42%2C44%2C45&per_page=24&stock_status=instock" "Mozilla/5.0 (compatible; Bytespider; spider-feedback@bytedance.com) AppleWebKit/537.36 (KHTML, like Gecko) Chrome/70.0.0.0 Safari/537.36"
67.223.118.104 - - [15/May/2026:08:41:09 -0400] "POST /wp-cron.php?doing_wp_cron=1778848869.5381639003753662109375 HTTP/1.1" 200 0 "-" "WordPress/6.9.4; https://www.shoenation.me"
18.214.238.178 - - [15/May/2026:08:41:14 -0400] "GET /?product=asics-gel-kahana-8-graphite-grey HTTP/1.1" 200 0 "-" "Mozilla/5.0 AppleWebKit/537.36 (KHTML, like Gecko; compatible; Amazonbot/0.1; +https://developer.amazon.com/support/amazonbot) Chrome/119.0.6045.214 Safari/537.36"
147.135.252.148 - - [15/May/2026:08:41:57 -0400] "GET /robots.txt HTTP/1.1" 200 71 "-" "Mozilla/5.0 (compatible; MJ12bot/v1.4.8; http://mj12bot.com/)"
67.223.118.104 - - [15/May/2026:08:42:00 -0400] "POST /wp-cron.php?doing_wp_cron=1778848920.6639490127563476562500 HTTP/1.1" 200 0 "-" "WordPress/6.9.4; https://www.shoenation.me"
147.135.252.148 - - [15/May/2026:08:41:58 -0400] "GET /?product_cat=9060&filter_size=38,40,42&shop_view=grid&per_row=3&paged=3 HTTP/1.1" 301 0 "-" "Mozilla/5.0 (compatible; MJ12bot/v1.4.8; http://mj12bot.com/)"
147.135.252.148 - - [15/May/2026:08:42:02 -0400] "GET /product-category/new-balance/9060/page/3/?filter_size=38%2C40%2C42&shop_view=grid&per_row=3 HTTP/1.1" 200 50737 "-" "Mozilla/5.0 (compatible; MJ12bot/v1.4.8; http://mj12bot.com/)"
147.135.252.148 - - [15/May/2026:08:42:11 -0400] "GET /?product_cat=9060&filter_size=38,40,42,43,44&per_page=9 HTTP/1.1" 301 0 "-" "Mozilla/5.0 (compatible; MJ12bot/v1.4.8; http://mj12bot.com/)"
67.223.118.104 - - [15/May/2026:08:42:17 -0400] "POST /wp-cron.php?doing_wp_cron=1778848937.6651329994201660156250 HTTP/1.1" 200 0 "-" "WordPress/6.9.4; https://www.shoenation.me"
147.135.252.148 - - [15/May/2026:08:42:14 -0400] "GET /product-category/new-balance/9060/?filter_size=38%2C40%2C42%2C43%2C44&per_page=9 HTTP/1.1" 200 50929 "-" "Mozilla/5.0 (compatible; MJ12bot/v1.4.8; http://mj12bot.com/)"
147.135.252.148 - - [15/May/2026:08:42:19 -0400] "GET /?product_cat=9060&filter_size=38,40,42,43,44&per_page=9&paged=2 HTTP/1.1" 301 0 "-" "Mozilla/5.0 (compatible; MJ12bot/v1.4.8; http://mj12bot.com/)"
147.135.252.148 - - [15/May/2026:08:42:22 -0400] "GET /product-category/new-balance/9060/page/2/?filter_size=38%2C40%2C42%2C43%2C44&per_page=9 HTTP/1.1" 200 50797 "-" "Mozilla/5.0 (compatible; MJ12bot/v1.4.8; http://mj12bot.com/)"
147.135.252.148 - - [15/May/2026:08:42:26 -0400] "GET /?product_cat=9060&filter_size=38,40,42,43,44&per_page=9&paged=4 HTTP/1.1" 301 0 "-" "Mozilla/5.0 (compatible; MJ12bot/v1.4.8; http://mj12bot.com/)"
147.135.252.148 - - [15/May/2026:08:42:29 -0400] "GET /product-category/new-balance/9060/page/4/?filter_size=38%2C40%2C42%2C43%2C44&per_page=9 HTTP/1.1" 200 49949 "-" "Mozilla/5.0 (compatible; MJ12bot/v1.4.8; http://mj12bot.com/)"
147.135.252.148 - - [15/May/2026:08:42:36 -0400] "GET /?product_cat=9060&filter_size=38,40,42,43,44&shop_view=grid&per_row=2 HTTP/1.1" 301 0 "-" "Mozilla/5.0 (compatible; MJ12bot/v1.4.8; http://mj12bot.com/)"
147.135.252.148 - - [15/May/2026:08:42:39 -0400] "GET /product-category/new-balance/9060/?filter_size=38%2C40%2C42%2C43%2C44&shop_view=grid&per_row=2 HTTP/1.1" 200 51550 "-" "Mozilla/5.0 (compatible; MJ12bot/v1.4.8; http://mj12bot.com/)"
147.135.252.148 - - [15/May/2026:08:42:46 -0400] "GET /?product_cat=9060&filter_size=38,40,42,43,44&shop_view=grid&per_row=2&paged=2 HTTP/1.1" 301 0 "-" "Mozilla/5.0 (compatible; MJ12bot/v1.4.8; http://mj12bot.com/)"
147.135.252.148 - - [15/May/2026:08:42:48 -0400] "GET /product-category/new-balance/9060/page/2/?filter_size=38%2C40%2C42%2C43%2C44&shop_view=grid&per_row=2 HTTP/1.1" 200 51429 "-" "Mozilla/5.0 (compatible; MJ12bot/v1.4.8; http://mj12bot.com/)"
14.161.21.73 - - [15/May/2026:08:42:51 -0400] "GET /?per_page=9&per_row=3&post_type=product&shop_view=grid&stock_status=instock HTTP/1.1" 200 58258 "-" "Mozilla/5.0 (Macintosh; Intel Mac OS X 10_15_4) AppleWebKit/537.36 (KHTML, like Gecko) Brave Chrome/84.0.4147.89 Safari/537.36"
147.135.252.148 - - [15/May/2026:08:42:56 -0400] "GET /?product_cat=9060&filter_size=38,40,42,43,44&shop_view=grid&per_row=3 HTTP/1.1" 301 0 "-" "Mozilla/5.0 (compatible; MJ12bot/v1.4.8; http://mj12bot.com/)"
47.128.96.209 - - [15/May/2026:08:42:59 -0400] "GET /robots.txt HTTP/1.1" 200 71 "-" "Go-http-client/2.0"
66.249.73.71 - - [15/May/2026:08:43:00 -0400] "GET /goods.php?item/z31722511 HTTP/1.1" 200 24771 "-" "Mozilla/5.0 (Linux; Android 6.0.1; Nexus 5X Build/MMB29P) AppleWebKit/537.36 (KHTML, like Gecko) Chrome/148.0.7778.96 Mobile Safari/537.36 (compatible; Googlebot/2.1; +http://www.google.com/bot.html)"
147.135.252.148 - - [15/May/2026:08:43:00 -0400] "GET /product-category/new-balance/9060/?filter_size=38%2C40%2C42%2C43%2C44&shop_view=grid&per_row=3 HTTP/1.1" 200 51563 "-" "Mozilla/5.0 (compatible; MJ12bot/v1.4.8; http://mj12bot.com/)"
147.135.252.148 - - [15/May/2026:08:43:08 -0400] "GET /?product_cat=9060&filter_size=38,40,42,43,44,45&per_page=18 HTTP/1.1" 301 0 "-" "Mozilla/5.0 (compatible; MJ12bot/v1.4.8; http://mj12bot.com/)"
67.223.118.104 - - [15/May/2026:08:43:20 -0400] "POST /wp-cron.php?doing_wp_cron=1778849000.2457420825958251953125 HTTP/1.1" 200 0 "-" "WordPress/6.9.4; https://www.shoenation.me"
147.135.252.148 - - [15/May/2026:08:43:12 -0400] "GET /product-category/new-balance/9060/?filter_size=38%2C40%2C42%2C43%2C44%2C45&per_page=18 HTTP/1.1" 200 52542 "-" "Mozilla/5.0 (compatible; MJ12bot/v1.4.8; http://mj12bot.com/)"
147.135.252.148 - - [15/May/2026:08:43:22 -0400] "GET /?product_cat=9060&filter_size=38,40,42,43,44,45&per_page=24 HTTP/1.1" 301 0 "-" "Mozilla/5.0 (compatible; MJ12bot/v1.4.8; http://mj12bot.com/)"
147.135.252.148 - - [15/May/2026:08:43:25 -0400] "GET /product-category/new-balance/9060/?filter_size=38%2C40%2C42%2C43%2C44%2C45&per_page=24 HTTP/1.1" 200 53649 "-" "Mozilla/5.0 (compatible; MJ12bot/v1.4.8; http://mj12bot.com/)"
147.135.252.148 - - [15/May/2026:08:43:35 -0400] "GET /?product_cat=9060&filter_size=38,40,42,43,44,45&per_page=9 HTTP/1.1" 301 0 "-" "Mozilla/5.0 (compatible; MJ12bot/v1.4.8; http://mj12bot.com/)"
147.135.252.148 - - [15/May/2026:08:43:41 -0400] "GET /product-category/new-balance/9060/?filter_size=38%2C40%2C42%2C43%2C44%2C45&per_page=9 HTTP/1.1" 200 50937 "-" "Mozilla/5.0 (compatible; MJ12bot/v1.4.8; http://mj12bot.com/)"
47.128.62.179 - - [15/May/2026:08:44:00 -0400] "GET /?filter_size=39%2C41%2C42&per_page=12&product_cat=new-balance&stock_status=instock%2Consale HTTP/1.1" 301 0 "-" "Mozilla/5.0 (compatible; Bytespider; spider-feedback@bytedance.com) AppleWebKit/537.36 (KHTML, like Gecko) Chrome/70.0.0.0 Safari/537.36"
47.128.62.179 - - [15/May/2026:08:44:03 -0400] "GET /product-category/new-balance/?filter_size=39%2C41%2C42&per_page=12&stock_status=instock%2Consale HTTP/1.1" 200 51174 "-" "Mozilla/5.0 (compatible; Bytespider; spider-feedback@bytedance.com) AppleWebKit/537.36 (KHTML, like Gecko) Chrome/70.0.0.0 Safari/537.36"
47.128.62.179 - - [15/May/2026:08:44:10 -0400] "GET /wp-content/uploads/elementor/css/post-11.css?ver=1778831080 HTTP/1.1" 200 373 "https://www.shoenation.me/product-category/new-balance/?filter_size=39%2C41%2C42&per_page=12&stock_status=instock%2Consale" "Mozilla/5.0 (compatible; Bytespider; spider-feedback@bytedance.com) AppleWebKit/537.36 (KHTML, like Gecko) Chrome/70.0.0.0 Safari/537.36"
47.128.62.179 - - [15/May/2026:08:44:10 -0400] "GET /wp-content/themes/woodmart/css/parts/woo-shop-predefined.min.css?ver=7.4.3 HTTP/1.1" 200 285 "https://www.shoenation.me/product-category/new-balance/?filter_size=39%2C41%2C42&per_page=12&stock_status=instock%2Consale" "Mozilla/5.0 (compatible; Bytespider; spider-feedback@bytedance.com) AppleWebKit/537.36 (KHTML, like Gecko) Chrome/70.0.0.0 Safari/537.36"
47.128.62.179 - - [15/May/2026:08:44:11 -0400] "GET /wp-content/themes/woodmart/css/parts/woo-mod-swatches-style-1.min.css?ver=7.4.3 HTTP/1.1" 200 309 "https://www.shoenation.me/product-category/new-balance/?filter_size=39%2C41%2C42&per_page=12&stock_status=instock%2Consale" "Mozilla/5.0 (compatible; Bytespider; spider-feedback@bytedance.com) AppleWebKit/537.36 (KHTML, like Gecko) Chrome/70.0.0.0 Safari/537.36"
44.206.65.8 - - [15/May/2026:08:44:14 -0400] "GET /?feed=rss2&p=16875 HTTP/1.1" 200 0 "-" "Mozilla/5.0 AppleWebKit/537.36 (KHTML, like Gecko; compatible; Amazonbot/0.1; +https://developer.amazon.com/support/amazonbot) Chrome/119.0.6045.214 Safari/537.36"
47.128.62.179 - - [15/May/2026:08:44:13 -0400] "GET /wp-content/uploads/2024/03/ShoeNation-Logo.png HTTP/1.1" 404 178449 "https://www.shoenation.me/product-category/new-balance/?filter_size=39%2C41%2C42&per_page=12&stock_status=instock%2Consale" "Mozilla/5.0 (compatible; Bytespider; spider-feedback@bytedance.com) AppleWebKit/537.36 (KHTML, like Gecko) Chrome/70.0.0.0 Safari/537.36"
47.128.62.179 - - [15/May/2026:08:44:34 -0400] "GET /wp-content/uploads/2024/03/OUNB0064-1-430x430.png HTTP/1.1" 500 2431 "https://www.shoenation.me/product-category/new-balance/?filter_size=39%2C41%2C42&per_page=12&stock_status=instock%2Consale" "Mozilla/5.0 (compatible; Bytespider; spider-feedback@bytedance.com) AppleWebKit/537.36 (KHTML, like Gecko) Chrome/70.0.0.0 Safari/537.36"
47.128.62.179 - - [15/May/2026:08:44:34 -0400] "GET /wp-content/uploads/2024/03/OUNB0064-3-430x430.png HTTP/1.1" 500 2431 "https://www.shoenation.me/product-category/new-balance/?filter_size=39%2C41%2C42&per_page=12&stock_status=instock%2Consale" "Mozilla/5.0 (compatible; Bytespider; spider-feedback@bytedance.com) AppleWebKit/537.36 (KHTML, like Gecko) Chrome/70.0.0.0 Safari/537.36"
47.128.62.179 - - [15/May/2026:08:44:34 -0400] "GET /wp-content/uploads/2024/03/OUNB0032-2-430x430.png HTTP/1.1" 500 2431 "https://www.shoenation.me/product-category/new-balance/?filter_size=39%2C41%2C42&per_page=12&stock_status=instock%2Consale" "Mozilla/5.0 (compatible; Bytespider; spider-feedback@bytedance.com) AppleWebKit/537.36 (KHTML, like Gecko) Chrome/70.0.0.0 Safari/537.36"
47.128.62.179 - - [15/May/2026:08:44:34 -0400] "GET /wp-content/uploads/2024/03/wd-envelope-dark.svg HTTP/1.1" 500 2431 "https://www.shoenation.me/product-category/new-balance/?filter_size=39%2C41%2C42&per_page=12&stock_status=instock%2Consale" "Mozilla/5.0 (compatible; Bytespider; spider-feedback@bytedance.com) AppleWebKit/537.36 (KHTML, like Gecko) Chrome/70.0.0.0 Safari/537.36"
47.128.62.179 - - [15/May/2026:08:44:14 -0400] "GET /wp-content/uploads/2024/03/OUNB0045-2-430x430.png HTTP/1.1" 404 178458 "https://www.shoenation.me/product-category/new-balance/?filter_size=39%2C41%2C42&per_page=12&stock_status=instock%2Consale" "Mozilla/5.0 (compatible; Bytespider; spider-feedback@bytedance.com) AppleWebKit/537.36 (KHTML, like Gecko) Chrome/70.0.0.0 Safari/537.36"
47.128.62.179 - - [15/May/2026:08:44:13 -0400] "GET /wp-content/uploads/2025/02/IMG_0260-150x150.jpeg HTTP/1.1" 200 0 "https://www.shoenation.me/product-category/new-balance/?filter_size=39%2C41%2C42&per_page=12&stock_status=instock%2Consale" "Mozilla/5.0 (compatible; Bytespider; spider-feedback@bytedance.com) AppleWebKit/537.36 (KHTML, like Gecko) Chrome/70.0.0.0 Safari/537.36"
47.128.62.179 - - [15/May/2026:08:44:13 -0400] "GET /wp-content/uploads/2025/02/new-balance-530-miu-miu-v0-0p61tlqcrp2d1-150x150.webp HTTP/1.1" 200 0 "https://www.shoenation.me/product-category/new-balance/?filter_size=39%2C41%2C42&per_page=12&stock_status=instock%2Consale" "Mozilla/5.0 (compatible; Bytespider; spider-feedback@bytedance.com) AppleWebKit/537.36 (KHTML, like Gecko) Chrome/70.0.0.0 Safari/537.36"
47.128.62.179 - - [15/May/2026:08:44:14 -0400] "GET /wp-content/uploads/2025/02/download-150x150.jpg HTTP/1.1" 200 0 "https://www.shoenation.me/product-category/new-balance/?filter_size=39%2C41%2C42&per_page=12&stock_status=instock%2Consale" "Mozilla/5.0 (compatible; Bytespider; spider-feedback@bytedance.com) AppleWebKit/537.36 (KHTML, like Gecko) Chrome/70.0.0.0 Safari/537.36"
47.128.62.179 - - [15/May/2026:08:44:14 -0400] "GET /wp-content/uploads/2024/06/3423897250m8_zm-1-150x150.jpg HTTP/1.1" 200 0 "https://www.shoenation.me/product-category/new-balance/?filter_size=39%2C41%2C42&per_page=12&stock_status=instock%2Consale" "Mozilla/5.0 (compatible; Bytespider; spider-feedback@bytedance.com) AppleWebKit/537.36 (KHTML, like Gecko) Chrome/70.0.0.0 Safari/537.36"
47.128.62.179 - - [15/May/2026:08:44:14 -0400] "GET /wp-content/uploads/2024/06/5ef42a4788df9cdaaf135d9583f2228b-1-150x150.jpg HTTP/1.1" 200 0 "https://www.shoenation.me/product-category/new-balance/?filter_size=39%2C41%2C42&per_page=12&stock_status=instock%2Consale" "Mozilla/5.0 (compatible; Bytespider; spider-feedback@bytedance.com) AppleWebKit/537.36 (KHTML, like Gecko) Chrome/70.0.0.0 Safari/537.36"
47.128.62.179 - - [15/May/2026:08:44:14 -0400] "GET /wp-content/uploads/2024/06/ca089c0521d61637a52311e4c5c83f0f-150x150.jpg HTTP/1.1" 200 0 "https://www.shoenation.me/product-category/new-balance/?filter_size=39%2C41%2C42&per_page=12&stock_status=instock%2Consale" "Mozilla/5.0 (compatible; Bytespider; spider-feedback@bytedance.com) AppleWebKit/537.36 (KHTML, like Gecko) Chrome/70.0.0.0 Safari/537.36"
47.128.62.179 - - [15/May/2026:08:44:14 -0400] "GET /wp-content/uploads/2024/06/63922ed58580f70019f80ea5-1-150x150.webp HTTP/1.1" 200 0 "https://www.shoenation.me/product-category/new-balance/?filter_size=39%2C41%2C42&per_page=12&stock_status=instock%2Consale" "Mozilla/5.0 (compatible; Bytespider; spider-feedback@bytedance.com) AppleWebKit/537.36 (KHTML, like Gecko) Chrome/70.0.0.0 Safari/537.36"
47.128.62.179 - - [15/May/2026:08:44:14 -0400] "GET /wp-content/uploads/2024/06/product-jpeg-500x500-1-150x150.webp HTTP/1.1" 200 0 "https://www.shoenation.me/product-category/new-balance/?filter_size=39%2C41%2C42&per_page=12&stock_status=instock%2Consale" "Mozilla/5.0 (compatible; Bytespider; spider-feedback@bytedance.com) AppleWebKit/537.36 (KHTML, like Gecko) Chrome/70.0.0.0 Safari/537.36"
47.128.62.179 - - [15/May/2026:08:44:14 -0400] "GET /wp-content/uploads/2025/02/614b4079e84ea91f6aa9d9919838a0d6.jpg_720x720q80-150x150.jpg HTTP/1.1" 200 0 "https://www.shoenation.me/product-category/new-balance/?filter_size=39%2C41%2C42&per_page=12&stock_status=instock%2Consale" "Mozilla/5.0 (compatible; Bytespider; spider-feedback@bytedance.com) AppleWebKit/537.36 (KHTML, like Gecko) Chrome/70.0.0.0 Safari/537.36"
47.128.62.179 - - [15/May/2026:08:44:14 -0400] "GET /wp-content/uploads/2024/08/1-430x306.jpg HTTP/1.1" 200 0 "https://www.shoenation.me/product-category/new-balance/?filter_size=39%2C41%2C42&per_page=12&stock_status=instock%2Consale" "Mozilla/5.0 (compatible; Bytespider; spider-feedback@bytedance.com) AppleWebKit/537.36 (KHTML, like Gecko) Chrome/70.0.0.0 Safari/537.36"
47.128.62.179 - - [15/May/2026:08:44:14 -0400] "GET /wp-content/uploads/2024/06/17-best-nike-running-shoes-15275-150x150.webp HTTP/1.1" 200 0 "https://www.shoenation.me/product-category/new-balance/?filter_size=39%2C41%2C42&per_page=12&stock_status=instock%2Consale" "Mozilla/5.0 (compatible; Bytespider; spider-feedback@bytedance.com) AppleWebKit/537.36 (KHTML, like Gecko) Chrome/70.0.0.0 Safari/537.36"
47.128.62.179 - - [15/May/2026:08:44:14 -0400] "GET /wp-content/uploads/2025/02/IMG_28142-430x424.webp HTTP/1.1" 200 0 "https://www.shoenation.me/product-category/new-balance/?filter_size=39%2C41%2C42&per_page=12&stock_status=instock%2Consale" "Mozilla/5.0 (compatible; Bytespider; spider-feedback@bytedance.com) AppleWebKit/537.36 (KHTML, like Gecko) Chrome/70.0.0.0 Safari/537.36"
47.128.62.179 - - [15/May/2026:08:44:14 -0400] "GET /wp-content/uploads/2024/08/s-l1200-4-430x287.webp HTTP/1.1" 200 0 "https://www.shoenation.me/product-category/new-balance/?filter_size=39%2C41%2C42&per_page=12&stock_status=instock%2Consale" "Mozilla/5.0 (compatible; Bytespider; spider-feedback@bytedance.com) AppleWebKit/537.36 (KHTML, like Gecko) Chrome/70.0.0.0 Safari/537.36"
47.128.62.179 - - [15/May/2026:08:44:14 -0400] "GET /wp-content/uploads/2024/03/OUNB0045-1-430x430.png HTTP/1.1" 200 0 "https://www.shoenation.me/product-category/new-balance/?filter_size=39%2C41%2C42&per_page=12&stock_status=instock%2Consale" "Mozilla/5.0 (compatible; Bytespider; spider-feedback@bytedance.com) AppleWebKit/537.36 (KHTML, like Gecko) Chrome/70.0.0.0 Safari/537.36"
47.128.62.179 - - [15/May/2026:08:44:14 -0400] "GET /wp-content/uploads/2025/02/IMG_2816-430x426.webp HTTP/1.1" 200 0 "https://www.shoenation.me/product-category/new-balance/?filter_size=39%2C41%2C42&per_page=12&stock_status=instock%2Consale" "Mozilla/5.0 (compatible; Bytespider; spider-feedback@bytedance.com) AppleWebKit/537.36 (KHTML, like Gecko) Chrome/70.0.0.0 Safari/537.36"
47.128.62.179 - - [15/May/2026:08:44:14 -0400] "GET /wp-content/uploads/2024/03/OUNB0069-1-430x430.png HTTP/1.1" 200 0 "https://www.shoenation.me/product-category/new-balance/?filter_size=39%2C41%2C42&per_page=12&stock_status=instock%2Consale" "Mozilla/5.0 (compatible; Bytespider; spider-feedback@bytedance.com) AppleWebKit/537.36 (KHTML, like Gecko) Chrome/70.0.0.0 Safari/537.36"
47.128.62.179 - - [15/May/2026:08:44:14 -0400] "GET /wp-content/uploads/2025/02/m1906rer_nb_05_i-430x430.webp HTTP/1.1" 200 0 "https://www.shoenation.me/product-category/new-balance/?filter_size=39%2C41%2C42&per_page=12&stock_status=instock%2Consale" "Mozilla/5.0 (compatible; Bytespider; spider-feedback@bytedance.com) AppleWebKit/537.36 (KHTML, like Gecko) Chrome/70.0.0.0 Safari/537.36"
47.128.62.179 - - [15/May/2026:08:44:14 -0400] "GET /wp-content/uploads/2024/03/OUNB0069-2-430x430.png HTTP/1.1" 200 0 "https://www.shoenation.me/product-category/new-balance/?filter_size=39%2C41%2C42&per_page=12&stock_status=instock%2Consale" "Mozilla/5.0 (compatible; Bytespider; spider-feedback@bytedance.com) AppleWebKit/537.36 (KHTML, like Gecko) Chrome/70.0.0.0 Safari/537.36"
47.128.62.179 - - [15/May/2026:08:44:14 -0400] "GET /wp-content/uploads/2024/03/OUNB0072-1-430x430.png HTTP/1.1" 200 0 "https://www.shoenation.me/product-category/new-balance/?filter_size=39%2C41%2C42&per_page=12&stock_status=instock%2Consale" "Mozilla/5.0 (compatible; Bytespider; spider-feedback@bytedance.com) AppleWebKit/537.36 (KHTML, like Gecko) Chrome/70.0.0.0 Safari/537.36"
47.128.62.179 - - [15/May/2026:08:44:14 -0400] "GET /wp-content/uploads/2025/02/m1906rer_nb_02_i-430x430.webp HTTP/1.1" 200 0 "https://www.shoenation.me/product-category/new-balance/?filter_size=39%2C41%2C42&per_page=12&stock_status=instock%2Consale" "Mozilla/5.0 (compatible; Bytespider; spider-feedback@bytedance.com) AppleWebKit/537.36 (KHTML, like Gecko) Chrome/70.0.0.0 Safari/537.36"
47.128.62.179 - - [15/May/2026:08:44:14 -0400] "GET /wp-content/uploads/2024/03/OUNB0055-1-430x430.png HTTP/1.1" 200 0 "https://www.shoenation.me/product-category/new-balance/?filter_size=39%2C41%2C42&per_page=12&stock_status=instock%2Consale" "Mozilla/5.0 (compatible; Bytespider; spider-feedback@bytedance.com) AppleWebKit/537.36 (KHTML, like Gecko) Chrome/70.0.0.0 Safari/537.36"
47.128.62.179 - - [15/May/2026:08:44:14 -0400] "GET /wp-content/uploads/2024/03/OUNB0072-2-430x430.png HTTP/1.1" 200 0 "https://www.shoenation.me/product-category/new-balance/?filter_size=39%2C41%2C42&per_page=12&stock_status=instock%2Consale" "Mozilla/5.0 (compatible; Bytespider; spider-feedback@bytedance.com) AppleWebKit/537.36 (KHTML, like Gecko) Chrome/70.0.0.0 Safari/537.36"
47.128.62.179 - - [15/May/2026:08:44:14 -0400] "GET /wp-content/uploads/2024/04/OUNB0060-1-430x430.png HTTP/1.1" 200 0 "https://www.shoenation.me/product-category/new-balance/?filter_size=39%2C41%2C42&per_page=12&stock_status=instock%2Consale" "Mozilla/5.0 (compatible; Bytespider; spider-feedback@bytedance.com) AppleWebKit/537.36 (KHTML, like Gecko) Chrome/70.0.0.0 Safari/537.36"
47.128.62.179 - - [15/May/2026:08:44:14 -0400] "GET /wp-content/uploads/2024/03/OUNB0055-3-430x430.png HTTP/1.1" 200 0 "https://www.shoenation.me/product-category/new-balance/?filter_size=39%2C41%2C42&per_page=12&stock_status=instock%2Consale" "Mozilla/5.0 (compatible; Bytespider; spider-feedback@bytedance.com) AppleWebKit/537.36 (KHTML, like Gecko) Chrome/70.0.0.0 Safari/537.36"
47.128.62.179 - - [15/May/2026:08:44:14 -0400] "GET /wp-content/uploads/2024/04/OUNB0060-3-430x430.png HTTP/1.1" 200 0 "https://www.shoenation.me/product-category/new-balance/?filter_size=39%2C41%2C42&per_page=12&stock_status=instock%2Consale" "Mozilla/5.0 (compatible; Bytespider; spider-feedback@bytedance.com) AppleWebKit/537.36 (KHTML, like Gecko) Chrome/70.0.0.0 Safari/537.36"
47.128.62.179 - - [15/May/2026:08:44:33 -0400] "GET /wp-content/uploads/2024/03/OUNB0032-1-430x430.png HTTP/1.1" 200 0 "https://www.shoenation.me/product-category/new-balance/?filter_size=39%2C41%2C42&per_page=12&stock_status=instock%2Consale" "Mozilla/5.0 (compatible; Bytespider; spider-feedback@bytedance.com) AppleWebKit/537.36 (KHTML, like Gecko) Chrome/70.0.0.0 Safari/537.36"
47.128.62.179 - - [15/May/2026:08:44:34 -0400] "GET /wp-content/uploads/2024/03/OUNB0073-1-430x430.png HTTP/1.1" 200 0 "https://www.shoenation.me/product-category/new-balance/?filter_size=39%2C41%2C42&per_page=12&stock_status=instock%2Consale" "Mozilla/5.0 (compatible; Bytespider; spider-feedback@bytedance.com) AppleWebKit/537.36 (KHTML, like Gecko) Chrome/70.0.0.0 Safari/537.36"
47.128.62.179 - - [15/May/2026:08:44:34 -0400] "GET /wp-content/uploads/2024/03/OUNB0073-3-430x430.png HTTP/1.1" 200 0 "https://www.shoenation.me/product-category/new-balance/?filter_size=39%2C41%2C42&per_page=12&stock_status=instock%2Consale" "Mozilla/5.0 (compatible; Bytespider; spider-feedback@bytedance.com) AppleWebKit/537.36 (KHTML, like Gecko) Chrome/70.0.0.0 Safari/537.36"
47.128.62.179 - - [15/May/2026:08:44:34 -0400] "GET /wp-content/uploads/2024/03/OUNB0042-1-430x430.png HTTP/1.1" 200 0 "https://www.shoenation.me/product-category/new-balance/?filter_size=39%2C41%2C42&per_page=12&stock_status=instock%2Consale" "Mozilla/5.0 (compatible; Bytespider; spider-feedback@bytedance.com) AppleWebKit/537.36 (KHTML, like Gecko) Chrome/70.0.0.0 Safari/537.36"
47.128.62.179 - - [15/May/2026:08:44:34 -0400] "GET /wp-content/uploads/2024/03/OUNB0042-3-430x430.png HTTP/1.1" 200 0 "https://www.shoenation.me/product-category/new-balance/?filter_size=39%2C41%2C42&per_page=12&stock_status=instock%2Consale" "Mozilla/5.0 (compatible; Bytespider; spider-feedback@bytedance.com) AppleWebKit/537.36 (KHTML, like Gecko) Chrome/70.0.0.0 Safari/537.36"
66.249.73.71 - - [15/May/2026:08:45:45 -0400] "GET /?detail/22235510 HTTP/1.1" 200 24361 "-" "Mozilla/5.0 (Linux; Android 6.0.1; Nexus 5X Build/MMB29P) AppleWebKit/537.36 (KHTML, like Gecko) Chrome/148.0.7778.96 Mobile Safari/537.36 (compatible; Googlebot/2.1; +http://www.google.com/bot.html)"
66.249.73.72 - - [15/May/2026:08:46:13 -0400] "GET /?product_cat=samba&per_row=2&per_page=9&shop_view=grid&filter_size=39,40,43&stock_status=onsale HTTP/1.1" 200 25562 "-" "Mozilla/5.0 (Linux; Android 6.0.1; Nexus 5X Build/MMB29P) AppleWebKit/537.36 (KHTML, like Gecko) Chrome/148.0.7778.96 Mobile Safari/537.36 (compatible; Googlebot/2.1; +http://www.google.com/bot.html)"
67.223.118.104 - - [15/May/2026:08:46:31 -0400] "POST /wp-cron.php?doing_wp_cron=1778849191.4522180557250976562500 HTTP/1.1" 200 0 "-" "WordPress/6.9.4; https://www.shoenation.me"
91.84.124.42 - - [15/May/2026:08:46:28 -0400] "GET /?page_id=4439 HTTP/1.0" 301 0 "https://www.shoenation.me/?page_id=4439" "Mozilla/5.0 (Windows NT 10.0; Win64; x64) AppleWebKit/537.36 (KHTML, like Gecko) Chrome/130.0.0.0 Safari/537.36"
91.84.124.42 - - [15/May/2026:08:46:32 -0400] "GET /contact-us/ HTTP/1.0" 200 194308 "https://www.shoenation.me/contact-us/" "Mozilla/5.0 (Windows NT 10.0; Win64; x64) AppleWebKit/537.36 (KHTML, like Gecko) Chrome/130.0.0.0 Safari/537.36"
67.223.118.104 - - [15/May/2026:08:47:10 -0400] "POST /wp-cron.php?doing_wp_cron=1778849230.9347660541534423828125 HTTP/1.1" 200 0 "-" "WordPress/6.9.4; https://www.shoenation.me"
47.128.96.208 - - [15/May/2026:08:47:00 -0400] "GET /?product=new-balance-327-gray-burgundy-sneakers HTTP/1.1" 200 52374 "-" "Mozilla/5.0 (Linux; Android 5.0) AppleWebKit/537.36 (KHTML, like Gecko) Mobile Safari/537.36 (compatible; TikTokSpider; ttspider-feedback@tiktok.com)"
47.128.96.208 - - [15/May/2026:08:47:11 -0400] "GET /wp-content/uploads/elementor/css/post-11.css?ver=1778831080 HTTP/1.1" 200 373 "https://www.shoenation.me/?product=new-balance-327-gray-burgundy-sneakers" "Mozilla/5.0 (Linux; Android 5.0) AppleWebKit/537.36 (KHTML, like Gecko) Mobile Safari/537.36 (compatible; TikTokSpider; ttspider-feedback@tiktok.com)"
47.128.96.208 - - [15/May/2026:08:47:11 -0400] "GET /wp-content/uploads/elementor/css/custom-frontend.min.css?ver=1778831080 HTTP/1.1" 200 6592 "https://www.shoenation.me/?product=new-balance-327-gray-burgundy-sneakers" "Mozilla/5.0 (Linux; Android 5.0) AppleWebKit/537.36 (KHTML, like Gecko) Mobile Safari/537.36 (compatible; TikTokSpider; ttspider-feedback@tiktok.com)"
47.128.96.208 - - [15/May/2026:08:47:11 -0400] "GET /wp-content/uploads/elementor/css/custom-pro-frontend.min.css?ver=1778831080 HTTP/1.1" 200 35735 "https://www.shoenation.me/?product=new-balance-327-gray-burgundy-sneakers" "Mozilla/5.0 (Linux; Android 5.0) AppleWebKit/537.36 (KHTML, like Gecko) Mobile Safari/537.36 (compatible; TikTokSpider; ttspider-feedback@tiktok.com)"
47.128.96.208 - - [15/May/2026:08:47:12 -0400] "GET /wp-content/uploads/elementor/css/post-16616.css?ver=1778831074 HTTP/1.1" 200 784 "https://www.shoenation.me/?product=new-balance-327-gray-burgundy-sneakers" "Mozilla/5.0 (Linux; Android 5.0) AppleWebKit/537.36 (KHTML, like Gecko) Mobile Safari/537.36 (compatible; TikTokSpider; ttspider-feedback@tiktok.com)"
47.128.96.208 - - [15/May/2026:08:47:12 -0400] "GET /wp-content/uploads/2024/03/OSHSN0613-1-150x150.png HTTP/1.1" 404 178461 "https://www.shoenation.me/?product=new-balance-327-gray-burgundy-sneakers" "Mozilla/5.0 (Linux; Android 5.0) AppleWebKit/537.36 (KHTML, like Gecko) Mobile Safari/537.36 (compatible; TikTokSpider; ttspider-feedback@tiktok.com)"
47.128.96.208 - - [15/May/2026:08:47:11 -0400] "GET /wp-content/uploads/2025/02/new-balance-530-miu-miu-v0-0p61tlqcrp2d1-150x150.webp HTTP/1.1" 404 178551 "https://www.shoenation.me/?product=new-balance-327-gray-burgundy-sneakers" "Mozilla/5.0 (Linux; Android 5.0) AppleWebKit/537.36 (KHTML, like Gecko) Mobile Safari/537.36 (compatible; TikTokSpider; ttspider-feedback@tiktok.com)"
47.128.96.208 - - [15/May/2026:08:47:12 -0400] "GET /wp-content/uploads/2024/03/wd-envelope-dark.svg HTTP/1.1" 404 178452 "https://www.shoenation.me/?product=new-balance-327-gray-burgundy-sneakers" "Mozilla/5.0 (Linux; Android 5.0) AppleWebKit/537.36 (KHTML, like Gecko) Mobile Safari/537.36 (compatible; TikTokSpider; ttspider-feedback@tiktok.com)"
47.128.96.208 - - [15/May/2026:08:47:12 -0400] "GET /wp-content/uploads/2024/03/OSHSN0613-1-430x430.png HTTP/1.1" 404 178461 "https://www.shoenation.me/?product=new-balance-327-gray-burgundy-sneakers" "Mozilla/5.0 (Linux; Android 5.0) AppleWebKit/537.36 (KHTML, like Gecko) Mobile Safari/537.36 (compatible; TikTokSpider; ttspider-feedback@tiktok.com)"
47.128.96.208 - - [15/May/2026:08:47:11 -0400] "GET /wp-content/uploads/2024/03/ShoeNation-Logo.png HTTP/1.1" 404 178449 "https://www.shoenation.me/?product=new-balance-327-gray-burgundy-sneakers" "Mozilla/5.0 (Linux; Android 5.0) AppleWebKit/537.36 (KHTML, like Gecko) Mobile Safari/537.36 (compatible; TikTokSpider; ttspider-feedback@tiktok.com)"
47.128.96.208 - - [15/May/2026:08:47:11 -0400] "GET /wp-content/uploads/2025/02/IMG_0260-150x150.jpeg HTTP/1.1" 404 178455 "https://www.shoenation.me/?product=new-balance-327-gray-burgundy-sneakers" "Mozilla/5.0 (Linux; Android 5.0) AppleWebKit/537.36 (KHTML, like Gecko) Mobile Safari/537.36 (compatible; TikTokSpider; ttspider-feedback@tiktok.com)"
47.128.96.208 - - [15/May/2026:08:47:12 -0400] "GET /wp-content/uploads/2025/02/download-150x150.jpg HTTP/1.1" 404 178452 "https://www.shoenation.me/?product=new-balance-327-gray-burgundy-sneakers" "Mozilla/5.0 (Linux; Android 5.0) AppleWebKit/537.36 (KHTML, like Gecko) Mobile Safari/537.36 (compatible; TikTokSpider; ttspider-feedback@tiktok.com)"
47.128.96.208 - - [15/May/2026:08:47:12 -0400] "GET /wp-content/uploads/2024/03/OSHSN0613-3-150x150.png HTTP/1.1" 404 178461 "https://www.shoenation.me/?product=new-balance-327-gray-burgundy-sneakers" "Mozilla/5.0 (Linux; Android 5.0) AppleWebKit/537.36 (KHTML, like Gecko) Mobile Safari/537.36 (compatible; TikTokSpider; ttspider-feedback@tiktok.com)"
47.128.96.208 - - [15/May/2026:08:47:12 -0400] "GET /wp-content/uploads/2024/03/OUNB0032-1-430x430.png HTTP/1.1" 404 178458 "https://www.shoenation.me/?product=new-balance-327-gray-burgundy-sneakers" "Mozilla/5.0 (Linux; Android 5.0) AppleWebKit/537.36 (KHTML, like Gecko) Mobile Safari/537.36 (compatible; TikTokSpider; ttspider-feedback@tiktok.com)"
47.128.96.208 - - [15/May/2026:08:47:12 -0400] "GET /wp-content/uploads/2024/03/OUNB0055-1-430x430.png HTTP/1.1" 404 178458 "https://www.shoenation.me/?product=new-balance-327-gray-burgundy-sneakers" "Mozilla/5.0 (Linux; Android 5.0) AppleWebKit/537.36 (KHTML, like Gecko) Mobile Safari/537.36 (compatible; TikTokSpider; ttspider-feedback@tiktok.com)"
47.128.96.208 - - [15/May/2026:08:47:12 -0400] "GET /wp-content/uploads/2024/03/OSHSN0613-2-150x150.png HTTP/1.1" 404 178461 "https://www.shoenation.me/?product=new-balance-327-gray-burgundy-sneakers" "Mozilla/5.0 (Linux; Android 5.0) AppleWebKit/537.36 (KHTML, like Gecko) Mobile Safari/537.36 (compatible; TikTokSpider; ttspider-feedback@tiktok.com)"
47.128.96.208 - - [15/May/2026:08:47:35 -0400] "GET /wp-content/uploads/2024/03/OUNB0055-1-150x150.png HTTP/1.1" 200 0 "https://www.shoenation.me/?product=new-balance-327-gray-burgundy-sneakers" "Mozilla/5.0 (Linux; Android 5.0) AppleWebKit/537.36 (KHTML, like Gecko) Mobile Safari/537.36 (compatible; TikTokSpider; ttspider-feedback@tiktok.com)"
47.128.96.208 - - [15/May/2026:08:47:36 -0400] "GET /wp-content/uploads/2024/03/OUNB0055-1-430x430.png HTTP/1.1" 200 0 "https://www.shoenation.me/?product=new-balance-327-gray-burgundy-sneakers" "Mozilla/5.0 (Linux; Android 5.0) AppleWebKit/537.36 (KHTML, like Gecko) Mobile Safari/537.36 (compatible; TikTokSpider; ttspider-feedback@tiktok.com)"
47.128.96.208 - - [15/May/2026:08:47:36 -0400] "GET /wp-content/uploads/2024/03/OSHSN0613-1-430x430.png HTTP/1.1" 200 0 "https://www.shoenation.me/?product=new-balance-327-gray-burgundy-sneakers" "Mozilla/5.0 (Linux; Android 5.0) AppleWebKit/537.36 (KHTML, like Gecko) Mobile Safari/537.36 (compatible; TikTokSpider; ttspider-feedback@tiktok.com)"
47.128.96.208 - - [15/May/2026:08:47:36 -0400] "GET /wp-content/uploads/2024/03/ShoeNation-Logo.png HTTP/1.1" 200 0 "https://www.shoenation.me/?product=new-balance-327-gray-burgundy-sneakers" "Mozilla/5.0 (Linux; Android 5.0) AppleWebKit/537.36 (KHTML, like Gecko) Mobile Safari/537.36 (compatible; TikTokSpider; ttspider-feedback@tiktok.com)"
47.128.96.208 - - [15/May/2026:08:47:36 -0400] "GET /wp-content/uploads/2024/03/OUNB0032-1-430x430.png HTTP/1.1" 200 0 "https://www.shoenation.me/?product=new-balance-327-gray-burgundy-sneakers" "Mozilla/5.0 (Linux; Android 5.0) AppleWebKit/537.36 (KHTML, like Gecko) Mobile Safari/537.36 (compatible; TikTokSpider; ttspider-feedback@tiktok.com)"
185.191.171.12 - - [15/May/2026:08:47:36 -0400] "GET /?product=nike-sb-dunk-cacao-wow-sneakers HTTP/1.1" 200 67027 "-" "Mozilla/5.0 (compatible; SemrushBot/7~bl; +http://www.semrush.com/bot.html)"
185.191.171.7 - - [15/May/2026:08:47:51 -0400] "GET /product/nike-sb-dunk-cacao-wow-sneakers/ HTTP/1.1" 200 67821 "-" "Mozilla/5.0 (compatible; SemrushBot/7~bl; +http://www.semrush.com/bot.html)"
47.128.62.197 - - [15/May/2026:08:48:00 -0400] "GET /?filter_size=39%2C41%2C42%2C43%2C45&per_row=3&product_cat=550&shop_view=grid HTTP/1.1" 301 0 "-" "Mozilla/5.0 (compatible; Bytespider; spider-feedback@bytedance.com) AppleWebKit/537.36 (KHTML, like Gecko) Chrome/70.0.0.0 Safari/537.36"
170.79.40.17 - - [15/May/2026:08:48:03 -0400] "GET /?filter_size=37%2C39&per_row=3&product_cat=nb530&shop_view=grid&stock_status=instock HTTP/1.1" 301 0 "-" "Mozilla/5.0 (Windows NT 6.1) AppleWebKit/537.36 (KHTML, like Gecko) Chrome/74.0.3729.131 Safari/537.36"
47.128.62.197 - - [15/May/2026:08:48:02 -0400] "GET /product-category/new-balance/550/?filter_size=39%2C41%2C42%2C43%2C45&per_row=3&shop_view=grid HTTP/1.1" 200 50546 "-" "Mozilla/5.0 (compatible; Bytespider; spider-feedback@bytedance.com) AppleWebKit/537.36 (KHTML, like Gecko) Chrome/70.0.0.0 Safari/537.36"
67.223.118.104 - - [15/May/2026:08:48:20 -0400] "POST /wp-cron.php?doing_wp_cron=1778849299.5353209972381591796875 HTTP/1.1" 200 0 "-" "WordPress/6.9.4; https://www.shoenation.me"
170.79.40.17 - - [15/May/2026:08:48:08 -0400] "GET /product-category/new-balance/nb530/?filter_size=37%2C39&per_row=3&shop_view=grid&stock_status=instock HTTP/1.1" 200 57935 "-" "Mozilla/5.0 (Windows NT 6.1) AppleWebKit/537.36 (KHTML, like Gecko) Chrome/74.0.3729.131 Safari/537.36"
66.249.73.73 - - [15/May/2026:08:48:31 -0400] "GET /?detail/860757756 HTTP/1.1" 200 24156 "-" "Mozilla/5.0 (Linux; Android 6.0.1; Nexus 5X Build/MMB29P) AppleWebKit/537.36 (KHTML, like Gecko) Chrome/148.0.7778.96 Mobile Safari/537.36 (compatible; Googlebot/2.1; +http://www.google.com/bot.html)"
47.128.62.197 - - [15/May/2026:08:48:35 -0400] "GET /wp-content/uploads/2024/08/s-l1200-430x287.webp HTTP/1.1" 500 2431 "https://www.shoenation.me/product-category/new-balance/550/?filter_size=39%2C41%2C42%2C43%2C45&per_row=3&shop_view=grid" "Mozilla/5.0 (compatible; Bytespider; spider-feedback@bytedance.com) AppleWebKit/537.36 (KHTML, like Gecko) Chrome/70.0.0.0 Safari/537.36"
47.128.62.197 - - [15/May/2026:08:48:35 -0400] "GET /wp-content/uploads/2024/05/OSHSN0291-2-430x430.png HTTP/1.1" 500 2431 "https://www.shoenation.me/product-category/new-balance/550/?filter_size=39%2C41%2C42%2C43%2C45&per_row=3&shop_view=grid" "Mozilla/5.0 (compatible; Bytespider; spider-feedback@bytedance.com) AppleWebKit/537.36 (KHTML, like Gecko) Chrome/70.0.0.0 Safari/537.36"
186.84.89.252 - - [15/May/2026:08:48:29 -0400] "GET /?filter_size=37%2C39&per_row=3&product_cat=nb530&shop_view=grid&stock_status=instock HTTP/1.1" 200 0 "-" "Mozilla/5.0 (Windows NT 6.1) AppleWebKit/537.36 (KHTML, like Gecko) Chrome/41.0.2228.0 Safari/537.36"
47.128.62.197 - - [15/May/2026:08:48:35 -0400] "GET /wp-content/uploads/2024/05/bb550pb1_nb_03_i-430x430.webp HTTP/1.1" 500 2431 "https://www.shoenation.me/product-category/new-balance/550/?filter_size=39%2C41%2C42%2C43%2C45&per_row=3&shop_view=grid" "Mozilla/5.0 (compatible; Bytespider; spider-feedback@bytedance.com) AppleWebKit/537.36 (KHTML, like Gecko) Chrome/70.0.0.0 Safari/537.36"
47.128.62.197 - - [15/May/2026:08:48:35 -0400] "GET /wp-content/uploads/2024/05/OSHSN0293-2-430x430.png HTTP/1.1" 500 2431 "https://www.shoenation.me/product-category/new-balance/550/?filter_size=39%2C41%2C42%2C43%2C45&per_row=3&shop_view=grid" "Mozilla/5.0 (compatible; Bytespider; spider-feedback@bytedance.com) AppleWebKit/537.36 (KHTML, like Gecko) Chrome/70.0.0.0 Safari/537.36"
47.128.62.197 - - [15/May/2026:08:48:35 -0400] "GET /wp-content/uploads/2024/05/OSHSN0293-3-430x430.png HTTP/1.1" 500 2431 "https://www.shoenation.me/product-category/new-balance/550/?filter_size=39%2C41%2C42%2C43%2C45&per_row=3&shop_view=grid" "Mozilla/5.0 (compatible; Bytespider; spider-feedback@bytedance.com) AppleWebKit/537.36 (KHTML, like Gecko) Chrome/70.0.0.0 Safari/537.36"
47.128.62.197 - - [15/May/2026:08:48:15 -0400] "GET /wp-content/uploads/2024/05/09-12-2021_JT_BB550RP1_3_1-430x430.webp HTTP/1.1" 404 178509 "https://www.shoenation.me/product-category/new-balance/550/?filter_size=39%2C41%2C42%2C43%2C45&per_row=3&shop_view=grid" "Mozilla/5.0 (compatible; Bytespider; spider-feedback@bytedance.com) AppleWebKit/537.36 (KHTML, like Gecko) Chrome/70.0.0.0 Safari/537.36"
47.128.62.197 - - [15/May/2026:08:48:14 -0400] "GET /wp-content/uploads/2024/03/ShoeNation-Logo.png HTTP/1.1" 200 0 "https://www.shoenation.me/product-category/new-balance/550/?filter_size=39%2C41%2C42%2C43%2C45&per_row=3&shop_view=grid" "Mozilla/5.0 (compatible; Bytespider; spider-feedback@bytedance.com) AppleWebKit/537.36 (KHTML, like Gecko) Chrome/70.0.0.0 Safari/537.36"
47.128.62.197 - - [15/May/2026:08:48:15 -0400] "GET /wp-content/uploads/2025/02/new-balance-530-miu-miu-v0-0p61tlqcrp2d1-150x150.webp HTTP/1.1" 404 178551 "https://www.shoenation.me/product-category/new-balance/550/?filter_size=39%2C41%2C42%2C43%2C45&per_row=3&shop_view=grid" "Mozilla/5.0 (compatible; Bytespider; spider-feedback@bytedance.com) AppleWebKit/537.36 (KHTML, like Gecko) Chrome/70.0.0.0 Safari/537.36"
47.128.62.197 - - [15/May/2026:08:48:14 -0400] "GET /wp-content/uploads/2025/02/IMG_0260-150x150.jpeg HTTP/1.1" 200 0 "https://www.shoenation.me/product-category/new-balance/550/?filter_size=39%2C41%2C42%2C43%2C45&per_row=3&shop_view=grid" "Mozilla/5.0 (compatible; Bytespider; spider-feedback@bytedance.com) AppleWebKit/537.36 (KHTML, like Gecko) Chrome/70.0.0.0 Safari/537.36"
47.128.62.197 - - [15/May/2026:08:48:15 -0400] "GET /wp-content/uploads/2024/06/product-jpeg-500x500-1.webp HTTP/1.1" 200 0 "https://www.shoenation.me/product-category/new-balance/550/?filter_size=39%2C41%2C42%2C43%2C45&per_row=3&shop_view=grid" "Mozilla/5.0 (compatible; Bytespider; spider-feedback@bytedance.com) AppleWebKit/537.36 (KHTML, like Gecko) Chrome/70.0.0.0 Safari/537.36"
