47.128.62.176 - - [15/May/2026:13:52:08 -0400] "GET /wp-content/uploads/2024/06/ca089c0521d61637a52311e4c5c83f0f-150x150.jpg HTTP/1.1" 404 178524 "https://www.shoenation.me/product-category/nike/jordan-3/?filter_size=36%2C37%2C41&per_row=4&shop_view=grid" "Mozilla/5.0 (compatible; Bytespider; spider-feedback@bytedance.com) AppleWebKit/537.36 (KHTML, like Gecko) Chrome/70.0.0.0 Safari/537.36"
47.128.62.176 - - [15/May/2026:13:52:08 -0400] "GET /wp-content/uploads/2024/03/wd-envelope-dark.svg HTTP/1.1" 404 178452 "https://www.shoenation.me/product-category/nike/jordan-3/?filter_size=36%2C37%2C41&per_row=4&shop_view=grid" "Mozilla/5.0 (compatible; Bytespider; spider-feedback@bytedance.com) AppleWebKit/537.36 (KHTML, like Gecko) Chrome/70.0.0.0 Safari/537.36"
47.128.62.176 - - [15/May/2026:13:52:07 -0400] "GET /wp-content/uploads/2024/03/ShoeNation-Logo.png HTTP/1.1" 404 178449 "https://www.shoenation.me/product-category/nike/jordan-3/?filter_size=36%2C37%2C41&per_row=4&shop_view=grid" "Mozilla/5.0 (compatible; Bytespider; spider-feedback@bytedance.com) AppleWebKit/537.36 (KHTML, like Gecko) Chrome/70.0.0.0 Safari/537.36"
47.128.62.176 - - [15/May/2026:13:52:08 -0400] "GET /wp-content/uploads/2025/02/download-150x150.jpg HTTP/1.1" 404 178452 "https://www.shoenation.me/product-category/nike/jordan-3/?filter_size=36%2C37%2C41&per_row=4&shop_view=grid" "Mozilla/5.0 (compatible; Bytespider; spider-feedback@bytedance.com) AppleWebKit/537.36 (KHTML, like Gecko) Chrome/70.0.0.0 Safari/537.36"
47.79.15.116 - - [15/May/2026:13:52:35 -0400] "GET /?filter_size=36%2C37%2C38%2C39%2C41%2C46&per_page=9&product_cat=adidas HTTP/1.1" 301 0 "-" "Mozilla/5.0 (Windows NT 10.0; Win64; x64) AppleWebKit/537.36 (KHTML, like Gecko) Chrome/147.0.0.0 Safari/537.36"
47.79.15.116 - - [15/May/2026:13:52:40 -0400] "GET /product-category/adidas/?filter_size=36%2C37%2C38%2C39%2C41%2C46&per_page=9 HTTP/1.1" 200 0 "https://www.shoenation.me/?filter_size=36%2C37%2C38%2C39%2C41%2C46&per_page=9&product_cat=adidas" "Mozilla/5.0 (Windows NT 10.0; Win64; x64) AppleWebKit/537.36 (KHTML, like Gecko) Chrome/147.0.0.0 Safari/537.36"
67.223.118.104 - - [15/May/2026:13:53:35 -0400] "POST /wp-cron.php?doing_wp_cron=1778867615.1513609886169433593750 HTTP/1.1" 200 0 "-" "WordPress/6.9.4; https://www.shoenation.me"
47.79.51.219 - - [15/May/2026:13:53:30 -0400] "GET /?filter_size=36%2C38%2C39%2C41%2C42%2C43%2C45&per_page=24&product_cat=asics HTTP/1.1" 301 0 "-" "Mozilla/5.0 (Windows NT 10.0; Win64; x64) AppleWebKit/537.36 (KHTML, like Gecko) Chrome/138.0.0.0 Safari/537.36"
47.82.15.32 - - [15/May/2026:13:53:31 -0400] "GET /?filter_size=36%2C37%2C39%2C41%2C42%2C43%2C44%2C45&product_cat=yezzy&stock_status=instock HTTP/1.1" 301 0 "-" "Mozilla/5.0 (Windows NT 10.0; Win64; x64) AppleWebKit/537.36 (KHTML, like Gecko) Chrome/139.0.0.0 Safari/537.36"
47.79.51.219 - - [15/May/2026:13:53:35 -0400] "GET /product-category/asics/?filter_size=36%2C38%2C39%2C41%2C42%2C43%2C45&per_page=24 HTTP/1.1" 200 0 "https://www.shoenation.me/?filter_size=36%2C38%2C39%2C41%2C42%2C43%2C45&per_page=24&product_cat=asics" "Mozilla/5.0 (Windows NT 10.0; Win64; x64) AppleWebKit/537.36 (KHTML, like Gecko) Chrome/138.0.0.0 Safari/537.36"
47.82.15.32 - - [15/May/2026:13:53:35 -0400] "GET /product-category/adidas/yezzy/?filter_size=36%2C37%2C39%2C41%2C42%2C43%2C44%2C45&stock_status=instock HTTP/1.1" 200 0 "https://www.shoenation.me/?filter_size=36%2C37%2C39%2C41%2C42%2C43%2C44%2C45&product_cat=yezzy&stock_status=instock" "Mozilla/5.0 (Windows NT 10.0; Win64; x64) AppleWebKit/537.36 (KHTML, like Gecko) Chrome/139.0.0.0 Safari/537.36"
67.223.118.104 - - [15/May/2026:13:55:08 -0400] "POST /wp-cron.php?doing_wp_cron=1778867708.5361309051513671875000 HTTP/1.1" 200 0 "-" "WordPress/6.9.4; https://www.shoenation.me"
47.82.15.74 - - [15/May/2026:13:55:02 -0400] "GET /?filter_size=36%2C37%2C38%2C39%2C41%2C44%2C46%2C47&per_page=24&product_cat=adidas&stock_status=onsale HTTP/1.1" 301 0 "-" "Mozilla/5.0 (Windows NT 10.0; Win64; x64) AppleWebKit/537.36 (KHTML, like Gecko) Chrome/143.0.0.0 Safari/537.36"
47.82.15.74 - - [15/May/2026:13:55:08 -0400] "GET /product-category/adidas/?filter_size=36%2C37%2C38%2C39%2C41%2C44%2C46%2C47&per_page=24&stock_status=onsale HTTP/1.1" 200 0 "https://www.shoenation.me/?filter_size=36%2C37%2C38%2C39%2C41%2C44%2C46%2C47&per_page=24&product_cat=adidas&stock_status=onsale" "Mozilla/5.0 (Windows NT 10.0; Win64; x64) AppleWebKit/537.36 (KHTML, like Gecko) Chrome/143.0.0.0 Safari/537.36"
67.223.118.104 - - [15/May/2026:13:55:22 -0400] "POST /wp-cron.php?doing_wp_cron=1778867722.6507270336151123046875 HTTP/1.1" 200 0 "-" "WordPress/6.9.4; https://www.shoenation.me"
47.79.11.7 - - [15/May/2026:13:55:20 -0400] "GET /?filter_size=36%2C38%2C39%2C42%2C43&per_page=24&per_row=2&product_cat=asics&shop_view=grid HTTP/1.1" 301 0 "-" "Mozilla/5.0 (Macintosh; Intel Mac OS X 10_15_7) AppleWebKit/537.36 (KHTML, like Gecko) Chrome/141.0.0.0 Safari/537.36"
47.82.14.176 - - [15/May/2026:13:55:20 -0400] "GET /?filter_size=38%2C43%2C44%2C46%2C47&product_cat=adidas&stock_status=onsale HTTP/1.1" 301 0 "-" "Mozilla/5.0 (Macintosh; Intel Mac OS X 10_15_7) AppleWebKit/537.36 (KHTML, like Gecko) Chrome/139.0.0.0 Safari/537.36"
47.79.11.7 - - [15/May/2026:13:55:23 -0400] "GET /product-category/asics/?filter_size=36%2C38%2C39%2C42%2C43&per_page=24&per_row=2&shop_view=grid HTTP/1.1" 200 0 "https://www.shoenation.me/?filter_size=36%2C38%2C39%2C42%2C43&per_page=24&per_row=2&product_cat=asics&shop_view=grid" "Mozilla/5.0 (Macintosh; Intel Mac OS X 10_15_7) AppleWebKit/537.36 (KHTML, like Gecko) Chrome/141.0.0.0 Safari/537.36"
47.82.14.176 - - [15/May/2026:13:55:23 -0400] "GET /product-category/adidas/?filter_size=38%2C43%2C44%2C46%2C47&stock_status=onsale HTTP/1.1" 200 0 "https://www.shoenation.me/?filter_size=38%2C43%2C44%2C46%2C47&product_cat=adidas&stock_status=onsale" "Mozilla/5.0 (Macintosh; Intel Mac OS X 10_15_7) AppleWebKit/537.36 (KHTML, like Gecko) Chrome/139.0.0.0 Safari/537.36"
67.223.118.104 - - [15/May/2026:13:55:59 -0400] "POST /wp-cron.php?doing_wp_cron=1778867759.7465980052947998046875 HTTP/1.1" 200 0 "-" "WordPress/6.9.4; https://www.shoenation.me"
47.128.62.199 - - [15/May/2026:13:55:57 -0400] "GET /?filter_size=37%2C38%2C44&per_page=18&product_cat=asics&stock_status=instock HTTP/1.1" 301 0 "-" "Mozilla/5.0 (Linux; Android 5.0) AppleWebKit/537.36 (KHTML, like Gecko) Mobile Safari/537.36 (compatible; Bytespider; spider-feedback@bytedance.com)"
47.128.62.199 - - [15/May/2026:13:56:00 -0400] "GET /product-category/asics/?filter_size=37%2C38%2C44&per_page=18&stock_status=instock HTTP/1.1" 200 50610 "-" "Mozilla/5.0 (Linux; Android 5.0) AppleWebKit/537.36 (KHTML, like Gecko) Mobile Safari/537.36 (compatible; Bytespider; spider-feedback@bytedance.com)"
67.223.118.104 - - [15/May/2026:13:56:17 -0400] "POST /wp-cron.php?doing_wp_cron=1778867777.8373939990997314453125 HTTP/1.1" 200 0 "-" "WordPress/6.9.4; https://www.shoenation.me"
47.128.62.199 - - [15/May/2026:13:56:08 -0400] "GET /wp-content/uploads/2025/02/IMG_0260-150x150.jpeg HTTP/1.1" 404 178455 "https://www.shoenation.me/product-category/asics/?filter_size=37%2C38%2C44&per_page=18&stock_status=instock" "Mozilla/5.0 (Linux; Android 5.0) AppleWebKit/537.36 (KHTML, like Gecko) Mobile Safari/537.36 (compatible; Bytespider; spider-feedback@bytedance.com)"
47.128.62.199 - - [15/May/2026:13:56:08 -0400] "GET /wp-content/uploads/2024/06/ca089c0521d61637a52311e4c5c83f0f.jpg HTTP/1.1" 404 178500 "https://www.shoenation.me/product-category/asics/?filter_size=37%2C38%2C44&per_page=18&stock_status=instock" "Mozilla/5.0 (Linux; Android 5.0) AppleWebKit/537.36 (KHTML, like Gecko) Mobile Safari/537.36 (compatible; Bytespider; spider-feedback@bytedance.com)"
47.128.62.199 - - [15/May/2026:13:56:07 -0400] "GET /wp-content/uploads/2024/03/ShoeNation-Logo.png HTTP/1.1" 404 178449 "https://www.shoenation.me/product-category/asics/?filter_size=37%2C38%2C44&per_page=18&stock_status=instock" "Mozilla/5.0 (Linux; Android 5.0) AppleWebKit/537.36 (KHTML, like Gecko) Mobile Safari/537.36 (compatible; Bytespider; spider-feedback@bytedance.com)"
47.128.62.199 - - [15/May/2026:13:56:08 -0400] "GET /wp-content/uploads/2024/05/9-1100x1100-1-430x430.jpg HTTP/1.1" 404 178467 "https://www.shoenation.me/product-category/asics/?filter_size=37%2C38%2C44&per_page=18&stock_status=instock" "Mozilla/5.0 (Linux; Android 5.0) AppleWebKit/537.36 (KHTML, like Gecko) Mobile Safari/537.36 (compatible; Bytespider; spider-feedback@bytedance.com)"
47.128.62.199 - - [15/May/2026:13:56:08 -0400] "GET /wp-content/uploads/2025/02/new-balance-530-miu-miu-v0-0p61tlqcrp2d1-150x150.webp HTTP/1.1" 404 178551 "https://www.shoenation.me/product-category/asics/?filter_size=37%2C38%2C44&per_page=18&stock_status=instock" "Mozilla/5.0 (Linux; Android 5.0) AppleWebKit/537.36 (KHTML, like Gecko) Mobile Safari/537.36 (compatible; Bytespider; spider-feedback@bytedance.com)"
47.128.62.199 - - [15/May/2026:13:56:08 -0400] "GET /wp-content/uploads/2024/05/sv3yr5cnvhe-600x600-1-430x430.jpg HTTP/1.1" 404 178491 "https://www.shoenation.me/product-category/asics/?filter_size=37%2C38%2C44&per_page=18&stock_status=instock" "Mozilla/5.0 (Linux; Android 5.0) AppleWebKit/537.36 (KHTML, like Gecko) Mobile Safari/537.36 (compatible; Bytespider; spider-feedback@bytedance.com)"
47.128.62.199 - - [15/May/2026:13:56:08 -0400] "GET /wp-content/uploads/2024/10/33b42bf3e2b746fd9600d70b242362ee-scaled-e1730316593174-430x430.webp HTTP/1.1" 404 178593 "https://www.shoenation.me/product-category/asics/?filter_size=37%2C38%2C44&per_page=18&stock_status=instock" "Mozilla/5.0 (Linux; Android 5.0) AppleWebKit/537.36 (KHTML, like Gecko) Mobile Safari/537.36 (compatible; Bytespider; spider-feedback@bytedance.com)"
47.128.62.199 - - [15/May/2026:13:56:08 -0400] "GET /wp-content/uploads/2025/02/download-150x150.jpg HTTP/1.1" 404 178452 "https://www.shoenation.me/product-category/asics/?filter_size=37%2C38%2C44&per_page=18&stock_status=instock" "Mozilla/5.0 (Linux; Android 5.0) AppleWebKit/537.36 (KHTML, like Gecko) Mobile Safari/537.36 (compatible; Bytespider; spider-feedback@bytedance.com)"
47.128.62.199 - - [15/May/2026:13:56:08 -0400] "GET /wp-content/uploads/2024/10/4d27e740aa664662bc3b56577cbd1d82-scaled-e1730316639165-430x430.webp HTTP/1.1" 404 178593 "https://www.shoenation.me/product-category/asics/?filter_size=37%2C38%2C44&per_page=18&stock_status=instock" "Mozilla/5.0 (Linux; Android 5.0) AppleWebKit/537.36 (KHTML, like Gecko) Mobile Safari/537.36 (compatible; Bytespider; spider-feedback@bytedance.com)"
47.128.62.199 - - [15/May/2026:13:56:21 -0400] "GET /wp-content/uploads/2025/05/main-square_78b0451e-e383-4801-9ba1-5a57e8feb085_x480-430x430.webp HTTP/1.1" 200 0 "https://www.shoenation.me/product-category/asics/?filter_size=37%2C38%2C44&per_page=18&stock_status=instock" "Mozilla/5.0 (Linux; Android 5.0) AppleWebKit/537.36 (KHTML, like Gecko) Mobile Safari/537.36 (compatible; Bytespider; spider-feedback@bytedance.com)"
47.128.62.199 - - [15/May/2026:13:56:21 -0400] "GET /wp-content/uploads/2024/10/b26c518c01564c90ab1b1733ab03cb92-430x430.webp HTTP/1.1" 200 0 "https://www.shoenation.me/product-category/asics/?filter_size=37%2C38%2C44&per_page=18&stock_status=instock" "Mozilla/5.0 (Linux; Android 5.0) AppleWebKit/537.36 (KHTML, like Gecko) Mobile Safari/537.36 (compatible; Bytespider; spider-feedback@bytedance.com)"
47.128.62.199 - - [15/May/2026:13:56:21 -0400] "GET /wp-content/uploads/2024/03/wd-envelope-dark.svg HTTP/1.1" 200 0 "https://www.shoenation.me/product-category/asics/?filter_size=37%2C38%2C44&per_page=18&stock_status=instock" "Mozilla/5.0 (Linux; Android 5.0) AppleWebKit/537.36 (KHTML, like Gecko) Mobile Safari/537.36 (compatible; Bytespider; spider-feedback@bytedance.com)"
47.128.62.199 - - [15/May/2026:13:56:21 -0400] "GET /wp-content/uploads/2024/05/main-square_29d422ea-528b-434b-a3a7-e749087c7db0_540x-430x430.webp HTTP/1.1" 200 0 "https://www.shoenation.me/product-category/asics/?filter_size=37%2C38%2C44&per_page=18&stock_status=instock" "Mozilla/5.0 (Linux; Android 5.0) AppleWebKit/537.36 (KHTML, like Gecko) Mobile Safari/537.36 (compatible; Bytespider; spider-feedback@bytedance.com)"
197.0.79.236 - - [15/May/2026:13:56:32 -0400] "GET /?filter_size=37%2C41%2C44&per_row=4&product_cat=crocs&shop_view=grid HTTP/1.1" 301 0 "-" "Mozilla/5.0 (Windows NT 6.1; WOW64) AppleWebKit/537.36 (KHTML, like Gecko) Chrome/27.0.1453.93 Safari/537.36"
47.82.14.176 - - [15/May/2026:13:56:39 -0400] "GET /?filter_size=38%2C39%2C41%2C44%2C45%2C47&product_cat=adidas&stock_status=onsale HTTP/1.1" 301 0 "-" "Mozilla/5.0 (Windows NT 10.0; Win64; x64) AppleWebKit/537.36 (KHTML, like Gecko) Chrome/144.0.0.0 Safari/537.36"
197.0.79.236 - - [15/May/2026:13:56:36 -0400] "GET /product-category/crocs/?filter_size=37%2C41%2C44&per_row=4&shop_view=grid HTTP/1.1" 200 55720 "-" "Mozilla/5.0 (Windows NT 6.1; WOW64) AppleWebKit/537.36 (KHTML, like Gecko) Chrome/27.0.1453.93 Safari/537.36"
47.82.15.166 - - [15/May/2026:13:56:42 -0400] "GET /?filter_size=36%2C37%2C38%2C40%2C43%2C44&per_row=4&product_cat=j4&shop_view=grid&stock_status=instock%2Consale HTTP/1.1" 301 0 "-" "Mozilla/5.0 (Macintosh; Intel Mac OS X 10_15_7) AppleWebKit/537.36 (KHTML, like Gecko) Chrome/139.0.0.0 Safari/537.36"
47.82.14.176 - - [15/May/2026:13:56:44 -0400] "GET /product-category/adidas/?filter_size=38%2C39%2C41%2C44%2C45%2C47&stock_status=onsale HTTP/1.1" 200 0 "https://www.shoenation.me/?filter_size=38%2C39%2C41%2C44%2C45%2C47&product_cat=adidas&stock_status=onsale" "Mozilla/5.0 (Windows NT 10.0; Win64; x64) AppleWebKit/537.36 (KHTML, like Gecko) Chrome/144.0.0.0 Safari/537.36"
47.82.15.166 - - [15/May/2026:13:56:47 -0400] "GET /product-category/nike/j4/?filter_size=36%2C37%2C38%2C40%2C43%2C44&per_row=4&shop_view=grid&stock_status=instock%2Consale HTTP/1.1" 200 0 "https://www.shoenation.me/?filter_size=36%2C37%2C38%2C40%2C43%2C44&per_row=4&product_cat=j4&shop_view=grid&stock_status=instock%2Consale" "Mozilla/5.0 (Macintosh; Intel Mac OS X 10_15_7) AppleWebKit/537.36 (KHTML, like Gecko) Chrome/139.0.0.0 Safari/537.36"
67.223.118.104 - - [15/May/2026:13:56:53 -0400] "POST /wp-cron.php?doing_wp_cron=1778867813.2457039356231689453125 HTTP/1.1" 200 0 "-" "WordPress/6.9.4; https://www.shoenation.me"
67.223.118.104 - - [15/May/2026:13:56:59 -0400] "POST /wp-cron.php?doing_wp_cron=1778867819.3420989513397216796875 HTTP/1.1" 200 0 "-" "WordPress/6.9.4; https://www.shoenation.me"
170.106.180.246 - - [15/May/2026:13:57:19 -0400] "GET /product-category/ugg/ HTTP/1.1" 200 58222 "-" "Mozilla/5.0 (iPhone; CPU iPhone OS 13_2_3 like Mac OS X) AppleWebKit/605.1.15 (KHTML, like Gecko) Version/13.0.3 Mobile/15E148 Safari/604.1"
185.184.199.125 - - [15/May/2026:13:57:28 -0400] "GET /?filter_size=37%2C42&per_row=3&product_cat=zoom&shop_view=grid HTTP/1.1" 301 0 "-" "Mozilla/5.0 (Windows NT 6.1; Win64; x64) AppleWebKit/537.36 (KHTML, like Gecko) Chrome/90.0.4430.41 Safari/537.36"
185.184.199.125 - - [15/May/2026:13:57:32 -0400] "GET /product-category/nike/zoom/?filter_size=37%2C42&per_row=3&shop_view=grid HTTP/1.1" 200 58464 "-" "Mozilla/5.0 (Windows NT 6.1; Win64; x64) AppleWebKit/537.36 (KHTML, like Gecko) Chrome/90.0.4430.41 Safari/537.36"
67.223.118.104 - - [15/May/2026:13:58:19 -0400] "POST /wp-cron.php?doing_wp_cron=1778867899.3411478996276855468750 HTTP/1.1" 200 0 "-" "WordPress/6.9.4; https://www.shoenation.me"
67.223.118.104 - - [15/May/2026:13:58:19 -0400] "POST /wp-cron.php?doing_wp_cron=1778867899.3453409671783447265625 HTTP/1.1" 200 0 "-" "WordPress/6.9.4; https://www.shoenation.me"
47.79.10.125 - - [15/May/2026:13:58:12 -0400] "GET /?filter_size=36%2C39%2C41%2C42%2C43&per_row=4&product_cat=adizero&shop_view=grid&stock_status=instock HTTP/1.1" 301 0 "-" "Mozilla/5.0 (Macintosh; Intel Mac OS X 10_15_7) AppleWebKit/537.36 (KHTML, like Gecko) Chrome/147.0.0.0 Safari/537.36"
47.82.8.78 - - [15/May/2026:13:58:13 -0400] "GET /?filter_size=37%2C39%2C41%2C42%2C44&product_cat=othermodels HTTP/1.1" 301 0 "-" "Mozilla/5.0 (Macintosh; Intel Mac OS X 10_15_7) AppleWebKit/537.36 (KHTML, like Gecko) Chrome/142.0.0.0 Safari/537.36"
47.79.10.125 - - [15/May/2026:13:58:19 -0400] "GET /product-category/adidas/adizero/?filter_size=36%2C39%2C41%2C42%2C43&per_row=4&shop_view=grid&stock_status=instock HTTP/1.1" 200 0 "https://www.shoenation.me/?filter_size=36%2C39%2C41%2C42%2C43&per_row=4&product_cat=adizero&shop_view=grid&stock_status=instock" "Mozilla/5.0 (Macintosh; Intel Mac OS X 10_15_7) AppleWebKit/537.36 (KHTML, like Gecko) Chrome/147.0.0.0 Safari/537.36"
47.82.8.78 - - [15/May/2026:13:58:19 -0400] "GET /product-category/nike/othermodels/?filter_size=37%2C39%2C41%2C42%2C44 HTTP/1.1" 200 0 "https://www.shoenation.me/?filter_size=37%2C39%2C41%2C42%2C44&product_cat=othermodels" "Mozilla/5.0 (Macintosh; Intel Mac OS X 10_15_7) AppleWebKit/537.36 (KHTML, like Gecko) Chrome/142.0.0.0 Safari/537.36"
47.79.10.57 - - [15/May/2026:13:58:27 -0400] "GET /?filter_size=36%2C37%2C38%2C41%2C43%2C46&per_row=3&product_cat=adidas&shop_view=grid&stock_status=instock HTTP/1.1" 301 0 "-" "Mozilla/5.0 (Macintosh; Intel Mac OS X 10_15_7) AppleWebKit/537.36 (KHTML, like Gecko) Chrome/146.0.0.0 Safari/537.36"
47.79.10.57 - - [15/May/2026:13:58:33 -0400] "GET /product-category/adidas/?filter_size=36%2C37%2C38%2C41%2C43%2C46&per_row=3&shop_view=grid&stock_status=instock HTTP/1.1" 200 0 "https://www.shoenation.me/?filter_size=36%2C37%2C38%2C41%2C43%2C46&per_row=3&product_cat=adidas&shop_view=grid&stock_status=instock" "Mozilla/5.0 (Macintosh; Intel Mac OS X 10_15_7) AppleWebKit/537.36 (KHTML, like Gecko) Chrome/146.0.0.0 Safari/537.36"
47.79.10.57 - - [15/May/2026:13:58:35 -0400] "GET /?filter_size=36%2C37%2C40%2C42%2C46&product_cat=yezzy&stock_status=onsale HTTP/1.1" 200 0 "-" "Mozilla/5.0 (Macintosh; Intel Mac OS X 10_15_7) AppleWebKit/537.36 (KHTML, like Gecko) Chrome/140.0.0.0 Safari/537.36"
205.185.120.156 - - [15/May/2026:13:59:41 -0400] "GET /wp-login.php HTTP/1.1" 200 0 "-" "Mozilla/5.0 (Windows NT 6.2; WOW64; rv:31.0) Gecko/20100101 Firefox/31.0"
47.79.11.4 - - [15/May/2026:13:59:36 -0400] "GET /?filter_size=35%2C36%2C38%2C42%2C43%2C44&per_page=9&per_row=4&post_type=product&shop_view=grid HTTP/1.1" 200 0 "-" "Mozilla/5.0 (Windows NT 10.0; Win64; x64) AppleWebKit/537.36 (KHTML, like Gecko) Chrome/145.0.0.0 Safari/537.36"
47.79.11.4 - - [15/May/2026:13:59:37 -0400] "GET /?filter_size=36%2C43%2C44%2C45%2C46%2C47&per_page=24&per_row=2&product_cat=yezzy&shop_view=grid&stock_status=onsale HTTP/1.1" 200 0 "-" "Mozilla/5.0 (Macintosh; Intel Mac OS X 10_15_7) AppleWebKit/537.36 (KHTML, like Gecko) Chrome/140.0.0.0 Safari/537.36"
67.223.118.104 - - [15/May/2026:14:00:01 -0400] "POST /wp-cron.php?doing_wp_cron=1778868000.4347140789031982421875 HTTP/1.1" 200 0 "-" "WordPress/6.9.4; https://www.shoenation.me"
47.82.15.223 - - [15/May/2026:14:00:08 -0400] "GET /?filter_size=38%2C40%2C41%2C42%2C43%2C45&product_cat=gazelle HTTP/1.1" 200 0 "-" "Mozilla/5.0 (Windows NT 10.0; Win64; x64) AppleWebKit/537.36 (KHTML, like Gecko) Chrome/143.0.0.0 Safari/537.36"
47.128.62.185 - - [15/May/2026:13:59:57 -0400] "GET /?filter_size=36%2C38%2C42&product_cat=miu-miu&stock_status=instock HTTP/1.1" 301 0 "-" "Mozilla/5.0 (Linux; Android 5.0) AppleWebKit/537.36 (KHTML, like Gecko) Mobile Safari/537.36 (compatible; Bytespider; spider-feedback@bytedance.com)"
67.223.118.104 - - [15/May/2026:14:00:25 -0400] "POST /wp-cron.php?doing_wp_cron=1778868024.9562880992889404296875 HTTP/1.1" 200 0 "-" "WordPress/6.9.4; https://www.shoenation.me"
47.128.62.185 - - [15/May/2026:14:00:20 -0400] "GET /product-category/new-balance/miu-miu/?filter_size=36%2C38%2C42&stock_status=instock HTTP/1.1" 200 49715 "-" "Mozilla/5.0 (Linux; Android 5.0) AppleWebKit/537.36 (KHTML, like Gecko) Mobile Safari/537.36 (compatible; Bytespider; spider-feedback@bytedance.com)"
47.128.62.185 - - [15/May/2026:14:00:30 -0400] "GET /wp-content/uploads/2024/03/ShoeNation-Logo.png HTTP/1.1" 404 178449 "https://www.shoenation.me/product-category/new-balance/miu-miu/?filter_size=36%2C38%2C42&stock_status=instock" "Mozilla/5.0 (Linux; Android 5.0) AppleWebKit/537.36 (KHTML, like Gecko) Mobile Safari/537.36 (compatible; Bytespider; spider-feedback@bytedance.com)"
47.128.62.185 - - [15/May/2026:14:00:31 -0400] "GET /wp-content/uploads/2025/02/IMG_0260-150x150.jpeg HTTP/1.1" 404 178455 "https://www.shoenation.me/product-category/new-balance/miu-miu/?filter_size=36%2C38%2C42&stock_status=instock" "Mozilla/5.0 (Linux; Android 5.0) AppleWebKit/537.36 (KHTML, like Gecko) Mobile Safari/537.36 (compatible; Bytespider; spider-feedback@bytedance.com)"
47.128.62.185 - - [15/May/2026:14:00:31 -0400] "GET /wp-content/uploads/2025/02/download-150x150.jpg HTTP/1.1" 404 178452 "https://www.shoenation.me/product-category/new-balance/miu-miu/?filter_size=36%2C38%2C42&stock_status=instock" "Mozilla/5.0 (Linux; Android 5.0) AppleWebKit/537.36 (KHTML, like Gecko) Mobile Safari/537.36 (compatible; Bytespider; spider-feedback@bytedance.com)"
47.128.62.185 - - [15/May/2026:14:00:31 -0400] "GET /wp-content/uploads/2024/07/cq5dam.web_.hE7E3DA.1200.1200-6.avif HTTP/1.1" 404 178500 "https://www.shoenation.me/product-category/new-balance/miu-miu/?filter_size=36%2C38%2C42&stock_status=instock" "Mozilla/5.0 (Linux; Android 5.0) AppleWebKit/537.36 (KHTML, like Gecko) Mobile Safari/537.36 (compatible; Bytespider; spider-feedback@bytedance.com)"
47.128.62.185 - - [15/May/2026:14:00:31 -0400] "GET /wp-content/uploads/2024/05/574NewBalancexMiuMiudenimcolonialbeigesneakers-1_2024x2024-1-e1717179150761-430x471.webp HTTP/1.1" 404 178656 "https://www.shoenation.me/product-category/new-balance/miu-miu/?filter_size=36%2C38%2C42&stock_status=instock" "Mozilla/5.0 (Linux; Android 5.0) AppleWebKit/537.36 (KHTML, like Gecko) Mobile Safari/537.36 (compatible; Bytespider; spider-feedback@bytedance.com)"
47.128.62.185 - - [15/May/2026:14:00:31 -0400] "GET /wp-content/uploads/2024/05/5e765d015cslf0009f_1-e1717178285881-430x449.webp HTTP/1.1" 404 178536 "https://www.shoenation.me/product-category/new-balance/miu-miu/?filter_size=36%2C38%2C42&stock_status=instock" "Mozilla/5.0 (Linux; Android 5.0) AppleWebKit/537.36 (KHTML, like Gecko) Mobile Safari/537.36 (compatible; Bytespider; spider-feedback@bytedance.com)"
47.128.62.185 - - [15/May/2026:14:00:31 -0400] "GET /wp-content/uploads/2025/02/new-balance-530-miu-miu-v0-0p61tlqcrp2d1-150x150.webp HTTP/1.1" 404 178551 "https://www.shoenation.me/product-category/new-balance/miu-miu/?filter_size=36%2C38%2C42&stock_status=instock" "Mozilla/5.0 (Linux; Android 5.0) AppleWebKit/537.36 (KHTML, like Gecko) Mobile Safari/537.36 (compatible; Bytespider; spider-feedback@bytedance.com)"
47.128.62.185 - - [15/May/2026:14:00:31 -0400] "GET /wp-content/uploads/2024/07/cq5dam.web_.hE7E3DA.1200.1200-3-2.avif HTTP/1.1" 404 178506 "https://www.shoenation.me/product-category/new-balance/miu-miu/?filter_size=36%2C38%2C42&stock_status=instock" "Mozilla/5.0 (Linux; Android 5.0) AppleWebKit/537.36 (KHTML, like Gecko) Mobile Safari/537.36 (compatible; Bytespider; spider-feedback@bytedance.com)"
47.128.62.185 - - [15/May/2026:14:00:31 -0400] "GET /wp-content/uploads/2025/02/new-balance-530-miu-miu-v0-0p61tlqcrp2d1.webp HTTP/1.1" 404 178527 "https://www.shoenation.me/product-category/new-balance/miu-miu/?filter_size=36%2C38%2C42&stock_status=instock" "Mozilla/5.0 (Linux; Android 5.0) AppleWebKit/537.36 (KHTML, like Gecko) Mobile Safari/537.36 (compatible; Bytespider; spider-feedback@bytedance.com)"
47.128.62.185 - - [15/May/2026:14:00:44 -0400] "GET /wp-content/uploads/2024/03/wd-envelope-dark.svg HTTP/1.1" 404 178452 "https://www.shoenation.me/product-category/new-balance/miu-miu/?filter_size=36%2C38%2C42&stock_status=instock" "Mozilla/5.0 (Linux; Android 5.0) AppleWebKit/537.36 (KHTML, like Gecko) Mobile Safari/537.36 (compatible; Bytespider; spider-feedback@bytedance.com)"
47.128.62.185 - - [15/May/2026:14:00:44 -0400] "GET /wp-content/uploads/2024/07/cq5dam.web_.hE7E3DA.1200.1200-2-1.avif HTTP/1.1" 404 178506 "https://www.shoenation.me/product-category/new-balance/miu-miu/?filter_size=36%2C38%2C42&stock_status=instock" "Mozilla/5.0 (Linux; Android 5.0) AppleWebKit/537.36 (KHTML, like Gecko) Mobile Safari/537.36 (compatible; Bytespider; spider-feedback@bytedance.com)"
47.82.13.13 - - [15/May/2026:14:01:03 -0400] "GET /?filter_size=36%2C37%2C38%2C39%2C40%2C42%2C47&per_page=24&product_cat=j4 HTTP/1.1" 301 0 "-" "Mozilla/5.0 (Windows NT 10.0; Win64; x64) AppleWebKit/537.36 (KHTML, like Gecko) Chrome/138.0.0.0 Safari/537.36"
47.82.14.193 - - [15/May/2026:14:01:03 -0400] "GET /?filter_size=36%2C40%2C42%2C44%2C45&product_cat=new-balance HTTP/1.1" 301 0 "-" "Mozilla/5.0 (Macintosh; Intel Mac OS X 10_15_7) AppleWebKit/537.36 (KHTML, like Gecko) Chrome/142.0.0.0 Safari/537.36"
47.82.13.13 - - [15/May/2026:14:01:08 -0400] "GET /product-category/nike/j4/?filter_size=36%2C37%2C38%2C39%2C40%2C42%2C47&per_page=24 HTTP/1.1" 200 0 "https://www.shoenation.me/?filter_size=36%2C37%2C38%2C39%2C40%2C42%2C47&per_page=24&product_cat=j4" "Mozilla/5.0 (Windows NT 10.0; Win64; x64) AppleWebKit/537.36 (KHTML, like Gecko) Chrome/138.0.0.0 Safari/537.36"
47.82.14.193 - - [15/May/2026:14:01:08 -0400] "GET /product-category/new-balance/?filter_size=36%2C40%2C42%2C44%2C45 HTTP/1.1" 200 0 "https://www.shoenation.me/?filter_size=36%2C40%2C42%2C44%2C45&product_cat=new-balance" "Mozilla/5.0 (Macintosh; Intel Mac OS X 10_15_7) AppleWebKit/537.36 (KHTML, like Gecko) Chrome/142.0.0.0 Safari/537.36"
67.223.118.104 - - [15/May/2026:14:01:29 -0400] "POST /wp-cron.php?doing_wp_cron=1778868089.1424670219421386718750 HTTP/1.1" 200 0 "-" "WordPress/6.9.4; https://www.shoenation.me"
47.79.51.22 - - [15/May/2026:14:01:23 -0400] "GET /?filter_size=37%2C38%2C42%2C43%2C45&product_cat=new-balance HTTP/1.1" 301 0 "-" "Mozilla/5.0 (Windows NT 10.0; Win64; x64) AppleWebKit/537.36 (KHTML, like Gecko) Chrome/144.0.0.0 Safari/537.36"
47.79.51.22 - - [15/May/2026:14:01:29 -0400] "GET /product-category/new-balance/?filter_size=37%2C38%2C42%2C43%2C45 HTTP/1.1" 200 0 "https://www.shoenation.me/?filter_size=37%2C38%2C42%2C43%2C45&product_cat=new-balance" "Mozilla/5.0 (Windows NT 10.0; Win64; x64) AppleWebKit/537.36 (KHTML, like Gecko) Chrome/144.0.0.0 Safari/537.36"
67.223.118.104 - - [15/May/2026:14:01:35 -0400] "POST /wp-cron.php?doing_wp_cron=1778868095.6514708995819091796875 HTTP/1.1" 200 0 "-" "WordPress/6.9.4; https://www.shoenation.me"
196.191.241.38 - - [15/May/2026:14:01:49 -0400] "GET /?filter_size=37%2C41%2C44&per_row=4&product_cat=crocs&shop_view=grid HTTP/1.1" 301 0 "-" "Mozilla/5.0 (Macintosh; Intel Mac OS X 10_13_6) AppleWebKit/537.36 (KHTML, like Gecko) Chrome/99.0.4844.84 Safari/537.36"
67.223.118.104 - - [15/May/2026:14:01:52 -0400] "POST /wp-cron.php?doing_wp_cron=1778868112.8457739353179931640625 HTTP/1.1" 200 0 "-" "WordPress/6.9.4; https://www.shoenation.me"
47.82.8.72 - - [15/May/2026:14:01:50 -0400] "GET /?filter_size=37%2C37-5%2C38%2C40%2C45&per_page=24&per_row=4&product_cat=adizero&shop_view=grid HTTP/1.1" 301 0 "-" "Mozilla/5.0 (Windows NT 10.0; Win64; x64) AppleWebKit/537.36 (KHTML, like Gecko) Chrome/145.0.0.0 Safari/537.36"
67.223.118.104 - - [15/May/2026:14:01:55 -0400] "POST /wp-cron.php?doing_wp_cron=1778868115.6376810073852539062500 HTTP/1.1" 200 0 "-" "WordPress/6.9.4; https://www.shoenation.me"
196.191.241.38 - - [15/May/2026:14:01:50 -0400] "GET /product-category/crocs/?filter_size=37%2C41%2C44&per_row=4&shop_view=grid HTTP/1.1" 200 55804 "-" "Mozilla/5.0 (Macintosh; Intel Mac OS X 10_13_6) AppleWebKit/537.36 (KHTML, like Gecko) Chrome/99.0.4844.84 Safari/537.36"
47.82.8.72 - - [15/May/2026:14:01:53 -0400] "GET /product-category/adidas/adizero/?filter_size=37%2C37-5%2C38%2C40%2C45&per_page=24&per_row=4&shop_view=grid HTTP/1.1" 200 55790 "https://www.shoenation.me/?filter_size=37%2C37-5%2C38%2C40%2C45&per_page=24&per_row=4&product_cat=adizero&shop_view=grid" "Mozilla/5.0 (Windows NT 10.0; Win64; x64) AppleWebKit/537.36 (KHTML, like Gecko) Chrome/145.0.0.0 Safari/537.36"
47.82.10.69 - - [15/May/2026:14:02:07 -0400] "GET /wp-content/uploads/2024/10/2_57f90e70-03d3-4b8f-8e7c-8d2d9196805a_540x.webp HTTP/1.1" 404 41708 "https://www.shoenation.me/" "Mozilla/5.0 (Windows NT 10.0; Win64; x64) AppleWebKit/537.36 (KHTML, like Gecko) Chrome/135.0.0.0 Safari/537.36"
67.223.118.104 - - [15/May/2026:14:03:03 -0400] "POST /wp-cron.php?doing_wp_cron=1778868183.8367540836334228515625 HTTP/1.1" 200 0 "-" "WordPress/6.9.4; https://www.shoenation.me"
113.180.89.82 - - [15/May/2026:14:02:57 -0400] "GET /?filter_size=37%2C42&per_row=3&product_cat=zoom&shop_view=grid HTTP/1.1" 301 0 "-" "Mozilla/5.0 (Windows NT 6.1; Win64; x64) AppleWebKit/537.36 (KHTML, like Gecko) Chrome/84.0.4147.125 Safari/537.36"
67.223.118.104 - - [15/May/2026:14:03:04 -0400] "POST /wp-cron.php?doing_wp_cron=1778868184.1402649879455566406250 HTTP/1.1" 200 0 "-" "WordPress/6.9.4; https://www.shoenation.me"
47.82.10.196 - - [15/May/2026:14:02:57 -0400] "GET /wp-content/uploads/2024/11/3d1389d1eea945c8a92e3cdbc9926a0c.webp HTTP/1.1" 404 41722 "https://www.shoenation.me/" "Mozilla/5.0 (Windows NT 10.0; Win64; x64) AppleWebKit/537.36 (KHTML, like Gecko) Chrome/135.0.0.0 Safari/537.36 Edg/135.0.0.0"
113.180.89.82 - - [15/May/2026:14:03:04 -0400] "GET /product-category/nike/zoom/?filter_size=37%2C42&per_row=3&shop_view=grid HTTP/1.1" 200 0 "-" "Mozilla/5.0 (Windows NT 6.1; Win64; x64) AppleWebKit/537.36 (KHTML, like Gecko) Chrome/84.0.4147.125 Safari/537.36"
67.223.118.104 - - [15/May/2026:14:03:23 -0400] "POST /wp-cron.php?doing_wp_cron=1778868203.7365698814392089843750 HTTP/1.1" 200 0 "-" "WordPress/6.9.4; https://www.shoenation.me"
47.79.11.51 - - [15/May/2026:14:03:19 -0400] "GET /?filter_size=37%2C39%2C40%2C44&product_cat=asics&stock_status=instock HTTP/1.1" 301 0 "-" "Mozilla/5.0 (Macintosh; Intel Mac OS X 10_15_7) AppleWebKit/537.36 (KHTML, like Gecko) Chrome/143.0.0.0 Safari/537.36"
47.79.11.51 - - [15/May/2026:14:03:23 -0400] "GET /product-category/asics/?filter_size=37%2C39%2C40%2C44&stock_status=instock HTTP/1.1" 200 57916 "https://www.shoenation.me/?filter_size=37%2C39%2C40%2C44&product_cat=asics&stock_status=instock" "Mozilla/5.0 (Macintosh; Intel Mac OS X 10_15_7) AppleWebKit/537.36 (KHTML, like Gecko) Chrome/143.0.0.0 Safari/537.36"
47.128.62.173 - - [15/May/2026:14:03:58 -0400] "GET /?filter_size=39%2C40%2C41%2C43%2C44&per_page=12&product_cat=othermodels&stock_status=onsale HTTP/1.1" 301 0 "-" "Mozilla/5.0 (Linux; Android 5.0) AppleWebKit/537.36 (KHTML, like Gecko) Mobile Safari/537.36 (compatible; Bytespider; spider-feedback@bytedance.com)"
47.128.62.173 - - [15/May/2026:14:04:01 -0400] "GET /product-category/nike/othermodels/?filter_size=39%2C40%2C41%2C43%2C44&per_page=12&stock_status=onsale HTTP/1.1" 200 47286 "-" "Mozilla/5.0 (Linux; Android 5.0) AppleWebKit/537.36 (KHTML, like Gecko) Mobile Safari/537.36 (compatible; Bytespider; spider-feedback@bytedance.com)"
67.223.118.104 - - [15/May/2026:14:04:19 -0400] "POST /wp-cron.php?doing_wp_cron=1778868259.9373390674591064453125 HTTP/1.1" 200 0 "-" "WordPress/6.9.4; https://www.shoenation.me"
47.128.62.173 - - [15/May/2026:14:04:11 -0400] "GET /wp-content/uploads/2025/02/IMG_0260-150x150.jpeg HTTP/1.1" 404 178455 "https://www.shoenation.me/product-category/nike/othermodels/?filter_size=39%2C40%2C41%2C43%2C44&per_page=12&stock_status=onsale" "Mozilla/5.0 (Linux; Android 5.0) AppleWebKit/537.36 (KHTML, like Gecko) Mobile Safari/537.36 (compatible; Bytespider; spider-feedback@bytedance.com)"
47.128.62.173 - - [15/May/2026:14:04:11 -0400] "GET /wp-content/uploads/2025/02/new-balance-530-miu-miu-v0-0p61tlqcrp2d1-150x150.webp HTTP/1.1" 404 178551 "https://www.shoenation.me/product-category/nike/othermodels/?filter_size=39%2C40%2C41%2C43%2C44&per_page=12&stock_status=onsale" "Mozilla/5.0 (Linux; Android 5.0) AppleWebKit/537.36 (KHTML, like Gecko) Mobile Safari/537.36 (compatible; Bytespider; spider-feedback@bytedance.com)"
47.128.62.173 - - [15/May/2026:14:04:11 -0400] "GET /wp-content/uploads/2024/03/ShoeNation-Logo.png HTTP/1.1" 404 178449 "https://www.shoenation.me/product-category/nike/othermodels/?filter_size=39%2C40%2C41%2C43%2C44&per_page=12&stock_status=onsale" "Mozilla/5.0 (Linux; Android 5.0) AppleWebKit/537.36 (KHTML, like Gecko) Mobile Safari/537.36 (compatible; Bytespider; spider-feedback@bytedance.com)"
47.128.62.173 - - [15/May/2026:14:04:11 -0400] "GET /wp-content/uploads/2025/02/download-150x150.jpg HTTP/1.1" 404 178452 "https://www.shoenation.me/product-category/nike/othermodels/?filter_size=39%2C40%2C41%2C43%2C44&per_page=12&stock_status=onsale" "Mozilla/5.0 (Linux; Android 5.0) AppleWebKit/537.36 (KHTML, like Gecko) Mobile Safari/537.36 (compatible; Bytespider; spider-feedback@bytedance.com)"
47.128.62.173 - - [15/May/2026:14:04:11 -0400] "GET /wp-content/uploads/2024/06/17-best-nike-running-shoes-15275.webp HTTP/1.1" 404 178503 "https://www.shoenation.me/product-category/nike/othermodels/?filter_size=39%2C40%2C41%2C43%2C44&per_page=12&stock_status=onsale" "Mozilla/5.0 (Linux; Android 5.0) AppleWebKit/537.36 (KHTML, like Gecko) Mobile Safari/537.36 (compatible; Bytespider; spider-feedback@bytedance.com)"
47.128.62.173 - - [15/May/2026:14:04:21 -0400] "GET /wp-content/uploads/2024/03/wd-envelope-dark.svg HTTP/1.1" 200 0 "https://www.shoenation.me/product-category/nike/othermodels/?filter_size=39%2C40%2C41%2C43%2C44&per_page=12&stock_status=onsale" "Mozilla/5.0 (Linux; Android 5.0) AppleWebKit/537.36 (KHTML, like Gecko) Mobile Safari/537.36 (compatible; Bytespider; spider-feedback@bytedance.com)"
185.191.171.14 - - [15/May/2026:14:04:20 -0400] "GET /?product=new-balance-327-gray-burgundy-sneakers HTTP/1.1" 200 63086 "-" "Mozilla/5.0 (compatible; SemrushBot/7~bl; +http://www.semrush.com/bot.html)"
67.223.118.104 - - [15/May/2026:14:04:40 -0400] "POST /wp-cron.php?doing_wp_cron=1778868279.9492349624633789062500 HTTP/1.1" 200 0 "-" "WordPress/6.9.4; https://www.shoenation.me"
185.191.171.14 - - [15/May/2026:14:04:31 -0400] "GET /product/new-balance-327-gray-burgundy-sneakers/ HTTP/1.1" 200 63129 "-" "Mozilla/5.0 (compatible; SemrushBot/7~bl; +http://www.semrush.com/bot.html)"
47.82.14.228 - - [15/May/2026:14:04:56 -0400] "GET /?filter_size=36%2C37%2C41%2C43%2C44&paged=2&per_row=2&product_cat=adidas&shop_view=grid&stock_status=instock%2Consale HTTP/1.1" 301 0 "-" "Mozilla/5.0 (Macintosh; Intel Mac OS X 10_15_7) AppleWebKit/537.36 (KHTML, like Gecko) Chrome/139.0.0.0 Safari/537.36"
47.82.13.140 - - [15/May/2026:14:04:56 -0400] "GET /?filter_size=38%2C40%2C41%2C42%2C43%2C44&product_cat=nb530 HTTP/1.1" 301 0 "-" "Mozilla/5.0 (Windows NT 10.0; Win64; x64) AppleWebKit/537.36 (KHTML, like Gecko) Chrome/147.0.0.0 Safari/537.36"
47.82.14.228 - - [15/May/2026:14:05:00 -0400] "GET /product-category/adidas/page/2/?filter_size=36%2C37%2C41%2C43%2C44&per_row=2&shop_view=grid&stock_status=instock%2Consale HTTP/1.1" 200 0 "https://www.shoenation.me/?filter_size=36%2C37%2C41%2C43%2C44&paged=2&per_row=2&product_cat=adidas&shop_view=grid&stock_status=instock%2Consale" "Mozilla/5.0 (Macintosh; Intel Mac OS X 10_15_7) AppleWebKit/537.36 (KHTML, like Gecko) Chrome/139.0.0.0 Safari/537.36"
47.82.13.140 - - [15/May/2026:14:05:00 -0400] "GET /product-category/new-balance/nb530/?filter_size=38%2C40%2C41%2C42%2C43%2C44 HTTP/1.1" 200 0 "https://www.shoenation.me/?filter_size=38%2C40%2C41%2C42%2C43%2C44&product_cat=nb530" "Mozilla/5.0 (Windows NT 10.0; Win64; x64) AppleWebKit/537.36 (KHTML, like Gecko) Chrome/147.0.0.0 Safari/537.36"
47.82.15.165 - - [15/May/2026:14:05:10 -0400] "GET /?filter_size=36%2C37%2C38%2C39%2C40%2C42%2C43&product_cat=j4 HTTP/1.1" 301 0 "-" "Mozilla/5.0 (Macintosh; Intel Mac OS X 10_15_7) AppleWebKit/537.36 (KHTML, like Gecko) Chrome/138.0.0.0 Safari/537.36"
47.82.15.165 - - [15/May/2026:14:05:16 -0400] "GET /product-category/nike/j4/?filter_size=36%2C37%2C38%2C39%2C40%2C42%2C43 HTTP/1.1" 200 0 "https://www.shoenation.me/?filter_size=36%2C37%2C38%2C39%2C40%2C42%2C43&product_cat=j4" "Mozilla/5.0 (Macintosh; Intel Mac OS X 10_15_7) AppleWebKit/537.36 (KHTML, like Gecko) Chrome/138.0.0.0 Safari/537.36"
67.223.118.104 - - [15/May/2026:14:05:25 -0400] "POST /wp-cron.php?doing_wp_cron=1778868325.4502410888671875000000 HTTP/1.1" 200 0 "-" "WordPress/6.9.4; https://www.shoenation.me"
67.223.118.104 - - [15/May/2026:14:05:30 -0400] "POST /wp-cron.php?doing_wp_cron=1778868330.3345229625701904296875 HTTP/1.1" 200 0 "-" "WordPress/6.9.4; https://www.shoenation.me"
66.249.73.73 - - [15/May/2026:14:08:10 -0400] "GET /?detail/299950487 HTTP/1.1" 200 23248 "-" "Mozilla/5.0 (Linux; Android 6.0.1; Nexus 5X Build/MMB29P) AppleWebKit/537.36 (KHTML, like Gecko) Chrome/148.0.7778.96 Mobile Safari/537.36 (compatible; Googlebot/2.1; +http://www.google.com/bot.html)"
67.223.118.104 - - [15/May/2026:14:08:19 -0400] "POST /wp-cron.php?doing_wp_cron=1778868499.2463829517364501953125 HTTP/1.1" 200 0 "-" "WordPress/6.9.4; https://www.shoenation.me"
47.128.62.117 - - [15/May/2026:14:07:59 -0400] "GET /?filter_size=37%2C39%2C44%2C45%2C46%2C47&product_cat=adidas HTTP/1.1" 301 0 "-" "Mozilla/5.0 (Linux; Android 5.0) AppleWebKit/537.36 (KHTML, like Gecko) Mobile Safari/537.36 (compatible; Bytespider; spider-feedback@bytedance.com)"
47.128.62.117 - - [15/May/2026:14:08:19 -0400] "GET /product-category/adidas/?filter_size=37%2C39%2C44%2C45%2C46%2C47 HTTP/1.1" 200 49147 "-" "Mozilla/5.0 (Linux; Android 5.0) AppleWebKit/537.36 (KHTML, like Gecko) Mobile Safari/537.36 (compatible; Bytespider; spider-feedback@bytedance.com)"
47.128.62.117 - - [15/May/2026:14:08:30 -0400] "GET /wp-content/uploads/2025/02/IMG_0260-150x150.jpeg HTTP/1.1" 404 178455 "https://www.shoenation.me/product-category/adidas/?filter_size=37%2C39%2C44%2C45%2C46%2C47" "Mozilla/5.0 (Linux; Android 5.0) AppleWebKit/537.36 (KHTML, like Gecko) Mobile Safari/537.36 (compatible; Bytespider; spider-feedback@bytedance.com)"
47.128.62.117 - - [15/May/2026:14:08:30 -0400] "GET /wp-content/uploads/2024/03/ShoeNation-Logo.png HTTP/1.1" 404 178449 "https://www.shoenation.me/product-category/adidas/?filter_size=37%2C39%2C44%2C45%2C46%2C47" "Mozilla/5.0 (Linux; Android 5.0) AppleWebKit/537.36 (KHTML, like Gecko) Mobile Safari/537.36 (compatible; Bytespider; spider-feedback@bytedance.com)"
47.128.62.117 - - [15/May/2026:14:08:31 -0400] "GET /wp-content/uploads/2025/02/new-balance-530-miu-miu-v0-0p61tlqcrp2d1-150x150.webp HTTP/1.1" 404 178551 "https://www.shoenation.me/product-category/adidas/?filter_size=37%2C39%2C44%2C45%2C46%2C47" "Mozilla/5.0 (Linux; Android 5.0) AppleWebKit/537.36 (KHTML, like Gecko) Mobile Safari/537.36 (compatible; Bytespider; spider-feedback@bytedance.com)"
47.128.62.117 - - [15/May/2026:14:08:31 -0400] "GET /wp-content/uploads/2024/06/EditsbyAhmar01_57b3126b-b12c-4e01-8c82-6afac5cbed48-430x430.webp HTTP/1.1" 404 178584 "https://www.shoenation.me/product-category/adidas/?filter_size=37%2C39%2C44%2C45%2C46%2C47" "Mozilla/5.0 (Linux; Android 5.0) AppleWebKit/537.36 (KHTML, like Gecko) Mobile Safari/537.36 (compatible; Bytespider; spider-feedback@bytedance.com)"
47.128.62.117 - - [15/May/2026:14:08:31 -0400] "GET /wp-content/uploads/2024/05/OUAD0017-1-430x430.png HTTP/1.1" 404 178458 "https://www.shoenation.me/product-category/adidas/?filter_size=37%2C39%2C44%2C45%2C46%2C47" "Mozilla/5.0 (Linux; Android 5.0) AppleWebKit/537.36 (KHTML, like Gecko) Mobile Safari/537.36 (compatible; Bytespider; spider-feedback@bytedance.com)"
47.128.62.117 - - [15/May/2026:14:08:31 -0400] "GET /wp-content/uploads/2024/05/OUAD0019-1-430x430.png HTTP/1.1" 404 178458 "https://www.shoenation.me/product-category/adidas/?filter_size=37%2C39%2C44%2C45%2C46%2C47" "Mozilla/5.0 (Linux; Android 5.0) AppleWebKit/537.36 (KHTML, like Gecko) Mobile Safari/537.36 (compatible; Bytespider; spider-feedback@bytedance.com)"
47.128.62.117 - - [15/May/2026:14:08:31 -0400] "GET /wp-content/uploads/2025/02/download-150x150.jpg HTTP/1.1" 404 178452 "https://www.shoenation.me/product-category/adidas/?filter_size=37%2C39%2C44%2C45%2C46%2C47" "Mozilla/5.0 (Linux; Android 5.0) AppleWebKit/537.36 (KHTML, like Gecko) Mobile Safari/537.36 (compatible; Bytespider; spider-feedback@bytedance.com)"
47.128.62.117 - - [15/May/2026:14:08:42 -0400] "GET /wp-content/uploads/2024/03/wd-envelope-dark.svg HTTP/1.1" 200 0 "https://www.shoenation.me/product-category/adidas/?filter_size=37%2C39%2C44%2C45%2C46%2C47" "Mozilla/5.0 (Linux; Android 5.0) AppleWebKit/537.36 (KHTML, like Gecko) Mobile Safari/537.36 (compatible; Bytespider; spider-feedback@bytedance.com)"
66.249.73.73 - - [15/May/2026:14:09:52 -0400] "GET /?detail/295824010 HTTP/1.1" 200 23398 "-" "Mozilla/5.0 (Linux; Android 6.0.1; Nexus 5X Build/MMB29P) AppleWebKit/537.36 (KHTML, like Gecko) Chrome/148.0.7778.96 Mobile Safari/537.36 (compatible; Googlebot/2.1; +http://www.google.com/bot.html)"
67.223.118.104 - - [15/May/2026:14:12:30 -0400] "POST /wp-cron.php?doing_wp_cron=1778868750.4425649642944335937500 HTTP/1.1" 200 0 "-" "WordPress/6.9.4; https://www.shoenation.me"
47.128.62.115 - - [15/May/2026:14:12:00 -0400] "GET /?filter_size=37%2C40%2C44&per_page=18&per_row=3&product_cat=9060&shop_view=grid&stock_status=onsale HTTP/1.1" 301 0 "-" "Mozilla/5.0 (compatible; Bytespider; spider-feedback@bytedance.com) AppleWebKit/537.36 (KHTML, like Gecko) Chrome/70.0.0.0 Safari/537.36"
47.128.62.115 - - [15/May/2026:14:12:31 -0400] "GET /product-category/new-balance/9060/?filter_size=37%2C40%2C44&per_page=18&per_row=3&shop_view=grid&stock_status=onsale HTTP/1.1" 200 47027 "-" "Mozilla/5.0 (compatible; Bytespider; spider-feedback@bytedance.com) AppleWebKit/537.36 (KHTML, like Gecko) Chrome/70.0.0.0 Safari/537.36"
47.128.62.115 - - [15/May/2026:14:12:46 -0400] "GET /wp-content/uploads/2024/06/5ef42a4788df9cdaaf135d9583f2228b-1-150x150.jpg HTTP/1.1" 200 0 "https://www.shoenation.me/product-category/new-balance/9060/?filter_size=37%2C40%2C44&per_page=18&per_row=3&shop_view=grid&stock_status=onsale" "Mozilla/5.0 (compatible; Bytespider; spider-feedback@bytedance.com) AppleWebKit/537.36 (KHTML, like Gecko) Chrome/70.0.0.0 Safari/537.36"
47.128.62.115 - - [15/May/2026:14:12:46 -0400] "GET /wp-content/uploads/2025/02/IMG_0260-150x150.jpeg HTTP/1.1" 200 0 "https://www.shoenation.me/product-category/new-balance/9060/?filter_size=37%2C40%2C44&per_page=18&per_row=3&shop_view=grid&stock_status=onsale" "Mozilla/5.0 (compatible; Bytespider; spider-feedback@bytedance.com) AppleWebKit/537.36 (KHTML, like Gecko) Chrome/70.0.0.0 Safari/537.36"
47.128.62.115 - - [15/May/2026:14:12:46 -0400] "GET /wp-content/uploads/2025/02/download-150x150.jpg HTTP/1.1" 200 0 "https://www.shoenation.me/product-category/new-balance/9060/?filter_size=37%2C40%2C44&per_page=18&per_row=3&shop_view=grid&stock_status=onsale" "Mozilla/5.0 (compatible; Bytespider; spider-feedback@bytedance.com) AppleWebKit/537.36 (KHTML, like Gecko) Chrome/70.0.0.0 Safari/537.36"
47.128.62.115 - - [15/May/2026:14:12:46 -0400] "GET /wp-content/uploads/2024/06/3423897250m8_zm-1-150x150.jpg HTTP/1.1" 200 0 "https://www.shoenation.me/product-category/new-balance/9060/?filter_size=37%2C40%2C44&per_page=18&per_row=3&shop_view=grid&stock_status=onsale" "Mozilla/5.0 (compatible; Bytespider; spider-feedback@bytedance.com) AppleWebKit/537.36 (KHTML, like Gecko) Chrome/70.0.0.0 Safari/537.36"
47.128.62.115 - - [15/May/2026:14:12:46 -0400] "GET /wp-content/uploads/2024/06/63922ed58580f70019f80ea5-1-150x150.webp HTTP/1.1" 200 0 "https://www.shoenation.me/product-category/new-balance/9060/?filter_size=37%2C40%2C44&per_page=18&per_row=3&shop_view=grid&stock_status=onsale" "Mozilla/5.0 (compatible; Bytespider; spider-feedback@bytedance.com) AppleWebKit/537.36 (KHTML, like Gecko) Chrome/70.0.0.0 Safari/537.36"
47.128.62.115 - - [15/May/2026:14:12:46 -0400] "GET /wp-content/uploads/2024/03/ShoeNation-Logo.png HTTP/1.1" 200 0 "https://www.shoenation.me/product-category/new-balance/9060/?filter_size=37%2C40%2C44&per_page=18&per_row=3&shop_view=grid&stock_status=onsale" "Mozilla/5.0 (compatible; Bytespider; spider-feedback@bytedance.com) AppleWebKit/537.36 (KHTML, like Gecko) Chrome/70.0.0.0 Safari/537.36"
47.128.62.115 - - [15/May/2026:14:12:46 -0400] "GET /wp-content/uploads/2025/02/new-balance-530-miu-miu-v0-0p61tlqcrp2d1-150x150.webp HTTP/1.1" 200 0 "https://www.shoenation.me/product-category/new-balance/9060/?filter_size=37%2C40%2C44&per_page=18&per_row=3&shop_view=grid&stock_status=onsale" "Mozilla/5.0 (compatible; Bytespider; spider-feedback@bytedance.com) AppleWebKit/537.36 (KHTML, like Gecko) Chrome/70.0.0.0 Safari/537.36"
47.128.62.115 - - [15/May/2026:14:12:46 -0400] "GET /wp-content/uploads/2025/02/614b4079e84ea91f6aa9d9919838a0d6.jpg_720x720q80-150x150.jpg HTTP/1.1" 200 0 "https://www.shoenation.me/product-category/new-balance/9060/?filter_size=37%2C40%2C44&per_page=18&per_row=3&shop_view=grid&stock_status=onsale" "Mozilla/5.0 (compatible; Bytespider; spider-feedback@bytedance.com) AppleWebKit/537.36 (KHTML, like Gecko) Chrome/70.0.0.0 Safari/537.36"
47.128.62.115 - - [15/May/2026:14:12:46 -0400] "GET /wp-content/uploads/2024/06/ca089c0521d61637a52311e4c5c83f0f-150x150.jpg HTTP/1.1" 200 0 "https://www.shoenation.me/product-category/new-balance/9060/?filter_size=37%2C40%2C44&per_page=18&per_row=3&shop_view=grid&stock_status=onsale" "Mozilla/5.0 (compatible; Bytespider; spider-feedback@bytedance.com) AppleWebKit/537.36 (KHTML, like Gecko) Chrome/70.0.0.0 Safari/537.36"
47.128.62.115 - - [15/May/2026:14:12:46 -0400] "GET /wp-content/uploads/2024/06/17-best-nike-running-shoes-15275-150x150.webp HTTP/1.1" 200 0 "https://www.shoenation.me/product-category/new-balance/9060/?filter_size=37%2C40%2C44&per_page=18&per_row=3&shop_view=grid&stock_status=onsale" "Mozilla/5.0 (compatible; Bytespider; spider-feedback@bytedance.com) AppleWebKit/537.36 (KHTML, like Gecko) Chrome/70.0.0.0 Safari/537.36"
47.128.62.115 - - [15/May/2026:14:12:46 -0400] "GET /wp-content/uploads/2024/06/product-jpeg-500x500-1-150x150.webp HTTP/1.1" 200 0 "https://www.shoenation.me/product-category/new-balance/9060/?filter_size=37%2C40%2C44&per_page=18&per_row=3&shop_view=grid&stock_status=onsale" "Mozilla/5.0 (compatible; Bytespider; spider-feedback@bytedance.com) AppleWebKit/537.36 (KHTML, like Gecko) Chrome/70.0.0.0 Safari/537.36"
47.128.62.115 - - [15/May/2026:14:12:46 -0400] "GET /wp-content/uploads/2024/03/966192918a2faca2ece5164378f555c7.jpg HTTP/1.1" 200 0 "https://www.shoenation.me/product-category/new-balance/9060/?filter_size=37%2C40%2C44&per_page=18&per_row=3&shop_view=grid&stock_status=onsale" "Mozilla/5.0 (compatible; Bytespider; spider-feedback@bytedance.com) AppleWebKit/537.36 (KHTML, like Gecko) Chrome/70.0.0.0 Safari/537.36"
47.128.62.115 - - [15/May/2026:14:12:47 -0400] "GET /wp-content/uploads/2024/03/wd-envelope-dark.svg HTTP/1.1" 200 0 "https://www.shoenation.me/product-category/new-balance/9060/?filter_size=37%2C40%2C44&per_page=18&per_row=3&shop_view=grid&stock_status=onsale" "Mozilla/5.0 (compatible; Bytespider; spider-feedback@bytedance.com) AppleWebKit/537.36 (KHTML, like Gecko) Chrome/70.0.0.0 Safari/537.36"
67.223.118.104 - - [15/May/2026:14:16:20 -0400] "POST /wp-cron.php?doing_wp_cron=1778868980.9430310726165771484375 HTTP/1.1" 200 0 "-" "WordPress/6.9.4; https://www.shoenation.me"
47.128.62.188 - - [15/May/2026:14:16:01 -0400] "GET /?filter_size=36%2C37%2C39%2C41&product_cat=sp&stock_status=instock HTTP/1.1" 301 0 "-" "Mozilla/5.0 (compatible; Bytespider; spider-feedback@bytedance.com) AppleWebKit/537.36 (KHTML, like Gecko) Chrome/70.0.0.0 Safari/537.36"
47.128.62.188 - - [15/May/2026:14:16:21 -0400] "GET /product-category/adidas/sp/?filter_size=36%2C37%2C39%2C41&stock_status=instock HTTP/1.1" 200 50433 "-" "Mozilla/5.0 (compatible; Bytespider; spider-feedback@bytedance.com) AppleWebKit/537.36 (KHTML, like Gecko) Chrome/70.0.0.0 Safari/537.36"
47.128.62.188 - - [15/May/2026:14:16:31 -0400] "GET /wp-content/uploads/2024/06/5ef42a4788df9cdaaf135d9583f2228b-1-150x150.jpg HTTP/1.1" 200 0 "https://www.shoenation.me/product-category/adidas/sp/?filter_size=36%2C37%2C39%2C41&stock_status=instock" "Mozilla/5.0 (compatible; Bytespider; spider-feedback@bytedance.com) AppleWebKit/537.36 (KHTML, like Gecko) Chrome/70.0.0.0 Safari/537.36"
47.128.62.188 - - [15/May/2026:14:16:31 -0400] "GET /wp-content/uploads/2024/07/Handball_Spezial_Shoes_Brown_IF6490_01_standard-1.avif HTTP/1.1" 200 0 "https://www.shoenation.me/product-category/adidas/sp/?filter_size=36%2C37%2C39%2C41&stock_status=instock" "Mozilla/5.0 (compatible; Bytespider; spider-feedback@bytedance.com) AppleWebKit/537.36 (KHTML, like Gecko) Chrome/70.0.0.0 Safari/537.36"
47.128.62.188 - - [15/May/2026:14:16:31 -0400] "GET /wp-content/uploads/2024/08/Handball_Spezial_Shoes_Black_IE5897_02_standard_hover-430x430.png HTTP/1.1" 200 0 "https://www.shoenation.me/product-category/adidas/sp/?filter_size=36%2C37%2C39%2C41&stock_status=instock" "Mozilla/5.0 (compatible; Bytespider; spider-feedback@bytedance.com) AppleWebKit/537.36 (KHTML, like Gecko) Chrome/70.0.0.0 Safari/537.36"
47.128.62.188 - - [15/May/2026:14:16:31 -0400] "GET /wp-content/uploads/2024/06/3423897250m8_zm-1-150x150.jpg HTTP/1.1" 200 0 "https://www.shoenation.me/product-category/adidas/sp/?filter_size=36%2C37%2C39%2C41&stock_status=instock" "Mozilla/5.0 (compatible; Bytespider; spider-feedback@bytedance.com) AppleWebKit/537.36 (KHTML, like Gecko) Chrome/70.0.0.0 Safari/537.36"
47.128.62.188 - - [15/May/2026:14:16:31 -0400] "GET /wp-content/uploads/2024/05/Handball_Spezial_Shoes_Red_FV1227_04_standard.avif HTTP/1.1" 200 0 "https://www.shoenation.me/product-category/adidas/sp/?filter_size=36%2C37%2C39%2C41&stock_status=instock" "Mozilla/5.0 (compatible; Bytespider; spider-feedback@bytedance.com) AppleWebKit/537.36 (KHTML, like Gecko) Chrome/70.0.0.0 Safari/537.36"
