47.128.62.188 - - [15/May/2026:14:16:31 -0400] "GET /wp-content/uploads/2024/05/Handball_Spezial_Shoes_Red_FV1227_01_standard.avif HTTP/1.1" 200 0 "https://www.shoenation.me/product-category/adidas/sp/?filter_size=36%2C37%2C39%2C41&stock_status=instock" "Mozilla/5.0 (compatible; Bytespider; spider-feedback@bytedance.com) AppleWebKit/537.36 (KHTML, like Gecko) Chrome/70.0.0.0 Safari/537.36"
47.128.62.188 - - [15/May/2026:14:16:31 -0400] "GET /wp-content/uploads/2024/03/OUAD0060-3-430x430.png HTTP/1.1" 200 0 "https://www.shoenation.me/product-category/adidas/sp/?filter_size=36%2C37%2C39%2C41&stock_status=instock" "Mozilla/5.0 (compatible; Bytespider; spider-feedback@bytedance.com) AppleWebKit/537.36 (KHTML, like Gecko) Chrome/70.0.0.0 Safari/537.36"
47.128.62.188 - - [15/May/2026:14:16:31 -0400] "GET /wp-content/uploads/2024/03/Handball_Spezial_Shoes_Beige_IF6562_01_standard.avif HTTP/1.1" 200 0 "https://www.shoenation.me/product-category/adidas/sp/?filter_size=36%2C37%2C39%2C41&stock_status=instock" "Mozilla/5.0 (compatible; Bytespider; spider-feedback@bytedance.com) AppleWebKit/537.36 (KHTML, like Gecko) Chrome/70.0.0.0 Safari/537.36"
47.128.62.188 - - [15/May/2026:14:16:30 -0400] "GET /wp-content/uploads/2025/02/new-balance-530-miu-miu-v0-0p61tlqcrp2d1-150x150.webp HTTP/1.1" 200 0 "https://www.shoenation.me/product-category/adidas/sp/?filter_size=36%2C37%2C39%2C41&stock_status=instock" "Mozilla/5.0 (compatible; Bytespider; spider-feedback@bytedance.com) AppleWebKit/537.36 (KHTML, like Gecko) Chrome/70.0.0.0 Safari/537.36"
47.128.62.188 - - [15/May/2026:14:16:31 -0400] "GET /wp-content/uploads/2024/06/63922ed58580f70019f80ea5-1-150x150.webp HTTP/1.1" 200 0 "https://www.shoenation.me/product-category/adidas/sp/?filter_size=36%2C37%2C39%2C41&stock_status=instock" "Mozilla/5.0 (compatible; Bytespider; spider-feedback@bytedance.com) AppleWebKit/537.36 (KHTML, like Gecko) Chrome/70.0.0.0 Safari/537.36"
47.128.62.188 - - [15/May/2026:14:16:31 -0400] "GET /wp-content/uploads/2024/08/Handball_Spezial_Shoes_Black_IE5897_01_standard-430x430.png HTTP/1.1" 200 0 "https://www.shoenation.me/product-category/adidas/sp/?filter_size=36%2C37%2C39%2C41&stock_status=instock" "Mozilla/5.0 (compatible; Bytespider; spider-feedback@bytedance.com) AppleWebKit/537.36 (KHTML, like Gecko) Chrome/70.0.0.0 Safari/537.36"
47.128.62.188 - - [15/May/2026:14:16:31 -0400] "GET /wp-content/uploads/2024/06/ca089c0521d61637a52311e4c5c83f0f-150x150.jpg HTTP/1.1" 200 0 "https://www.shoenation.me/product-category/adidas/sp/?filter_size=36%2C37%2C39%2C41&stock_status=instock" "Mozilla/5.0 (compatible; Bytespider; spider-feedback@bytedance.com) AppleWebKit/537.36 (KHTML, like Gecko) Chrome/70.0.0.0 Safari/537.36"
47.128.62.188 - - [15/May/2026:14:16:47 -0400] "GET /wp-content/uploads/2024/11/Handball_Spezial_Shoes_Burgundy_IG1978_01_standard-430x430.png HTTP/1.1" 200 0 "https://www.shoenation.me/product-category/adidas/sp/?filter_size=36%2C37%2C39%2C41&stock_status=instock" "Mozilla/5.0 (compatible; Bytespider; spider-feedback@bytedance.com) AppleWebKit/537.36 (KHTML, like Gecko) Chrome/70.0.0.0 Safari/537.36"
47.128.62.188 - - [15/May/2026:14:16:47 -0400] "GET /wp-content/uploads/2024/07/6db63930-86b1-4d11-9554-94cee4e30196-1000x989-vMKBOWZIFN5y7yE9A5IHs28ylAWUqNptAuz2Iqn3-1-430x425.png HTTP/1.1" 200 0 "https://www.shoenation.me/product-category/adidas/sp/?filter_size=36%2C37%2C39%2C41&stock_status=instock" "Mozilla/5.0 (compatible; Bytespider; spider-feedback@bytedance.com) AppleWebKit/537.36 (KHTML, like Gecko) Chrome/70.0.0.0 Safari/537.36"
47.128.62.188 - - [15/May/2026:14:16:31 -0400] "GET /wp-content/uploads/2024/05/Handball_Spezial_Shoes_Pink_IF6561_05_standard.avif HTTP/1.1" 200 0 "https://www.shoenation.me/product-category/adidas/sp/?filter_size=36%2C37%2C39%2C41&stock_status=instock" "Mozilla/5.0 (compatible; Bytespider; spider-feedback@bytedance.com) AppleWebKit/537.36 (KHTML, like Gecko) Chrome/70.0.0.0 Safari/537.36"
47.128.62.188 - - [15/May/2026:14:16:31 -0400] "GET /wp-content/uploads/2024/03/OUAD0059-1-430x430.png HTTP/1.1" 200 0 "https://www.shoenation.me/product-category/adidas/sp/?filter_size=36%2C37%2C39%2C41&stock_status=instock" "Mozilla/5.0 (compatible; Bytespider; spider-feedback@bytedance.com) AppleWebKit/537.36 (KHTML, like Gecko) Chrome/70.0.0.0 Safari/537.36"
47.128.62.188 - - [15/May/2026:14:16:31 -0400] "GET /wp-content/uploads/2024/03/OUAD0048-3-430x430.png HTTP/1.1" 200 0 "https://www.shoenation.me/product-category/adidas/sp/?filter_size=36%2C37%2C39%2C41&stock_status=instock" "Mozilla/5.0 (compatible; Bytespider; spider-feedback@bytedance.com) AppleWebKit/537.36 (KHTML, like Gecko) Chrome/70.0.0.0 Safari/537.36"
47.128.62.188 - - [15/May/2026:14:16:31 -0400] "GET /wp-content/uploads/2024/03/OUAD0058-1-430x430.png HTTP/1.1" 200 0 "https://www.shoenation.me/product-category/adidas/sp/?filter_size=36%2C37%2C39%2C41&stock_status=instock" "Mozilla/5.0 (compatible; Bytespider; spider-feedback@bytedance.com) AppleWebKit/537.36 (KHTML, like Gecko) Chrome/70.0.0.0 Safari/537.36"
47.128.62.188 - - [15/May/2026:14:16:31 -0400] "GET /wp-content/uploads/2024/03/OUAD0059-2-430x430.png HTTP/1.1" 200 0 "https://www.shoenation.me/product-category/adidas/sp/?filter_size=36%2C37%2C39%2C41&stock_status=instock" "Mozilla/5.0 (compatible; Bytespider; spider-feedback@bytedance.com) AppleWebKit/537.36 (KHTML, like Gecko) Chrome/70.0.0.0 Safari/537.36"
47.128.62.188 - - [15/May/2026:14:16:31 -0400] "GET /wp-content/uploads/2025/02/download-150x150.jpg HTTP/1.1" 200 0 "https://www.shoenation.me/product-category/adidas/sp/?filter_size=36%2C37%2C39%2C41&stock_status=instock" "Mozilla/5.0 (compatible; Bytespider; spider-feedback@bytedance.com) AppleWebKit/537.36 (KHTML, like Gecko) Chrome/70.0.0.0 Safari/537.36"
47.128.62.188 - - [15/May/2026:14:16:31 -0400] "GET /wp-content/uploads/2024/07/Handball_Spezial_Shoes_Brown_IF6490_02_standard.avif HTTP/1.1" 200 0 "https://www.shoenation.me/product-category/adidas/sp/?filter_size=36%2C37%2C39%2C41&stock_status=instock" "Mozilla/5.0 (compatible; Bytespider; spider-feedback@bytedance.com) AppleWebKit/537.36 (KHTML, like Gecko) Chrome/70.0.0.0 Safari/537.36"
47.128.62.188 - - [15/May/2026:14:16:31 -0400] "GET /wp-content/uploads/2024/05/Handball_Spezial_Shoes_Pink_IF6561_01_standard.avif HTTP/1.1" 200 0 "https://www.shoenation.me/product-category/adidas/sp/?filter_size=36%2C37%2C39%2C41&stock_status=instock" "Mozilla/5.0 (compatible; Bytespider; spider-feedback@bytedance.com) AppleWebKit/537.36 (KHTML, like Gecko) Chrome/70.0.0.0 Safari/537.36"
47.128.62.188 - - [15/May/2026:14:16:30 -0400] "GET /wp-content/uploads/2024/03/ShoeNation-Logo.png HTTP/1.1" 200 0 "https://www.shoenation.me/product-category/adidas/sp/?filter_size=36%2C37%2C39%2C41&stock_status=instock" "Mozilla/5.0 (compatible; Bytespider; spider-feedback@bytedance.com) AppleWebKit/537.36 (KHTML, like Gecko) Chrome/70.0.0.0 Safari/537.36"
47.128.62.188 - - [15/May/2026:14:16:31 -0400] "GET /wp-content/uploads/2025/02/614b4079e84ea91f6aa9d9919838a0d6.jpg_720x720q80-150x150.jpg HTTP/1.1" 200 0 "https://www.shoenation.me/product-category/adidas/sp/?filter_size=36%2C37%2C39%2C41&stock_status=instock" "Mozilla/5.0 (compatible; Bytespider; spider-feedback@bytedance.com) AppleWebKit/537.36 (KHTML, like Gecko) Chrome/70.0.0.0 Safari/537.36"
47.128.62.188 - - [15/May/2026:14:16:31 -0400] "GET /wp-content/uploads/2024/06/product-jpeg-500x500-1-150x150.webp HTTP/1.1" 200 0 "https://www.shoenation.me/product-category/adidas/sp/?filter_size=36%2C37%2C39%2C41&stock_status=instock" "Mozilla/5.0 (compatible; Bytespider; spider-feedback@bytedance.com) AppleWebKit/537.36 (KHTML, like Gecko) Chrome/70.0.0.0 Safari/537.36"
47.128.62.188 - - [15/May/2026:14:16:30 -0400] "GET /wp-content/uploads/2024/06/3423897250m8_zm-1.jpg HTTP/1.1" 200 0 "https://www.shoenation.me/product-category/adidas/sp/?filter_size=36%2C37%2C39%2C41&stock_status=instock" "Mozilla/5.0 (compatible; Bytespider; spider-feedback@bytedance.com) AppleWebKit/537.36 (KHTML, like Gecko) Chrome/70.0.0.0 Safari/537.36"
47.128.62.188 - - [15/May/2026:14:16:31 -0400] "GET /wp-content/uploads/2024/03/OUAD0060-1-430x430.png HTTP/1.1" 200 0 "https://www.shoenation.me/product-category/adidas/sp/?filter_size=36%2C37%2C39%2C41&stock_status=instock" "Mozilla/5.0 (compatible; Bytespider; spider-feedback@bytedance.com) AppleWebKit/537.36 (KHTML, like Gecko) Chrome/70.0.0.0 Safari/537.36"
47.128.62.188 - - [15/May/2026:14:16:31 -0400] "GET /wp-content/uploads/2024/06/17-best-nike-running-shoes-15275-150x150.webp HTTP/1.1" 200 0 "https://www.shoenation.me/product-category/adidas/sp/?filter_size=36%2C37%2C39%2C41&stock_status=instock" "Mozilla/5.0 (compatible; Bytespider; spider-feedback@bytedance.com) AppleWebKit/537.36 (KHTML, like Gecko) Chrome/70.0.0.0 Safari/537.36"
47.128.62.188 - - [15/May/2026:14:16:30 -0400] "GET /wp-content/uploads/2025/02/IMG_0260-150x150.jpeg HTTP/1.1" 200 0 "https://www.shoenation.me/product-category/adidas/sp/?filter_size=36%2C37%2C39%2C41&stock_status=instock" "Mozilla/5.0 (compatible; Bytespider; spider-feedback@bytedance.com) AppleWebKit/537.36 (KHTML, like Gecko) Chrome/70.0.0.0 Safari/537.36"
47.128.62.188 - - [15/May/2026:14:16:31 -0400] "GET /wp-content/uploads/2024/03/OUAD0058-3-430x430.png HTTP/1.1" 200 0 "https://www.shoenation.me/product-category/adidas/sp/?filter_size=36%2C37%2C39%2C41&stock_status=instock" "Mozilla/5.0 (compatible; Bytespider; spider-feedback@bytedance.com) AppleWebKit/537.36 (KHTML, like Gecko) Chrome/70.0.0.0 Safari/537.36"
47.128.62.188 - - [15/May/2026:14:16:47 -0400] "GET /wp-content/uploads/2024/11/Handball_Spezial_Shoes_Burgundy_IG1978_04_standard-2-430x430.png HTTP/1.1" 200 0 "https://www.shoenation.me/product-category/adidas/sp/?filter_size=36%2C37%2C39%2C41&stock_status=instock" "Mozilla/5.0 (compatible; Bytespider; spider-feedback@bytedance.com) AppleWebKit/537.36 (KHTML, like Gecko) Chrome/70.0.0.0 Safari/537.36"
47.128.62.188 - - [15/May/2026:14:16:47 -0400] "GET /wp-content/uploads/2024/03/wd-envelope-dark.svg HTTP/1.1" 200 0 "https://www.shoenation.me/product-category/adidas/sp/?filter_size=36%2C37%2C39%2C41&stock_status=instock" "Mozilla/5.0 (compatible; Bytespider; spider-feedback@bytedance.com) AppleWebKit/537.36 (KHTML, like Gecko) Chrome/70.0.0.0 Safari/537.36"
67.223.118.104 - - [15/May/2026:14:17:02 -0400] "POST /wp-cron.php?doing_wp_cron=1778869021.3352010250091552734375 HTTP/1.1" 200 0 "-" "WordPress/6.9.4; https://www.shoenation.me"
180.242.198.158 - - [15/May/2026:14:18:39 -0400] "GET /wp-content/uploads/2024/07/b841a496-e7e2-4e5d-a425-28c524c4cd1a-430x430.webp HTTP/1.1" 200 0 "-" "Mozilla/5.0 (Windows NT 5.0) AppleWebKit/535.0 (KHTML, like Gecko) Chrome/21.0.872.0 Safari/535.0"
67.223.118.104 - - [15/May/2026:14:19:05 -0400] "POST /wp-cron.php?doing_wp_cron=1778869144.8354139328002929687500 HTTP/1.1" 200 0 "-" "WordPress/6.9.4; https://www.shoenation.me"
67.223.118.104 - - [15/May/2026:14:19:05 -0400] "POST /wp-cron.php?doing_wp_cron=1778869145.6414649486541748046875 HTTP/1.1" 200 0 "-" "WordPress/6.9.4; https://www.shoenation.me"
171.234.238.237 - - [15/May/2026:14:18:56 -0400] "GET /wp-content/uploads/2024/07/b841a496-e7e2-4e5d-a425-28c524c4cd1a-430x430.webp HTTP/1.1" 404 41723 "-" "Mozilla/5.0 (Macintosh; Intel Mac OS X 10_10_1 rv:4.0; ast-ES) AppleWebKit/532.8.1 (KHTML, like Gecko) Version/4.0 Safari/532.8.1"
67.223.118.104 - - [15/May/2026:14:19:14 -0400] "POST /wp-cron.php?doing_wp_cron=1778869154.8589999675750732421875 HTTP/1.1" 200 0 "-" "WordPress/6.9.4; https://www.shoenation.me"
66.187.9.203 - - [15/May/2026:14:19:12 -0400] "GET /wp-content/uploads/2024/07/b841a496-e7e2-4e5d-a425-28c524c4cd1a-430x430.webp HTTP/1.1" 404 41722 "-" "Opera/9.73.(X11; Linux i686; shs-CA) Presto/2.9.168 Version/10.00"
67.223.118.104 - - [15/May/2026:14:19:47 -0400] "POST /wp-cron.php?doing_wp_cron=1778869187.3450779914855957031250 HTTP/1.1" 200 0 "-" "WordPress/6.9.4; https://www.shoenation.me"
43.135.133.241 - - [15/May/2026:14:19:43 -0400] "GET /cart/ HTTP/1.1" 200 72190 "-" "Mozilla/5.0 (iPhone; CPU iPhone OS 13_2_3 like Mac OS X) AppleWebKit/605.1.15 (KHTML, like Gecko) Version/13.0.3 Mobile/15E148 Safari/604.1"
47.82.14.57 - - [15/May/2026:14:19:57 -0400] "GET /?filter_size=38%2C40%2C41%2C42%2C46%2C47&product_cat=yezzy HTTP/1.1" 301 0 "-" "Mozilla/5.0 (Macintosh; Intel Mac OS X 10_15_7) AppleWebKit/537.36 (KHTML, like Gecko) Chrome/138.0.0.0 Safari/537.36"
47.128.62.168 - - [15/May/2026:14:20:01 -0400] "GET /?per_page=18&per_row=2&product_cat=hoka&shop_view=grid&stock_status=instock%2Consale HTTP/1.1" 301 0 "-" "Mozilla/5.0 (compatible; Bytespider; spider-feedback@bytedance.com) AppleWebKit/537.36 (KHTML, like Gecko) Chrome/70.0.0.0 Safari/537.36"
47.82.14.57 - - [15/May/2026:14:19:59 -0400] "GET /product-category/adidas/yezzy/?filter_size=38%2C40%2C41%2C42%2C46%2C47 HTTP/1.1" 200 0 "https://www.shoenation.me/?filter_size=38%2C40%2C41%2C42%2C46%2C47&product_cat=yezzy" "Mozilla/5.0 (Macintosh; Intel Mac OS X 10_15_7) AppleWebKit/537.36 (KHTML, like Gecko) Chrome/138.0.0.0 Safari/537.36"
67.223.118.104 - - [15/May/2026:14:20:17 -0400] "POST /wp-cron.php?doing_wp_cron=1778869217.0356330871582031250000 HTTP/1.1" 200 0 "-" "WordPress/6.9.4; https://www.shoenation.me"
47.128.62.168 - - [15/May/2026:14:20:06 -0400] "GET /product-category/hoka/?per_page=18&per_row=2&shop_view=grid&stock_status=instock%2Consale HTTP/1.1" 200 48929 "-" "Mozilla/5.0 (compatible; Bytespider; spider-feedback@bytedance.com) AppleWebKit/537.36 (KHTML, like Gecko) Chrome/70.0.0.0 Safari/537.36"
47.79.10.29 - - [15/May/2026:14:20:27 -0400] "GET /?filter_size=36%2C42&per_page=18&per_row=4&product_cat=asics&shop_view=grid&stock_status=onsale HTTP/1.1" 200 0 "-" "Mozilla/5.0 (Macintosh; Intel Mac OS X 10_15_7) AppleWebKit/537.36 (KHTML, like Gecko) Chrome/144.0.0.0 Safari/537.36"
47.128.62.168 - - [15/May/2026:14:20:19 -0400] "GET /wp-content/uploads/2024/06/3423897250m8_zm-1-150x150.jpg HTTP/1.1" 404 178479 "https://www.shoenation.me/product-category/hoka/?per_page=18&per_row=2&shop_view=grid&stock_status=instock%2Consale" "Mozilla/5.0 (compatible; Bytespider; spider-feedback@bytedance.com) AppleWebKit/537.36 (KHTML, like Gecko) Chrome/70.0.0.0 Safari/537.36"
47.128.62.168 - - [15/May/2026:14:20:19 -0400] "GET /wp-content/uploads/2025/02/new-balance-530-miu-miu-v0-0p61tlqcrp2d1-150x150.webp HTTP/1.1" 404 178551 "https://www.shoenation.me/product-category/hoka/?per_page=18&per_row=2&shop_view=grid&stock_status=instock%2Consale" "Mozilla/5.0 (compatible; Bytespider; spider-feedback@bytedance.com) AppleWebKit/537.36 (KHTML, like Gecko) Chrome/70.0.0.0 Safari/537.36"
47.128.62.168 - - [15/May/2026:14:20:19 -0400] "GET /wp-content/uploads/2024/03/ShoeNation-Logo.png HTTP/1.1" 404 178449 "https://www.shoenation.me/product-category/hoka/?per_page=18&per_row=2&shop_view=grid&stock_status=instock%2Consale" "Mozilla/5.0 (compatible; Bytespider; spider-feedback@bytedance.com) AppleWebKit/537.36 (KHTML, like Gecko) Chrome/70.0.0.0 Safari/537.36"
47.128.62.168 - - [15/May/2026:14:20:19 -0400] "GET /wp-content/uploads/2025/02/download-150x150.jpg HTTP/1.1" 404 178452 "https://www.shoenation.me/product-category/hoka/?per_page=18&per_row=2&shop_view=grid&stock_status=instock%2Consale" "Mozilla/5.0 (compatible; Bytespider; spider-feedback@bytedance.com) AppleWebKit/537.36 (KHTML, like Gecko) Chrome/70.0.0.0 Safari/537.36"
47.128.62.168 - - [15/May/2026:14:20:19 -0400] "GET /wp-content/uploads/2024/06/ca089c0521d61637a52311e4c5c83f0f-150x150.jpg HTTP/1.1" 404 178524 "https://www.shoenation.me/product-category/hoka/?per_page=18&per_row=2&shop_view=grid&stock_status=instock%2Consale" "Mozilla/5.0 (compatible; Bytespider; spider-feedback@bytedance.com) AppleWebKit/537.36 (KHTML, like Gecko) Chrome/70.0.0.0 Safari/537.36"
47.128.62.168 - - [15/May/2026:14:20:19 -0400] "GET /wp-content/uploads/2024/06/5ef42a4788df9cdaaf135d9583f2228b-1-150x150.jpg HTTP/1.1" 404 178530 "https://www.shoenation.me/product-category/hoka/?per_page=18&per_row=2&shop_view=grid&stock_status=instock%2Consale" "Mozilla/5.0 (compatible; Bytespider; spider-feedback@bytedance.com) AppleWebKit/537.36 (KHTML, like Gecko) Chrome/70.0.0.0 Safari/537.36"
47.128.62.168 - - [15/May/2026:14:20:19 -0400] "GET /wp-content/uploads/2025/05/1162053-FLCK_2-430x349.webp HTTP/1.1" 404 178473 "https://www.shoenation.me/product-category/hoka/?per_page=18&per_row=2&shop_view=grid&stock_status=instock%2Consale" "Mozilla/5.0 (compatible; Bytespider; spider-feedback@bytedance.com) AppleWebKit/537.36 (KHTML, like Gecko) Chrome/70.0.0.0 Safari/537.36"
47.128.62.168 - - [15/May/2026:14:20:19 -0400] "GET /wp-content/uploads/2024/06/63922ed58580f70019f80ea5-1-150x150.webp HTTP/1.1" 404 178509 "https://www.shoenation.me/product-category/hoka/?per_page=18&per_row=2&shop_view=grid&stock_status=instock%2Consale" "Mozilla/5.0 (compatible; Bytespider; spider-feedback@bytedance.com) AppleWebKit/537.36 (KHTML, like Gecko) Chrome/70.0.0.0 Safari/537.36"
47.128.62.168 - - [15/May/2026:14:20:19 -0400] "GET /wp-content/uploads/2025/02/IMG_0260-150x150.jpeg HTTP/1.1" 404 178455 "https://www.shoenation.me/product-category/hoka/?per_page=18&per_row=2&shop_view=grid&stock_status=instock%2Consale" "Mozilla/5.0 (compatible; Bytespider; spider-feedback@bytedance.com) AppleWebKit/537.36 (KHTML, like Gecko) Chrome/70.0.0.0 Safari/537.36"
47.128.62.168 - - [15/May/2026:14:20:19 -0400] "GET /wp-content/uploads/2025/02/614b4079e84ea91f6aa9d9919838a0d6.jpg_720x720q80-150x150.jpg HTTP/1.1" 404 178569 "https://www.shoenation.me/product-category/hoka/?per_page=18&per_row=2&shop_view=grid&stock_status=instock%2Consale" "Mozilla/5.0 (compatible; Bytespider; spider-feedback@bytedance.com) AppleWebKit/537.36 (KHTML, like Gecko) Chrome/70.0.0.0 Safari/537.36"
47.128.62.168 - - [15/May/2026:14:20:19 -0400] "GET /wp-content/uploads/2025/05/1162053-FLCK_1-430x349.webp HTTP/1.1" 404 178473 "https://www.shoenation.me/product-category/hoka/?per_page=18&per_row=2&shop_view=grid&stock_status=instock%2Consale" "Mozilla/5.0 (compatible; Bytespider; spider-feedback@bytedance.com) AppleWebKit/537.36 (KHTML, like Gecko) Chrome/70.0.0.0 Safari/537.36"
47.128.62.168 - - [15/May/2026:14:20:19 -0400] "GET /wp-content/uploads/2024/06/17-best-nike-running-shoes-15275-150x150.webp HTTP/1.1" 404 178527 "https://www.shoenation.me/product-category/hoka/?per_page=18&per_row=2&shop_view=grid&stock_status=instock%2Consale" "Mozilla/5.0 (compatible; Bytespider; spider-feedback@bytedance.com) AppleWebKit/537.36 (KHTML, like Gecko) Chrome/70.0.0.0 Safari/537.36"
47.128.62.168 - - [15/May/2026:14:20:19 -0400] "GET /wp-content/uploads/2025/05/cielo.png HTTP/1.1" 404 178419 "https://www.shoenation.me/product-category/hoka/?per_page=18&per_row=2&shop_view=grid&stock_status=instock%2Consale" "Mozilla/5.0 (compatible; Bytespider; spider-feedback@bytedance.com) AppleWebKit/537.36 (KHTML, like Gecko) Chrome/70.0.0.0 Safari/537.36"
47.128.62.168 - - [15/May/2026:14:20:19 -0400] "GET /wp-content/uploads/2025/05/66d02acde50c5_1724918478-430x349.png HTTP/1.1" 404 178500 "https://www.shoenation.me/product-category/hoka/?per_page=18&per_row=2&shop_view=grid&stock_status=instock%2Consale" "Mozilla/5.0 (compatible; Bytespider; spider-feedback@bytedance.com) AppleWebKit/537.36 (KHTML, like Gecko) Chrome/70.0.0.0 Safari/537.36"
47.128.62.168 - - [15/May/2026:14:20:19 -0400] "GET /wp-content/uploads/2024/06/product-jpeg-500x500-1-150x150.webp HTTP/1.1" 404 178497 "https://www.shoenation.me/product-category/hoka/?per_page=18&per_row=2&shop_view=grid&stock_status=instock%2Consale" "Mozilla/5.0 (compatible; Bytespider; spider-feedback@bytedance.com) AppleWebKit/537.36 (KHTML, like Gecko) Chrome/70.0.0.0 Safari/537.36"
47.128.62.168 - - [15/May/2026:14:20:39 -0400] "GET /wp-content/uploads/2025/05/1162053-FLV_1-430x349.webp HTTP/1.1" 200 0 "https://www.shoenation.me/product-category/hoka/?per_page=18&per_row=2&shop_view=grid&stock_status=instock%2Consale" "Mozilla/5.0 (compatible; Bytespider; spider-feedback@bytedance.com) AppleWebKit/537.36 (KHTML, like Gecko) Chrome/70.0.0.0 Safari/537.36"
47.128.62.168 - - [15/May/2026:14:20:39 -0400] "GET /wp-content/uploads/2025/05/1162053-FLV_2-430x349.webp HTTP/1.1" 200 0 "https://www.shoenation.me/product-category/hoka/?per_page=18&per_row=2&shop_view=grid&stock_status=instock%2Consale" "Mozilla/5.0 (compatible; Bytespider; spider-feedback@bytedance.com) AppleWebKit/537.36 (KHTML, like Gecko) Chrome/70.0.0.0 Safari/537.36"
47.128.62.168 - - [15/May/2026:14:20:39 -0400] "GET /wp-content/uploads/2024/03/wd-envelope-dark.svg HTTP/1.1" 200 0 "https://www.shoenation.me/product-category/hoka/?per_page=18&per_row=2&shop_view=grid&stock_status=instock%2Consale" "Mozilla/5.0 (compatible; Bytespider; spider-feedback@bytedance.com) AppleWebKit/537.36 (KHTML, like Gecko) Chrome/70.0.0.0 Safari/537.36"
74.7.175.131 - - [15/May/2026:14:21:15 -0400] "GET /robots.txt HTTP/1.1" 200 71 "-" "Mozilla/5.0 (Macintosh; Intel Mac OS X 10_15_7) AppleWebKit/537.36 (KHTML, like Gecko) Chrome/131.0.0.0 Safari/537.36; compatible; OAI-SearchBot/1.3; robots.txt; +https://openai.com/searchbot"
47.79.10.71 - - [15/May/2026:14:21:25 -0400] "GET /?filter_size=36%2C38%2C39%2C42%2C43%2C44&per_page=9&product_cat=sp&stock_status=instock%2Consale HTTP/1.1" 301 0 "-" "Mozilla/5.0 (Windows NT 10.0; Win64; x64) AppleWebKit/537.36 (KHTML, like Gecko) Chrome/138.0.0.0 Safari/537.36"
67.223.118.104 - - [15/May/2026:14:21:29 -0400] "POST /wp-cron.php?doing_wp_cron=1778869288.9596650600433349609375 HTTP/1.1" 200 0 "-" "WordPress/6.9.4; https://www.shoenation.me"
47.79.11.100 - - [15/May/2026:14:21:25 -0400] "GET /?filter_size=37%2C38%2C40%2C43&per_row=3&product_cat=othermodels&shop_view=grid&stock_status=instock%2Consale HTTP/1.1" 301 0 "-" "Mozilla/5.0 (Windows NT 10.0; Win64; x64) AppleWebKit/537.36 (KHTML, like Gecko) Chrome/145.0.0.0 Safari/537.36"
47.79.10.71 - - [15/May/2026:14:21:29 -0400] "GET /product-category/adidas/sp/?filter_size=36%2C38%2C39%2C42%2C43%2C44&per_page=9&stock_status=instock%2Consale HTTP/1.1" 200 0 "https://www.shoenation.me/?filter_size=36%2C38%2C39%2C42%2C43%2C44&per_page=9&product_cat=sp&stock_status=instock%2Consale" "Mozilla/5.0 (Windows NT 10.0; Win64; x64) AppleWebKit/537.36 (KHTML, like Gecko) Chrome/138.0.0.0 Safari/537.36"
47.79.11.100 - - [15/May/2026:14:21:29 -0400] "GET /product-category/nike/othermodels/?filter_size=37%2C38%2C40%2C43&per_row=3&shop_view=grid&stock_status=instock%2Consale HTTP/1.1" 200 0 "https://www.shoenation.me/?filter_size=37%2C38%2C40%2C43&per_row=3&product_cat=othermodels&shop_view=grid&stock_status=instock%2Consale" "Mozilla/5.0 (Windows NT 10.0; Win64; x64) AppleWebKit/537.36 (KHTML, like Gecko) Chrome/145.0.0.0 Safari/537.36"
66.249.73.71 - - [15/May/2026:14:21:45 -0400] "GET /?detail/363058125 HTTP/1.1" 200 24096 "-" "Mozilla/5.0 (Linux; Android 6.0.1; Nexus 5X Build/MMB29P) AppleWebKit/537.36 (KHTML, like Gecko) Chrome/148.0.7778.96 Mobile Safari/537.36 (compatible; Googlebot/2.1; +http://www.google.com/bot.html)"
67.223.118.104 - - [15/May/2026:14:22:01 -0400] "POST /wp-cron.php?doing_wp_cron=1778869321.1479620933532714843750 HTTP/1.1" 200 0 "-" "WordPress/6.9.4; https://www.shoenation.me"
47.82.15.187 - - [15/May/2026:14:21:58 -0400] "GET /?filter_size=36%2C38%2C42%2C43%2C45%2C46&product_cat=yezzy&stock_status=instock HTTP/1.1" 301 0 "-" "Mozilla/5.0 (Windows NT 10.0; Win64; x64) AppleWebKit/537.36 (KHTML, like Gecko) Chrome/145.0.0.0 Safari/537.36"
47.82.15.187 - - [15/May/2026:14:22:01 -0400] "GET /product-category/adidas/yezzy/?filter_size=36%2C38%2C42%2C43%2C45%2C46&stock_status=instock HTTP/1.1" 200 0 "https://www.shoenation.me/?filter_size=36%2C38%2C42%2C43%2C45%2C46&product_cat=yezzy&stock_status=instock" "Mozilla/5.0 (Windows NT 10.0; Win64; x64) AppleWebKit/537.36 (KHTML, like Gecko) Chrome/145.0.0.0 Safari/537.36"
47.82.14.199 - - [15/May/2026:14:23:04 -0400] "GET /?filter_size=36%2C37%2C38%2C40%2C41%2C43%2C44%2C45%2C46&product_cat=j4&stock_status=instock HTTP/1.1" 200 0 "-" "Mozilla/5.0 (Windows NT 10.0; Win64; x64) AppleWebKit/537.36 (KHTML, like Gecko) Chrome/147.0.0.0 Safari/537.36"
47.82.8.86 - - [15/May/2026:14:23:04 -0400] "GET /?filter_size=36%2C37-5%2C40%2C43%2C44&per_page=12&product_cat=adidas&stock_status=instock%2Consale HTTP/1.1" 200 0 "-" "Mozilla/5.0 (Macintosh; Intel Mac OS X 10_15_7) AppleWebKit/537.36 (KHTML, like Gecko) Chrome/139.0.0.0 Safari/537.36"
67.223.118.104 - - [15/May/2026:14:23:26 -0400] "POST /wp-cron.php?doing_wp_cron=1778869406.7405390739440917968750 HTTP/1.1" 200 0 "-" "WordPress/6.9.4; https://www.shoenation.me"
47.128.62.134 - - [15/May/2026:14:24:02 -0400] "GET /?filter_size=38%2C45&product_cat=sb-dunk HTTP/1.1" 301 0 "-" "Mozilla/5.0 (compatible; Bytespider; spider-feedback@bytedance.com) AppleWebKit/537.36 (KHTML, like Gecko) Chrome/70.0.0.0 Safari/537.36"
47.128.62.134 - - [15/May/2026:14:24:06 -0400] "GET /product-category/nike/sb-dunk/?filter_size=38%2C45 HTTP/1.1" 200 51469 "-" "Mozilla/5.0 (compatible; Bytespider; spider-feedback@bytedance.com) AppleWebKit/537.36 (KHTML, like Gecko) Chrome/70.0.0.0 Safari/537.36"
47.79.51.131 - - [15/May/2026:14:24:30 -0400] "GET /?filter_size=37%2C38%2C39%2C42%2C43%2C44&per_page=9&per_row=2&product_cat=asics&shop_view=grid HTTP/1.1" 200 0 "-" "Mozilla/5.0 (Macintosh; Intel Mac OS X 10_15_7) AppleWebKit/537.36 (KHTML, like Gecko) Chrome/139.0.0.0 Safari/537.36"
47.82.14.189 - - [15/May/2026:14:24:30 -0400] "GET /?filter_size=37%2C38%2C39%2C40%2C42%2C43%2C44%2C45&product_cat=asics&stock_status=instock HTTP/1.1" 200 0 "-" "Mozilla/5.0 (Macintosh; Intel Mac OS X 10_15_7) AppleWebKit/537.36 (KHTML, like Gecko) Chrome/147.0.0.0 Safari/537.36"
47.128.62.134 - - [15/May/2026:14:24:37 -0400] "GET /wp-content/uploads/2024/03/OUDU0149-1-430x430.png HTTP/1.1" 500 2431 "https://www.shoenation.me/product-category/nike/sb-dunk/?filter_size=38%2C45" "Mozilla/5.0 (compatible; Bytespider; spider-feedback@bytedance.com) AppleWebKit/537.36 (KHTML, like Gecko) Chrome/70.0.0.0 Safari/537.36"
47.128.62.134 - - [15/May/2026:14:24:37 -0400] "GET /wp-content/uploads/2024/03/OUDU0190-2-430x430.png HTTP/1.1" 500 2431 "https://www.shoenation.me/product-category/nike/sb-dunk/?filter_size=38%2C45" "Mozilla/5.0 (compatible; Bytespider; spider-feedback@bytedance.com) AppleWebKit/537.36 (KHTML, like Gecko) Chrome/70.0.0.0 Safari/537.36"
47.128.62.134 - - [15/May/2026:14:24:37 -0400] "GET /wp-content/uploads/2024/03/OUDU0175-3-430x430.png HTTP/1.1" 500 2431 "https://www.shoenation.me/product-category/nike/sb-dunk/?filter_size=38%2C45" "Mozilla/5.0 (compatible; Bytespider; spider-feedback@bytedance.com) AppleWebKit/537.36 (KHTML, like Gecko) Chrome/70.0.0.0 Safari/537.36"
47.128.62.134 - - [15/May/2026:14:24:37 -0400] "GET /wp-content/uploads/2024/03/OUDU0193-2-430x430.png HTTP/1.1" 500 2431 "https://www.shoenation.me/product-category/nike/sb-dunk/?filter_size=38%2C45" "Mozilla/5.0 (compatible; Bytespider; spider-feedback@bytedance.com) AppleWebKit/537.36 (KHTML, like Gecko) Chrome/70.0.0.0 Safari/537.36"
47.128.62.134 - - [15/May/2026:14:24:37 -0400] "GET /wp-content/uploads/2024/03/OUDU0190-1-430x430.png HTTP/1.1" 500 2431 "https://www.shoenation.me/product-category/nike/sb-dunk/?filter_size=38%2C45" "Mozilla/5.0 (compatible; Bytespider; spider-feedback@bytedance.com) AppleWebKit/537.36 (KHTML, like Gecko) Chrome/70.0.0.0 Safari/537.36"
47.128.62.134 - - [15/May/2026:14:24:37 -0400] "GET /wp-content/uploads/2024/03/OUDU0193-1-430x430.png HTTP/1.1" 500 2431 "https://www.shoenation.me/product-category/nike/sb-dunk/?filter_size=38%2C45" "Mozilla/5.0 (compatible; Bytespider; spider-feedback@bytedance.com) AppleWebKit/537.36 (KHTML, like Gecko) Chrome/70.0.0.0 Safari/537.36"
47.128.62.134 - - [15/May/2026:14:24:37 -0400] "GET /wp-content/uploads/2024/03/OUDU0149-2-430x430.png HTTP/1.1" 500 2431 "https://www.shoenation.me/product-category/nike/sb-dunk/?filter_size=38%2C45" "Mozilla/5.0 (compatible; Bytespider; spider-feedback@bytedance.com) AppleWebKit/537.36 (KHTML, like Gecko) Chrome/70.0.0.0 Safari/537.36"
47.128.62.134 - - [15/May/2026:14:24:37 -0400] "GET /wp-content/uploads/2024/03/wd-envelope-dark.svg HTTP/1.1" 500 2431 "https://www.shoenation.me/product-category/nike/sb-dunk/?filter_size=38%2C45" "Mozilla/5.0 (compatible; Bytespider; spider-feedback@bytedance.com) AppleWebKit/537.36 (KHTML, like Gecko) Chrome/70.0.0.0 Safari/537.36"
67.223.118.104 - - [15/May/2026:14:24:45 -0400] "POST /wp-cron.php?doing_wp_cron=1778869485.5375709533691406250000 HTTP/1.1" 200 0 "-" "WordPress/6.9.4; https://www.shoenation.me"
47.128.62.134 - - [15/May/2026:14:24:16 -0400] "GET /wp-content/uploads/2024/03/ShoeNation-Logo.png HTTP/1.1" 200 0 "https://www.shoenation.me/product-category/nike/sb-dunk/?filter_size=38%2C45" "Mozilla/5.0 (compatible; Bytespider; spider-feedback@bytedance.com) AppleWebKit/537.36 (KHTML, like Gecko) Chrome/70.0.0.0 Safari/537.36"
47.128.62.134 - - [15/May/2026:14:24:16 -0400] "GET /wp-content/uploads/2025/02/IMG_0260-150x150.jpeg HTTP/1.1" 404 178455 "https://www.shoenation.me/product-category/nike/sb-dunk/?filter_size=38%2C45" "Mozilla/5.0 (compatible; Bytespider; spider-feedback@bytedance.com) AppleWebKit/537.36 (KHTML, like Gecko) Chrome/70.0.0.0 Safari/537.36"
47.128.62.134 - - [15/May/2026:14:24:17 -0400] "GET /wp-content/uploads/2025/02/new-balance-530-miu-miu-v0-0p61tlqcrp2d1-150x150.webp HTTP/1.1" 200 0 "https://www.shoenation.me/product-category/nike/sb-dunk/?filter_size=38%2C45" "Mozilla/5.0 (compatible; Bytespider; spider-feedback@bytedance.com) AppleWebKit/537.36 (KHTML, like Gecko) Chrome/70.0.0.0 Safari/537.36"
47.128.62.134 - - [15/May/2026:14:24:17 -0400] "GET /wp-content/uploads/2024/06/5ef42a4788df9cdaaf135d9583f2228b-1-150x150.jpg HTTP/1.1" 200 0 "https://www.shoenation.me/product-category/nike/sb-dunk/?filter_size=38%2C45" "Mozilla/5.0 (compatible; Bytespider; spider-feedback@bytedance.com) AppleWebKit/537.36 (KHTML, like Gecko) Chrome/70.0.0.0 Safari/537.36"
47.128.62.134 - - [15/May/2026:14:24:17 -0400] "GET /wp-content/uploads/2025/02/download-150x150.jpg HTTP/1.1" 200 0 "https://www.shoenation.me/product-category/nike/sb-dunk/?filter_size=38%2C45" "Mozilla/5.0 (compatible; Bytespider; spider-feedback@bytedance.com) AppleWebKit/537.36 (KHTML, like Gecko) Chrome/70.0.0.0 Safari/537.36"
47.128.62.134 - - [15/May/2026:14:24:17 -0400] "GET /wp-content/uploads/2024/06/63922ed58580f70019f80ea5-1-150x150.webp HTTP/1.1" 200 0 "https://www.shoenation.me/product-category/nike/sb-dunk/?filter_size=38%2C45" "Mozilla/5.0 (compatible; Bytespider; spider-feedback@bytedance.com) AppleWebKit/537.36 (KHTML, like Gecko) Chrome/70.0.0.0 Safari/537.36"
47.128.62.134 - - [15/May/2026:14:24:17 -0400] "GET /wp-content/uploads/2024/06/3423897250m8_zm-1-150x150.jpg HTTP/1.1" 200 0 "https://www.shoenation.me/product-category/nike/sb-dunk/?filter_size=38%2C45" "Mozilla/5.0 (compatible; Bytespider; spider-feedback@bytedance.com) AppleWebKit/537.36 (KHTML, like Gecko) Chrome/70.0.0.0 Safari/537.36"
47.128.62.134 - - [15/May/2026:14:24:17 -0400] "GET /wp-content/uploads/2024/06/ca089c0521d61637a52311e4c5c83f0f-150x150.jpg HTTP/1.1" 200 0 "https://www.shoenation.me/product-category/nike/sb-dunk/?filter_size=38%2C45" "Mozilla/5.0 (compatible; Bytespider; spider-feedback@bytedance.com) AppleWebKit/537.36 (KHTML, like Gecko) Chrome/70.0.0.0 Safari/537.36"
47.128.62.134 - - [15/May/2026:14:24:17 -0400] "GET /wp-content/uploads/2024/06/product-jpeg-500x500-1-150x150.webp HTTP/1.1" 200 0 "https://www.shoenation.me/product-category/nike/sb-dunk/?filter_size=38%2C45" "Mozilla/5.0 (compatible; Bytespider; spider-feedback@bytedance.com) AppleWebKit/537.36 (KHTML, like Gecko) Chrome/70.0.0.0 Safari/537.36"
47.128.62.134 - - [15/May/2026:14:24:17 -0400] "GET /wp-content/uploads/2025/02/614b4079e84ea91f6aa9d9919838a0d6.jpg_720x720q80-150x150.jpg HTTP/1.1" 200 0 "https://www.shoenation.me/product-category/nike/sb-dunk/?filter_size=38%2C45" "Mozilla/5.0 (compatible; Bytespider; spider-feedback@bytedance.com) AppleWebKit/537.36 (KHTML, like Gecko) Chrome/70.0.0.0 Safari/537.36"
47.128.62.134 - - [15/May/2026:14:24:17 -0400] "GET /wp-content/uploads/2024/06/17-best-nike-running-shoes-15275-150x150.webp HTTP/1.1" 200 0 "https://www.shoenation.me/product-category/nike/sb-dunk/?filter_size=38%2C45" "Mozilla/5.0 (compatible; Bytespider; spider-feedback@bytedance.com) AppleWebKit/537.36 (KHTML, like Gecko) Chrome/70.0.0.0 Safari/537.36"
47.128.62.134 - - [15/May/2026:14:24:17 -0400] "GET /wp-content/uploads/2024/03/OUDU0159-2-430x430.png HTTP/1.1" 200 0 "https://www.shoenation.me/product-category/nike/sb-dunk/?filter_size=38%2C45" "Mozilla/5.0 (compatible; Bytespider; spider-feedback@bytedance.com) AppleWebKit/537.36 (KHTML, like Gecko) Chrome/70.0.0.0 Safari/537.36"
47.128.62.134 - - [15/May/2026:14:24:17 -0400] "GET /wp-content/uploads/2024/03/OUDU0159-1-430x430.png HTTP/1.1" 200 0 "https://www.shoenation.me/product-category/nike/sb-dunk/?filter_size=38%2C45" "Mozilla/5.0 (compatible; Bytespider; spider-feedback@bytedance.com) AppleWebKit/537.36 (KHTML, like Gecko) Chrome/70.0.0.0 Safari/537.36"
47.128.62.134 - - [15/May/2026:14:24:17 -0400] "GET /wp-content/uploads/2024/05/GyXtxDOe9eBxBoUp2oOV8C6jStqg2fSwAbMZRFsr-430x430.webp HTTP/1.1" 200 0 "https://www.shoenation.me/product-category/nike/sb-dunk/?filter_size=38%2C45" "Mozilla/5.0 (compatible; Bytespider; spider-feedback@bytedance.com) AppleWebKit/537.36 (KHTML, like Gecko) Chrome/70.0.0.0 Safari/537.36"
47.128.62.134 - - [15/May/2026:14:24:17 -0400] "GET /wp-content/uploads/2024/05/CXxmX51S0q4dh2GEkfhm42rGuXpYfELSmhmdh8tU-430x430.webp HTTP/1.1" 200 0 "https://www.shoenation.me/product-category/nike/sb-dunk/?filter_size=38%2C45" "Mozilla/5.0 (compatible; Bytespider; spider-feedback@bytedance.com) AppleWebKit/537.36 (KHTML, like Gecko) Chrome/70.0.0.0 Safari/537.36"
47.128.62.134 - - [15/May/2026:14:24:17 -0400] "GET /wp-content/uploads/2024/05/cb72f78fd8042dd273a28a45a838e8ca_1653077427-430x430.jpeg HTTP/1.1" 200 0 "https://www.shoenation.me/product-category/nike/sb-dunk/?filter_size=38%2C45" "Mozilla/5.0 (compatible; Bytespider; spider-feedback@bytedance.com) AppleWebKit/537.36 (KHTML, like Gecko) Chrome/70.0.0.0 Safari/537.36"
47.128.62.134 - - [15/May/2026:14:24:17 -0400] "GET /wp-content/uploads/2024/05/23fd66ac4b160d6904613145b49389ad_1653077430-430x430.jpeg HTTP/1.1" 200 0 "https://www.shoenation.me/product-category/nike/sb-dunk/?filter_size=38%2C45" "Mozilla/5.0 (compatible; Bytespider; spider-feedback@bytedance.com) AppleWebKit/537.36 (KHTML, like Gecko) Chrome/70.0.0.0 Safari/537.36"
47.128.62.134 - - [15/May/2026:14:24:17 -0400] "GET /wp-content/uploads/2024/03/OUDU0169-3-430x430.png HTTP/1.1" 200 0 "https://www.shoenation.me/product-category/nike/sb-dunk/?filter_size=38%2C45" "Mozilla/5.0 (compatible; Bytespider; spider-feedback@bytedance.com) AppleWebKit/537.36 (KHTML, like Gecko) Chrome/70.0.0.0 Safari/537.36"
47.128.62.134 - - [15/May/2026:14:24:17 -0400] "GET /wp-content/uploads/2024/03/OUDU0169-1-430x430.png HTTP/1.1" 200 0 "https://www.shoenation.me/product-category/nike/sb-dunk/?filter_size=38%2C45" "Mozilla/5.0 (compatible; Bytespider; spider-feedback@bytedance.com) AppleWebKit/537.36 (KHTML, like Gecko) Chrome/70.0.0.0 Safari/537.36"
47.128.62.134 - - [15/May/2026:14:24:17 -0400] "GET /wp-content/uploads/2024/03/OUDU0163-3-430x430.png HTTP/1.1" 200 0 "https://www.shoenation.me/product-category/nike/sb-dunk/?filter_size=38%2C45" "Mozilla/5.0 (compatible; Bytespider; spider-feedback@bytedance.com) AppleWebKit/537.36 (KHTML, like Gecko) Chrome/70.0.0.0 Safari/537.36"
47.128.62.134 - - [15/May/2026:14:24:17 -0400] "GET /wp-content/uploads/2024/03/OUDU0163-1-430x430.png HTTP/1.1" 404 178458 "https://www.shoenation.me/product-category/nike/sb-dunk/?filter_size=38%2C45" "Mozilla/5.0 (compatible; Bytespider; spider-feedback@bytedance.com) AppleWebKit/537.36 (KHTML, like Gecko) Chrome/70.0.0.0 Safari/537.36"
47.128.62.134 - - [15/May/2026:14:24:17 -0400] "GET /wp-content/uploads/2024/05/NIKEDUNKLOWSPCLOTCORK-e1716318255425-1-430x376.webp HTTP/1.1" 200 0 "https://www.shoenation.me/product-category/nike/sb-dunk/?filter_size=38%2C45" "Mozilla/5.0 (compatible; Bytespider; spider-feedback@bytedance.com) AppleWebKit/537.36 (KHTML, like Gecko) Chrome/70.0.0.0 Safari/537.36"
47.128.62.134 - - [15/May/2026:14:24:17 -0400] "GET /wp-content/uploads/2024/05/1_14c3d3b0-3479-447d-828c-7aed3e788c7b-430x430.webp HTTP/1.1" 200 0 "https://www.shoenation.me/product-category/nike/sb-dunk/?filter_size=38%2C45" "Mozilla/5.0 (compatible; Bytespider; spider-feedback@bytedance.com) AppleWebKit/537.36 (KHTML, like Gecko) Chrome/70.0.0.0 Safari/537.36"
47.128.62.134 - - [15/May/2026:14:24:17 -0400] "GET /wp-content/uploads/2024/05/OUDU0145-1-430x430.png HTTP/1.1" 200 0 "https://www.shoenation.me/product-category/nike/sb-dunk/?filter_size=38%2C45" "Mozilla/5.0 (compatible; Bytespider; spider-feedback@bytedance.com) AppleWebKit/537.36 (KHTML, like Gecko) Chrome/70.0.0.0 Safari/537.36"
47.128.62.134 - - [15/May/2026:14:24:17 -0400] "GET /wp-content/uploads/2024/03/OUDU0181-1-430x430.png HTTP/1.1" 200 0 "https://www.shoenation.me/product-category/nike/sb-dunk/?filter_size=38%2C45" "Mozilla/5.0 (compatible; Bytespider; spider-feedback@bytedance.com) AppleWebKit/537.36 (KHTML, like Gecko) Chrome/70.0.0.0 Safari/537.36"
47.128.62.134 - - [15/May/2026:14:24:17 -0400] "GET /wp-content/uploads/2024/03/OUDU0181-3-430x430.png HTTP/1.1" 200 0 "https://www.shoenation.me/product-category/nike/sb-dunk/?filter_size=38%2C45" "Mozilla/5.0 (compatible; Bytespider; spider-feedback@bytedance.com) AppleWebKit/537.36 (KHTML, like Gecko) Chrome/70.0.0.0 Safari/537.36"
47.128.62.134 - - [15/May/2026:14:24:37 -0400] "GET /wp-content/uploads/2024/03/OUDU0175-1-430x430.png HTTP/1.1" 200 0 "https://www.shoenation.me/product-category/nike/sb-dunk/?filter_size=38%2C45" "Mozilla/5.0 (compatible; Bytespider; spider-feedback@bytedance.com) AppleWebKit/537.36 (KHTML, like Gecko) Chrome/70.0.0.0 Safari/537.36"
47.128.62.134 - - [15/May/2026:14:24:17 -0400] "GET /wp-content/uploads/2024/05/OUDU0145-2-430x430.png HTTP/1.1" 200 0 "https://www.shoenation.me/product-category/nike/sb-dunk/?filter_size=38%2C45" "Mozilla/5.0 (compatible; Bytespider; spider-feedback@bytedance.com) AppleWebKit/537.36 (KHTML, like Gecko) Chrome/70.0.0.0 Safari/537.36"
47.82.14.85 - - [15/May/2026:14:25:22 -0400] "GET /?filter_size=37%2C39%2C44&per_row=4&product_cat=nb530&shop_view=grid&stock_status=onsale HTTP/1.1" 301 0 "-" "Mozilla/5.0 (Macintosh; Intel Mac OS X 10_15_7) AppleWebKit/537.36 (KHTML, like Gecko) Chrome/141.0.0.0 Safari/537.36"
47.82.14.85 - - [15/May/2026:14:25:22 -0400] "GET /?filter_size=36%2C42%2C44%2C45%2C47&per_page=9&product_cat=yezzy&stock_status=instock HTTP/1.1" 301 0 "-" "Mozilla/5.0 (Macintosh; Intel Mac OS X 10_15_7) AppleWebKit/537.36 (KHTML, like Gecko) Chrome/139.0.0.0 Safari/537.36"
47.82.14.85 - - [15/May/2026:14:25:24 -0400] "GET /product-category/new-balance/nb530/?filter_size=37%2C39%2C44&per_row=4&shop_view=grid&stock_status=onsale HTTP/1.1" 200 54449 "https://www.shoenation.me/?filter_size=37%2C39%2C44&per_row=4&product_cat=nb530&shop_view=grid&stock_status=onsale" "Mozilla/5.0 (Macintosh; Intel Mac OS X 10_15_7) AppleWebKit/537.36 (KHTML, like Gecko) Chrome/141.0.0.0 Safari/537.36"
47.82.14.85 - - [15/May/2026:14:25:25 -0400] "GET /product-category/adidas/yezzy/?filter_size=36%2C42%2C44%2C45%2C47&per_page=9&stock_status=instock HTTP/1.1" 200 0 "https://www.shoenation.me/?filter_size=36%2C42%2C44%2C45%2C47&per_page=9&product_cat=yezzy&stock_status=instock" "Mozilla/5.0 (Macintosh; Intel Mac OS X 10_15_7) AppleWebKit/537.36 (KHTML, like Gecko) Chrome/139.0.0.0 Safari/537.36"
47.82.15.234 - - [15/May/2026:14:25:35 -0400] "GET /?filter_size=37%2C38%2C41%2C43%2C47&per_page=9&product_cat=yezzy HTTP/1.1" 301 0 "-" "Mozilla/5.0 (Macintosh; Intel Mac OS X 10_15_7) AppleWebKit/537.36 (KHTML, like Gecko) Chrome/139.0.0.0 Safari/537.36"
47.82.15.234 - - [15/May/2026:14:25:36 -0400] "GET /product-category/adidas/yezzy/?filter_size=37%2C38%2C41%2C43%2C47&per_page=9 HTTP/1.1" 200 56852 "https://www.shoenation.me/?filter_size=37%2C38%2C41%2C43%2C47&per_page=9&product_cat=yezzy" "Mozilla/5.0 (Macintosh; Intel Mac OS X 10_15_7) AppleWebKit/537.36 (KHTML, like Gecko) Chrome/139.0.0.0 Safari/537.36"
67.223.118.104 - - [15/May/2026:14:26:58 -0400] "POST /wp-cron.php?doing_wp_cron=1778869618.4589240550994873046875 HTTP/1.1" 200 0 "-" "WordPress/6.9.4; https://www.shoenation.me"
47.79.11.213 - - [15/May/2026:14:26:55 -0400] "GET /?filter_size=36%2C38%2C40%2C41%2C42%2C43%2C44&product_cat=nb530&stock_status=instock HTTP/1.1" 301 0 "-" "Mozilla/5.0 (Macintosh; Intel Mac OS X 10_15_7) AppleWebKit/537.36 (KHTML, like Gecko) Chrome/141.0.0.0 Safari/537.36"
67.223.118.104 - - [15/May/2026:14:26:58 -0400] "POST /wp-cron.php?doing_wp_cron=1778869618.6450660228729248046875 HTTP/1.1" 200 0 "-" "WordPress/6.9.4; https://www.shoenation.me"
47.82.14.241 - - [15/May/2026:14:26:55 -0400] "GET /?filter_size=37%2C41%2C47&per_page=9&per_row=3&product_cat=j4&shop_view=grid&stock_status=onsale HTTP/1.1" 301 0 "-" "Mozilla/5.0 (Macintosh; Intel Mac OS X 10_15_7) AppleWebKit/537.36 (KHTML, like Gecko) Chrome/139.0.0.0 Safari/537.36"
47.82.14.241 - - [15/May/2026:14:26:58 -0400] "GET /product-category/nike/j4/?filter_size=37%2C41%2C47&per_page=9&per_row=3&shop_view=grid&stock_status=onsale HTTP/1.1" 200 0 "https://www.shoenation.me/?filter_size=37%2C41%2C47&per_page=9&per_row=3&product_cat=j4&shop_view=grid&stock_status=onsale" "Mozilla/5.0 (Macintosh; Intel Mac OS X 10_15_7) AppleWebKit/537.36 (KHTML, like Gecko) Chrome/139.0.0.0 Safari/537.36"
47.79.11.213 - - [15/May/2026:14:26:58 -0400] "GET /product-category/new-balance/nb530/?filter_size=36%2C38%2C40%2C41%2C42%2C43%2C44&stock_status=instock HTTP/1.1" 200 0 "https://www.shoenation.me/?filter_size=36%2C38%2C40%2C41%2C42%2C43%2C44&product_cat=nb530&stock_status=instock" "Mozilla/5.0 (Macintosh; Intel Mac OS X 10_15_7) AppleWebKit/537.36 (KHTML, like Gecko) Chrome/141.0.0.0 Safari/537.36"
43.130.47.33 - - [15/May/2026:14:26:59 -0400] "GET /product-category/nike/slide/ HTTP/1.1" 200 56543 "-" "Mozilla/5.0 (iPhone; CPU iPhone OS 13_2_3 like Mac OS X) AppleWebKit/605.1.15 (KHTML, like Gecko) Version/13.0.3 Mobile/15E148 Safari/604.1"
47.79.10.102 - - [15/May/2026:14:27:10 -0400] "GET /?filter_size=38%2C43%2C44&per_page=24&product_cat=j4&stock_status=onsale HTTP/1.1" 301 0 "-" "Mozilla/5.0 (Macintosh; Intel Mac OS X 10_15_7) AppleWebKit/537.36 (KHTML, like Gecko) Chrome/139.0.0.0 Safari/537.36"
47.79.10.102 - - [15/May/2026:14:27:10 -0400] "GET /?filter_size=37%2C39%2C41%2C43%2C44%2C45&product_cat=yezzy HTTP/1.1" 301 0 "-" "Mozilla/5.0 (Windows NT 10.0; Win64; x64) AppleWebKit/537.36 (KHTML, like Gecko) Chrome/147.0.0.0 Safari/537.36"
47.79.10.102 - - [15/May/2026:14:27:14 -0400] "GET /product-category/nike/j4/?filter_size=38%2C43%2C44&per_page=24&stock_status=onsale HTTP/1.1" 200 0 "https://www.shoenation.me/?filter_size=38%2C43%2C44&per_page=24&product_cat=j4&stock_status=onsale" "Mozilla/5.0 (Macintosh; Intel Mac OS X 10_15_7) AppleWebKit/537.36 (KHTML, like Gecko) Chrome/139.0.0.0 Safari/537.36"
47.79.10.102 - - [15/May/2026:14:27:14 -0400] "GET /product-category/adidas/yezzy/?filter_size=37%2C39%2C41%2C43%2C44%2C45 HTTP/1.1" 200 0 "https://www.shoenation.me/?filter_size=37%2C39%2C41%2C43%2C44%2C45&product_cat=yezzy" "Mozilla/5.0 (Windows NT 10.0; Win64; x64) AppleWebKit/537.36 (KHTML, like Gecko) Chrome/147.0.0.0 Safari/537.36"
67.223.118.104 - - [15/May/2026:14:27:22 -0400] "POST /wp-cron.php?doing_wp_cron=1778869642.0371611118316650390625 HTTP/1.1" 200 0 "-" "WordPress/6.9.4; https://www.shoenation.me"
67.223.118.104 - - [15/May/2026:14:27:26 -0400] "POST /wp-cron.php?doing_wp_cron=1778869646.0411610603332519531250 HTTP/1.1" 200 0 "-" "WordPress/6.9.4; https://www.shoenation.me"
47.128.62.156 - - [15/May/2026:14:28:03 -0400] "GET /?per_row=3&product_cat=jordan-3&shop_view=grid HTTP/1.1" 301 0 "-" "Mozilla/5.0 (compatible; Bytespider; spider-feedback@bytedance.com) AppleWebKit/537.36 (KHTML, like Gecko) Chrome/70.0.0.0 Safari/537.36"
52.167.144.142 - - [15/May/2026:14:28:13 -0400] "GET /?post_type=product&s= HTTP/1.1" 200 25556 "-" "Mozilla/5.0 AppleWebKit/537.36 (KHTML, like Gecko; compatible; bingbot/2.0; +http://www.bing.com/bingbot.htm) Chrome/116.0.1938.76 Safari/537.36"
47.128.62.156 - - [15/May/2026:14:28:09 -0400] "GET /product-category/nike/jordan-3/?per_row=3&shop_view=grid HTTP/1.1" 200 48103 "-" "Mozilla/5.0 (compatible; Bytespider; spider-feedback@bytedance.com) AppleWebKit/537.36 (KHTML, like Gecko) Chrome/70.0.0.0 Safari/537.36"
67.223.118.104 - - [15/May/2026:14:28:27 -0400] "POST /wp-cron.php?doing_wp_cron=1778869707.0393230915069580078125 HTTP/1.1" 200 0 "-" "WordPress/6.9.4; https://www.shoenation.me"
47.82.13.126 - - [15/May/2026:14:28:19 -0400] "GET /?filter_size=36%2C39%2C40%2C42%2C43%2C44&per_page=24&product_cat=j4 HTTP/1.1" 301 0 "-" "Mozilla/5.0 (Windows NT 10.0; Win64; x64) AppleWebKit/537.36 (KHTML, like Gecko) Chrome/143.0.0.0 Safari/537.36"
47.82.13.126 - - [15/May/2026:14:28:28 -0400] "GET /product-category/nike/j4/?filter_size=36%2C39%2C40%2C42%2C43%2C44&per_page=24 HTTP/1.1" 200 0 "https://www.shoenation.me/?filter_size=36%2C39%2C40%2C42%2C43%2C44&per_page=24&product_cat=j4" "Mozilla/5.0 (Windows NT 10.0; Win64; x64) AppleWebKit/537.36 (KHTML, like Gecko) Chrome/143.0.0.0 Safari/537.36"
47.82.13.201 - - [15/May/2026:14:28:19 -0400] "GET /?filter_size=36%2C40%2C42&per_page=12&post_type=product&stock_status=instock HTTP/1.1" 200 0 "-" "Mozilla/5.0 (Macintosh; Intel Mac OS X 10_15_7) AppleWebKit/537.36 (KHTML, like Gecko) Chrome/143.0.0.0 Safari/537.36"
47.79.10.60 - - [15/May/2026:14:28:34 -0400] "GET /?filter_size=36%2C41%2C43%2C45&per_page=18&per_row=3&product_cat=miu-miu&shop_view=grid&stock_status=instock%2Consale HTTP/1.1" 200 0 "-" "Mozilla/5.0 (Windows NT 10.0; Win64; x64) AppleWebKit/537.36 (KHTML, like Gecko) Chrome/147.0.0.0 Safari/537.36"
67.223.118.104 - - [15/May/2026:14:28:44 -0400] "POST /wp-cron.php?doing_wp_cron=1778869723.5377109050750732421875 HTTP/1.1" 200 0 "-" "WordPress/6.9.4; https://www.shoenation.me"
67.223.118.104 - - [15/May/2026:14:28:44 -0400] "POST /wp-cron.php?doing_wp_cron=1778869724.2360649108886718750000 HTTP/1.1" 200 0 "-" "WordPress/6.9.4; https://www.shoenation.me"
67.223.118.104 - - [15/May/2026:14:28:44 -0400] "POST /wp-cron.php?doing_wp_cron=1778869723.9411580562591552734375 HTTP/1.1" 200 0 "-" "WordPress/6.9.4; https://www.shoenation.me"
47.128.62.156 - - [15/May/2026:14:28:22 -0400] "GET /wp-content/uploads/2024/03/ShoeNation-Logo.png HTTP/1.1" 404 178449 "https://www.shoenation.me/product-category/nike/jordan-3/?per_row=3&shop_view=grid" "Mozilla/5.0 (compatible; Bytespider; spider-feedback@bytedance.com) AppleWebKit/537.36 (KHTML, like Gecko) Chrome/70.0.0.0 Safari/537.36"
47.128.62.156 - - [15/May/2026:14:28:22 -0400] "GET /wp-content/uploads/2025/02/new-balance-530-miu-miu-v0-0p61tlqcrp2d1-150x150.webp HTTP/1.1" 404 178551 "https://www.shoenation.me/product-category/nike/jordan-3/?per_row=3&shop_view=grid" "Mozilla/5.0 (compatible; Bytespider; spider-feedback@bytedance.com) AppleWebKit/537.36 (KHTML, like Gecko) Chrome/70.0.0.0 Safari/537.36"
47.128.62.156 - - [15/May/2026:14:28:22 -0400] "GET /wp-content/uploads/2024/06/3423897250m8_zm-1-150x150.jpg HTTP/1.1" 404 178479 "https://www.shoenation.me/product-category/nike/jordan-3/?per_row=3&shop_view=grid" "Mozilla/5.0 (compatible; Bytespider; spider-feedback@bytedance.com) AppleWebKit/537.36 (KHTML, like Gecko) Chrome/70.0.0.0 Safari/537.36"
67.223.118.104 - - [15/May/2026:14:28:44 -0400] "POST /wp-cron.php?doing_wp_cron=1778869724.8364820480346679687500 HTTP/1.1" 200 0 "-" "WordPress/6.9.4; https://www.shoenation.me"
47.128.62.156 - - [15/May/2026:14:28:22 -0400] "GET /wp-content/uploads/2025/02/IMG_0260-150x150.jpeg HTTP/1.1" 404 178455 "https://www.shoenation.me/product-category/nike/jordan-3/?per_row=3&shop_view=grid" "Mozilla/5.0 (compatible; Bytespider; spider-feedback@bytedance.com) AppleWebKit/537.36 (KHTML, like Gecko) Chrome/70.0.0.0 Safari/537.36"
67.223.118.104 - - [15/May/2026:14:28:46 -0400] "POST /wp-cron.php?doing_wp_cron=1778869726.0387580394744873046875 HTTP/1.1" 200 0 "-" "WordPress/6.9.4; https://www.shoenation.me"
67.223.118.104 - - [15/May/2026:14:28:46 -0400] "POST /wp-cron.php?doing_wp_cron=1778869726.0354158878326416015625 HTTP/1.1" 200 0 "-" "WordPress/6.9.4; https://www.shoenation.me"
47.128.62.156 - - [15/May/2026:14:28:23 -0400] "GET /wp-content/uploads/2024/09/air-jordan-3-retro-x-nina-chanel-abney-bicoastal-and-malachite-fz7974-300-release-date-5-430x484.webp HTTP/1.1" 404 178695 "https://www.shoenation.me/product-category/nike/jordan-3/?per_row=3&shop_view=grid" "Mozilla/5.0 (compatible; Bytespider; spider-feedback@bytedance.com) AppleWebKit/537.36 (KHTML, like Gecko) Chrome/70.0.0.0 Safari/537.36"
67.223.118.104 - - [15/May/2026:14:28:47 -0400] "POST /wp-cron.php?doing_wp_cron=1778869726.2380280494689941406250 HTTP/1.1" 200 0 "-" "WordPress/6.9.4; https://www.shoenation.me"
47.128.62.156 - - [15/May/2026:14:28:23 -0400] "GET /wp-content/uploads/2024/06/product-jpeg-500x500-1-150x150.webp HTTP/1.1" 404 178497 "https://www.shoenation.me/product-category/nike/jordan-3/?per_row=3&shop_view=grid" "Mozilla/5.0 (compatible; Bytespider; spider-feedback@bytedance.com) AppleWebKit/537.36 (KHTML, like Gecko) Chrome/70.0.0.0 Safari/537.36"
67.223.118.104 - - [15/May/2026:14:28:47 -0400] "POST /wp-cron.php?doing_wp_cron=1778869725.9355399608612060546875 HTTP/1.1" 200 0 "-" "WordPress/6.9.4; https://www.shoenation.me"
