47.128.62.193 - - [15/May/2026:12:24:49 -0400] "GET /wp-content/uploads/2025/01/c2_dfa0965b-244c-4cdb-98a0-3ad6194aa166-430x430.webp HTTP/1.1" 200 0 "https://www.shoenation.me/product-category/ugg/?per_page=18&stock_status=instock" "Mozilla/5.0 (compatible; Bytespider; spider-feedback@bytedance.com) AppleWebKit/537.36 (KHTML, like Gecko) Chrome/70.0.0.0 Safari/537.36"
47.128.62.193 - - [15/May/2026:12:24:49 -0400] "GET /wp-content/uploads/2025/01/c3_a8804c25-982e-40cc-b739-ceac8051fb14-430x430.webp HTTP/1.1" 200 0 "https://www.shoenation.me/product-category/ugg/?per_page=18&stock_status=instock" "Mozilla/5.0 (compatible; Bytespider; spider-feedback@bytedance.com) AppleWebKit/537.36 (KHTML, like Gecko) Chrome/70.0.0.0 Safari/537.36"
47.128.62.193 - - [15/May/2026:12:24:30 -0400] "GET /wp-content/uploads/2025/01/OUSL0034-1-430x430.png HTTP/1.1" 200 0 "https://www.shoenation.me/product-category/ugg/?per_page=18&stock_status=instock" "Mozilla/5.0 (compatible; Bytespider; spider-feedback@bytedance.com) AppleWebKit/537.36 (KHTML, like Gecko) Chrome/70.0.0.0 Safari/537.36"
47.128.62.193 - - [15/May/2026:12:24:30 -0400] "GET /wp-content/uploads/2025/01/OUSL0013-2-430x430.png HTTP/1.1" 200 0 "https://www.shoenation.me/product-category/ugg/?per_page=18&stock_status=instock" "Mozilla/5.0 (compatible; Bytespider; spider-feedback@bytedance.com) AppleWebKit/537.36 (KHTML, like Gecko) Chrome/70.0.0.0 Safari/537.36"
47.128.62.193 - - [15/May/2026:12:24:29 -0400] "GET /wp-content/uploads/2025/02/IMG_0260-150x150.jpeg HTTP/1.1" 200 0 "https://www.shoenation.me/product-category/ugg/?per_page=18&stock_status=instock" "Mozilla/5.0 (compatible; Bytespider; spider-feedback@bytedance.com) AppleWebKit/537.36 (KHTML, like Gecko) Chrome/70.0.0.0 Safari/537.36"
47.128.62.193 - - [15/May/2026:12:24:49 -0400] "GET /wp-content/uploads/2024/03/wd-envelope-dark.svg HTTP/1.1" 200 0 "https://www.shoenation.me/product-category/ugg/?per_page=18&stock_status=instock" "Mozilla/5.0 (compatible; Bytespider; spider-feedback@bytedance.com) AppleWebKit/537.36 (KHTML, like Gecko) Chrome/70.0.0.0 Safari/537.36"
47.128.62.193 - - [15/May/2026:12:24:30 -0400] "GET /wp-content/uploads/2025/01/OUSL0034-3-1-430x430.png HTTP/1.1" 200 0 "https://www.shoenation.me/product-category/ugg/?per_page=18&stock_status=instock" "Mozilla/5.0 (compatible; Bytespider; spider-feedback@bytedance.com) AppleWebKit/537.36 (KHTML, like Gecko) Chrome/70.0.0.0 Safari/537.36"
47.128.62.193 - - [15/May/2026:12:24:30 -0400] "GET /wp-content/uploads/2025/01/OUSL0014-3-430x430.png HTTP/1.1" 200 0 "https://www.shoenation.me/product-category/ugg/?per_page=18&stock_status=instock" "Mozilla/5.0 (compatible; Bytespider; spider-feedback@bytedance.com) AppleWebKit/537.36 (KHTML, like Gecko) Chrome/70.0.0.0 Safari/537.36"
47.128.62.193 - - [15/May/2026:12:24:30 -0400] "GET /wp-content/uploads/2025/01/OUSL0013-1-430x430.png HTTP/1.1" 200 0 "https://www.shoenation.me/product-category/ugg/?per_page=18&stock_status=instock" "Mozilla/5.0 (compatible; Bytespider; spider-feedback@bytedance.com) AppleWebKit/537.36 (KHTML, like Gecko) Chrome/70.0.0.0 Safari/537.36"
47.128.62.193 - - [15/May/2026:12:24:30 -0400] "GET /wp-content/uploads/2025/01/OUSL0015-3-430x430.png HTTP/1.1" 200 0 "https://www.shoenation.me/product-category/ugg/?per_page=18&stock_status=instock" "Mozilla/5.0 (compatible; Bytespider; spider-feedback@bytedance.com) AppleWebKit/537.36 (KHTML, like Gecko) Chrome/70.0.0.0 Safari/537.36"
47.128.62.193 - - [15/May/2026:12:24:29 -0400] "GET /wp-content/uploads/2024/03/ShoeNation-Logo.png HTTP/1.1" 200 0 "https://www.shoenation.me/product-category/ugg/?per_page=18&stock_status=instock" "Mozilla/5.0 (compatible; Bytespider; spider-feedback@bytedance.com) AppleWebKit/537.36 (KHTML, like Gecko) Chrome/70.0.0.0 Safari/537.36"
47.128.62.193 - - [15/May/2026:12:24:49 -0400] "GET /wp-content/uploads/2025/01/1137391-blk_1-430x644.jpeg HTTP/1.1" 200 0 "https://www.shoenation.me/product-category/ugg/?per_page=18&stock_status=instock" "Mozilla/5.0 (compatible; Bytespider; spider-feedback@bytedance.com) AppleWebKit/537.36 (KHTML, like Gecko) Chrome/70.0.0.0 Safari/537.36"
47.128.62.193 - - [15/May/2026:12:24:30 -0400] "GET /wp-content/uploads/2025/01/OUSL0014-2-430x430.png HTTP/1.1" 200 0 "https://www.shoenation.me/product-category/ugg/?per_page=18&stock_status=instock" "Mozilla/5.0 (compatible; Bytespider; spider-feedback@bytedance.com) AppleWebKit/537.36 (KHTML, like Gecko) Chrome/70.0.0.0 Safari/537.36"
47.128.62.193 - - [15/May/2026:12:24:30 -0400] "GET /wp-content/uploads/2025/01/OUSL0015-2-430x430.png HTTP/1.1" 200 0 "https://www.shoenation.me/product-category/ugg/?per_page=18&stock_status=instock" "Mozilla/5.0 (compatible; Bytespider; spider-feedback@bytedance.com) AppleWebKit/537.36 (KHTML, like Gecko) Chrome/70.0.0.0 Safari/537.36"
47.128.62.193 - - [15/May/2026:12:24:29 -0400] "GET /wp-content/uploads/2025/01/OUSL0039-1-430x430.png HTTP/1.1" 200 0 "https://www.shoenation.me/product-category/ugg/?per_page=18&stock_status=instock" "Mozilla/5.0 (compatible; Bytespider; spider-feedback@bytedance.com) AppleWebKit/537.36 (KHTML, like Gecko) Chrome/70.0.0.0 Safari/537.36"
47.128.62.193 - - [15/May/2026:12:24:30 -0400] "GET /wp-content/uploads/2025/01/OUSL0031-1-Copy-430x430.png HTTP/1.1" 200 0 "https://www.shoenation.me/product-category/ugg/?per_page=18&stock_status=instock" "Mozilla/5.0 (compatible; Bytespider; spider-feedback@bytedance.com) AppleWebKit/537.36 (KHTML, like Gecko) Chrome/70.0.0.0 Safari/537.36"
47.128.62.193 - - [15/May/2026:12:24:29 -0400] "GET /wp-content/uploads/2025/01/OUSL0039-2-430x430.png HTTP/1.1" 200 0 "https://www.shoenation.me/product-category/ugg/?per_page=18&stock_status=instock" "Mozilla/5.0 (compatible; Bytespider; spider-feedback@bytedance.com) AppleWebKit/537.36 (KHTML, like Gecko) Chrome/70.0.0.0 Safari/537.36"
47.128.62.193 - - [15/May/2026:12:24:29 -0400] "GET /wp-content/uploads/2025/01/OUSL0038-2-430x430.png HTTP/1.1" 200 0 "https://www.shoenation.me/product-category/ugg/?per_page=18&stock_status=instock" "Mozilla/5.0 (compatible; Bytespider; spider-feedback@bytedance.com) AppleWebKit/537.36 (KHTML, like Gecko) Chrome/70.0.0.0 Safari/537.36"
47.128.62.193 - - [15/May/2026:12:24:29 -0400] "GET /wp-content/uploads/2025/01/OUSL0031-2-430x430.png HTTP/1.1" 200 0 "https://www.shoenation.me/product-category/ugg/?per_page=18&stock_status=instock" "Mozilla/5.0 (compatible; Bytespider; spider-feedback@bytedance.com) AppleWebKit/537.36 (KHTML, like Gecko) Chrome/70.0.0.0 Safari/537.36"
47.128.62.193 - - [15/May/2026:12:24:30 -0400] "GET /wp-content/uploads/2025/01/OUSL0033-3-430x430.png HTTP/1.1" 200 0 "https://www.shoenation.me/product-category/ugg/?per_page=18&stock_status=instock" "Mozilla/5.0 (compatible; Bytespider; spider-feedback@bytedance.com) AppleWebKit/537.36 (KHTML, like Gecko) Chrome/70.0.0.0 Safari/537.36"
47.128.62.193 - - [15/May/2026:12:24:30 -0400] "GET /wp-content/uploads/2025/01/OUSL0033-2-430x430.png HTTP/1.1" 200 0 "https://www.shoenation.me/product-category/ugg/?per_page=18&stock_status=instock" "Mozilla/5.0 (compatible; Bytespider; spider-feedback@bytedance.com) AppleWebKit/537.36 (KHTML, like Gecko) Chrome/70.0.0.0 Safari/537.36"
47.128.62.193 - - [15/May/2026:12:24:29 -0400] "GET /wp-content/uploads/2025/01/OUSL0038-3-430x430.png HTTP/1.1" 200 0 "https://www.shoenation.me/product-category/ugg/?per_page=18&stock_status=instock" "Mozilla/5.0 (compatible; Bytespider; spider-feedback@bytedance.com) AppleWebKit/537.36 (KHTML, like Gecko) Chrome/70.0.0.0 Safari/537.36"
47.128.62.193 - - [15/May/2026:12:24:29 -0400] "GET /wp-content/uploads/2025/02/614b4079e84ea91f6aa9d9919838a0d6.jpg_720x720q80-150x150.jpg HTTP/1.1" 200 0 "https://www.shoenation.me/product-category/ugg/?per_page=18&stock_status=instock" "Mozilla/5.0 (compatible; Bytespider; spider-feedback@bytedance.com) AppleWebKit/537.36 (KHTML, like Gecko) Chrome/70.0.0.0 Safari/537.36"
47.128.62.193 - - [15/May/2026:12:24:29 -0400] "GET /wp-content/uploads/2025/02/new-balance-530-miu-miu-v0-0p61tlqcrp2d1-150x150.webp HTTP/1.1" 200 0 "https://www.shoenation.me/product-category/ugg/?per_page=18&stock_status=instock" "Mozilla/5.0 (compatible; Bytespider; spider-feedback@bytedance.com) AppleWebKit/537.36 (KHTML, like Gecko) Chrome/70.0.0.0 Safari/537.36"
47.128.62.193 - - [15/May/2026:12:24:29 -0400] "GET /wp-content/uploads/2024/06/5ef42a4788df9cdaaf135d9583f2228b-1-150x150.jpg HTTP/1.1" 200 0 "https://www.shoenation.me/product-category/ugg/?per_page=18&stock_status=instock" "Mozilla/5.0 (compatible; Bytespider; spider-feedback@bytedance.com) AppleWebKit/537.36 (KHTML, like Gecko) Chrome/70.0.0.0 Safari/537.36"
47.128.62.193 - - [15/May/2026:12:24:29 -0400] "GET /wp-content/uploads/2024/06/63922ed58580f70019f80ea5-1-150x150.webp HTTP/1.1" 200 0 "https://www.shoenation.me/product-category/ugg/?per_page=18&stock_status=instock" "Mozilla/5.0 (compatible; Bytespider; spider-feedback@bytedance.com) AppleWebKit/537.36 (KHTML, like Gecko) Chrome/70.0.0.0 Safari/537.36"
47.128.62.193 - - [15/May/2026:12:24:29 -0400] "GET /wp-content/uploads/2024/06/17-best-nike-running-shoes-15275-150x150.webp HTTP/1.1" 200 0 "https://www.shoenation.me/product-category/ugg/?per_page=18&stock_status=instock" "Mozilla/5.0 (compatible; Bytespider; spider-feedback@bytedance.com) AppleWebKit/537.36 (KHTML, like Gecko) Chrome/70.0.0.0 Safari/537.36"
47.128.62.193 - - [15/May/2026:12:24:29 -0400] "GET /wp-content/uploads/2024/06/ca089c0521d61637a52311e4c5c83f0f-150x150.jpg HTTP/1.1" 200 0 "https://www.shoenation.me/product-category/ugg/?per_page=18&stock_status=instock" "Mozilla/5.0 (compatible; Bytespider; spider-feedback@bytedance.com) AppleWebKit/537.36 (KHTML, like Gecko) Chrome/70.0.0.0 Safari/537.36"
47.128.62.193 - - [15/May/2026:12:24:29 -0400] "GET /wp-content/uploads/2025/02/download-150x150.jpg HTTP/1.1" 200 0 "https://www.shoenation.me/product-category/ugg/?per_page=18&stock_status=instock" "Mozilla/5.0 (compatible; Bytespider; spider-feedback@bytedance.com) AppleWebKit/537.36 (KHTML, like Gecko) Chrome/70.0.0.0 Safari/537.36"
47.128.62.193 - - [15/May/2026:12:24:49 -0400] "GET /wp-content/uploads/2025/01/1137391-blk_4-430x643.jpeg HTTP/1.1" 200 0 "https://www.shoenation.me/product-category/ugg/?per_page=18&stock_status=instock" "Mozilla/5.0 (compatible; Bytespider; spider-feedback@bytedance.com) AppleWebKit/537.36 (KHTML, like Gecko) Chrome/70.0.0.0 Safari/537.36"
47.128.62.193 - - [15/May/2026:12:24:49 -0400] "GET /wp-content/uploads/2025/01/OUSL0036-1-430x430.png HTTP/1.1" 200 0 "https://www.shoenation.me/product-category/ugg/?per_page=18&stock_status=instock" "Mozilla/5.0 (compatible; Bytespider; spider-feedback@bytedance.com) AppleWebKit/537.36 (KHTML, like Gecko) Chrome/70.0.0.0 Safari/537.36"
47.128.62.193 - - [15/May/2026:12:24:49 -0400] "GET /wp-content/uploads/2025/01/OUSL0036-2-430x430.png HTTP/1.1" 200 0 "https://www.shoenation.me/product-category/ugg/?per_page=18&stock_status=instock" "Mozilla/5.0 (compatible; Bytespider; spider-feedback@bytedance.com) AppleWebKit/537.36 (KHTML, like Gecko) Chrome/70.0.0.0 Safari/537.36"
47.128.62.193 - - [15/May/2026:12:24:49 -0400] "GET /wp-content/uploads/2025/01/OUSL0032-1-430x430.png HTTP/1.1" 200 0 "https://www.shoenation.me/product-category/ugg/?per_page=18&stock_status=instock" "Mozilla/5.0 (compatible; Bytespider; spider-feedback@bytedance.com) AppleWebKit/537.36 (KHTML, like Gecko) Chrome/70.0.0.0 Safari/537.36"
47.128.62.193 - - [15/May/2026:12:24:48 -0400] "GET /wp-content/uploads/2025/01/OUSL0032-2-430x430.png HTTP/1.1" 200 0 "https://www.shoenation.me/product-category/ugg/?per_page=18&stock_status=instock" "Mozilla/5.0 (compatible; Bytespider; spider-feedback@bytedance.com) AppleWebKit/537.36 (KHTML, like Gecko) Chrome/70.0.0.0 Safari/537.36"
185.191.171.5 - - [15/May/2026:12:24:54 -0400] "GET /?product=adidas-adizero-evo-sl-black-lucid-lemon HTTP/1.1" 500 165 "-" "Mozilla/5.0 (compatible; SemrushBot/7~bl; +http://www.semrush.com/bot.html)"
67.223.118.104 - - [15/May/2026:12:25:18 -0400] "POST /wp-cron.php?doing_wp_cron=1778862318.6353709697723388671875 HTTP/1.1" 200 0 "-" "WordPress/6.9.4; https://www.shoenation.me"
66.249.73.71 - - [15/May/2026:12:25:38 -0400] "GET /?product_cat=nb2002r&per_page=9&filter_size=37%2C38%2C39%2C42%2C43&shop_view=grid&per_row=3 HTTP/1.1" 200 25337 "-" "Mozilla/5.0 (Linux; Android 6.0.1; Nexus 5X Build/MMB29P) AppleWebKit/537.36 (KHTML, like Gecko) Chrome/148.0.7778.96 Mobile Safari/537.36 (compatible; Googlebot/2.1; +http://www.google.com/bot.html)"
43.164.196.244 - - [15/May/2026:12:25:51 -0400] "GET /product-category/nike/air-jordan/ HTTP/1.1" 200 59550 "-" "Mozilla/5.0 (iPhone; CPU iPhone OS 13_2_3 like Mac OS X) AppleWebKit/605.1.15 (KHTML, like Gecko) Version/13.0.3 Mobile/15E148 Safari/604.1"
109.172.91.206 - - [15/May/2026:12:27:56 -0400] "GET /?page_id=4439 HTTP/1.0" 200 0 "https://www.shoenation.me/?page_id=4439" "Mozilla/5.0 (Windows NT 10.0; Win64; x64) AppleWebKit/537.36 (KHTML, like Gecko) Chrome/130.0.0.0 Safari/537.36 CCleaner/130.0.0.0"
67.223.118.104 - - [15/May/2026:12:28:26 -0400] "POST /wp-cron.php?doing_wp_cron=1778862506.2435510158538818359375 HTTP/1.1" 200 0 "-" "WordPress/6.9.4; https://www.shoenation.me"
47.128.62.132 - - [15/May/2026:12:27:58 -0400] "GET /?filter_size=38%2C39%2C43%2C44%2C45&product_cat=nike&stock_status=instock HTTP/1.1" 301 0 "-" "Mozilla/5.0 (compatible; Bytespider; spider-feedback@bytedance.com) AppleWebKit/537.36 (KHTML, like Gecko) Chrome/70.0.0.0 Safari/537.36"
67.223.118.104 - - [15/May/2026:12:28:36 -0400] "POST /wp-cron.php?doing_wp_cron=1778862516.2348160743713378906250 HTTP/1.1" 200 0 "-" "WordPress/6.9.4; https://www.shoenation.me"
109.172.91.206 - - [15/May/2026:12:28:17 -0400] "GET / HTTP/1.0" 200 305269 "https://www.shoenation.me/" "Mozilla/5.0 (Windows NT 10.0; Win64; x64) AppleWebKit/537.36 (KHTML, like Gecko) Chrome/130.0.0.0 Safari/537.36 CCleaner/130.0.0.0"
47.128.62.132 - - [15/May/2026:12:28:27 -0400] "GET /product-category/nike/?filter_size=38%2C39%2C43%2C44%2C45&stock_status=instock HTTP/1.1" 200 51612 "-" "Mozilla/5.0 (compatible; Bytespider; spider-feedback@bytedance.com) AppleWebKit/537.36 (KHTML, like Gecko) Chrome/70.0.0.0 Safari/537.36"
47.128.62.132 - - [15/May/2026:12:28:42 -0400] "GET /wp-content/themes/woodmart/css/parts/widget-wd-recent-posts.min.css?ver=7.4.3 HTTP/1.1" 200 256 "https://www.shoenation.me/product-category/nike/?filter_size=38%2C39%2C43%2C44%2C45&stock_status=instock" "Mozilla/5.0 (compatible; Bytespider; spider-feedback@bytedance.com) AppleWebKit/537.36 (KHTML, like Gecko) Chrome/70.0.0.0 Safari/537.36"
47.128.62.132 - - [15/May/2026:12:28:42 -0400] "GET /wp-content/themes/woodmart/css/parts/woo-shop-el-order-by.min.css?ver=7.4.3 HTTP/1.1" 200 413 "https://www.shoenation.me/product-category/nike/?filter_size=38%2C39%2C43%2C44%2C45&stock_status=instock" "Mozilla/5.0 (compatible; Bytespider; spider-feedback@bytedance.com) AppleWebKit/537.36 (KHTML, like Gecko) Chrome/70.0.0.0 Safari/537.36"
109.172.91.206 - - [15/May/2026:12:28:37 -0400] "GET /contact-us/ HTTP/1.0" 200 194308 "https://www.shoenation.me/contact-us/" "Mozilla/5.0 (Windows NT 10.0; Win64; x64) AppleWebKit/537.36 (KHTML, like Gecko) Chrome/130.0.0.0 Safari/537.36 CCleaner/130.0.0.0"
47.128.62.132 - - [15/May/2026:12:28:43 -0400] "GET /wp-content/themes/woodmart/css/parts/mod-sticky-loader.min.css?ver=7.4.3 HTTP/1.1" 200 177 "https://www.shoenation.me/product-category/nike/?filter_size=38%2C39%2C43%2C44%2C45&stock_status=instock" "Mozilla/5.0 (compatible; Bytespider; spider-feedback@bytedance.com) AppleWebKit/537.36 (KHTML, like Gecko) Chrome/70.0.0.0 Safari/537.36"
47.128.62.132 - - [15/May/2026:12:28:44 -0400] "GET /wp-content/themes/woodmart/css/parts/wd-search-form.min.css?ver=7.4.3 HTTP/1.1" 200 482 "https://www.shoenation.me/product-category/nike/?filter_size=38%2C39%2C43%2C44%2C45&stock_status=instock" "Mozilla/5.0 (compatible; Bytespider; spider-feedback@bytedance.com) AppleWebKit/537.36 (KHTML, like Gecko) Chrome/70.0.0.0 Safari/537.36"
47.128.62.132 - - [15/May/2026:12:28:44 -0400] "GET /wp-content/themes/woodmart/css/parts/el-list.min.css?ver=7.4.3 HTTP/1.1" 200 406 "https://www.shoenation.me/product-category/nike/?filter_size=38%2C39%2C43%2C44%2C45&stock_status=instock" "Mozilla/5.0 (compatible; Bytespider; spider-feedback@bytedance.com) AppleWebKit/537.36 (KHTML, like Gecko) Chrome/70.0.0.0 Safari/537.36"
47.128.62.132 - - [15/May/2026:12:28:45 -0400] "GET /wp-content/uploads/2024/03/OUJO0446-3-430x430.png HTTP/1.1" 200 0 "https://www.shoenation.me/product-category/nike/?filter_size=38%2C39%2C43%2C44%2C45&stock_status=instock" "Mozilla/5.0 (compatible; Bytespider; spider-feedback@bytedance.com) AppleWebKit/537.36 (KHTML, like Gecko) Chrome/70.0.0.0 Safari/537.36"
47.128.62.132 - - [15/May/2026:12:28:45 -0400] "GET /wp-content/uploads/2025/06/OUJO0489-2-430x430.png HTTP/1.1" 200 0 "https://www.shoenation.me/product-category/nike/?filter_size=38%2C39%2C43%2C44%2C45&stock_status=instock" "Mozilla/5.0 (compatible; Bytespider; spider-feedback@bytedance.com) AppleWebKit/537.36 (KHTML, like Gecko) Chrome/70.0.0.0 Safari/537.36"
47.128.62.132 - - [15/May/2026:12:28:45 -0400] "GET /wp-content/uploads/2024/04/16852830_33510567_1000-430x574.webp HTTP/1.1" 200 0 "https://www.shoenation.me/product-category/nike/?filter_size=38%2C39%2C43%2C44%2C45&stock_status=instock" "Mozilla/5.0 (compatible; Bytespider; spider-feedback@bytedance.com) AppleWebKit/537.36 (KHTML, like Gecko) Chrome/70.0.0.0 Safari/537.36"
47.128.62.132 - - [15/May/2026:12:28:45 -0400] "GET /wp-content/uploads/2025/06/OUJO0489-3-430x430.png HTTP/1.1" 200 0 "https://www.shoenation.me/product-category/nike/?filter_size=38%2C39%2C43%2C44%2C45&stock_status=instock" "Mozilla/5.0 (compatible; Bytespider; spider-feedback@bytedance.com) AppleWebKit/537.36 (KHTML, like Gecko) Chrome/70.0.0.0 Safari/537.36"
47.128.62.132 - - [15/May/2026:12:28:45 -0400] "GET /wp-content/uploads/2024/04/OUAF0056-1-430x430.jpg HTTP/1.1" 200 0 "https://www.shoenation.me/product-category/nike/?filter_size=38%2C39%2C43%2C44%2C45&stock_status=instock" "Mozilla/5.0 (compatible; Bytespider; spider-feedback@bytedance.com) AppleWebKit/537.36 (KHTML, like Gecko) Chrome/70.0.0.0 Safari/537.36"
47.128.62.132 - - [15/May/2026:12:28:45 -0400] "GET /wp-content/uploads/2024/03/OUJO0456-1-430x430.png HTTP/1.1" 200 0 "https://www.shoenation.me/product-category/nike/?filter_size=38%2C39%2C43%2C44%2C45&stock_status=instock" "Mozilla/5.0 (compatible; Bytespider; spider-feedback@bytedance.com) AppleWebKit/537.36 (KHTML, like Gecko) Chrome/70.0.0.0 Safari/537.36"
47.128.62.132 - - [15/May/2026:12:28:45 -0400] "GET /wp-content/uploads/2025/02/614b4079e84ea91f6aa9d9919838a0d6.jpg_720x720q80-150x150.jpg HTTP/1.1" 200 0 "https://www.shoenation.me/product-category/nike/?filter_size=38%2C39%2C43%2C44%2C45&stock_status=instock" "Mozilla/5.0 (compatible; Bytespider; spider-feedback@bytedance.com) AppleWebKit/537.36 (KHTML, like Gecko) Chrome/70.0.0.0 Safari/537.36"
47.128.62.132 - - [15/May/2026:12:28:45 -0400] "GET /wp-content/uploads/2024/03/OSHSN0032-3-430x430.jpg HTTP/1.1" 200 0 "https://www.shoenation.me/product-category/nike/?filter_size=38%2C39%2C43%2C44%2C45&stock_status=instock" "Mozilla/5.0 (compatible; Bytespider; spider-feedback@bytedance.com) AppleWebKit/537.36 (KHTML, like Gecko) Chrome/70.0.0.0 Safari/537.36"
47.128.62.132 - - [15/May/2026:12:28:45 -0400] "GET /wp-content/uploads/2024/06/ca089c0521d61637a52311e4c5c83f0f-150x150.jpg HTTP/1.1" 200 0 "https://www.shoenation.me/product-category/nike/?filter_size=38%2C39%2C43%2C44%2C45&stock_status=instock" "Mozilla/5.0 (compatible; Bytespider; spider-feedback@bytedance.com) AppleWebKit/537.36 (KHTML, like Gecko) Chrome/70.0.0.0 Safari/537.36"
47.128.62.132 - - [15/May/2026:12:28:45 -0400] "GET /wp-content/uploads/2024/03/OUJO0456-3-430x430.png HTTP/1.1" 200 0 "https://www.shoenation.me/product-category/nike/?filter_size=38%2C39%2C43%2C44%2C45&stock_status=instock" "Mozilla/5.0 (compatible; Bytespider; spider-feedback@bytedance.com) AppleWebKit/537.36 (KHTML, like Gecko) Chrome/70.0.0.0 Safari/537.36"
47.128.62.132 - - [15/May/2026:12:28:44 -0400] "GET /wp-content/uploads/2025/02/IMG_0260-150x150.jpeg HTTP/1.1" 200 0 "https://www.shoenation.me/product-category/nike/?filter_size=38%2C39%2C43%2C44%2C45&stock_status=instock" "Mozilla/5.0 (compatible; Bytespider; spider-feedback@bytedance.com) AppleWebKit/537.36 (KHTML, like Gecko) Chrome/70.0.0.0 Safari/537.36"
47.128.62.132 - - [15/May/2026:12:28:45 -0400] "GET /wp-content/uploads/2024/03/OUAF0115-1-430x430.png HTTP/1.1" 200 0 "https://www.shoenation.me/product-category/nike/?filter_size=38%2C39%2C43%2C44%2C45&stock_status=instock" "Mozilla/5.0 (compatible; Bytespider; spider-feedback@bytedance.com) AppleWebKit/537.36 (KHTML, like Gecko) Chrome/70.0.0.0 Safari/537.36"
47.128.62.132 - - [15/May/2026:12:28:45 -0400] "GET /wp-content/uploads/2024/03/OSHSN0032-1-430x430.jpg HTTP/1.1" 200 0 "https://www.shoenation.me/product-category/nike/?filter_size=38%2C39%2C43%2C44%2C45&stock_status=instock" "Mozilla/5.0 (compatible; Bytespider; spider-feedback@bytedance.com) AppleWebKit/537.36 (KHTML, like Gecko) Chrome/70.0.0.0 Safari/537.36"
47.128.62.132 - - [15/May/2026:12:28:45 -0400] "GET /wp-content/uploads/2024/06/17-best-nike-running-shoes-15275-150x150.webp HTTP/1.1" 200 0 "https://www.shoenation.me/product-category/nike/?filter_size=38%2C39%2C43%2C44%2C45&stock_status=instock" "Mozilla/5.0 (compatible; Bytespider; spider-feedback@bytedance.com) AppleWebKit/537.36 (KHTML, like Gecko) Chrome/70.0.0.0 Safari/537.36"
47.128.62.132 - - [15/May/2026:12:28:45 -0400] "GET /wp-content/uploads/2024/03/OUAF0115-3-430x430.png HTTP/1.1" 200 0 "https://www.shoenation.me/product-category/nike/?filter_size=38%2C39%2C43%2C44%2C45&stock_status=instock" "Mozilla/5.0 (compatible; Bytespider; spider-feedback@bytedance.com) AppleWebKit/537.36 (KHTML, like Gecko) Chrome/70.0.0.0 Safari/537.36"
47.128.62.132 - - [15/May/2026:12:28:44 -0400] "GET /wp-content/uploads/2025/02/new-balance-530-miu-miu-v0-0p61tlqcrp2d1-150x150.webp HTTP/1.1" 200 0 "https://www.shoenation.me/product-category/nike/?filter_size=38%2C39%2C43%2C44%2C45&stock_status=instock" "Mozilla/5.0 (compatible; Bytespider; spider-feedback@bytedance.com) AppleWebKit/537.36 (KHTML, like Gecko) Chrome/70.0.0.0 Safari/537.36"
47.128.62.132 - - [15/May/2026:12:28:45 -0400] "GET /wp-content/uploads/2024/03/OUJO0452-1-430x430.png HTTP/1.1" 200 0 "https://www.shoenation.me/product-category/nike/?filter_size=38%2C39%2C43%2C44%2C45&stock_status=instock" "Mozilla/5.0 (compatible; Bytespider; spider-feedback@bytedance.com) AppleWebKit/537.36 (KHTML, like Gecko) Chrome/70.0.0.0 Safari/537.36"
47.128.62.132 - - [15/May/2026:12:28:45 -0400] "GET /wp-content/uploads/2024/06/product-jpeg-500x500-1-150x150.webp HTTP/1.1" 200 0 "https://www.shoenation.me/product-category/nike/?filter_size=38%2C39%2C43%2C44%2C45&stock_status=instock" "Mozilla/5.0 (compatible; Bytespider; spider-feedback@bytedance.com) AppleWebKit/537.36 (KHTML, like Gecko) Chrome/70.0.0.0 Safari/537.36"
47.128.62.132 - - [15/May/2026:12:28:45 -0400] "GET /wp-content/uploads/2024/03/OUJO0452-2-430x430.png HTTP/1.1" 200 0 "https://www.shoenation.me/product-category/nike/?filter_size=38%2C39%2C43%2C44%2C45&stock_status=instock" "Mozilla/5.0 (compatible; Bytespider; spider-feedback@bytedance.com) AppleWebKit/537.36 (KHTML, like Gecko) Chrome/70.0.0.0 Safari/537.36"
47.128.62.132 - - [15/May/2026:12:28:44 -0400] "GET /wp-content/uploads/2024/03/ShoeNation-Logo.png HTTP/1.1" 200 0 "https://www.shoenation.me/product-category/nike/?filter_size=38%2C39%2C43%2C44%2C45&stock_status=instock" "Mozilla/5.0 (compatible; Bytespider; spider-feedback@bytedance.com) AppleWebKit/537.36 (KHTML, like Gecko) Chrome/70.0.0.0 Safari/537.36"
47.128.62.132 - - [15/May/2026:12:28:44 -0400] "GET /wp-content/uploads/2024/06/5ef42a4788df9cdaaf135d9583f2228b-1-150x150.jpg HTTP/1.1" 200 0 "https://www.shoenation.me/product-category/nike/?filter_size=38%2C39%2C43%2C44%2C45&stock_status=instock" "Mozilla/5.0 (compatible; Bytespider; spider-feedback@bytedance.com) AppleWebKit/537.36 (KHTML, like Gecko) Chrome/70.0.0.0 Safari/537.36"
47.128.62.132 - - [15/May/2026:12:28:45 -0400] "GET /wp-content/uploads/2024/03/OUJO0450-1-430x430.png HTTP/1.1" 200 0 "https://www.shoenation.me/product-category/nike/?filter_size=38%2C39%2C43%2C44%2C45&stock_status=instock" "Mozilla/5.0 (compatible; Bytespider; spider-feedback@bytedance.com) AppleWebKit/537.36 (KHTML, like Gecko) Chrome/70.0.0.0 Safari/537.36"
47.128.62.132 - - [15/May/2026:12:28:44 -0400] "GET /wp-content/uploads/2025/02/download-150x150.jpg HTTP/1.1" 200 0 "https://www.shoenation.me/product-category/nike/?filter_size=38%2C39%2C43%2C44%2C45&stock_status=instock" "Mozilla/5.0 (compatible; Bytespider; spider-feedback@bytedance.com) AppleWebKit/537.36 (KHTML, like Gecko) Chrome/70.0.0.0 Safari/537.36"
47.128.62.132 - - [15/May/2026:12:28:45 -0400] "GET /wp-content/uploads/2024/06/63922ed58580f70019f80ea5-1-150x150.webp HTTP/1.1" 200 0 "https://www.shoenation.me/product-category/nike/?filter_size=38%2C39%2C43%2C44%2C45&stock_status=instock" "Mozilla/5.0 (compatible; Bytespider; spider-feedback@bytedance.com) AppleWebKit/537.36 (KHTML, like Gecko) Chrome/70.0.0.0 Safari/537.36"
47.128.62.132 - - [15/May/2026:12:28:45 -0400] "GET /wp-content/uploads/2024/03/OUJO0450-2-430x430.png HTTP/1.1" 200 0 "https://www.shoenation.me/product-category/nike/?filter_size=38%2C39%2C43%2C44%2C45&stock_status=instock" "Mozilla/5.0 (compatible; Bytespider; spider-feedback@bytedance.com) AppleWebKit/537.36 (KHTML, like Gecko) Chrome/70.0.0.0 Safari/537.36"
47.128.62.132 - - [15/May/2026:12:28:44 -0400] "GET /wp-content/uploads/2024/06/3423897250m8_zm-1-150x150.jpg HTTP/1.1" 200 0 "https://www.shoenation.me/product-category/nike/?filter_size=38%2C39%2C43%2C44%2C45&stock_status=instock" "Mozilla/5.0 (compatible; Bytespider; spider-feedback@bytedance.com) AppleWebKit/537.36 (KHTML, like Gecko) Chrome/70.0.0.0 Safari/537.36"
47.128.62.132 - - [15/May/2026:12:28:45 -0400] "GET /wp-content/uploads/2024/03/OUJO0446-1-430x430.png HTTP/1.1" 200 0 "https://www.shoenation.me/product-category/nike/?filter_size=38%2C39%2C43%2C44%2C45&stock_status=instock" "Mozilla/5.0 (compatible; Bytespider; spider-feedback@bytedance.com) AppleWebKit/537.36 (KHTML, like Gecko) Chrome/70.0.0.0 Safari/537.36"
66.249.73.73 - - [15/May/2026:12:29:21 -0400] "GET /?detail/856532094 HTTP/1.1" 200 24321 "-" "Mozilla/5.0 (Linux; Android 6.0.1; Nexus 5X Build/MMB29P) AppleWebKit/537.36 (KHTML, like Gecko) Chrome/148.0.7778.96 Mobile Safari/537.36 (compatible; Googlebot/2.1; +http://www.google.com/bot.html)"
109.172.91.206 - - [15/May/2026:12:28:45 -0400] "POST /contact-us/ HTTP/1.0" 200 195245 "https://www.shoenation.me/contact-us/" "Mozilla/5.0 (Windows NT 10.0; Win64; x64) AppleWebKit/537.36 (KHTML, like Gecko) Chrome/130.0.0.0 Safari/537.36 CCleaner/130.0.0.0"
66.249.73.71 - - [15/May/2026:12:29:49 -0400] "GET /?product_cat=j4&stock_status=instock&filter_size=38,40,44,45,46 HTTP/1.1" 200 25201 "-" "Mozilla/5.0 (Linux; Android 6.0.1; Nexus 5X Build/MMB29P) AppleWebKit/537.36 (KHTML, like Gecko) Chrome/148.0.7778.96 Mobile Safari/537.36 (compatible; Googlebot/2.1; +http://www.google.com/bot.html)"
66.249.73.72 - - [15/May/2026:12:30:07 -0400] "GET /goods.php?item/e6220464 HTTP/1.1" 200 24389 "-" "Mozilla/5.0 (Linux; Android 6.0.1; Nexus 5X Build/MMB29P) AppleWebKit/537.36 (KHTML, like Gecko) Chrome/148.0.7778.96 Mobile Safari/537.36 (compatible; Googlebot/2.1; +http://www.google.com/bot.html)"
47.82.9.76 - - [15/May/2026:12:30:11 -0400] "GET /?product=samba-og-wonder-quartz HTTP/1.1" 200 0 "https://www.shoenation.me/" "Mozilla/5.0 (Windows NT 10.0; Win64; x64) AppleWebKit/537.36 (KHTML, like Gecko) Chrome/135.0.0.0 Safari/537.36"
67.223.118.104 - - [15/May/2026:12:30:26 -0400] "POST /wp-cron.php?doing_wp_cron=1778862626.4397161006927490234375 HTTP/1.1" 200 0 "-" "WordPress/6.9.4; https://www.shoenation.me"
66.249.73.71 - - [15/May/2026:12:30:55 -0400] "GET /?product_cat=yezzy&stock_status=instock%2Consale&per_row=2&per_page=24&shop_view=grid&filter_size=36%2C37%2C39%2C41%2C44%2C46 HTTP/1.1" 200 25604 "-" "Mozilla/5.0 (Linux; Android 6.0.1; Nexus 5X Build/MMB29P) AppleWebKit/537.36 (KHTML, like Gecko) Chrome/148.0.7778.96 Mobile Safari/537.36 (compatible; Googlebot/2.1; +http://www.google.com/bot.html)"
67.223.118.104 - - [15/May/2026:12:32:03 -0400] "POST /wp-cron.php?doing_wp_cron=1778862723.8416380882263183593750 HTTP/1.1" 200 0 "-" "WordPress/6.9.4; https://www.shoenation.me"
47.128.62.165 - - [15/May/2026:12:31:59 -0400] "GET /?filter_size=37%2C42%2C43%2C44%2C46&product_cat=j4&stock_status=instock HTTP/1.1" 301 0 "-" "Mozilla/5.0 (compatible; Bytespider; spider-feedback@bytedance.com) AppleWebKit/537.36 (KHTML, like Gecko) Chrome/70.0.0.0 Safari/537.36"
47.128.62.165 - - [15/May/2026:12:32:04 -0400] "GET /product-category/nike/j4/?filter_size=37%2C42%2C43%2C44%2C46&stock_status=instock HTTP/1.1" 200 51419 "-" "Mozilla/5.0 (compatible; Bytespider; spider-feedback@bytedance.com) AppleWebKit/537.36 (KHTML, like Gecko) Chrome/70.0.0.0 Safari/537.36"
47.128.62.165 - - [15/May/2026:12:32:18 -0400] "GET /wp-content/themes/woodmart/css/parts/widget-wd-recent-posts.min.css?ver=7.4.3 HTTP/1.1" 200 256 "https://www.shoenation.me/product-category/nike/j4/?filter_size=37%2C42%2C43%2C44%2C46&stock_status=instock" "Mozilla/5.0 (compatible; Bytespider; spider-feedback@bytedance.com) AppleWebKit/537.36 (KHTML, like Gecko) Chrome/70.0.0.0 Safari/537.36"
47.128.62.165 - - [15/May/2026:12:32:18 -0400] "GET /wp-content/themes/woodmart/css/parts/woo-widget-product-list.min.css?ver=7.4.3 HTTP/1.1" 200 310 "https://www.shoenation.me/product-category/nike/j4/?filter_size=37%2C42%2C43%2C44%2C46&stock_status=instock" "Mozilla/5.0 (compatible; Bytespider; spider-feedback@bytedance.com) AppleWebKit/537.36 (KHTML, like Gecko) Chrome/70.0.0.0 Safari/537.36"
47.128.62.165 - - [15/May/2026:12:32:18 -0400] "GET /wp-content/themes/woodmart/css/parts/woo-mod-block-notices.min.css?ver=7.4.3 HTTP/1.1" 200 598 "https://www.shoenation.me/product-category/nike/j4/?filter_size=37%2C42%2C43%2C44%2C46&stock_status=instock" "Mozilla/5.0 (compatible; Bytespider; spider-feedback@bytedance.com) AppleWebKit/537.36 (KHTML, like Gecko) Chrome/70.0.0.0 Safari/537.36"
47.128.62.165 - - [15/May/2026:12:32:19 -0400] "GET /wp-content/themes/woodmart/css/parts/woo-categories-loop-old.min.css?ver=7.4.3 HTTP/1.1" 200 460 "https://www.shoenation.me/product-category/nike/j4/?filter_size=37%2C42%2C43%2C44%2C46&stock_status=instock" "Mozilla/5.0 (compatible; Bytespider; spider-feedback@bytedance.com) AppleWebKit/537.36 (KHTML, like Gecko) Chrome/70.0.0.0 Safari/537.36"
47.128.62.165 - - [15/May/2026:12:32:19 -0400] "GET /wp-content/themes/woodmart/css/parts/opt-widget-collapse.min.css?ver=7.4.3 HTTP/1.1" 200 349 "https://www.shoenation.me/product-category/nike/j4/?filter_size=37%2C42%2C43%2C44%2C46&stock_status=instock" "Mozilla/5.0 (compatible; Bytespider; spider-feedback@bytedance.com) AppleWebKit/537.36 (KHTML, like Gecko) Chrome/70.0.0.0 Safari/537.36"
47.128.62.165 - - [15/May/2026:12:32:19 -0400] "GET /wp-content/themes/woodmart/css/parts/el-text-block.min.css?ver=7.4.3 HTTP/1.1" 200 110 "https://www.shoenation.me/product-category/nike/j4/?filter_size=37%2C42%2C43%2C44%2C46&stock_status=instock" "Mozilla/5.0 (compatible; Bytespider; spider-feedback@bytedance.com) AppleWebKit/537.36 (KHTML, like Gecko) Chrome/70.0.0.0 Safari/537.36"
47.128.62.165 - - [15/May/2026:12:32:19 -0400] "GET /wp-content/uploads/2024/03/ShoeNation-Logo.png HTTP/1.1" 200 0 "https://www.shoenation.me/product-category/nike/j4/?filter_size=37%2C42%2C43%2C44%2C46&stock_status=instock" "Mozilla/5.0 (compatible; Bytespider; spider-feedback@bytedance.com) AppleWebKit/537.36 (KHTML, like Gecko) Chrome/70.0.0.0 Safari/537.36"
47.128.62.165 - - [15/May/2026:12:32:19 -0400] "GET /wp-content/uploads/2025/02/IMG_0260-150x150.jpeg HTTP/1.1" 200 0 "https://www.shoenation.me/product-category/nike/j4/?filter_size=37%2C42%2C43%2C44%2C46&stock_status=instock" "Mozilla/5.0 (compatible; Bytespider; spider-feedback@bytedance.com) AppleWebKit/537.36 (KHTML, like Gecko) Chrome/70.0.0.0 Safari/537.36"
47.128.62.165 - - [15/May/2026:12:32:39 -0400] "GET /wp-content/uploads/2024/03/OUJO0461-1-430x430.png HTTP/1.1" 500 2431 "https://www.shoenation.me/product-category/nike/j4/?filter_size=37%2C42%2C43%2C44%2C46&stock_status=instock" "Mozilla/5.0 (compatible; Bytespider; spider-feedback@bytedance.com) AppleWebKit/537.36 (KHTML, like Gecko) Chrome/70.0.0.0 Safari/537.36"
47.128.62.165 - - [15/May/2026:12:32:19 -0400] "GET /wp-content/uploads/2025/02/new-balance-530-miu-miu-v0-0p61tlqcrp2d1-150x150.webp HTTP/1.1" 200 0 "https://www.shoenation.me/product-category/nike/j4/?filter_size=37%2C42%2C43%2C44%2C46&stock_status=instock" "Mozilla/5.0 (compatible; Bytespider; spider-feedback@bytedance.com) AppleWebKit/537.36 (KHTML, like Gecko) Chrome/70.0.0.0 Safari/537.36"
47.128.62.165 - - [15/May/2026:12:32:39 -0400] "GET /wp-content/uploads/2024/04/OUJO0119-1-430x430.jpg HTTP/1.1" 500 2431 "https://www.shoenation.me/product-category/nike/j4/?filter_size=37%2C42%2C43%2C44%2C46&stock_status=instock" "Mozilla/5.0 (compatible; Bytespider; spider-feedback@bytedance.com) AppleWebKit/537.36 (KHTML, like Gecko) Chrome/70.0.0.0 Safari/537.36"
47.128.62.165 - - [15/May/2026:12:32:39 -0400] "GET /wp-content/uploads/2024/04/OUJO0428-2-430x430.png HTTP/1.1" 500 2431 "https://www.shoenation.me/product-category/nike/j4/?filter_size=37%2C42%2C43%2C44%2C46&stock_status=instock" "Mozilla/5.0 (compatible; Bytespider; spider-feedback@bytedance.com) AppleWebKit/537.36 (KHTML, like Gecko) Chrome/70.0.0.0 Safari/537.36"
47.128.62.165 - - [15/May/2026:12:32:19 -0400] "GET /wp-content/uploads/2025/02/download-150x150.jpg HTTP/1.1" 200 0 "https://www.shoenation.me/product-category/nike/j4/?filter_size=37%2C42%2C43%2C44%2C46&stock_status=instock" "Mozilla/5.0 (compatible; Bytespider; spider-feedback@bytedance.com) AppleWebKit/537.36 (KHTML, like Gecko) Chrome/70.0.0.0 Safari/537.36"
47.128.62.165 - - [15/May/2026:12:32:19 -0400] "GET /wp-content/uploads/2024/03/Air-Jordan-4-Red-Cement-Store-Li.webp HTTP/1.1" 200 0 "https://www.shoenation.me/product-category/nike/j4/?filter_size=37%2C42%2C43%2C44%2C46&stock_status=instock" "Mozilla/5.0 (compatible; Bytespider; spider-feedback@bytedance.com) AppleWebKit/537.36 (KHTML, like Gecko) Chrome/70.0.0.0 Safari/537.36"
47.128.62.165 - - [15/May/2026:12:32:20 -0400] "GET /wp-content/uploads/2024/06/3423897250m8_zm-1-150x150.jpg HTTP/1.1" 200 0 "https://www.shoenation.me/product-category/nike/j4/?filter_size=37%2C42%2C43%2C44%2C46&stock_status=instock" "Mozilla/5.0 (compatible; Bytespider; spider-feedback@bytedance.com) AppleWebKit/537.36 (KHTML, like Gecko) Chrome/70.0.0.0 Safari/537.36"
47.128.62.165 - - [15/May/2026:12:32:20 -0400] "GET /wp-content/uploads/2024/06/5ef42a4788df9cdaaf135d9583f2228b-1-150x150.jpg HTTP/1.1" 200 0 "https://www.shoenation.me/product-category/nike/j4/?filter_size=37%2C42%2C43%2C44%2C46&stock_status=instock" "Mozilla/5.0 (compatible; Bytespider; spider-feedback@bytedance.com) AppleWebKit/537.36 (KHTML, like Gecko) Chrome/70.0.0.0 Safari/537.36"
47.128.62.165 - - [15/May/2026:12:32:20 -0400] "GET /wp-content/uploads/2024/06/ca089c0521d61637a52311e4c5c83f0f-150x150.jpg HTTP/1.1" 200 0 "https://www.shoenation.me/product-category/nike/j4/?filter_size=37%2C42%2C43%2C44%2C46&stock_status=instock" "Mozilla/5.0 (compatible; Bytespider; spider-feedback@bytedance.com) AppleWebKit/537.36 (KHTML, like Gecko) Chrome/70.0.0.0 Safari/537.36"
123.253.198.137 - - [15/May/2026:12:32:40 -0400] "GET /?filter_size=37%2C40%2C44&per_row=3&product_cat=nike&shop_view=grid HTTP/1.1" 200 0 "-" "Mozilla/5.0 (Windows NT 6.1; Win64; x64) AppleWebKit/537.36 (KHTML, like Gecko) Chrome/79.0.3945.88 Safari/537.36"
47.128.62.165 - - [15/May/2026:12:32:39 -0400] "GET /wp-content/uploads/2024/04/OUJO0428-1-430x430.png HTTP/1.1" 500 2431 "https://www.shoenation.me/product-category/nike/j4/?filter_size=37%2C42%2C43%2C44%2C46&stock_status=instock" "Mozilla/5.0 (compatible; Bytespider; spider-feedback@bytedance.com) AppleWebKit/537.36 (KHTML, like Gecko) Chrome/70.0.0.0 Safari/537.36"
47.128.62.165 - - [15/May/2026:12:32:39 -0400] "GET /wp-content/uploads/2024/03/OUJO0424-1-430x430.png HTTP/1.1" 500 2431 "https://www.shoenation.me/product-category/nike/j4/?filter_size=37%2C42%2C43%2C44%2C46&stock_status=instock" "Mozilla/5.0 (compatible; Bytespider; spider-feedback@bytedance.com) AppleWebKit/537.36 (KHTML, like Gecko) Chrome/70.0.0.0 Safari/537.36"
47.128.62.165 - - [15/May/2026:12:32:20 -0400] "GET /wp-content/uploads/2024/06/63922ed58580f70019f80ea5-1-150x150.webp HTTP/1.1" 200 0 "https://www.shoenation.me/product-category/nike/j4/?filter_size=37%2C42%2C43%2C44%2C46&stock_status=instock" "Mozilla/5.0 (compatible; Bytespider; spider-feedback@bytedance.com) AppleWebKit/537.36 (KHTML, like Gecko) Chrome/70.0.0.0 Safari/537.36"
47.128.62.165 - - [15/May/2026:12:32:20 -0400] "GET /wp-content/uploads/2025/02/614b4079e84ea91f6aa9d9919838a0d6.jpg_720x720q80-150x150.jpg HTTP/1.1" 200 0 "https://www.shoenation.me/product-category/nike/j4/?filter_size=37%2C42%2C43%2C44%2C46&stock_status=instock" "Mozilla/5.0 (compatible; Bytespider; spider-feedback@bytedance.com) AppleWebKit/537.36 (KHTML, like Gecko) Chrome/70.0.0.0 Safari/537.36"
47.128.62.165 - - [15/May/2026:12:32:20 -0400] "GET /wp-content/uploads/2024/06/17-best-nike-running-shoes-15275-150x150.webp HTTP/1.1" 200 0 "https://www.shoenation.me/product-category/nike/j4/?filter_size=37%2C42%2C43%2C44%2C46&stock_status=instock" "Mozilla/5.0 (compatible; Bytespider; spider-feedback@bytedance.com) AppleWebKit/537.36 (KHTML, like Gecko) Chrome/70.0.0.0 Safari/537.36"
47.128.62.165 - - [15/May/2026:12:32:20 -0400] "GET /wp-content/uploads/2024/06/product-jpeg-500x500-1-150x150.webp HTTP/1.1" 200 0 "https://www.shoenation.me/product-category/nike/j4/?filter_size=37%2C42%2C43%2C44%2C46&stock_status=instock" "Mozilla/5.0 (compatible; Bytespider; spider-feedback@bytedance.com) AppleWebKit/537.36 (KHTML, like Gecko) Chrome/70.0.0.0 Safari/537.36"
47.128.62.165 - - [15/May/2026:12:32:20 -0400] "GET /wp-content/uploads/2024/04/OUJO0245-1-430x430.png HTTP/1.1" 200 0 "https://www.shoenation.me/product-category/nike/j4/?filter_size=37%2C42%2C43%2C44%2C46&stock_status=instock" "Mozilla/5.0 (compatible; Bytespider; spider-feedback@bytedance.com) AppleWebKit/537.36 (KHTML, like Gecko) Chrome/70.0.0.0 Safari/537.36"
47.128.62.165 - - [15/May/2026:12:32:20 -0400] "GET /wp-content/uploads/2024/04/OUJO0245-3-430x430.png HTTP/1.1" 200 0 "https://www.shoenation.me/product-category/nike/j4/?filter_size=37%2C42%2C43%2C44%2C46&stock_status=instock" "Mozilla/5.0 (compatible; Bytespider; spider-feedback@bytedance.com) AppleWebKit/537.36 (KHTML, like Gecko) Chrome/70.0.0.0 Safari/537.36"
47.128.62.165 - - [15/May/2026:12:32:20 -0400] "GET /wp-content/uploads/2024/03/OUJO0379-2-430x430.png HTTP/1.1" 200 0 "https://www.shoenation.me/product-category/nike/j4/?filter_size=37%2C42%2C43%2C44%2C46&stock_status=instock" "Mozilla/5.0 (compatible; Bytespider; spider-feedback@bytedance.com) AppleWebKit/537.36 (KHTML, like Gecko) Chrome/70.0.0.0 Safari/537.36"
47.128.62.165 - - [15/May/2026:12:32:20 -0400] "GET /wp-content/uploads/2024/03/OUJO0379-1-430x430.png HTTP/1.1" 200 0 "https://www.shoenation.me/product-category/nike/j4/?filter_size=37%2C42%2C43%2C44%2C46&stock_status=instock" "Mozilla/5.0 (compatible; Bytespider; spider-feedback@bytedance.com) AppleWebKit/537.36 (KHTML, like Gecko) Chrome/70.0.0.0 Safari/537.36"
47.128.62.165 - - [15/May/2026:12:32:20 -0400] "GET /wp-content/uploads/2024/04/OUJO0199-3-430x430.png HTTP/1.1" 200 0 "https://www.shoenation.me/product-category/nike/j4/?filter_size=37%2C42%2C43%2C44%2C46&stock_status=instock" "Mozilla/5.0 (compatible; Bytespider; spider-feedback@bytedance.com) AppleWebKit/537.36 (KHTML, like Gecko) Chrome/70.0.0.0 Safari/537.36"
47.128.62.165 - - [15/May/2026:12:32:20 -0400] "GET /wp-content/uploads/2024/04/OUJO0199-1-430x430.png HTTP/1.1" 200 0 "https://www.shoenation.me/product-category/nike/j4/?filter_size=37%2C42%2C43%2C44%2C46&stock_status=instock" "Mozilla/5.0 (compatible; Bytespider; spider-feedback@bytedance.com) AppleWebKit/537.36 (KHTML, like Gecko) Chrome/70.0.0.0 Safari/537.36"
47.128.62.165 - - [15/May/2026:12:32:20 -0400] "GET /wp-content/uploads/2024/03/OUJO0458-3-430x430.png HTTP/1.1" 200 0 "https://www.shoenation.me/product-category/nike/j4/?filter_size=37%2C42%2C43%2C44%2C46&stock_status=instock" "Mozilla/5.0 (compatible; Bytespider; spider-feedback@bytedance.com) AppleWebKit/537.36 (KHTML, like Gecko) Chrome/70.0.0.0 Safari/537.36"
47.128.62.165 - - [15/May/2026:12:32:20 -0400] "GET /wp-content/uploads/2024/03/OUJO0458-1-430x430.png HTTP/1.1" 200 0 "https://www.shoenation.me/product-category/nike/j4/?filter_size=37%2C42%2C43%2C44%2C46&stock_status=instock" "Mozilla/5.0 (compatible; Bytespider; spider-feedback@bytedance.com) AppleWebKit/537.36 (KHTML, like Gecko) Chrome/70.0.0.0 Safari/537.36"
47.128.62.165 - - [15/May/2026:12:32:20 -0400] "GET /wp-content/uploads/2024/04/OUJO0123-3-430x430.jpg HTTP/1.1" 200 0 "https://www.shoenation.me/product-category/nike/j4/?filter_size=37%2C42%2C43%2C44%2C46&stock_status=instock" "Mozilla/5.0 (compatible; Bytespider; spider-feedback@bytedance.com) AppleWebKit/537.36 (KHTML, like Gecko) Chrome/70.0.0.0 Safari/537.36"
47.128.62.165 - - [15/May/2026:12:32:20 -0400] "GET /wp-content/uploads/2024/04/OUJO0123-1-430x430.jpg HTTP/1.1" 200 0 "https://www.shoenation.me/product-category/nike/j4/?filter_size=37%2C42%2C43%2C44%2C46&stock_status=instock" "Mozilla/5.0 (compatible; Bytespider; spider-feedback@bytedance.com) AppleWebKit/537.36 (KHTML, like Gecko) Chrome/70.0.0.0 Safari/537.36"
47.128.62.165 - - [15/May/2026:12:32:20 -0400] "GET /wp-content/uploads/2024/03/OUJO0426-2-430x430.png HTTP/1.1" 200 0 "https://www.shoenation.me/product-category/nike/j4/?filter_size=37%2C42%2C43%2C44%2C46&stock_status=instock" "Mozilla/5.0 (compatible; Bytespider; spider-feedback@bytedance.com) AppleWebKit/537.36 (KHTML, like Gecko) Chrome/70.0.0.0 Safari/537.36"
47.128.62.165 - - [15/May/2026:12:32:39 -0400] "GET /wp-content/uploads/2024/03/wd-envelope-dark.svg HTTP/1.1" 500 2431 "https://www.shoenation.me/product-category/nike/j4/?filter_size=37%2C42%2C43%2C44%2C46&stock_status=instock" "Mozilla/5.0 (compatible; Bytespider; spider-feedback@bytedance.com) AppleWebKit/537.36 (KHTML, like Gecko) Chrome/70.0.0.0 Safari/537.36"
47.128.62.165 - - [15/May/2026:12:32:39 -0400] "GET /wp-content/uploads/2024/03/OUJO0424-3-430x430.png HTTP/1.1" 500 2431 "https://www.shoenation.me/product-category/nike/j4/?filter_size=37%2C42%2C43%2C44%2C46&stock_status=instock" "Mozilla/5.0 (compatible; Bytespider; spider-feedback@bytedance.com) AppleWebKit/537.36 (KHTML, like Gecko) Chrome/70.0.0.0 Safari/537.36"
47.128.62.165 - - [15/May/2026:12:32:20 -0400] "GET /wp-content/uploads/2024/03/OUJO0426-1-430x430.png HTTP/1.1" 200 0 "https://www.shoenation.me/product-category/nike/j4/?filter_size=37%2C42%2C43%2C44%2C46&stock_status=instock" "Mozilla/5.0 (compatible; Bytespider; spider-feedback@bytedance.com) AppleWebKit/537.36 (KHTML, like Gecko) Chrome/70.0.0.0 Safari/537.36"
47.128.62.165 - - [15/May/2026:12:32:20 -0400] "GET /wp-content/uploads/2024/03/OUJO0169-3-430x430.jpg HTTP/1.1" 200 0 "https://www.shoenation.me/product-category/nike/j4/?filter_size=37%2C42%2C43%2C44%2C46&stock_status=instock" "Mozilla/5.0 (compatible; Bytespider; spider-feedback@bytedance.com) AppleWebKit/537.36 (KHTML, like Gecko) Chrome/70.0.0.0 Safari/537.36"
47.128.62.165 - - [15/May/2026:12:32:20 -0400] "GET /wp-content/uploads/2024/03/OUJO0169-1-430x430.jpg HTTP/1.1" 200 0 "https://www.shoenation.me/product-category/nike/j4/?filter_size=37%2C42%2C43%2C44%2C46&stock_status=instock" "Mozilla/5.0 (compatible; Bytespider; spider-feedback@bytedance.com) AppleWebKit/537.36 (KHTML, like Gecko) Chrome/70.0.0.0 Safari/537.36"
47.128.62.165 - - [15/May/2026:12:32:20 -0400] "GET /wp-content/uploads/2024/03/OUJO0126-2-430x430.jpg HTTP/1.1" 200 0 "https://www.shoenation.me/product-category/nike/j4/?filter_size=37%2C42%2C43%2C44%2C46&stock_status=instock" "Mozilla/5.0 (compatible; Bytespider; spider-feedback@bytedance.com) AppleWebKit/537.36 (KHTML, like Gecko) Chrome/70.0.0.0 Safari/537.36"
47.128.62.165 - - [15/May/2026:12:32:20 -0400] "GET /wp-content/uploads/2024/03/OUJO0126-1-430x430.jpg HTTP/1.1" 200 0 "https://www.shoenation.me/product-category/nike/j4/?filter_size=37%2C42%2C43%2C44%2C46&stock_status=instock" "Mozilla/5.0 (compatible; Bytespider; spider-feedback@bytedance.com) AppleWebKit/537.36 (KHTML, like Gecko) Chrome/70.0.0.0 Safari/537.36"
47.128.62.165 - - [15/May/2026:12:32:39 -0400] "GET /wp-content/uploads/2024/03/OUJO0461-3-430x430.png HTTP/1.1" 200 0 "https://www.shoenation.me/product-category/nike/j4/?filter_size=37%2C42%2C43%2C44%2C46&stock_status=instock" "Mozilla/5.0 (compatible; Bytespider; spider-feedback@bytedance.com) AppleWebKit/537.36 (KHTML, like Gecko) Chrome/70.0.0.0 Safari/537.36"
47.128.62.165 - - [15/May/2026:12:32:39 -0400] "GET /wp-content/uploads/2024/04/OUJO0119-2-430x430.jpg HTTP/1.1" 200 0 "https://www.shoenation.me/product-category/nike/j4/?filter_size=37%2C42%2C43%2C44%2C46&stock_status=instock" "Mozilla/5.0 (compatible; Bytespider; spider-feedback@bytedance.com) AppleWebKit/537.36 (KHTML, like Gecko) Chrome/70.0.0.0 Safari/537.36"
67.223.118.104 - - [15/May/2026:12:33:02 -0400] "POST /wp-cron.php?doing_wp_cron=1778862782.3433630466461181640625 HTTP/1.1" 200 0 "-" "WordPress/6.9.4; https://www.shoenation.me"
67.223.118.104 - - [15/May/2026:12:33:02 -0400] "POST /wp-cron.php?doing_wp_cron=1778862782.2506930828094482421875 HTTP/1.1" 200 0 "-" "WordPress/6.9.4; https://www.shoenation.me"
94.205.229.73 - - [15/May/2026:12:33:48 -0400] "GET /wp-content/uploads/2024/11/c5a5b1266d5147f597acb87dc018c813-700x700.webp HTTP/1.1" 404 41714 "-" "Mozilla/5.0 (compatible; MSIE 9.0; Windows NT 10.0; Trident/4.0)"
67.223.118.104 - - [15/May/2026:12:34:05 -0400] "POST /wp-cron.php?doing_wp_cron=1778862845.0459570884704589843750 HTTP/1.1" 200 0 "-" "WordPress/6.9.4; https://www.shoenation.me"
103.232.231.153 - - [15/May/2026:12:33:59 -0400] "GET /wp-content/uploads/2024/11/c5a5b1266d5147f597acb87dc018c813-700x700.webp HTTP/1.1" 404 41715 "-" "Mozilla/5.0 (X11; Linux x86_64; rv:1.9.6.20) Gecko/2337-08-05 16:53:17.801945 Firefox/3.6.3"
66.249.73.72 - - [15/May/2026:12:34:31 -0400] "GET /?detail/501871424 HTTP/1.1" 200 24193 "-" "Mozilla/5.0 (Linux; Android 6.0.1; Nexus 5X Build/MMB29P) AppleWebKit/537.36 (KHTML, like Gecko) Chrome/148.0.7778.96 Mobile Safari/537.36 (compatible; Googlebot/2.1; +http://www.google.com/bot.html)"
67.223.118.104 - - [15/May/2026:12:35:46 -0400] "POST /wp-cron.php?doing_wp_cron=1778862946.1511039733886718750000 HTTP/1.1" 200 0 "-" "WordPress/6.9.4; https://www.shoenation.me"
129.226.93.214 - - [15/May/2026:12:35:34 -0400] "GET /product-category/nike/j4/ HTTP/1.1" 200 58989 "-" "Mozilla/5.0 (iPhone; CPU iPhone OS 13_2_3 like Mac OS X) AppleWebKit/605.1.15 (KHTML, like Gecko) Version/13.0.3 Mobile/15E148 Safari/604.1"
47.128.62.192 - - [15/May/2026:12:36:00 -0400] "GET /?filter_size=38%2C41%2C42%2C43&per_page=9&product_cat=adidas&stock_status=onsale HTTP/1.1" 301 0 "-" "Mozilla/5.0 (Linux; Android 5.0) AppleWebKit/537.36 (KHTML, like Gecko) Mobile Safari/537.36 (compatible; Bytespider; spider-feedback@bytedance.com)"
47.128.62.192 - - [15/May/2026:12:36:04 -0400] "GET /product-category/adidas/?filter_size=38%2C41%2C42%2C43&per_page=9&stock_status=onsale HTTP/1.1" 200 47087 "-" "Mozilla/5.0 (Linux; Android 5.0) AppleWebKit/537.36 (KHTML, like Gecko) Mobile Safari/537.36 (compatible; Bytespider; spider-feedback@bytedance.com)"
47.128.62.192 - - [15/May/2026:12:36:12 -0400] "GET /wp-content/themes/woodmart/css/parts/woo-shop-el-order-by.min.css?ver=7.4.3 HTTP/1.1" 200 413 "https://www.shoenation.me/product-category/adidas/?filter_size=38%2C41%2C42%2C43&per_page=9&stock_status=onsale" "Mozilla/5.0 (Linux; Android 5.0) AppleWebKit/537.36 (KHTML, like Gecko) Mobile Safari/537.36 (compatible; Bytespider; spider-feedback@bytedance.com)"
47.128.62.192 - - [15/May/2026:12:36:12 -0400] "GET /wp-content/themes/woodmart/css/parts/header-el-search-fullscreen-1.min.css?ver=7.4.3 HTTP/1.1" 200 1028 "https://www.shoenation.me/product-category/adidas/?filter_size=38%2C41%2C42%2C43&per_page=9&stock_status=onsale" "Mozilla/5.0 (Linux; Android 5.0) AppleWebKit/537.36 (KHTML, like Gecko) Mobile Safari/537.36 (compatible; Bytespider; spider-feedback@bytedance.com)"
67.223.118.104 - - [15/May/2026:12:36:21 -0400] "POST /wp-cron.php?doing_wp_cron=1778862981.5420720577239990234375 HTTP/1.1" 200 0 "-" "WordPress/6.9.4; https://www.shoenation.me"
47.128.62.192 - - [15/May/2026:12:36:13 -0400] "GET /wp-content/uploads/2024/03/ShoeNation-Logo.png HTTP/1.1" 404 178449 "https://www.shoenation.me/product-category/adidas/?filter_size=38%2C41%2C42%2C43&per_page=9&stock_status=onsale" "Mozilla/5.0 (Linux; Android 5.0) AppleWebKit/537.36 (KHTML, like Gecko) Mobile Safari/537.36 (compatible; Bytespider; spider-feedback@bytedance.com)"
47.128.62.192 - - [15/May/2026:12:36:13 -0400] "GET /wp-content/uploads/2025/02/IMG_0260-150x150.jpeg HTTP/1.1" 404 178455 "https://www.shoenation.me/product-category/adidas/?filter_size=38%2C41%2C42%2C43&per_page=9&stock_status=onsale" "Mozilla/5.0 (Linux; Android 5.0) AppleWebKit/537.36 (KHTML, like Gecko) Mobile Safari/537.36 (compatible; Bytespider; spider-feedback@bytedance.com)"
