47.128.62.170 - - [15/May/2026:10:32:31 -0400] "GET /wp-content/uploads/2024/06/17-best-nike-running-shoes-15275-150x150.webp HTTP/1.1" 200 0 "https://www.shoenation.me/product-category/nike/j4/?filter_size=37%2C39%2C40" "Mozilla/5.0 (compatible; Bytespider; spider-feedback@bytedance.com) AppleWebKit/537.36 (KHTML, like Gecko) Chrome/70.0.0.0 Safari/537.36"
47.128.62.170 - - [15/May/2026:10:32:31 -0400] "GET /wp-content/uploads/2024/06/product-jpeg-500x500-1-150x150.webp HTTP/1.1" 200 0 "https://www.shoenation.me/product-category/nike/j4/?filter_size=37%2C39%2C40" "Mozilla/5.0 (compatible; Bytespider; spider-feedback@bytedance.com) AppleWebKit/537.36 (KHTML, like Gecko) Chrome/70.0.0.0 Safari/537.36"
47.128.62.170 - - [15/May/2026:10:32:31 -0400] "GET /wp-content/uploads/2024/04/OUJO0245-3-430x430.png HTTP/1.1" 200 0 "https://www.shoenation.me/product-category/nike/j4/?filter_size=37%2C39%2C40" "Mozilla/5.0 (compatible; Bytespider; spider-feedback@bytedance.com) AppleWebKit/537.36 (KHTML, like Gecko) Chrome/70.0.0.0 Safari/537.36"
47.128.62.170 - - [15/May/2026:10:32:31 -0400] "GET /wp-content/uploads/2024/04/OUJO0245-1-430x430.png HTTP/1.1" 200 0 "https://www.shoenation.me/product-category/nike/j4/?filter_size=37%2C39%2C40" "Mozilla/5.0 (compatible; Bytespider; spider-feedback@bytedance.com) AppleWebKit/537.36 (KHTML, like Gecko) Chrome/70.0.0.0 Safari/537.36"
47.128.62.170 - - [15/May/2026:10:32:31 -0400] "GET /wp-content/uploads/2024/03/OUJO0379-2-430x430.png HTTP/1.1" 200 0 "https://www.shoenation.me/product-category/nike/j4/?filter_size=37%2C39%2C40" "Mozilla/5.0 (compatible; Bytespider; spider-feedback@bytedance.com) AppleWebKit/537.36 (KHTML, like Gecko) Chrome/70.0.0.0 Safari/537.36"
47.128.62.170 - - [15/May/2026:10:32:31 -0400] "GET /wp-content/uploads/2024/03/OUJO0379-1-430x430.png HTTP/1.1" 200 0 "https://www.shoenation.me/product-category/nike/j4/?filter_size=37%2C39%2C40" "Mozilla/5.0 (compatible; Bytespider; spider-feedback@bytedance.com) AppleWebKit/537.36 (KHTML, like Gecko) Chrome/70.0.0.0 Safari/537.36"
47.128.62.170 - - [15/May/2026:10:32:31 -0400] "GET /wp-content/uploads/2024/04/OUJO0247-1-430x430.png HTTP/1.1" 200 0 "https://www.shoenation.me/product-category/nike/j4/?filter_size=37%2C39%2C40" "Mozilla/5.0 (compatible; Bytespider; spider-feedback@bytedance.com) AppleWebKit/537.36 (KHTML, like Gecko) Chrome/70.0.0.0 Safari/537.36"
47.128.62.170 - - [15/May/2026:10:32:31 -0400] "GET /wp-content/uploads/2024/04/OUJO0247-3-430x430.png HTTP/1.1" 200 0 "https://www.shoenation.me/product-category/nike/j4/?filter_size=37%2C39%2C40" "Mozilla/5.0 (compatible; Bytespider; spider-feedback@bytedance.com) AppleWebKit/537.36 (KHTML, like Gecko) Chrome/70.0.0.0 Safari/537.36"
47.128.62.170 - - [15/May/2026:10:32:31 -0400] "GET /wp-content/uploads/2024/03/OUJO0127-1-430x430.jpg HTTP/1.1" 200 0 "https://www.shoenation.me/product-category/nike/j4/?filter_size=37%2C39%2C40" "Mozilla/5.0 (compatible; Bytespider; spider-feedback@bytedance.com) AppleWebKit/537.36 (KHTML, like Gecko) Chrome/70.0.0.0 Safari/537.36"
47.128.62.170 - - [15/May/2026:10:32:31 -0400] "GET /wp-content/uploads/2024/04/OUJO0199-3-430x430.png HTTP/1.1" 200 0 "https://www.shoenation.me/product-category/nike/j4/?filter_size=37%2C39%2C40" "Mozilla/5.0 (compatible; Bytespider; spider-feedback@bytedance.com) AppleWebKit/537.36 (KHTML, like Gecko) Chrome/70.0.0.0 Safari/537.36"
47.128.62.170 - - [15/May/2026:10:32:31 -0400] "GET /wp-content/uploads/2024/03/OUJO0458-1-430x430.png HTTP/1.1" 200 0 "https://www.shoenation.me/product-category/nike/j4/?filter_size=37%2C39%2C40" "Mozilla/5.0 (compatible; Bytespider; spider-feedback@bytedance.com) AppleWebKit/537.36 (KHTML, like Gecko) Chrome/70.0.0.0 Safari/537.36"
47.128.62.170 - - [15/May/2026:10:32:31 -0400] "GET /wp-content/uploads/2024/03/OUJO0127-3-430x430.jpg HTTP/1.1" 200 0 "https://www.shoenation.me/product-category/nike/j4/?filter_size=37%2C39%2C40" "Mozilla/5.0 (compatible; Bytespider; spider-feedback@bytedance.com) AppleWebKit/537.36 (KHTML, like Gecko) Chrome/70.0.0.0 Safari/537.36"
47.128.62.170 - - [15/May/2026:10:32:31 -0400] "GET /wp-content/uploads/2024/04/OUJO0286-1-430x430.png HTTP/1.1" 200 0 "https://www.shoenation.me/product-category/nike/j4/?filter_size=37%2C39%2C40" "Mozilla/5.0 (compatible; Bytespider; spider-feedback@bytedance.com) AppleWebKit/537.36 (KHTML, like Gecko) Chrome/70.0.0.0 Safari/537.36"
47.128.62.170 - - [15/May/2026:10:32:31 -0400] "GET /wp-content/uploads/2024/03/OUJO0458-3-430x430.png HTTP/1.1" 200 0 "https://www.shoenation.me/product-category/nike/j4/?filter_size=37%2C39%2C40" "Mozilla/5.0 (compatible; Bytespider; spider-feedback@bytedance.com) AppleWebKit/537.36 (KHTML, like Gecko) Chrome/70.0.0.0 Safari/537.36"
47.128.62.170 - - [15/May/2026:10:32:31 -0400] "GET /wp-content/uploads/2024/04/OUJO0123-1-430x430.jpg HTTP/1.1" 200 0 "https://www.shoenation.me/product-category/nike/j4/?filter_size=37%2C39%2C40" "Mozilla/5.0 (compatible; Bytespider; spider-feedback@bytedance.com) AppleWebKit/537.36 (KHTML, like Gecko) Chrome/70.0.0.0 Safari/537.36"
47.128.62.170 - - [15/May/2026:10:32:31 -0400] "GET /wp-content/uploads/2024/04/OUJO0286-3-430x430.png HTTP/1.1" 200 0 "https://www.shoenation.me/product-category/nike/j4/?filter_size=37%2C39%2C40" "Mozilla/5.0 (compatible; Bytespider; spider-feedback@bytedance.com) AppleWebKit/537.36 (KHTML, like Gecko) Chrome/70.0.0.0 Safari/537.36"
47.128.62.170 - - [15/May/2026:10:32:31 -0400] "GET /wp-content/uploads/2024/04/OUJO0123-3-430x430.jpg HTTP/1.1" 200 0 "https://www.shoenation.me/product-category/nike/j4/?filter_size=37%2C39%2C40" "Mozilla/5.0 (compatible; Bytespider; spider-feedback@bytedance.com) AppleWebKit/537.36 (KHTML, like Gecko) Chrome/70.0.0.0 Safari/537.36"
47.128.62.170 - - [15/May/2026:10:32:31 -0400] "GET /wp-content/uploads/2024/03/OUJO0426-1-430x430.png HTTP/1.1" 200 0 "https://www.shoenation.me/product-category/nike/j4/?filter_size=37%2C39%2C40" "Mozilla/5.0 (compatible; Bytespider; spider-feedback@bytedance.com) AppleWebKit/537.36 (KHTML, like Gecko) Chrome/70.0.0.0 Safari/537.36"
66.249.73.73 - - [15/May/2026:10:33:39 -0400] "GET /?detail/18650771 HTTP/1.1" 200 23776 "-" "Mozilla/5.0 (Linux; Android 6.0.1; Nexus 5X Build/MMB29P) AppleWebKit/537.36 (KHTML, like Gecko) Chrome/148.0.7778.96 Mobile Safari/537.36 (compatible; Googlebot/2.1; +http://www.google.com/bot.html)"
66.249.73.72 - - [15/May/2026:10:33:39 -0400] "GET /goods.php?item/r5936703 HTTP/1.1" 200 25189 "-" "Mozilla/5.0 (Linux; Android 6.0.1; Nexus 5X Build/MMB29P) AppleWebKit/537.36 (KHTML, like Gecko) Chrome/148.0.7778.96 Mobile Safari/537.36 (compatible; Googlebot/2.1; +http://www.google.com/bot.html)"
67.223.118.104 - - [15/May/2026:10:33:45 -0400] "POST /wp-cron.php?doing_wp_cron=1778855625.4343841075897216796875 HTTP/1.1" 200 0 "-" "WordPress/6.9.4; https://www.shoenation.me"
85.208.96.210 - - [15/May/2026:10:33:36 -0400] "GET /?product=nike-dunk-low-sp-clot-cork HTTP/1.1" 200 67231 "-" "Mozilla/5.0 (compatible; SemrushBot/7~bl; +http://www.semrush.com/bot.html)"
85.208.96.204 - - [15/May/2026:10:33:47 -0400] "GET /product/nike-dunk-low-sp-clot-cork/ HTTP/1.1" 200 68320 "-" "Mozilla/5.0 (compatible; SemrushBot/7~bl; +http://www.semrush.com/bot.html)"
66.249.73.72 - - [15/May/2026:10:35:34 -0400] "GET /?product_cat=adidas&stock_status=instock&per_row=2&shop_view=grid&filter_size=40%2C43%2C44&per_page=18&paged=3 HTTP/1.1" 200 24688 "-" "Mozilla/5.0 (Linux; Android 6.0.1; Nexus 5X Build/MMB29P) AppleWebKit/537.36 (KHTML, like Gecko) Chrome/148.0.7778.96 Mobile Safari/537.36 (compatible; Googlebot/2.1; +http://www.google.com/bot.html)"
67.223.118.104 - - [15/May/2026:10:36:13 -0400] "POST /wp-cron.php?doing_wp_cron=1778855773.2472219467163085937500 HTTP/1.1" 200 0 "-" "WordPress/6.9.4; https://www.shoenation.me"
67.223.118.104 - - [15/May/2026:10:36:13 -0400] "POST /wp-cron.php?doing_wp_cron=1778855773.2471239566802978515625 HTTP/1.1" 200 0 "-" "WordPress/6.9.4; https://www.shoenation.me"
47.128.62.123 - - [15/May/2026:10:36:06 -0400] "GET /?filter_size=37%2C38%2C41%2C45%2C47&per_row=4&product_cat=air-jordan&shop_view=grid&stock_status=onsale HTTP/1.1" 301 0 "-" "Mozilla/5.0 (Linux; Android 5.0) AppleWebKit/537.36 (KHTML, like Gecko) Mobile Safari/537.36 (compatible; Bytespider; spider-feedback@bytedance.com)"
47.128.62.177 - - [15/May/2026:10:35:55 -0400] "GET /?filter_size=40&product_cat=slide-adidas HTTP/1.1" 301 0 "-" "Mozilla/5.0 (Linux; Android 5.0) AppleWebKit/537.36 (KHTML, like Gecko) Mobile Safari/537.36 (compatible; Bytespider; spider-feedback@bytedance.com)"
47.128.62.123 - - [15/May/2026:10:36:14 -0400] "GET /product-category/nike/air-jordan/?filter_size=37%2C38%2C41%2C45%2C47&per_row=4&shop_view=grid&stock_status=onsale HTTP/1.1" 200 47399 "-" "Mozilla/5.0 (Linux; Android 5.0) AppleWebKit/537.36 (KHTML, like Gecko) Mobile Safari/537.36 (compatible; Bytespider; spider-feedback@bytedance.com)"
47.128.62.123 - - [15/May/2026:10:36:23 -0400] "GET /wp-includes/css/dist/block-library/style.min.css?ver=6.9.4 HTTP/1.1" 200 14889 "https://www.shoenation.me/product-category/nike/air-jordan/?filter_size=37%2C38%2C41%2C45%2C47&per_row=4&shop_view=grid&stock_status=onsale" "Mozilla/5.0 (Linux; Android 5.0) AppleWebKit/537.36 (KHTML, like Gecko) Mobile Safari/537.36 (compatible; Bytespider; spider-feedback@bytedance.com)"
47.128.62.123 - - [15/May/2026:10:36:23 -0400] "GET /wp-content/themes/woodmart/css/parts/woo-shop-predefined.min.css?ver=7.4.3 HTTP/1.1" 200 285 "https://www.shoenation.me/product-category/nike/air-jordan/?filter_size=37%2C38%2C41%2C45%2C47&per_row=4&shop_view=grid&stock_status=onsale" "Mozilla/5.0 (Linux; Android 5.0) AppleWebKit/537.36 (KHTML, like Gecko) Mobile Safari/537.36 (compatible; Bytespider; spider-feedback@bytedance.com)"
47.128.62.123 - - [15/May/2026:10:36:23 -0400] "GET /wp-content/themes/woodmart/css/parts/mod-tools.min.css?ver=7.4.3 HTTP/1.1" 200 863 "https://www.shoenation.me/product-category/nike/air-jordan/?filter_size=37%2C38%2C41%2C45%2C47&per_row=4&shop_view=grid&stock_status=onsale" "Mozilla/5.0 (Linux; Android 5.0) AppleWebKit/537.36 (KHTML, like Gecko) Mobile Safari/537.36 (compatible; Bytespider; spider-feedback@bytedance.com)"
47.128.62.123 - - [15/May/2026:10:36:24 -0400] "GET /wp-content/themes/woodmart/css/parts/el-list.min.css?ver=7.4.3 HTTP/1.1" 200 406 "https://www.shoenation.me/product-category/nike/air-jordan/?filter_size=37%2C38%2C41%2C45%2C47&per_row=4&shop_view=grid&stock_status=onsale" "Mozilla/5.0 (Linux; Android 5.0) AppleWebKit/537.36 (KHTML, like Gecko) Mobile Safari/537.36 (compatible; Bytespider; spider-feedback@bytedance.com)"
47.128.62.177 - - [15/May/2026:10:36:13 -0400] "GET /product-category/adidas/slide-adidas/?filter_size=40 HTTP/1.1" 200 50186 "-" "Mozilla/5.0 (Linux; Android 5.0) AppleWebKit/537.36 (KHTML, like Gecko) Mobile Safari/537.36 (compatible; Bytespider; spider-feedback@bytedance.com)"
47.128.62.123 - - [15/May/2026:10:36:24 -0400] "GET /wp-content/themes/woodmart/css/parts/wd-search-results.min.css?ver=7.4.3 HTTP/1.1" 200 549 "https://www.shoenation.me/product-category/nike/air-jordan/?filter_size=37%2C38%2C41%2C45%2C47&per_row=4&shop_view=grid&stock_status=onsale" "Mozilla/5.0 (Linux; Android 5.0) AppleWebKit/537.36 (KHTML, like Gecko) Mobile Safari/537.36 (compatible; Bytespider; spider-feedback@bytedance.com)"
47.128.62.177 - - [15/May/2026:10:36:24 -0400] "GET /wp-content/uploads/elementor/css/custom-pro-frontend.min.css?ver=1778831080 HTTP/1.1" 200 35735 "https://www.shoenation.me/product-category/adidas/slide-adidas/?filter_size=40" "Mozilla/5.0 (Linux; Android 5.0) AppleWebKit/537.36 (KHTML, like Gecko) Mobile Safari/537.36 (compatible; Bytespider; spider-feedback@bytedance.com)"
47.128.62.177 - - [15/May/2026:10:36:24 -0400] "GET /wp-content/themes/woodmart/css/parts/widget-nav.min.css?ver=7.4.3 HTTP/1.1" 200 149 "https://www.shoenation.me/product-category/adidas/slide-adidas/?filter_size=40" "Mozilla/5.0 (Linux; Android 5.0) AppleWebKit/537.36 (KHTML, like Gecko) Mobile Safari/537.36 (compatible; Bytespider; spider-feedback@bytedance.com)"
47.128.62.177 - - [15/May/2026:10:36:24 -0400] "GET /wp-content/themes/woodmart/css/parts/base.min.css?ver=7.4.3 HTTP/1.1" 200 10304 "https://www.shoenation.me/product-category/adidas/slide-adidas/?filter_size=40" "Mozilla/5.0 (Linux; Android 5.0) AppleWebKit/537.36 (KHTML, like Gecko) Mobile Safari/537.36 (compatible; Bytespider; spider-feedback@bytedance.com)"
47.128.62.177 - - [15/May/2026:10:36:25 -0400] "GET /wp-content/themes/woodmart/css/parts/woo-widget-product-list.min.css?ver=7.4.3 HTTP/1.1" 200 310 "https://www.shoenation.me/product-category/adidas/slide-adidas/?filter_size=40" "Mozilla/5.0 (Linux; Android 5.0) AppleWebKit/537.36 (KHTML, like Gecko) Mobile Safari/537.36 (compatible; Bytespider; spider-feedback@bytedance.com)"
47.128.62.177 - - [15/May/2026:10:36:25 -0400] "GET /wp-content/themes/woodmart/css/parts/woo-shop-page-title.min.css?ver=7.4.3 HTTP/1.1" 200 221 "https://www.shoenation.me/product-category/adidas/slide-adidas/?filter_size=40" "Mozilla/5.0 (Linux; Android 5.0) AppleWebKit/537.36 (KHTML, like Gecko) Mobile Safari/537.36 (compatible; Bytespider; spider-feedback@bytedance.com)"
47.128.62.177 - - [15/May/2026:10:36:25 -0400] "GET /wp-content/themes/woodmart/css/parts/mod-tools.min.css?ver=7.4.3 HTTP/1.1" 200 863 "https://www.shoenation.me/product-category/adidas/slide-adidas/?filter_size=40" "Mozilla/5.0 (Linux; Android 5.0) AppleWebKit/537.36 (KHTML, like Gecko) Mobile Safari/537.36 (compatible; Bytespider; spider-feedback@bytedance.com)"
47.128.62.177 - - [15/May/2026:10:36:25 -0400] "GET /wp-content/themes/woodmart/css/parts/el-social-icons.min.css?ver=7.4.3 HTTP/1.1" 200 1133 "https://www.shoenation.me/product-category/adidas/slide-adidas/?filter_size=40" "Mozilla/5.0 (Linux; Android 5.0) AppleWebKit/537.36 (KHTML, like Gecko) Mobile Safari/537.36 (compatible; Bytespider; spider-feedback@bytedance.com)"
47.128.62.177 - - [15/May/2026:10:36:25 -0400] "GET /wp-content/themes/woodmart/css/parts/header-el-base.min.css?ver=7.4.3 HTTP/1.1" 200 811 "https://www.shoenation.me/product-category/adidas/slide-adidas/?filter_size=40" "Mozilla/5.0 (Linux; Android 5.0) AppleWebKit/537.36 (KHTML, like Gecko) Mobile Safari/537.36 (compatible; Bytespider; spider-feedback@bytedance.com)"
47.128.62.177 - - [15/May/2026:10:36:25 -0400] "GET /wp-content/themes/woodmart/css/parts/woo-widget-shopping-cart.min.css?ver=7.4.3 HTTP/1.1" 200 1228 "https://www.shoenation.me/product-category/adidas/slide-adidas/?filter_size=40" "Mozilla/5.0 (Linux; Android 5.0) AppleWebKit/537.36 (KHTML, like Gecko) Mobile Safari/537.36 (compatible; Bytespider; spider-feedback@bytedance.com)"
47.128.62.177 - - [15/May/2026:10:36:25 -0400] "GET /wp-content/themes/woodmart/css/parts/woo-shop-el-active-filters.min.css?ver=7.4.3 HTTP/1.1" 200 302 "https://www.shoenation.me/product-category/adidas/slide-adidas/?filter_size=40" "Mozilla/5.0 (Linux; Android 5.0) AppleWebKit/537.36 (KHTML, like Gecko) Mobile Safari/537.36 (compatible; Bytespider; spider-feedback@bytedance.com)"
47.128.62.177 - - [15/May/2026:10:36:25 -0400] "GET /wp-content/themes/woodmart/css/parts/header-el-cart.min.css?ver=7.4.3 HTTP/1.1" 200 568 "https://www.shoenation.me/product-category/adidas/slide-adidas/?filter_size=40" "Mozilla/5.0 (Linux; Android 5.0) AppleWebKit/537.36 (KHTML, like Gecko) Mobile Safari/537.36 (compatible; Bytespider; spider-feedback@bytedance.com)"
47.128.62.177 - - [15/May/2026:10:36:26 -0400] "GET /wp-content/themes/woodmart/css/parts/header-el-search-fullscreen-general.min.css?ver=7.4.3 HTTP/1.1" 200 640 "https://www.shoenation.me/product-category/adidas/slide-adidas/?filter_size=40" "Mozilla/5.0 (Linux; Android 5.0) AppleWebKit/537.36 (KHTML, like Gecko) Mobile Safari/537.36 (compatible; Bytespider; spider-feedback@bytedance.com)"
47.128.62.177 - - [15/May/2026:10:36:26 -0400] "GET /wp-content/themes/woodmart/css/parts/header-el-my-account-sidebar.min.css?ver=7.4.3 HTTP/1.1" 200 239 "https://www.shoenation.me/product-category/adidas/slide-adidas/?filter_size=40" "Mozilla/5.0 (Linux; Android 5.0) AppleWebKit/537.36 (KHTML, like Gecko) Mobile Safari/537.36 (compatible; Bytespider; spider-feedback@bytedance.com)"
47.128.62.177 - - [15/May/2026:10:36:26 -0400] "GET /wp-content/themes/woodmart/css/parts/lib-magnific-popup.min.css?ver=7.4.3 HTTP/1.1" 200 909 "https://www.shoenation.me/product-category/adidas/slide-adidas/?filter_size=40" "Mozilla/5.0 (Linux; Android 5.0) AppleWebKit/537.36 (KHTML, like Gecko) Mobile Safari/537.36 (compatible; Bytespider; spider-feedback@bytedance.com)"
47.128.62.177 - - [15/May/2026:10:36:26 -0400] "GET /wp-content/uploads/elementor/css/post-16616.css?ver=1778831074 HTTP/1.1" 200 784 "https://www.shoenation.me/product-category/adidas/slide-adidas/?filter_size=40" "Mozilla/5.0 (Linux; Android 5.0) AppleWebKit/537.36 (KHTML, like Gecko) Mobile Safari/537.36 (compatible; Bytespider; spider-feedback@bytedance.com)"
47.128.62.123 - - [15/May/2026:10:36:24 -0400] "GET /wp-content/uploads/2025/02/new-balance-530-miu-miu-v0-0p61tlqcrp2d1-150x150.webp HTTP/1.1" 404 178551 "https://www.shoenation.me/product-category/nike/air-jordan/?filter_size=37%2C38%2C41%2C45%2C47&per_row=4&shop_view=grid&stock_status=onsale" "Mozilla/5.0 (Linux; Android 5.0) AppleWebKit/537.36 (KHTML, like Gecko) Mobile Safari/537.36 (compatible; Bytespider; spider-feedback@bytedance.com)"
47.128.62.123 - - [15/May/2026:10:36:24 -0400] "GET /wp-content/uploads/2024/03/ShoeNation-Logo.png HTTP/1.1" 404 178449 "https://www.shoenation.me/product-category/nike/air-jordan/?filter_size=37%2C38%2C41%2C45%2C47&per_row=4&shop_view=grid&stock_status=onsale" "Mozilla/5.0 (Linux; Android 5.0) AppleWebKit/537.36 (KHTML, like Gecko) Mobile Safari/537.36 (compatible; Bytespider; spider-feedback@bytedance.com)"
47.128.62.123 - - [15/May/2026:10:36:24 -0400] "GET /wp-content/uploads/2024/03/wd-envelope-dark.svg HTTP/1.1" 404 178452 "https://www.shoenation.me/product-category/nike/air-jordan/?filter_size=37%2C38%2C41%2C45%2C47&per_row=4&shop_view=grid&stock_status=onsale" "Mozilla/5.0 (Linux; Android 5.0) AppleWebKit/537.36 (KHTML, like Gecko) Mobile Safari/537.36 (compatible; Bytespider; spider-feedback@bytedance.com)"
47.128.62.123 - - [15/May/2026:10:36:24 -0400] "GET /wp-content/uploads/2025/02/IMG_0260-150x150.jpeg HTTP/1.1" 404 178455 "https://www.shoenation.me/product-category/nike/air-jordan/?filter_size=37%2C38%2C41%2C45%2C47&per_row=4&shop_view=grid&stock_status=onsale" "Mozilla/5.0 (Linux; Android 5.0) AppleWebKit/537.36 (KHTML, like Gecko) Mobile Safari/537.36 (compatible; Bytespider; spider-feedback@bytedance.com)"
47.128.62.123 - - [15/May/2026:10:36:24 -0400] "GET /wp-content/uploads/2025/02/download-150x150.jpg HTTP/1.1" 404 178452 "https://www.shoenation.me/product-category/nike/air-jordan/?filter_size=37%2C38%2C41%2C45%2C47&per_row=4&shop_view=grid&stock_status=onsale" "Mozilla/5.0 (Linux; Android 5.0) AppleWebKit/537.36 (KHTML, like Gecko) Mobile Safari/537.36 (compatible; Bytespider; spider-feedback@bytedance.com)"
47.128.62.177 - - [15/May/2026:10:36:26 -0400] "GET /wp-content/uploads/2025/02/new-balance-530-miu-miu-v0-0p61tlqcrp2d1-150x150.webp HTTP/1.1" 404 178551 "https://www.shoenation.me/product-category/adidas/slide-adidas/?filter_size=40" "Mozilla/5.0 (Linux; Android 5.0) AppleWebKit/537.36 (KHTML, like Gecko) Mobile Safari/537.36 (compatible; Bytespider; spider-feedback@bytedance.com)"
47.128.62.177 - - [15/May/2026:10:36:26 -0400] "GET /wp-content/uploads/2024/03/ShoeNation-Logo.png HTTP/1.1" 404 178449 "https://www.shoenation.me/product-category/adidas/slide-adidas/?filter_size=40" "Mozilla/5.0 (Linux; Android 5.0) AppleWebKit/537.36 (KHTML, like Gecko) Mobile Safari/537.36 (compatible; Bytespider; spider-feedback@bytedance.com)"
47.128.62.177 - - [15/May/2026:10:36:26 -0400] "GET /wp-content/uploads/2025/02/IMG_0260-150x150.jpeg HTTP/1.1" 404 178455 "https://www.shoenation.me/product-category/adidas/slide-adidas/?filter_size=40" "Mozilla/5.0 (Linux; Android 5.0) AppleWebKit/537.36 (KHTML, like Gecko) Mobile Safari/537.36 (compatible; Bytespider; spider-feedback@bytedance.com)"
47.128.62.177 - - [15/May/2026:10:36:27 -0400] "GET /wp-content/uploads/2025/10/62bc8b2a-2b17-4167-89d3-41b009ecc445-430x430.png HTTP/1.1" 404 178536 "https://www.shoenation.me/product-category/adidas/slide-adidas/?filter_size=40" "Mozilla/5.0 (Linux; Android 5.0) AppleWebKit/537.36 (KHTML, like Gecko) Mobile Safari/537.36 (compatible; Bytespider; spider-feedback@bytedance.com)"
47.128.62.177 - - [15/May/2026:10:36:27 -0400] "GET /wp-content/uploads/2025/10/06-430x430.png HTTP/1.1" 404 178434 "https://www.shoenation.me/product-category/adidas/slide-adidas/?filter_size=40" "Mozilla/5.0 (Linux; Android 5.0) AppleWebKit/537.36 (KHTML, like Gecko) Mobile Safari/537.36 (compatible; Bytespider; spider-feedback@bytedance.com)"
47.128.62.177 - - [15/May/2026:10:36:27 -0400] "GET /wp-content/uploads/2025/02/download-150x150.jpg HTTP/1.1" 404 178452 "https://www.shoenation.me/product-category/adidas/slide-adidas/?filter_size=40" "Mozilla/5.0 (Linux; Android 5.0) AppleWebKit/537.36 (KHTML, like Gecko) Mobile Safari/537.36 (compatible; Bytespider; spider-feedback@bytedance.com)"
47.128.62.177 - - [15/May/2026:10:36:27 -0400] "GET /wp-content/uploads/2025/10/15ea913b-0f51-4980-b386-862f4c2c14b2-430x430.png HTTP/1.1" 404 178536 "https://www.shoenation.me/product-category/adidas/slide-adidas/?filter_size=40" "Mozilla/5.0 (Linux; Android 5.0) AppleWebKit/537.36 (KHTML, like Gecko) Mobile Safari/537.36 (compatible; Bytespider; spider-feedback@bytedance.com)"
47.128.62.177 - - [15/May/2026:10:36:27 -0400] "GET /wp-content/uploads/2025/10/fca00cff-e491-48ee-9a0c-182e06083ec7-430x430.png HTTP/1.1" 404 178536 "https://www.shoenation.me/product-category/adidas/slide-adidas/?filter_size=40" "Mozilla/5.0 (Linux; Android 5.0) AppleWebKit/537.36 (KHTML, like Gecko) Mobile Safari/537.36 (compatible; Bytespider; spider-feedback@bytedance.com)"
47.128.62.177 - - [15/May/2026:10:36:43 -0400] "GET /wp-content/uploads/2024/03/wd-envelope-dark.svg HTTP/1.1" 200 0 "https://www.shoenation.me/product-category/adidas/slide-adidas/?filter_size=40" "Mozilla/5.0 (Linux; Android 5.0) AppleWebKit/537.36 (KHTML, like Gecko) Mobile Safari/537.36 (compatible; Bytespider; spider-feedback@bytedance.com)"
47.128.62.177 - - [15/May/2026:10:36:43 -0400] "GET /wp-content/uploads/2025/10/09942a95-6965-4da0-8c15-349b77058eeb-430x430.png HTTP/1.1" 200 0 "https://www.shoenation.me/product-category/adidas/slide-adidas/?filter_size=40" "Mozilla/5.0 (Linux; Android 5.0) AppleWebKit/537.36 (KHTML, like Gecko) Mobile Safari/537.36 (compatible; Bytespider; spider-feedback@bytedance.com)"
47.128.62.177 - - [15/May/2026:10:36:43 -0400] "GET /wp-content/uploads/2025/10/42b8ba6a-5e13-46ae-9b8a-34b80d315f55-430x430.png HTTP/1.1" 200 0 "https://www.shoenation.me/product-category/adidas/slide-adidas/?filter_size=40" "Mozilla/5.0 (Linux; Android 5.0) AppleWebKit/537.36 (KHTML, like Gecko) Mobile Safari/537.36 (compatible; Bytespider; spider-feedback@bytedance.com)"
47.128.62.177 - - [15/May/2026:10:36:43 -0400] "GET /wp-content/uploads/2025/10/06-1-430x430.png HTTP/1.1" 200 0 "https://www.shoenation.me/product-category/adidas/slide-adidas/?filter_size=40" "Mozilla/5.0 (Linux; Android 5.0) AppleWebKit/537.36 (KHTML, like Gecko) Mobile Safari/537.36 (compatible; Bytespider; spider-feedback@bytedance.com)"
47.128.62.177 - - [15/May/2026:10:36:43 -0400] "GET /wp-content/uploads/2025/10/542ed701-67a5-4b90-a126-ac9d39646d5d-430x430.png HTTP/1.1" 200 0 "https://www.shoenation.me/product-category/adidas/slide-adidas/?filter_size=40" "Mozilla/5.0 (Linux; Android 5.0) AppleWebKit/537.36 (KHTML, like Gecko) Mobile Safari/537.36 (compatible; Bytespider; spider-feedback@bytedance.com)"
67.223.118.104 - - [15/May/2026:10:36:55 -0400] "POST /wp-cron.php?doing_wp_cron=1778855814.8397700786590576171875 HTTP/1.1" 200 0 "-" "WordPress/6.9.4; https://www.shoenation.me"
66.249.73.71 - - [15/May/2026:10:37:54 -0400] "GET /?detail/335149456 HTTP/1.1" 200 24960 "-" "Mozilla/5.0 (Linux; Android 6.0.1; Nexus 5X Build/MMB29P) AppleWebKit/537.36 (KHTML, like Gecko) Chrome/148.0.7778.96 Mobile Safari/537.36 (compatible; Googlebot/2.1; +http://www.google.com/bot.html)"
66.249.73.71 - - [15/May/2026:10:40:21 -0400] "GET /?detail/514894412 HTTP/1.1" 200 24596 "-" "Mozilla/5.0 (Linux; Android 6.0.1; Nexus 5X Build/MMB29P) AppleWebKit/537.36 (KHTML, like Gecko) Chrome/148.0.7778.96 Mobile Safari/537.36 (compatible; Googlebot/2.1; +http://www.google.com/bot.html)"
66.249.73.72 - - [15/May/2026:10:40:21 -0400] "GET /?p=25348 HTTP/1.1" 200 25137 "-" "Mozilla/5.0 (Linux; Android 6.0.1; Nexus 5X Build/MMB29P) AppleWebKit/537.36 (KHTML, like Gecko) Chrome/148.0.7778.96 Mobile Safari/537.36 (compatible; Googlebot/2.1; +http://www.google.com/bot.html)"
67.223.118.104 - - [15/May/2026:10:40:25 -0400] "POST /wp-cron.php?doing_wp_cron=1778856025.3344440460205078125000 HTTP/1.1" 200 0 "-" "WordPress/6.9.4; https://www.shoenation.me"
47.128.62.117 - - [15/May/2026:10:39:56 -0400] "GET /?filter_size=37%2C40%2C42%2C44%2C47&product_cat=adidas&stock_status=onsale HTTP/1.1" 301 0 "-" "Mozilla/5.0 (Linux; Android 5.0) AppleWebKit/537.36 (KHTML, like Gecko) Mobile Safari/537.36 (compatible; Bytespider; spider-feedback@bytedance.com)"
47.128.62.117 - - [15/May/2026:10:40:25 -0400] "GET /product-category/adidas/?filter_size=37%2C40%2C42%2C44%2C47&stock_status=onsale HTTP/1.1" 200 47071 "-" "Mozilla/5.0 (Linux; Android 5.0) AppleWebKit/537.36 (KHTML, like Gecko) Mobile Safari/537.36 (compatible; Bytespider; spider-feedback@bytedance.com)"
67.223.118.104 - - [15/May/2026:10:40:35 -0400] "POST /wp-cron.php?doing_wp_cron=1778856035.7597599029541015625000 HTTP/1.1" 200 0 "-" "WordPress/6.9.4; https://www.shoenation.me"
47.128.62.127 - - [15/May/2026:10:40:07 -0400] "GET /?filter_size=36%2C41%2C42%2C43%2C44%2C45&post_type=product&stock_status=instock%2Consale HTTP/1.1" 200 51670 "-" "Mozilla/5.0 (Linux; Android 5.0) AppleWebKit/537.36 (KHTML, like Gecko) Mobile Safari/537.36 (compatible; Bytespider; spider-feedback@bytedance.com)"
47.128.62.127 - - [15/May/2026:10:40:37 -0400] "GET /wp-content/themes/woodmart/css/parts/header-el-search-fullscreen-1.min.css?ver=7.4.3 HTTP/1.1" 200 1028 "https://www.shoenation.me/?filter_size=36%2C41%2C42%2C43%2C44%2C45&post_type=product&stock_status=instock%2Consale" "Mozilla/5.0 (Linux; Android 5.0) AppleWebKit/537.36 (KHTML, like Gecko) Mobile Safari/537.36 (compatible; Bytespider; spider-feedback@bytedance.com)"
47.128.62.127 - - [15/May/2026:10:40:37 -0400] "GET /wp-content/uploads/2024/03/ShoeNation-Logo.png HTTP/1.1" 404 178449 "https://www.shoenation.me/?filter_size=36%2C41%2C42%2C43%2C44%2C45&post_type=product&stock_status=instock%2Consale" "Mozilla/5.0 (Linux; Android 5.0) AppleWebKit/537.36 (KHTML, like Gecko) Mobile Safari/537.36 (compatible; Bytespider; spider-feedback@bytedance.com)"
47.128.62.127 - - [15/May/2026:10:40:37 -0400] "GET /wp-content/uploads/2025/02/IMG_0260-150x150.jpeg HTTP/1.1" 404 178455 "https://www.shoenation.me/?filter_size=36%2C41%2C42%2C43%2C44%2C45&post_type=product&stock_status=instock%2Consale" "Mozilla/5.0 (Linux; Android 5.0) AppleWebKit/537.36 (KHTML, like Gecko) Mobile Safari/537.36 (compatible; Bytespider; spider-feedback@bytedance.com)"
47.128.62.127 - - [15/May/2026:10:40:38 -0400] "GET /wp-content/uploads/2024/03/OUAD0013-1-430x430.png HTTP/1.1" 404 178458 "https://www.shoenation.me/?filter_size=36%2C41%2C42%2C43%2C44%2C45&post_type=product&stock_status=instock%2Consale" "Mozilla/5.0 (Linux; Android 5.0) AppleWebKit/537.36 (KHTML, like Gecko) Mobile Safari/537.36 (compatible; Bytespider; spider-feedback@bytedance.com)"
47.128.62.117 - - [15/May/2026:10:40:38 -0400] "GET /wp-content/uploads/2024/03/ShoeNation-Logo.png HTTP/1.1" 404 178449 "https://www.shoenation.me/product-category/adidas/?filter_size=37%2C40%2C42%2C44%2C47&stock_status=onsale" "Mozilla/5.0 (Linux; Android 5.0) AppleWebKit/537.36 (KHTML, like Gecko) Mobile Safari/537.36 (compatible; Bytespider; spider-feedback@bytedance.com)"
47.128.62.117 - - [15/May/2026:10:40:38 -0400] "GET /wp-content/uploads/2025/02/IMG_0260-150x150.jpeg HTTP/1.1" 404 178455 "https://www.shoenation.me/product-category/adidas/?filter_size=37%2C40%2C42%2C44%2C47&stock_status=onsale" "Mozilla/5.0 (Linux; Android 5.0) AppleWebKit/537.36 (KHTML, like Gecko) Mobile Safari/537.36 (compatible; Bytespider; spider-feedback@bytedance.com)"
47.128.62.117 - - [15/May/2026:10:40:39 -0400] "GET /wp-content/uploads/2024/03/wd-envelope-dark.svg HTTP/1.1" 200 0 "https://www.shoenation.me/product-category/adidas/?filter_size=37%2C40%2C42%2C44%2C47&stock_status=onsale" "Mozilla/5.0 (Linux; Android 5.0) AppleWebKit/537.36 (KHTML, like Gecko) Mobile Safari/537.36 (compatible; Bytespider; spider-feedback@bytedance.com)"
47.128.62.127 - - [15/May/2026:10:40:38 -0400] "GET /wp-content/uploads/2024/03/OUAD0059-1-430x430.png HTTP/1.1" 404 178458 "https://www.shoenation.me/?filter_size=36%2C41%2C42%2C43%2C44%2C45&post_type=product&stock_status=instock%2Consale" "Mozilla/5.0 (Linux; Android 5.0) AppleWebKit/537.36 (KHTML, like Gecko) Mobile Safari/537.36 (compatible; Bytespider; spider-feedback@bytedance.com)"
47.128.62.117 - - [15/May/2026:10:40:39 -0400] "GET /wp-content/uploads/2025/02/download-150x150.jpg HTTP/1.1" 200 0 "https://www.shoenation.me/product-category/adidas/?filter_size=37%2C40%2C42%2C44%2C47&stock_status=onsale" "Mozilla/5.0 (Linux; Android 5.0) AppleWebKit/537.36 (KHTML, like Gecko) Mobile Safari/537.36 (compatible; Bytespider; spider-feedback@bytedance.com)"
47.128.62.117 - - [15/May/2026:10:40:38 -0400] "GET /wp-content/uploads/2025/02/new-balance-530-miu-miu-v0-0p61tlqcrp2d1-150x150.webp HTTP/1.1" 200 0 "https://www.shoenation.me/product-category/adidas/?filter_size=37%2C40%2C42%2C44%2C47&stock_status=onsale" "Mozilla/5.0 (Linux; Android 5.0) AppleWebKit/537.36 (KHTML, like Gecko) Mobile Safari/537.36 (compatible; Bytespider; spider-feedback@bytedance.com)"
47.128.62.127 - - [15/May/2026:10:40:38 -0400] "GET /wp-content/uploads/2025/02/new-balance-530-miu-miu-v0-0p61tlqcrp2d1-150x150.webp HTTP/1.1" 404 178551 "https://www.shoenation.me/?filter_size=36%2C41%2C42%2C43%2C44%2C45&post_type=product&stock_status=instock%2Consale" "Mozilla/5.0 (Linux; Android 5.0) AppleWebKit/537.36 (KHTML, like Gecko) Mobile Safari/537.36 (compatible; Bytespider; spider-feedback@bytedance.com)"
47.128.62.127 - - [15/May/2026:10:40:38 -0400] "GET /wp-content/uploads/2024/03/OUAD0060-1-430x430.png HTTP/1.1" 404 178458 "https://www.shoenation.me/?filter_size=36%2C41%2C42%2C43%2C44%2C45&post_type=product&stock_status=instock%2Consale" "Mozilla/5.0 (Linux; Android 5.0) AppleWebKit/537.36 (KHTML, like Gecko) Mobile Safari/537.36 (compatible; Bytespider; spider-feedback@bytedance.com)"
47.128.62.127 - - [15/May/2026:10:40:38 -0400] "GET /wp-content/uploads/2025/02/download-150x150.jpg HTTP/1.1" 404 178452 "https://www.shoenation.me/?filter_size=36%2C41%2C42%2C43%2C44%2C45&post_type=product&stock_status=instock%2Consale" "Mozilla/5.0 (Linux; Android 5.0) AppleWebKit/537.36 (KHTML, like Gecko) Mobile Safari/537.36 (compatible; Bytespider; spider-feedback@bytedance.com)"
47.128.62.127 - - [15/May/2026:10:40:38 -0400] "GET /wp-content/uploads/2024/03/OUAD0041-1-430x430.png HTTP/1.1" 404 178458 "https://www.shoenation.me/?filter_size=36%2C41%2C42%2C43%2C44%2C45&post_type=product&stock_status=instock%2Consale" "Mozilla/5.0 (Linux; Android 5.0) AppleWebKit/537.36 (KHTML, like Gecko) Mobile Safari/537.36 (compatible; Bytespider; spider-feedback@bytedance.com)"
47.128.62.127 - - [15/May/2026:10:40:53 -0400] "GET /wp-content/uploads/2024/03/OUAD0032-1-430x430.png HTTP/1.1" 200 0 "https://www.shoenation.me/?filter_size=36%2C41%2C42%2C43%2C44%2C45&post_type=product&stock_status=instock%2Consale" "Mozilla/5.0 (Linux; Android 5.0) AppleWebKit/537.36 (KHTML, like Gecko) Mobile Safari/537.36 (compatible; Bytespider; spider-feedback@bytedance.com)"
47.128.62.127 - - [15/May/2026:10:40:55 -0400] "GET /wp-content/uploads/2025/10/Adizero_EVO_SL_Shoes_Green_JR5839_01_00_standard-430x430.png HTTP/1.1" 200 0 "https://www.shoenation.me/?filter_size=36%2C41%2C42%2C43%2C44%2C45&post_type=product&stock_status=instock%2Consale" "Mozilla/5.0 (Linux; Android 5.0) AppleWebKit/537.36 (KHTML, like Gecko) Mobile Safari/537.36 (compatible; Bytespider; spider-feedback@bytedance.com)"
47.128.62.127 - - [15/May/2026:10:40:55 -0400] "GET /wp-content/uploads/2024/03/wd-envelope-dark.svg HTTP/1.1" 200 0 "https://www.shoenation.me/?filter_size=36%2C41%2C42%2C43%2C44%2C45&post_type=product&stock_status=instock%2Consale" "Mozilla/5.0 (Linux; Android 5.0) AppleWebKit/537.36 (KHTML, like Gecko) Mobile Safari/537.36 (compatible; Bytespider; spider-feedback@bytedance.com)"
47.128.62.127 - - [15/May/2026:10:40:55 -0400] "GET /wp-content/uploads/2025/10/KJ1365_01-430x430.webp HTTP/1.1" 200 0 "https://www.shoenation.me/?filter_size=36%2C41%2C42%2C43%2C44%2C45&post_type=product&stock_status=instock%2Consale" "Mozilla/5.0 (Linux; Android 5.0) AppleWebKit/537.36 (KHTML, like Gecko) Mobile Safari/537.36 (compatible; Bytespider; spider-feedback@bytedance.com)"
47.128.62.127 - - [15/May/2026:10:40:55 -0400] "GET /wp-content/uploads/2025/10/Adizero_EVO_SL_Shoes_Black_JR3420_01_00_standard-430x430.png HTTP/1.1" 200 0 "https://www.shoenation.me/?filter_size=36%2C41%2C42%2C43%2C44%2C45&post_type=product&stock_status=instock%2Consale" "Mozilla/5.0 (Linux; Android 5.0) AppleWebKit/537.36 (KHTML, like Gecko) Mobile Safari/537.36 (compatible; Bytespider; spider-feedback@bytedance.com)"
47.128.62.127 - - [15/May/2026:10:40:53 -0400] "GET /wp-content/uploads/2025/10/js4488_A-430x430.jpg HTTP/1.1" 200 0 "https://www.shoenation.me/?filter_size=36%2C41%2C42%2C43%2C44%2C45&post_type=product&stock_status=instock%2Consale" "Mozilla/5.0 (Linux; Android 5.0) AppleWebKit/537.36 (KHTML, like Gecko) Mobile Safari/537.36 (compatible; Bytespider; spider-feedback@bytedance.com)"
47.128.62.127 - - [15/May/2026:10:40:55 -0400] "GET /wp-content/uploads/2025/10/3ba45b90dbe3d9e23cf389ba6462c10d2f42d5d1-400x285.jpg HTTP/1.1" 200 0 "https://www.shoenation.me/?filter_size=36%2C41%2C42%2C43%2C44%2C45&post_type=product&stock_status=instock%2Consale" "Mozilla/5.0 (Linux; Android 5.0) AppleWebKit/537.36 (KHTML, like Gecko) Mobile Safari/537.36 (compatible; Bytespider; spider-feedback@bytedance.com)"
47.128.62.127 - - [15/May/2026:10:40:55 -0400] "GET /wp-content/uploads/2025/10/JP7149_01-430x430.webp HTTP/1.1" 200 0 "https://www.shoenation.me/?filter_size=36%2C41%2C42%2C43%2C44%2C45&post_type=product&stock_status=instock%2Consale" "Mozilla/5.0 (Linux; Android 5.0) AppleWebKit/537.36 (KHTML, like Gecko) Mobile Safari/537.36 (compatible; Bytespider; spider-feedback@bytedance.com)"
47.128.62.127 - - [15/May/2026:10:40:55 -0400] "GET /wp-content/uploads/2025/10/js4454_A-430x430.jpg HTTP/1.1" 200 0 "https://www.shoenation.me/?filter_size=36%2C41%2C42%2C43%2C44%2C45&post_type=product&stock_status=instock%2Consale" "Mozilla/5.0 (Linux; Android 5.0) AppleWebKit/537.36 (KHTML, like Gecko) Mobile Safari/537.36 (compatible; Bytespider; spider-feedback@bytedance.com)"
66.249.73.71 - - [15/May/2026:10:43:34 -0400] "GET /shop.php?products/68954159 HTTP/1.1" 200 25008 "-" "Mozilla/5.0 (Linux; Android 6.0.1; Nexus 5X Build/MMB29P) AppleWebKit/537.36 (KHTML, like Gecko) Chrome/148.0.7778.96 Mobile Safari/537.36 (compatible; Googlebot/2.1; +http://www.google.com/bot.html)"
67.223.118.104 - - [15/May/2026:10:44:13 -0400] "POST /wp-cron.php?doing_wp_cron=1778856253.4426360130310058593750 HTTP/1.1" 200 0 "-" "WordPress/6.9.4; https://www.shoenation.me"
47.128.62.195 - - [15/May/2026:10:43:56 -0400] "GET /?filter_size=36%2C37%2C40%2C42%2C44%2C47&per_page=9&per_row=2&product_cat=yezzy&shop_view=grid HTTP/1.1" 301 0 "-" "Mozilla/5.0 (Linux; Android 5.0) AppleWebKit/537.36 (KHTML, like Gecko) Mobile Safari/537.36 (compatible; Bytespider; spider-feedback@bytedance.com)"
47.128.62.195 - - [15/May/2026:10:44:14 -0400] "GET /product-category/adidas/yezzy/?filter_size=36%2C37%2C40%2C42%2C44%2C47&per_page=9&per_row=2&shop_view=grid HTTP/1.1" 200 49497 "-" "Mozilla/5.0 (Linux; Android 5.0) AppleWebKit/537.36 (KHTML, like Gecko) Mobile Safari/537.36 (compatible; Bytespider; spider-feedback@bytedance.com)"
47.128.62.195 - - [15/May/2026:10:44:22 -0400] "GET /wp-content/themes/woodmart/css/parts/header-el-search-fullscreen-general.min.css?ver=7.4.3 HTTP/1.1" 200 640 "https://www.shoenation.me/product-category/adidas/yezzy/?filter_size=36%2C37%2C40%2C42%2C44%2C47&per_page=9&per_row=2&shop_view=grid" "Mozilla/5.0 (Linux; Android 5.0) AppleWebKit/537.36 (KHTML, like Gecko) Mobile Safari/537.36 (compatible; Bytespider; spider-feedback@bytedance.com)"
67.223.118.104 - - [15/May/2026:10:44:31 -0400] "POST /wp-cron.php?doing_wp_cron=1778856271.0400040149688720703125 HTTP/1.1" 200 0 "-" "WordPress/6.9.4; https://www.shoenation.me"
47.128.62.195 - - [15/May/2026:10:44:22 -0400] "GET /wp-content/uploads/2025/02/IMG_0260-150x150.jpeg HTTP/1.1" 404 178455 "https://www.shoenation.me/product-category/adidas/yezzy/?filter_size=36%2C37%2C40%2C42%2C44%2C47&per_page=9&per_row=2&shop_view=grid" "Mozilla/5.0 (Linux; Android 5.0) AppleWebKit/537.36 (KHTML, like Gecko) Mobile Safari/537.36 (compatible; Bytespider; spider-feedback@bytedance.com)"
47.128.62.195 - - [15/May/2026:10:44:22 -0400] "GET /wp-content/uploads/2024/03/ShoeNation-Logo.png HTTP/1.1" 404 178449 "https://www.shoenation.me/product-category/adidas/yezzy/?filter_size=36%2C37%2C40%2C42%2C44%2C47&per_page=9&per_row=2&shop_view=grid" "Mozilla/5.0 (Linux; Android 5.0) AppleWebKit/537.36 (KHTML, like Gecko) Mobile Safari/537.36 (compatible; Bytespider; spider-feedback@bytedance.com)"
47.128.62.195 - - [15/May/2026:10:44:22 -0400] "GET /wp-content/uploads/2025/02/new-balance-530-miu-miu-v0-0p61tlqcrp2d1-150x150.webp HTTP/1.1" 404 178551 "https://www.shoenation.me/product-category/adidas/yezzy/?filter_size=36%2C37%2C40%2C42%2C44%2C47&per_page=9&per_row=2&shop_view=grid" "Mozilla/5.0 (Linux; Android 5.0) AppleWebKit/537.36 (KHTML, like Gecko) Mobile Safari/537.36 (compatible; Bytespider; spider-feedback@bytedance.com)"
47.128.62.195 - - [15/May/2026:10:44:22 -0400] "GET /wp-content/uploads/2024/06/63922ed58580f70019f80ea5-1.webp HTTP/1.1" 404 178485 "https://www.shoenation.me/product-category/adidas/yezzy/?filter_size=36%2C37%2C40%2C42%2C44%2C47&per_page=9&per_row=2&shop_view=grid" "Mozilla/5.0 (Linux; Android 5.0) AppleWebKit/537.36 (KHTML, like Gecko) Mobile Safari/537.36 (compatible; Bytespider; spider-feedback@bytedance.com)"
47.128.62.195 - - [15/May/2026:10:44:23 -0400] "GET /wp-content/uploads/2025/02/download-150x150.jpg HTTP/1.1" 404 178452 "https://www.shoenation.me/product-category/adidas/yezzy/?filter_size=36%2C37%2C40%2C42%2C44%2C47&per_page=9&per_row=2&shop_view=grid" "Mozilla/5.0 (Linux; Android 5.0) AppleWebKit/537.36 (KHTML, like Gecko) Mobile Safari/537.36 (compatible; Bytespider; spider-feedback@bytedance.com)"
47.128.62.195 - - [15/May/2026:10:44:23 -0400] "GET /wp-content/uploads/2024/05/OUAD0017-1-430x430.png HTTP/1.1" 404 178458 "https://www.shoenation.me/product-category/adidas/yezzy/?filter_size=36%2C37%2C40%2C42%2C44%2C47&per_page=9&per_row=2&shop_view=grid" "Mozilla/5.0 (Linux; Android 5.0) AppleWebKit/537.36 (KHTML, like Gecko) Mobile Safari/537.36 (compatible; Bytespider; spider-feedback@bytedance.com)"
47.128.62.195 - - [15/May/2026:10:44:23 -0400] "GET /wp-content/uploads/2024/06/EditsbyAhmar01_57b3126b-b12c-4e01-8c82-6afac5cbed48-430x430.webp HTTP/1.1" 404 178584 "https://www.shoenation.me/product-category/adidas/yezzy/?filter_size=36%2C37%2C40%2C42%2C44%2C47&per_page=9&per_row=2&shop_view=grid" "Mozilla/5.0 (Linux; Android 5.0) AppleWebKit/537.36 (KHTML, like Gecko) Mobile Safari/537.36 (compatible; Bytespider; spider-feedback@bytedance.com)"
47.128.62.195 - - [15/May/2026:10:44:23 -0400] "GET /wp-content/uploads/2024/05/OUAD0019-1-430x430.png HTTP/1.1" 404 178458 "https://www.shoenation.me/product-category/adidas/yezzy/?filter_size=36%2C37%2C40%2C42%2C44%2C47&per_page=9&per_row=2&shop_view=grid" "Mozilla/5.0 (Linux; Android 5.0) AppleWebKit/537.36 (KHTML, like Gecko) Mobile Safari/537.36 (compatible; Bytespider; spider-feedback@bytedance.com)"
47.128.62.195 - - [15/May/2026:10:44:34 -0400] "GET /wp-content/uploads/2024/03/wd-envelope-dark.svg HTTP/1.1" 200 0 "https://www.shoenation.me/product-category/adidas/yezzy/?filter_size=36%2C37%2C40%2C42%2C44%2C47&per_page=9&per_row=2&shop_view=grid" "Mozilla/5.0 (Linux; Android 5.0) AppleWebKit/537.36 (KHTML, like Gecko) Mobile Safari/537.36 (compatible; Bytespider; spider-feedback@bytedance.com)"
66.249.73.72 - - [15/May/2026:10:45:29 -0400] "GET /?detail/302976547 HTTP/1.1" 200 24074 "-" "Mozilla/5.0 (Linux; Android 6.0.1; Nexus 5X Build/MMB29P) AppleWebKit/537.36 (KHTML, like Gecko) Chrome/148.0.7778.96 Mobile Safari/537.36 (compatible; Googlebot/2.1; +http://www.google.com/bot.html)"
66.249.73.71 - - [15/May/2026:10:48:44 -0400] "GET /?detail/126362721 HTTP/1.1" 200 23791 "-" "Mozilla/5.0 (Linux; Android 6.0.1; Nexus 5X Build/MMB29P) AppleWebKit/537.36 (KHTML, like Gecko) Chrome/148.0.7778.96 Mobile Safari/537.36 (compatible; Googlebot/2.1; +http://www.google.com/bot.html)"
66.249.73.71 - - [15/May/2026:10:48:44 -0400] "GET /?detail/629595535 HTTP/1.1" 200 23861 "-" "Mozilla/5.0 (Linux; Android 6.0.1; Nexus 5X Build/MMB29P) AppleWebKit/537.36 (KHTML, like Gecko) Chrome/148.0.7778.96 Mobile Safari/537.36 (compatible; Googlebot/2.1; +http://www.google.com/bot.html)"
23.21.228.180 - - [15/May/2026:10:50:30 -0400] "GET /?feed=rss2&p=16929 HTTP/1.1" 200 0 "-" "Mozilla/5.0 AppleWebKit/537.36 (KHTML, like Gecko; compatible; Amazonbot/0.1; +https://developer.amazon.com/support/amazonbot) Chrome/119.0.6045.214 Safari/537.36"
67.223.118.104 - - [15/May/2026:10:50:47 -0400] "POST /wp-cron.php?doing_wp_cron=1778856647.6393780708312988281250 HTTP/1.1" 200 0 "-" "WordPress/6.9.4; https://www.shoenation.me"
67.223.118.104 - - [15/May/2026:10:51:18 -0400] "POST /wp-cron.php?doing_wp_cron=1778856678.3429911136627197265625 HTTP/1.1" 200 0 "-" "WordPress/6.9.4; https://www.shoenation.me"
129.226.217.17 - - [15/May/2026:10:51:13 -0400] "GET / HTTP/1.1" 301 0 "http://shoenation.me" "Mozilla/5.0 (iPhone; CPU iPhone OS 13_2_3 like Mac OS X) AppleWebKit/605.1.15 (KHTML, like Gecko) Version/13.0.3 Mobile/15E148 Safari/604.1"
129.226.217.17 - - [15/May/2026:10:51:20 -0400] "GET / HTTP/1.1" 200 62935 "https://shoenation.me/" "Mozilla/5.0 (iPhone; CPU iPhone OS 13_2_3 like Mac OS X) AppleWebKit/605.1.15 (KHTML, like Gecko) Version/13.0.3 Mobile/15E148 Safari/604.1"
18.235.158.19 - - [15/May/2026:10:51:38 -0400] "GET /index.php?rest_route=/oembed/1.0/embed&url=https://www.shoenation.me/?product%3Dnike-dunk-low-light-bone HTTP/1.1" 200 2205 "-" "Mozilla/5.0 AppleWebKit/537.36 (KHTML, like Gecko; compatible; Amazonbot/0.1; +https://developer.amazon.com/support/amazonbot) Chrome/119.0.6045.214 Safari/537.36"
23.21.179.120 - - [15/May/2026:10:51:50 -0400] "GET /index.php?rest_route=/wp/v2/product/18070 HTTP/1.1" 200 2333 "-" "Mozilla/5.0 AppleWebKit/537.36 (KHTML, like Gecko; compatible; Amazonbot/0.1; +https://developer.amazon.com/support/amazonbot) Chrome/119.0.6045.214 Safari/537.36"
67.223.118.104 - - [15/May/2026:10:52:00 -0400] "POST /wp-cron.php?doing_wp_cron=1778856720.5410869121551513671875 HTTP/1.1" 200 0 "-" "WordPress/6.9.4; https://www.shoenation.me"
37.215.0.62 - - [15/May/2026:10:51:58 -0400] "GET /?filter_size=42%2C45&product_cat=hoka&stock_status=instock HTTP/1.1" 301 0 "-" "Mozilla/5.0 (Windows NT 6.1; WOW64) AppleWebKit/537.36 (KHTML, like Gecko) Chrome/107.0.0.0 Safari/537.36"
37.215.0.62 - - [15/May/2026:10:52:01 -0400] "GET /product-category/hoka/?filter_size=42%2C45&stock_status=instock HTTP/1.1" 200 56458 "-" "Mozilla/5.0 (Windows NT 6.1; WOW64) AppleWebKit/537.36 (KHTML, like Gecko) Chrome/107.0.0.0 Safari/537.36"
34.203.111.15 - - [15/May/2026:10:52:10 -0400] "GET /?product=adidas-adizero-evo-sl-blue-fusion HTTP/1.1" 200 62935 "-" "Mozilla/5.0 AppleWebKit/537.36 (KHTML, like Gecko; compatible; Amazonbot/0.1; +https://developer.amazon.com/support/amazonbot) Chrome/119.0.6045.214 Safari/537.36"
67.223.118.104 - - [15/May/2026:10:52:21 -0400] "POST /wp-cron.php?doing_wp_cron=1778856741.4339239597320556640625 HTTP/1.1" 200 0 "-" "WordPress/6.9.4; https://www.shoenation.me"
47.82.10.190 - - [15/May/2026:10:52:13 -0400] "GET /?product=nike-sb-dunk-low-pastoral-print HTTP/1.1" 200 56522 "https://www.shoenation.me/" "Mozilla/5.0 (Windows NT 10.0; Win64; x64) AppleWebKit/537.36 (KHTML, like Gecko) Chrome/135.0.0.0 Safari/537.36"
67.223.118.104 - - [15/May/2026:10:52:25 -0400] "POST /wp-cron.php?doing_wp_cron=1778856745.4388298988342285156250 HTTP/1.1" 200 0 "-" "WordPress/6.9.4; https://www.shoenation.me"
3.216.13.10 - - [15/May/2026:10:52:19 -0400] "GET /wp-content/uploads/2025/10/js4454_A-150x150.jpg HTTP/1.1" 404 48160 "-" "Mozilla/5.0 AppleWebKit/537.36 (KHTML, like Gecko; compatible; Amazonbot/0.1; +https://developer.amazon.com/support/amazonbot) Chrome/119.0.6045.214 Safari/537.36"
3.225.45.252 - - [15/May/2026:10:52:23 -0400] "GET /wp-content/uploads/2025/10/js4454_A-700x700.jpg HTTP/1.1" 404 48162 "-" "Mozilla/5.0 AppleWebKit/537.36 (KHTML, like Gecko; compatible; Amazonbot/0.1; +https://developer.amazon.com/support/amazonbot) Chrome/119.0.6045.214 Safari/537.36"
52.71.203.206 - - [15/May/2026:10:52:27 -0400] "GET /wp-content/uploads/2025/10/js4454_C-150x150.jpg HTTP/1.1" 404 48153 "-" "Mozilla/5.0 AppleWebKit/537.36 (KHTML, like Gecko; compatible; Amazonbot/0.1; +https://developer.amazon.com/support/amazonbot) Chrome/119.0.6045.214 Safari/537.36"
98.82.214.73 - - [15/May/2026:10:52:31 -0400] "GET /wp-content/uploads/2025/10/js4454_C-700x700.jpg HTTP/1.1" 404 48163 "-" "Mozilla/5.0 AppleWebKit/537.36 (KHTML, like Gecko; compatible; Amazonbot/0.1; +https://developer.amazon.com/support/amazonbot) Chrome/119.0.6045.214 Safari/537.36"
66.249.73.72 - - [15/May/2026:10:52:57 -0400] "GET /shop.php?products/81859386 HTTP/1.1" 200 24797 "-" "Mozilla/5.0 (Linux; Android 6.0.1; Nexus 5X Build/MMB29P) AppleWebKit/537.36 (KHTML, like Gecko) Chrome/148.0.7778.96 Mobile Safari/537.36 (compatible; Googlebot/2.1; +http://www.google.com/bot.html)"
67.223.118.104 - - [15/May/2026:10:56:17 -0400] "POST /wp-cron.php?doing_wp_cron=1778856977.8345301151275634765625 HTTP/1.1" 200 0 "-" "WordPress/6.9.4; https://www.shoenation.me"
47.128.62.177 - - [15/May/2026:10:55:57 -0400] "GET /?filter_size=36%2C37%2C38%2C39%2C41%2C42&per_page=24&product_cat=9060 HTTP/1.1" 301 0 "-" "Mozilla/5.0 (compatible; Bytespider; spider-feedback@bytedance.com) AppleWebKit/537.36 (KHTML, like Gecko) Chrome/70.0.0.0 Safari/537.36"
194.110.150.45 - - [15/May/2026:10:56:19 -0400] "GET /wp-json HTTP/1.1" 200 1375048 "-" "Mozilla/5.0 (Windows NT 10.0; Win64; x64) AppleWebKit/537.36 (KHTML, like Gecko) Chrome/120.0.0.0 Safari/537.36"
194.110.150.45 - - [15/May/2026:10:56:27 -0400] "GET /wp-json/wp/v2/posts?orderby=date&order=desc&_fields=status,type&per_page=40 HTTP/1.1" 200 1086 "-" "Mozilla/5.0 (Windows NT 10.0; Win64; x64) AppleWebKit/537.36 (KHTML, like Gecko) Chrome/120.0.0.0 Safari/537.36"
47.128.62.177 - - [15/May/2026:10:56:18 -0400] "GET /product-category/new-balance/9060/?filter_size=36%2C37%2C38%2C39%2C41%2C42&per_page=24 HTTP/1.1" 200 53827 "-" "Mozilla/5.0 (compatible; Bytespider; spider-feedback@bytedance.com) AppleWebKit/537.36 (KHTML, like Gecko) Chrome/70.0.0.0 Safari/537.36"
47.128.62.177 - - [15/May/2026:10:56:47 -0400] "GET /wp-content/uploads/2024/04/OUNB0101-1-430x430.png HTTP/1.1" 200 0 "https://www.shoenation.me/product-category/new-balance/9060/?filter_size=36%2C37%2C38%2C39%2C41%2C42&per_page=24" "Mozilla/5.0 (compatible; Bytespider; spider-feedback@bytedance.com) AppleWebKit/537.36 (KHTML, like Gecko) Chrome/70.0.0.0 Safari/537.36"
47.128.62.177 - - [15/May/2026:10:56:42 -0400] "GET /wp-content/uploads/2025/02/IMG_0260-150x150.jpeg HTTP/1.1" 200 0 "https://www.shoenation.me/product-category/new-balance/9060/?filter_size=36%2C37%2C38%2C39%2C41%2C42&per_page=24" "Mozilla/5.0 (compatible; Bytespider; spider-feedback@bytedance.com) AppleWebKit/537.36 (KHTML, like Gecko) Chrome/70.0.0.0 Safari/537.36"
47.128.62.177 - - [15/May/2026:10:56:46 -0400] "GET /wp-content/uploads/2024/06/38cf7661e72745bb94d5991ef45f5aa2-scaled-e1719158046751-430x430.webp HTTP/1.1" 200 0 "https://www.shoenation.me/product-category/new-balance/9060/?filter_size=36%2C37%2C38%2C39%2C41%2C42&per_page=24" "Mozilla/5.0 (compatible; Bytespider; spider-feedback@bytedance.com) AppleWebKit/537.36 (KHTML, like Gecko) Chrome/70.0.0.0 Safari/537.36"
47.128.62.177 - - [15/May/2026:10:56:46 -0400] "GET /wp-content/uploads/2024/06/ca089c0521d61637a52311e4c5c83f0f-150x150.jpg HTTP/1.1" 200 0 "https://www.shoenation.me/product-category/new-balance/9060/?filter_size=36%2C37%2C38%2C39%2C41%2C42&per_page=24" "Mozilla/5.0 (compatible; Bytespider; spider-feedback@bytedance.com) AppleWebKit/537.36 (KHTML, like Gecko) Chrome/70.0.0.0 Safari/537.36"
47.128.62.177 - - [15/May/2026:10:56:46 -0400] "GET /wp-content/uploads/2025/02/614b4079e84ea91f6aa9d9919838a0d6.jpg_720x720q80-150x150.jpg HTTP/1.1" 200 0 "https://www.shoenation.me/product-category/new-balance/9060/?filter_size=36%2C37%2C38%2C39%2C41%2C42&per_page=24" "Mozilla/5.0 (compatible; Bytespider; spider-feedback@bytedance.com) AppleWebKit/537.36 (KHTML, like Gecko) Chrome/70.0.0.0 Safari/537.36"
