45.3.38.193 - - [15/May/2026:09:21:39 -0400] "GET /wp-login.php?wp_lang=en_US HTTP/1.1" 200 0 "-" "Mozilla/5.0 (Windows NT 10.0; Win64; x64; rv:133.0) Gecko/20100101 Firefox/133.0"
216.26.250.187 - - [15/May/2026:09:21:40 -0400] "GET /wp-login.php?wp_lang=en_US HTTP/1.1" 200 0 "-" "Mozilla/5.0 (Windows NT 10.0; Win64; x64; rv:133.0) Gecko/20100101 Firefox/133.0"
65.111.27.248 - - [15/May/2026:09:21:40 -0400] "GET /wp-login.php?wp_lang=en_US HTTP/1.1" 200 0 "-" "Mozilla/5.0 (Windows NT 10.0; Win64; x64) AppleWebKit/537.36 (KHTML, like Gecko) Chrome/124.0.0.0 Safari/537.36"
45.3.38.25 - - [15/May/2026:09:21:41 -0400] "GET /wp-login.php?wp_lang=en_US HTTP/1.1" 200 0 "-" "Mozilla/5.0 (Macintosh; Intel Mac OS X 10_15_7) AppleWebKit/605.1.15 (KHTML, like Gecko) Version/18.0 Safari/605.1.15"
209.50.162.142 - - [15/May/2026:09:21:42 -0400] "GET /wp-login.php?wp_lang=en_US HTTP/1.1" 200 0 "-" "Mozilla/5.0 (Windows NT 10.0; Win64; x64) AppleWebKit/537.36 (KHTML, like Gecko) Chrome/124.0.0.0 Safari/537.36"
147.135.213.175 - - [15/May/2026:09:21:37 -0400] "GET /?post_type=product&filter_size=37,41,44&shop_view=grid&per_row=4 HTTP/1.1" 200 51608 "-" "Mozilla/5.0 (compatible; MJ12bot/v1.4.8; http://mj12bot.com/)"
209.50.188.236 - - [15/May/2026:09:21:43 -0400] "GET /wp-login.php?wp_lang=en_US HTTP/1.1" 200 0 "-" "Mozilla/5.0 (Windows NT 10.0; Win64; x64) AppleWebKit/537.36 (KHTML, like Gecko) Chrome/124.0.0.0 Safari/537.36"
45.3.35.65 - - [15/May/2026:09:21:43 -0400] "GET /wp-login.php?wp_lang=en_US HTTP/1.1" 200 0 "-" "Mozilla/5.0 (Windows NT 10.0; Win64; x64; rv:133.0) Gecko/20100101 Firefox/133.0"
67.223.118.104 - - [15/May/2026:09:21:52 -0400] "POST /wp-cron.php?doing_wp_cron=1778851312.4350650310516357421875 HTTP/1.1" 200 0 "-" "WordPress/6.9.4; https://www.shoenation.me"
147.135.213.175 - - [15/May/2026:09:21:44 -0400] "GET /?post_type=product&filter_size=37,41,44&stock_status=instock HTTP/1.1" 200 51676 "-" "Mozilla/5.0 (compatible; MJ12bot/v1.4.8; http://mj12bot.com/)"
147.135.213.175 - - [15/May/2026:09:21:54 -0400] "GET /?post_type=product&filter_size=37,41,44&stock_status=onsale HTTP/1.1" 200 46986 "-" "Mozilla/5.0 (compatible; MJ12bot/v1.4.8; http://mj12bot.com/)"
147.135.213.175 - - [15/May/2026:09:22:01 -0400] "GET /?post_type=product&filter_size=37,41,44,45&paged=2 HTTP/1.1" 301 0 "-" "Mozilla/5.0 (compatible; MJ12bot/v1.4.8; http://mj12bot.com/)"
89.110.64.239 - - [15/May/2026:09:22:03 -0400] "GET /?page_id=4439 HTTP/1.0" 301 0 "https://www.shoenation.me/?page_id=4439" "Mozilla/5.0 (Windows NT 10.0; Win64; x64) AppleWebKit/537.36 (KHTML, like Gecko) Chrome/130.0.0.0 Safari/537.36"
89.110.64.239 - - [15/May/2026:09:22:07 -0400] "GET /contact-us/ HTTP/1.0" 200 194308 "https://www.shoenation.me/contact-us/" "Mozilla/5.0 (Windows NT 10.0; Win64; x64) AppleWebKit/537.36 (KHTML, like Gecko) Chrome/130.0.0.0 Safari/537.36"
147.135.213.175 - - [15/May/2026:09:22:07 -0400] "GET /page/2/?post_type=product&filter_size=37%2C41%2C44%2C45 HTTP/1.1" 200 51515 "-" "Mozilla/5.0 (compatible; MJ12bot/v1.4.8; http://mj12bot.com/)"
67.223.118.104 - - [15/May/2026:09:22:24 -0400] "POST /wp-cron.php?doing_wp_cron=1778851344.5409960746765136718750 HTTP/1.1" 200 0 "-" "WordPress/6.9.4; https://www.shoenation.me"
147.135.213.175 - - [15/May/2026:09:22:17 -0400] "GET /?post_type=product&filter_size=37,41,44,45&per_page=24 HTTP/1.1" 200 53712 "-" "Mozilla/5.0 (compatible; MJ12bot/v1.4.8; http://mj12bot.com/)"
147.135.213.175 - - [15/May/2026:09:22:26 -0400] "GET /?post_type=product&filter_size=37,41,44,45&per_page=9 HTTP/1.1" 200 50902 "-" "Mozilla/5.0 (compatible; MJ12bot/v1.4.8; http://mj12bot.com/)"
147.135.213.175 - - [15/May/2026:09:22:35 -0400] "GET /?post_type=product&filter_size=37,41,44,45&shop_view=grid&per_row=2 HTTP/1.1" 200 51588 "-" "Mozilla/5.0 (compatible; MJ12bot/v1.4.8; http://mj12bot.com/)"
147.135.213.175 - - [15/May/2026:09:22:45 -0400] "GET /?post_type=product&filter_size=37,41,44,45&shop_view=grid&per_row=3 HTTP/1.1" 200 51520 "-" "Mozilla/5.0 (compatible; MJ12bot/v1.4.8; http://mj12bot.com/)"
67.223.118.104 - - [15/May/2026:09:23:08 -0400] "POST /wp-cron.php?doing_wp_cron=1778851388.1358249187469482421875 HTTP/1.1" 200 0 "-" "WordPress/6.9.4; https://www.shoenation.me"
147.135.213.175 - - [15/May/2026:09:22:57 -0400] "GET /?post_type=product&filter_size=37,41,44,45&shop_view=grid&per_row=4 HTTP/1.1" 200 51500 "-" "Mozilla/5.0 (compatible; MJ12bot/v1.4.8; http://mj12bot.com/)"
147.135.213.175 - - [15/May/2026:09:23:09 -0400] "GET /?post_type=product&filter_size=37,41,44,45&stock_status=instock HTTP/1.1" 200 51544 "-" "Mozilla/5.0 (compatible; MJ12bot/v1.4.8; http://mj12bot.com/)"
67.223.118.104 - - [15/May/2026:09:23:25 -0400] "POST /wp-cron.php?doing_wp_cron=1778851405.8489339351654052734375 HTTP/1.1" 200 0 "-" "WordPress/6.9.4; https://www.shoenation.me"
147.135.213.175 - - [15/May/2026:09:23:20 -0400] "GET /?post_type=product&filter_size=37,41,44,45&stock_status=onsale HTTP/1.1" 200 47073 "-" "Mozilla/5.0 (compatible; MJ12bot/v1.4.8; http://mj12bot.com/)"
147.135.213.175 - - [15/May/2026:09:23:27 -0400] "GET /?post_type=product&filter_size=37,41,44,45,46&paged=2 HTTP/1.1" 301 0 "-" "Mozilla/5.0 (compatible; MJ12bot/v1.4.8; http://mj12bot.com/)"
147.135.213.175 - - [15/May/2026:09:23:31 -0400] "GET /page/2/?post_type=product&filter_size=37%2C41%2C44%2C45%2C46 HTTP/1.1" 200 51287 "-" "Mozilla/5.0 (compatible; MJ12bot/v1.4.8; http://mj12bot.com/)"
147.135.213.175 - - [15/May/2026:09:23:40 -0400] "GET /?post_type=product&filter_size=37,41,44,45,46&per_page=12 HTTP/1.1" 200 51445 "-" "Mozilla/5.0 (compatible; MJ12bot/v1.4.8; http://mj12bot.com/)"
147.135.213.175 - - [15/May/2026:09:23:49 -0400] "GET /?post_type=product&filter_size=37,41,44,45,46&per_page=18 HTTP/1.1" 200 52690 "-" "Mozilla/5.0 (compatible; MJ12bot/v1.4.8; http://mj12bot.com/)"
47.128.62.117 - - [15/May/2026:09:23:58 -0400] "GET /?product_cat=jordan-3 HTTP/1.1" 301 0 "-" "Mozilla/5.0 (compatible; Bytespider; spider-feedback@bytedance.com) AppleWebKit/537.36 (KHTML, like Gecko) Chrome/70.0.0.0 Safari/537.36"
47.128.62.117 - - [15/May/2026:09:24:01 -0400] "GET /product-category/nike/jordan-3/ HTTP/1.1" 200 48083 "-" "Mozilla/5.0 (compatible; Bytespider; spider-feedback@bytedance.com) AppleWebKit/537.36 (KHTML, like Gecko) Chrome/70.0.0.0 Safari/537.36"
67.223.118.104 - - [15/May/2026:09:24:36 -0400] "POST /wp-cron.php?doing_wp_cron=1778851475.8350279331207275390625 HTTP/1.1" 200 0 "-" "WordPress/6.9.4; https://www.shoenation.me"
147.135.213.175 - - [15/May/2026:09:23:59 -0400] "GET /?post_type=product&filter_size=37,41,44,45,46&per_page=24 HTTP/1.1" 200 53536 "-" "Mozilla/5.0 (compatible; MJ12bot/v1.4.8; http://mj12bot.com/)"
47.128.62.117 - - [15/May/2026:09:24:18 -0400] "GET /wp-content/uploads/2024/06/product-jpeg-500x500-1-150x150.webp HTTP/1.1" 404 178497 "https://www.shoenation.me/product-category/nike/jordan-3/" "Mozilla/5.0 (compatible; Bytespider; spider-feedback@bytedance.com) AppleWebKit/537.36 (KHTML, like Gecko) Chrome/70.0.0.0 Safari/537.36"
47.128.62.117 - - [15/May/2026:09:24:18 -0400] "GET /wp-content/uploads/2024/06/3423897250m8_zm-1-150x150.jpg HTTP/1.1" 404 178479 "https://www.shoenation.me/product-category/nike/jordan-3/" "Mozilla/5.0 (compatible; Bytespider; spider-feedback@bytedance.com) AppleWebKit/537.36 (KHTML, like Gecko) Chrome/70.0.0.0 Safari/537.36"
47.128.62.117 - - [15/May/2026:09:24:18 -0400] "GET /wp-content/uploads/2024/03/ShoeNation-Logo.png HTTP/1.1" 404 178449 "https://www.shoenation.me/product-category/nike/jordan-3/" "Mozilla/5.0 (compatible; Bytespider; spider-feedback@bytedance.com) AppleWebKit/537.36 (KHTML, like Gecko) Chrome/70.0.0.0 Safari/537.36"
47.128.62.117 - - [15/May/2026:09:24:18 -0400] "GET /wp-content/uploads/2024/09/air-jordan-3-retro-x-nina-chanel-abney-bicoastal-and-malachite-fz7974-300-release-date-5-430x484.webp HTTP/1.1" 404 178695 "https://www.shoenation.me/product-category/nike/jordan-3/" "Mozilla/5.0 (compatible; Bytespider; spider-feedback@bytedance.com) AppleWebKit/537.36 (KHTML, like Gecko) Chrome/70.0.0.0 Safari/537.36"
47.128.62.117 - - [15/May/2026:09:24:18 -0400] "GET /wp-content/uploads/2025/02/download-150x150.jpg HTTP/1.1" 404 178452 "https://www.shoenation.me/product-category/nike/jordan-3/" "Mozilla/5.0 (compatible; Bytespider; spider-feedback@bytedance.com) AppleWebKit/537.36 (KHTML, like Gecko) Chrome/70.0.0.0 Safari/537.36"
47.128.62.117 - - [15/May/2026:09:24:18 -0400] "GET /wp-content/uploads/2025/02/614b4079e84ea91f6aa9d9919838a0d6.jpg_720x720q80-150x150.jpg HTTP/1.1" 404 178569 "https://www.shoenation.me/product-category/nike/jordan-3/" "Mozilla/5.0 (compatible; Bytespider; spider-feedback@bytedance.com) AppleWebKit/537.36 (KHTML, like Gecko) Chrome/70.0.0.0 Safari/537.36"
47.128.62.117 - - [15/May/2026:09:24:18 -0400] "GET /wp-content/uploads/2025/02/new-balance-530-miu-miu-v0-0p61tlqcrp2d1-150x150.webp HTTP/1.1" 404 178551 "https://www.shoenation.me/product-category/nike/jordan-3/" "Mozilla/5.0 (compatible; Bytespider; spider-feedback@bytedance.com) AppleWebKit/537.36 (KHTML, like Gecko) Chrome/70.0.0.0 Safari/537.36"
47.128.62.117 - - [15/May/2026:09:24:18 -0400] "GET /wp-content/uploads/2024/06/17-best-nike-running-shoes-15275-150x150.webp HTTP/1.1" 404 178527 "https://www.shoenation.me/product-category/nike/jordan-3/" "Mozilla/5.0 (compatible; Bytespider; spider-feedback@bytedance.com) AppleWebKit/537.36 (KHTML, like Gecko) Chrome/70.0.0.0 Safari/537.36"
47.128.62.117 - - [15/May/2026:09:24:18 -0400] "GET /wp-content/uploads/2025/02/IMG_0260-150x150.jpeg HTTP/1.1" 404 178455 "https://www.shoenation.me/product-category/nike/jordan-3/" "Mozilla/5.0 (compatible; Bytespider; spider-feedback@bytedance.com) AppleWebKit/537.36 (KHTML, like Gecko) Chrome/70.0.0.0 Safari/537.36"
47.128.62.117 - - [15/May/2026:09:24:18 -0400] "GET /wp-content/uploads/2024/09/air-jordan-3-retro-x-nina-chanel-abney-bicoastal-and-malachite-fz7974-300-release-date-430x484.webp HTTP/1.1" 404 178689 "https://www.shoenation.me/product-category/nike/jordan-3/" "Mozilla/5.0 (compatible; Bytespider; spider-feedback@bytedance.com) AppleWebKit/537.36 (KHTML, like Gecko) Chrome/70.0.0.0 Safari/537.36"
47.128.62.117 - - [15/May/2026:09:24:18 -0400] "GET /wp-content/uploads/2024/06/5ef42a4788df9cdaaf135d9583f2228b-1-150x150.jpg HTTP/1.1" 404 178530 "https://www.shoenation.me/product-category/nike/jordan-3/" "Mozilla/5.0 (compatible; Bytespider; spider-feedback@bytedance.com) AppleWebKit/537.36 (KHTML, like Gecko) Chrome/70.0.0.0 Safari/537.36"
47.128.62.117 - - [15/May/2026:09:24:18 -0400] "GET /wp-content/uploads/2024/06/ca089c0521d61637a52311e4c5c83f0f-150x150.jpg HTTP/1.1" 404 178524 "https://www.shoenation.me/product-category/nike/jordan-3/" "Mozilla/5.0 (compatible; Bytespider; spider-feedback@bytedance.com) AppleWebKit/537.36 (KHTML, like Gecko) Chrome/70.0.0.0 Safari/537.36"
47.128.62.117 - - [15/May/2026:09:24:18 -0400] "GET /wp-content/uploads/2024/06/63922ed58580f70019f80ea5-1-150x150.webp HTTP/1.1" 404 178509 "https://www.shoenation.me/product-category/nike/jordan-3/" "Mozilla/5.0 (compatible; Bytespider; spider-feedback@bytedance.com) AppleWebKit/537.36 (KHTML, like Gecko) Chrome/70.0.0.0 Safari/537.36"
47.128.62.117 - - [15/May/2026:09:24:38 -0400] "GET /wp-content/uploads/2024/03/wd-envelope-dark.svg HTTP/1.1" 200 0 "https://www.shoenation.me/product-category/nike/jordan-3/" "Mozilla/5.0 (compatible; Bytespider; spider-feedback@bytedance.com) AppleWebKit/537.36 (KHTML, like Gecko) Chrome/70.0.0.0 Safari/537.36"
147.135.213.175 - - [15/May/2026:09:24:38 -0400] "GET /?post_type=product&filter_size=37,41,44,45,46&per_page=9 HTTP/1.1" 200 51009 "-" "Mozilla/5.0 (compatible; MJ12bot/v1.4.8; http://mj12bot.com/)"
147.135.213.175 - - [15/May/2026:09:24:50 -0400] "GET /?post_type=product&filter_size=37,41,44,45,46&shop_view=grid&per_row=2 HTTP/1.1" 200 51480 "-" "Mozilla/5.0 (compatible; MJ12bot/v1.4.8; http://mj12bot.com/)"
147.135.213.175 - - [15/May/2026:09:24:55 -0400] "GET /?post_type=product&filter_size=37,41,44,45,46&shop_view=grid&per_row=3 HTTP/1.1" 200 51459 "-" "Mozilla/5.0 (compatible; MJ12bot/v1.4.8; http://mj12bot.com/)"
66.249.73.72 - - [15/May/2026:09:25:00 -0400] "GET /?product_cat=othermodels&filter_size=36,38,40,41,42,43,45 HTTP/1.1" 200 25023 "-" "Mozilla/5.0 (Linux; Android 6.0.1; Nexus 5X Build/MMB29P) AppleWebKit/537.36 (KHTML, like Gecko) Chrome/148.0.7778.96 Mobile Safari/537.36 (compatible; Googlebot/2.1; +http://www.google.com/bot.html)"
147.135.213.175 - - [15/May/2026:09:25:01 -0400] "GET /?post_type=product&filter_size=37,41,44,45,46&shop_view=grid&per_row=4 HTTP/1.1" 200 51427 "-" "Mozilla/5.0 (compatible; MJ12bot/v1.4.8; http://mj12bot.com/)"
147.135.213.175 - - [15/May/2026:09:25:08 -0400] "GET /?post_type=product&filter_size=37,41,44,45,46&stock_status=instock HTTP/1.1" 200 51642 "-" "Mozilla/5.0 (compatible; MJ12bot/v1.4.8; http://mj12bot.com/)"
67.223.118.104 - - [15/May/2026:09:25:17 -0400] "POST /wp-cron.php?doing_wp_cron=1778851517.4449861049652099609375 HTTP/1.1" 200 0 "-" "WordPress/6.9.4; https://www.shoenation.me"
147.135.213.175 - - [15/May/2026:09:25:14 -0400] "GET /?post_type=product&filter_size=37,41,44,45,46&stock_status=onsale HTTP/1.1" 200 47118 "-" "Mozilla/5.0 (compatible; MJ12bot/v1.4.8; http://mj12bot.com/)"
147.135.213.175 - - [15/May/2026:09:25:19 -0400] "GET /?post_type=product&filter_size=37,41,44,45,46,47&per_page=12 HTTP/1.1" 200 49691 "-" "Mozilla/5.0 (compatible; MJ12bot/v1.4.8; http://mj12bot.com/)"
147.135.213.175 - - [15/May/2026:09:25:23 -0400] "GET /?post_type=product&filter_size=37,41,44,45,46,47&per_page=18 HTTP/1.1" 200 49809 "-" "Mozilla/5.0 (compatible; MJ12bot/v1.4.8; http://mj12bot.com/)"
147.135.213.175 - - [15/May/2026:09:25:28 -0400] "GET /?post_type=product&filter_size=37,41,44,45,46,47&per_page=24 HTTP/1.1" 200 49700 "-" "Mozilla/5.0 (compatible; MJ12bot/v1.4.8; http://mj12bot.com/)"
147.135.213.175 - - [15/May/2026:09:25:31 -0400] "GET /?post_type=product&filter_size=37,41,44,45,46,47&per_page=9 HTTP/1.1" 200 49786 "-" "Mozilla/5.0 (compatible; MJ12bot/v1.4.8; http://mj12bot.com/)"
147.135.213.175 - - [15/May/2026:09:25:36 -0400] "GET /?post_type=product&filter_size=37,41,44,45,46,47&shop_view=grid&per_row=2 HTTP/1.1" 200 49744 "-" "Mozilla/5.0 (compatible; MJ12bot/v1.4.8; http://mj12bot.com/)"
147.135.213.175 - - [15/May/2026:09:25:40 -0400] "GET /?post_type=product&filter_size=37,41,44,45,46,47&shop_view=grid&per_row=3 HTTP/1.1" 200 49751 "-" "Mozilla/5.0 (compatible; MJ12bot/v1.4.8; http://mj12bot.com/)"
147.135.213.175 - - [15/May/2026:09:25:45 -0400] "GET /?post_type=product&filter_size=37,41,44,45,46,47&shop_view=grid&per_row=4 HTTP/1.1" 200 49669 "-" "Mozilla/5.0 (compatible; MJ12bot/v1.4.8; http://mj12bot.com/)"
147.135.213.175 - - [15/May/2026:09:25:52 -0400] "GET /?post_type=product&filter_size=37,41,44,45,46,47&stock_status=instock HTTP/1.1" 200 49838 "-" "Mozilla/5.0 (compatible; MJ12bot/v1.4.8; http://mj12bot.com/)"
147.135.213.175 - - [15/May/2026:09:26:01 -0400] "GET /?post_type=product&filter_size=37,41,44,45,46,47&stock_status=onsale HTTP/1.1" 200 46994 "-" "Mozilla/5.0 (compatible; MJ12bot/v1.4.8; http://mj12bot.com/)"
67.223.118.104 - - [15/May/2026:09:26:16 -0400] "POST /wp-cron.php?doing_wp_cron=1778851576.2474060058593750000000 HTTP/1.1" 200 0 "-" "WordPress/6.9.4; https://www.shoenation.me"
147.135.213.175 - - [15/May/2026:09:26:07 -0400] "GET /?post_type=product&filter_size=37,41,44,45,47 HTTP/1.1" 200 50380 "-" "Mozilla/5.0 (compatible; MJ12bot/v1.4.8; http://mj12bot.com/)"
147.135.213.175 - - [15/May/2026:09:26:18 -0400] "GET /?post_type=product&filter_size=37,41,44,46&paged=2 HTTP/1.1" 301 0 "-" "Mozilla/5.0 (compatible; MJ12bot/v1.4.8; http://mj12bot.com/)"
147.135.213.175 - - [15/May/2026:09:26:22 -0400] "GET /page/2/?post_type=product&filter_size=37%2C41%2C44%2C46 HTTP/1.1" 200 51277 "-" "Mozilla/5.0 (compatible; MJ12bot/v1.4.8; http://mj12bot.com/)"
147.135.213.175 - - [15/May/2026:09:26:32 -0400] "GET /?post_type=product&filter_size=37,41,44,46&per_page=12 HTTP/1.1" 200 51565 "-" "Mozilla/5.0 (compatible; MJ12bot/v1.4.8; http://mj12bot.com/)"
66.249.73.72 - - [15/May/2026:09:26:54 -0400] "GET /?detail/618590575 HTTP/1.1" 200 23496 "-" "Mozilla/5.0 (Linux; Android 6.0.1; Nexus 5X Build/MMB29P) AppleWebKit/537.36 (KHTML, like Gecko) Chrome/148.0.7778.96 Mobile Safari/537.36 (compatible; Googlebot/2.1; +http://www.google.com/bot.html)"
67.223.118.104 - - [15/May/2026:09:26:56 -0400] "POST /wp-cron.php?doing_wp_cron=1778851616.7531049251556396484375 HTTP/1.1" 200 0 "-" "WordPress/6.9.4; https://www.shoenation.me"
147.135.213.175 - - [15/May/2026:09:26:46 -0400] "GET /?post_type=product&filter_size=37,41,44,46&per_page=18 HTTP/1.1" 200 52592 "-" "Mozilla/5.0 (compatible; MJ12bot/v1.4.8; http://mj12bot.com/)"
147.135.213.175 - - [15/May/2026:09:26:58 -0400] "GET /?post_type=product&filter_size=37,41,44,46&per_page=24 HTTP/1.1" 200 53577 "-" "Mozilla/5.0 (compatible; MJ12bot/v1.4.8; http://mj12bot.com/)"
147.135.213.175 - - [15/May/2026:09:27:09 -0400] "GET /?post_type=product&filter_size=37,41,44,46&per_page=9 HTTP/1.1" 200 50970 "-" "Mozilla/5.0 (compatible; MJ12bot/v1.4.8; http://mj12bot.com/)"
67.223.118.104 - - [15/May/2026:09:27:27 -0400] "POST /wp-cron.php?doing_wp_cron=1778851647.0349600315093994140625 HTTP/1.1" 200 0 "-" "WordPress/6.9.4; https://www.shoenation.me"
147.135.213.175 - - [15/May/2026:09:27:18 -0400] "GET /?post_type=product&filter_size=37,41,44,46&shop_view=grid&per_row=2 HTTP/1.1" 200 51424 "-" "Mozilla/5.0 (compatible; MJ12bot/v1.4.8; http://mj12bot.com/)"
147.135.213.175 - - [15/May/2026:09:27:28 -0400] "GET /?post_type=product&filter_size=37,41,44,46&shop_view=grid&per_row=3 HTTP/1.1" 200 51460 "-" "Mozilla/5.0 (compatible; MJ12bot/v1.4.8; http://mj12bot.com/)"
147.135.213.175 - - [15/May/2026:09:27:41 -0400] "GET /?post_type=product&filter_size=37,41,44,46&shop_view=grid&per_row=4 HTTP/1.1" 200 51430 "-" "Mozilla/5.0 (compatible; MJ12bot/v1.4.8; http://mj12bot.com/)"
147.135.213.175 - - [15/May/2026:09:27:52 -0400] "GET /?post_type=product&filter_size=37,41,44,46&stock_status=instock HTTP/1.1" 200 51468 "-" "Mozilla/5.0 (compatible; MJ12bot/v1.4.8; http://mj12bot.com/)"
147.135.213.175 - - [15/May/2026:09:27:59 -0400] "GET /?post_type=product&filter_size=37,41,44,46&stock_status=onsale HTTP/1.1" 200 47093 "-" "Mozilla/5.0 (compatible; MJ12bot/v1.4.8; http://mj12bot.com/)"
147.135.213.175 - - [15/May/2026:09:28:04 -0400] "GET /?post_type=product&filter_size=37,41,44,46,47&per_page=12 HTTP/1.1" 200 49712 "-" "Mozilla/5.0 (compatible; MJ12bot/v1.4.8; http://mj12bot.com/)"
147.135.213.175 - - [15/May/2026:09:28:09 -0400] "GET /?post_type=product&filter_size=37,41,44,46,47&per_page=18 HTTP/1.1" 200 49859 "-" "Mozilla/5.0 (compatible; MJ12bot/v1.4.8; http://mj12bot.com/)"
67.223.118.104 - - [15/May/2026:09:28:20 -0400] "POST /wp-cron.php?doing_wp_cron=1778851700.2362289428710937500000 HTTP/1.1" 200 0 "-" "WordPress/6.9.4; https://www.shoenation.me"
147.135.213.175 - - [15/May/2026:09:28:15 -0400] "GET /?post_type=product&filter_size=37,41,44,46,47&per_page=24 HTTP/1.1" 200 49716 "-" "Mozilla/5.0 (compatible; MJ12bot/v1.4.8; http://mj12bot.com/)"
67.223.118.104 - - [15/May/2026:09:28:26 -0400] "POST /wp-cron.php?doing_wp_cron=1778851706.3468689918518066406250 HTTP/1.1" 200 0 "-" "WordPress/6.9.4; https://www.shoenation.me"
147.135.213.175 - - [15/May/2026:09:28:21 -0400] "GET /?post_type=product&filter_size=37,41,44,46,47&per_page=9 HTTP/1.1" 200 49669 "-" "Mozilla/5.0 (compatible; MJ12bot/v1.4.8; http://mj12bot.com/)"
147.135.213.175 - - [15/May/2026:09:28:28 -0400] "GET /?post_type=product&filter_size=37,41,44,46,47&shop_view=grid&per_row=2 HTTP/1.1" 200 49744 "-" "Mozilla/5.0 (compatible; MJ12bot/v1.4.8; http://mj12bot.com/)"
147.135.213.175 - - [15/May/2026:09:28:33 -0400] "GET /?post_type=product&filter_size=37,41,44,46,47&shop_view=grid&per_row=3 HTTP/1.1" 200 49709 "-" "Mozilla/5.0 (compatible; MJ12bot/v1.4.8; http://mj12bot.com/)"
147.135.213.175 - - [15/May/2026:09:28:40 -0400] "GET /?post_type=product&filter_size=37,41,44,46,47&shop_view=grid&per_row=4 HTTP/1.1" 200 49705 "-" "Mozilla/5.0 (compatible; MJ12bot/v1.4.8; http://mj12bot.com/)"
147.135.213.175 - - [15/May/2026:09:28:49 -0400] "GET /?post_type=product&filter_size=37,41,44,46,47&stock_status=instock HTTP/1.1" 200 49799 "-" "Mozilla/5.0 (compatible; MJ12bot/v1.4.8; http://mj12bot.com/)"
147.135.213.175 - - [15/May/2026:09:28:59 -0400] "GET /?post_type=product&filter_size=37,41,44,46,47&stock_status=onsale HTTP/1.1" 200 46985 "-" "Mozilla/5.0 (compatible; MJ12bot/v1.4.8; http://mj12bot.com/)"
66.249.73.71 - - [15/May/2026:09:29:10 -0400] "GET /goods.php?item/u6331059 HTTP/1.1" 200 25185 "-" "Mozilla/5.0 (Linux; Android 6.0.1; Nexus 5X Build/MMB29P) AppleWebKit/537.36 (KHTML, like Gecko) Chrome/148.0.7778.96 Mobile Safari/537.36 (compatible; Googlebot/2.1; +http://www.google.com/bot.html)"
147.135.213.175 - - [15/May/2026:09:29:08 -0400] "GET /?post_type=product&filter_size=37,41,44,47 HTTP/1.1" 200 50351 "-" "Mozilla/5.0 (compatible; MJ12bot/v1.4.8; http://mj12bot.com/)"
67.223.118.104 - - [15/May/2026:09:29:22 -0400] "POST /wp-cron.php?doing_wp_cron=1778851761.9416038990020751953125 HTTP/1.1" 200 0 "-" "WordPress/6.9.4; https://www.shoenation.me"
147.135.213.175 - - [15/May/2026:09:29:18 -0400] "GET /?post_type=product&filter_size=37,41,45&paged=2 HTTP/1.1" 301 0 "-" "Mozilla/5.0 (compatible; MJ12bot/v1.4.8; http://mj12bot.com/)"
54.163.169.168 - - [15/May/2026:09:29:22 -0400] "GET /index.php?rest_route=/oembed/1.0/embed&url=https://www.shoenation.me/?product%3Dconverse-chuck-taylor-all-star-70-black HTTP/1.1" 200 2205 "-" "Mozilla/5.0 AppleWebKit/537.36 (KHTML, like Gecko; compatible; Amazonbot/0.1; +https://developer.amazon.com/support/amazonbot) Chrome/119.0.6045.214 Safari/537.36"
147.135.213.175 - - [15/May/2026:09:29:24 -0400] "GET /page/2/?post_type=product&filter_size=37%2C41%2C45 HTTP/1.1" 200 51509 "-" "Mozilla/5.0 (compatible; MJ12bot/v1.4.8; http://mj12bot.com/)"
147.135.213.175 - - [15/May/2026:09:29:37 -0400] "GET /?post_type=product&filter_size=37,41,45&per_page=12 HTTP/1.1" 200 51596 "-" "Mozilla/5.0 (compatible; MJ12bot/v1.4.8; http://mj12bot.com/)"
147.135.213.175 - - [15/May/2026:09:29:51 -0400] "GET /?post_type=product&filter_size=37,41,45&per_page=18 HTTP/1.1" 200 52691 "-" "Mozilla/5.0 (compatible; MJ12bot/v1.4.8; http://mj12bot.com/)"
66.249.73.73 - - [15/May/2026:09:30:23 -0400] "GET /?detail/420960355 HTTP/1.1" 200 24264 "-" "Mozilla/5.0 (Linux; Android 6.0.1; Nexus 5X Build/MMB29P) AppleWebKit/537.36 (KHTML, like Gecko) Chrome/148.0.7778.96 Mobile Safari/537.36 (compatible; Googlebot/2.1; +http://www.google.com/bot.html)"
66.249.73.71 - - [15/May/2026:09:30:23 -0400] "GET /?product_cat=onitsuka&per_row=4&per_page=24&shop_view=grid&filter_size=36%2C38%2C44 HTTP/1.1" 200 25610 "-" "Mozilla/5.0 (Linux; Android 6.0.1; Nexus 5X Build/MMB29P) AppleWebKit/537.36 (KHTML, like Gecko) Chrome/148.0.7778.96 Mobile Safari/537.36 (compatible; Googlebot/2.1; +http://www.google.com/bot.html)"
67.223.118.104 - - [15/May/2026:09:30:26 -0400] "POST /wp-cron.php?doing_wp_cron=1778851826.1543269157409667968750 HTTP/1.1" 200 0 "-" "WordPress/6.9.4; https://www.shoenation.me"
147.135.213.175 - - [15/May/2026:09:30:06 -0400] "GET /?post_type=product&filter_size=37,41,45&per_page=24 HTTP/1.1" 200 53727 "-" "Mozilla/5.0 (compatible; MJ12bot/v1.4.8; http://mj12bot.com/)"
147.135.213.175 - - [15/May/2026:09:30:27 -0400] "GET /?post_type=product&filter_size=37,41,45&per_page=9 HTTP/1.1" 200 50768 "-" "Mozilla/5.0 (compatible; MJ12bot/v1.4.8; http://mj12bot.com/)"
147.135.213.175 - - [15/May/2026:09:30:34 -0400] "GET /?post_type=product&filter_size=37,41,45&shop_view=grid&per_row=2 HTTP/1.1" 200 51541 "-" "Mozilla/5.0 (compatible; MJ12bot/v1.4.8; http://mj12bot.com/)"
147.135.213.175 - - [15/May/2026:09:30:43 -0400] "GET /?post_type=product&filter_size=37,41,45&shop_view=grid&per_row=3 HTTP/1.1" 200 51613 "-" "Mozilla/5.0 (compatible; MJ12bot/v1.4.8; http://mj12bot.com/)"
147.135.213.175 - - [15/May/2026:09:30:55 -0400] "GET /?post_type=product&filter_size=37,41,45&shop_view=grid&per_row=4 HTTP/1.1" 200 51609 "-" "Mozilla/5.0 (compatible; MJ12bot/v1.4.8; http://mj12bot.com/)"
67.223.118.104 - - [15/May/2026:09:31:19 -0400] "POST /wp-cron.php?doing_wp_cron=1778851879.4439680576324462890625 HTTP/1.1" 200 0 "-" "WordPress/6.9.4; https://www.shoenation.me"
147.135.213.175 - - [15/May/2026:09:31:08 -0400] "GET /?post_type=product&filter_size=37,41,45&stock_status=instock HTTP/1.1" 200 51556 "-" "Mozilla/5.0 (compatible; MJ12bot/v1.4.8; http://mj12bot.com/)"
47.82.10.37 - - [15/May/2026:09:31:20 -0400] "GET /wp-content/uploads/2024/10/22223845_52070858_1000.webp HTTP/1.1" 404 41686 "https://www.shoenation.me/" "Mozilla/5.0 (Windows NT 10.0; Win64; x64; rv:136.0) Gecko/20100101 Firefox/136.0"
147.135.213.175 - - [15/May/2026:09:31:21 -0400] "GET /?post_type=product&filter_size=37,41,45&stock_status=onsale HTTP/1.1" 200 47161 "-" "Mozilla/5.0 (compatible; MJ12bot/v1.4.8; http://mj12bot.com/)"
147.135.213.175 - - [15/May/2026:09:31:30 -0400] "GET /?post_type=product&filter_size=37,41,45,46 HTTP/1.1" 200 51483 "-" "Mozilla/5.0 (compatible; MJ12bot/v1.4.8; http://mj12bot.com/)"
147.135.213.175 - - [15/May/2026:09:31:42 -0400] "GET /?post_type=product&filter_size=37,41,45,46,47 HTTP/1.1" 200 49723 "-" "Mozilla/5.0 (compatible; MJ12bot/v1.4.8; http://mj12bot.com/)"
67.223.118.104 - - [15/May/2026:09:31:56 -0400] "POST /wp-cron.php?doing_wp_cron=1778851916.1458950042724609375000 HTTP/1.1" 200 0 "-" "WordPress/6.9.4; https://www.shoenation.me"
147.135.213.175 - - [15/May/2026:09:31:50 -0400] "GET /?post_type=product&filter_size=37,41,45,47 HTTP/1.1" 200 50509 "-" "Mozilla/5.0 (compatible; MJ12bot/v1.4.8; http://mj12bot.com/)"
147.135.213.175 - - [15/May/2026:09:31:58 -0400] "GET /?post_type=product&filter_size=37,41,46 HTTP/1.1" 200 51547 "-" "Mozilla/5.0 (compatible; MJ12bot/v1.4.8; http://mj12bot.com/)"
67.223.118.104 - - [15/May/2026:09:32:31 -0400] "POST /wp-cron.php?doing_wp_cron=1778851950.9336779117584228515625 HTTP/1.1" 200 0 "-" "WordPress/6.9.4; https://www.shoenation.me"
147.135.213.175 - - [15/May/2026:09:32:12 -0400] "GET /?post_type=product&filter_size=37,41,46,47 HTTP/1.1" 200 49579 "-" "Mozilla/5.0 (compatible; MJ12bot/v1.4.8; http://mj12bot.com/)"
147.135.213.175 - - [15/May/2026:09:32:32 -0400] "GET /?post_type=product&filter_size=37,41,47 HTTP/1.1" 200 50281 "-" "Mozilla/5.0 (compatible; MJ12bot/v1.4.8; http://mj12bot.com/)"
147.135.213.175 - - [15/May/2026:09:32:43 -0400] "GET /?post_type=product&filter_size=37,42 HTTP/1.1" 200 51486 "-" "Mozilla/5.0 (compatible; MJ12bot/v1.4.8; http://mj12bot.com/)"
98.83.94.113 - - [15/May/2026:09:32:50 -0400] "GET /index.php?rest_route=/oembed/1.0/embed&url=https://www.shoenation.me/?product%3Dnike-dunk-low-scratch-off-coin HTTP/1.1" 200 2205 "-" "Mozilla/5.0 AppleWebKit/537.36 (KHTML, like Gecko; compatible; Amazonbot/0.1; +https://developer.amazon.com/support/amazonbot) Chrome/119.0.6045.214 Safari/537.36"
147.135.213.175 - - [15/May/2026:09:32:51 -0400] "GET /?post_type=product&filter_size=37,42,43 HTTP/1.1" 200 51498 "-" "Mozilla/5.0 (compatible; MJ12bot/v1.4.8; http://mj12bot.com/)"
147.135.213.175 - - [15/May/2026:09:32:58 -0400] "GET /?post_type=product&filter_size=37,42,43,44 HTTP/1.1" 200 51541 "-" "Mozilla/5.0 (compatible; MJ12bot/v1.4.8; http://mj12bot.com/)"
147.135.213.175 - - [15/May/2026:09:33:06 -0400] "GET /?post_type=product&filter_size=37,42,43,44,45 HTTP/1.1" 200 51549 "-" "Mozilla/5.0 (compatible; MJ12bot/v1.4.8; http://mj12bot.com/)"
67.223.118.104 - - [15/May/2026:09:33:22 -0400] "POST /wp-cron.php?doing_wp_cron=1778852002.1527709960937500000000 HTTP/1.1" 200 0 "-" "WordPress/6.9.4; https://www.shoenation.me"
147.135.213.175 - - [15/May/2026:09:33:13 -0400] "GET /?post_type=product&filter_size=37,42,43,44,45,46 HTTP/1.1" 200 51429 "-" "Mozilla/5.0 (compatible; MJ12bot/v1.4.8; http://mj12bot.com/)"
66.249.73.73 - - [15/May/2026:09:33:27 -0400] "GET /?detail/500877276 HTTP/1.1" 200 23586 "-" "Mozilla/5.0 (Linux; Android 6.0.1; Nexus 5X Build/MMB29P) AppleWebKit/537.36 (KHTML, like Gecko) Chrome/148.0.7778.96 Mobile Safari/537.36 (compatible; Googlebot/2.1; +http://www.google.com/bot.html)"
147.135.213.175 - - [15/May/2026:09:33:24 -0400] "GET /?post_type=product&filter_size=37,42,43,44,45,46,47 HTTP/1.1" 200 49750 "-" "Mozilla/5.0 (compatible; MJ12bot/v1.4.8; http://mj12bot.com/)"
67.223.118.104 - - [15/May/2026:09:33:39 -0400] "POST /wp-cron.php?doing_wp_cron=1778852019.4542400836944580078125 HTTP/1.1" 200 0 "-" "WordPress/6.9.4; https://www.shoenation.me"
147.135.213.175 - - [15/May/2026:09:33:33 -0400] "GET /?post_type=product&filter_size=37,42,43,44,45,47 HTTP/1.1" 200 50353 "-" "Mozilla/5.0 (compatible; MJ12bot/v1.4.8; http://mj12bot.com/)"
147.135.213.175 - - [15/May/2026:09:33:41 -0400] "GET /?post_type=product&filter_size=37,42,43,44,46 HTTP/1.1" 200 51544 "-" "Mozilla/5.0 (compatible; MJ12bot/v1.4.8; http://mj12bot.com/)"
147.135.213.175 - - [15/May/2026:09:33:48 -0400] "GET /?post_type=product&filter_size=37,42,43,44,46,47 HTTP/1.1" 200 49666 "-" "Mozilla/5.0 (compatible; MJ12bot/v1.4.8; http://mj12bot.com/)"
147.135.213.175 - - [15/May/2026:09:33:55 -0400] "GET /?post_type=product&filter_size=37,42,43,44,47 HTTP/1.1" 200 50376 "-" "Mozilla/5.0 (compatible; MJ12bot/v1.4.8; http://mj12bot.com/)"
147.135.213.175 - - [15/May/2026:09:34:02 -0400] "GET /?post_type=product&filter_size=37,42,43,45 HTTP/1.1" 200 51563 "-" "Mozilla/5.0 (compatible; MJ12bot/v1.4.8; http://mj12bot.com/)"
67.223.118.104 - - [15/May/2026:09:34:17 -0400] "POST /wp-cron.php?doing_wp_cron=1778852057.4502398967742919921875 HTTP/1.1" 200 0 "-" "WordPress/6.9.4; https://www.shoenation.me"
147.135.213.175 - - [15/May/2026:09:34:12 -0400] "GET /?post_type=product&filter_size=37,42,43,45,46 HTTP/1.1" 200 51457 "-" "Mozilla/5.0 (compatible; MJ12bot/v1.4.8; http://mj12bot.com/)"
147.135.213.175 - - [15/May/2026:09:34:19 -0400] "GET /?post_type=product&filter_size=37,42,43,45,46,47 HTTP/1.1" 200 49666 "-" "Mozilla/5.0 (compatible; MJ12bot/v1.4.8; http://mj12bot.com/)"
147.135.213.175 - - [15/May/2026:09:34:25 -0400] "GET /?post_type=product&filter_size=37,42,43,45,47 HTTP/1.1" 200 50292 "-" "Mozilla/5.0 (compatible; MJ12bot/v1.4.8; http://mj12bot.com/)"
147.135.213.175 - - [15/May/2026:09:34:32 -0400] "GET /?post_type=product&filter_size=37,42,43,46 HTTP/1.1" 200 51452 "-" "Mozilla/5.0 (compatible; MJ12bot/v1.4.8; http://mj12bot.com/)"
147.135.213.175 - - [15/May/2026:09:34:39 -0400] "GET /?post_type=product&filter_size=37,42,43,46,47 HTTP/1.1" 200 49682 "-" "Mozilla/5.0 (compatible; MJ12bot/v1.4.8; http://mj12bot.com/)"
147.135.213.175 - - [15/May/2026:09:34:45 -0400] "GET /?post_type=product&filter_size=37,42,43,47 HTTP/1.1" 200 50368 "-" "Mozilla/5.0 (compatible; MJ12bot/v1.4.8; http://mj12bot.com/)"
66.249.73.72 - - [15/May/2026:09:34:50 -0400] "GET /?product_cat=air-jordan&stock_status=onsale&filter_size=37,39,40,42 HTTP/1.1" 200 25841 "-" "Mozilla/5.0 (Linux; Android 6.0.1; Nexus 5X Build/MMB29P) AppleWebKit/537.36 (KHTML, like Gecko) Chrome/148.0.7778.96 Mobile Safari/537.36 (compatible; Googlebot/2.1; +http://www.google.com/bot.html)"
147.135.213.175 - - [15/May/2026:09:34:52 -0400] "GET /?post_type=product&filter_size=37,42,44 HTTP/1.1" 200 51605 "-" "Mozilla/5.0 (compatible; MJ12bot/v1.4.8; http://mj12bot.com/)"
67.223.118.104 - - [15/May/2026:09:35:20 -0400] "POST /wp-cron.php?doing_wp_cron=1778852120.2615289688110351562500 HTTP/1.1" 200 0 "-" "WordPress/6.9.4; https://www.shoenation.me"
147.135.213.175 - - [15/May/2026:09:35:02 -0400] "GET /?post_type=product&filter_size=37,42,44,45 HTTP/1.1" 200 51532 "-" "Mozilla/5.0 (compatible; MJ12bot/v1.4.8; http://mj12bot.com/)"
147.135.213.175 - - [15/May/2026:09:35:22 -0400] "GET /?post_type=product&filter_size=37,42,44,45,46 HTTP/1.1" 200 51544 "-" "Mozilla/5.0 (compatible; MJ12bot/v1.4.8; http://mj12bot.com/)"
147.135.213.175 - - [15/May/2026:09:35:29 -0400] "GET /?post_type=product&filter_size=37,42,44,45,46,47 HTTP/1.1" 200 49726 "-" "Mozilla/5.0 (compatible; MJ12bot/v1.4.8; http://mj12bot.com/)"
147.135.213.175 - - [15/May/2026:09:35:33 -0400] "GET /?post_type=product&filter_size=37,42,44,45,47 HTTP/1.1" 200 50331 "-" "Mozilla/5.0 (compatible; MJ12bot/v1.4.8; http://mj12bot.com/)"
147.135.213.175 - - [15/May/2026:09:35:37 -0400] "GET /?post_type=product&filter_size=37,42,44,46 HTTP/1.1" 200 51448 "-" "Mozilla/5.0 (compatible; MJ12bot/v1.4.8; http://mj12bot.com/)"
147.135.213.175 - - [15/May/2026:09:35:44 -0400] "GET /?post_type=product&filter_size=37,42,44,46,47 HTTP/1.1" 200 49638 "-" "Mozilla/5.0 (compatible; MJ12bot/v1.4.8; http://mj12bot.com/)"
147.135.213.175 - - [15/May/2026:09:35:50 -0400] "GET /?post_type=product&filter_size=37,42,45 HTTP/1.1" 200 51487 "-" "Mozilla/5.0 (compatible; MJ12bot/v1.4.8; http://mj12bot.com/)"
47.128.62.166 - - [15/May/2026:09:35:56 -0400] "GET /?filter_size=42%2C43&product_cat=jordan-3&stock_status=onsale HTTP/1.1" 301 0 "-" "Mozilla/5.0 (compatible; Bytespider; spider-feedback@bytedance.com) AppleWebKit/537.36 (KHTML, like Gecko) Chrome/70.0.0.0 Safari/537.36"
47.128.62.166 - - [15/May/2026:09:35:57 -0400] "GET /product-category/nike/jordan-3/?filter_size=42%2C43&stock_status=onsale HTTP/1.1" 200 47048 "-" "Mozilla/5.0 (compatible; Bytespider; spider-feedback@bytedance.com) AppleWebKit/537.36 (KHTML, like Gecko) Chrome/70.0.0.0 Safari/537.36"
147.135.213.175 - - [15/May/2026:09:35:57 -0400] "GET /?post_type=product&filter_size=37,42,45,46 HTTP/1.1" 200 51446 "-" "Mozilla/5.0 (compatible; MJ12bot/v1.4.8; http://mj12bot.com/)"
66.249.73.72 - - [15/May/2026:09:36:10 -0400] "GET /shop.php?products/5400366 HTTP/1.1" 200 24654 "-" "Mozilla/5.0 (Linux; Android 6.0.1; Nexus 5X Build/MMB29P) AppleWebKit/537.36 (KHTML, like Gecko) Chrome/148.0.7778.96 Mobile Safari/537.36 (compatible; Googlebot/2.1; +http://www.google.com/bot.html)"
47.128.62.166 - - [15/May/2026:09:36:06 -0400] "GET /wp-content/uploads/2024/03/ShoeNation-Logo.png HTTP/1.1" 404 178449 "https://www.shoenation.me/product-category/nike/jordan-3/?filter_size=42%2C43&stock_status=onsale" "Mozilla/5.0 (compatible; Bytespider; spider-feedback@bytedance.com) AppleWebKit/537.36 (KHTML, like Gecko) Chrome/70.0.0.0 Safari/537.36"
67.223.118.104 - - [15/May/2026:09:36:21 -0400] "POST /wp-cron.php?doing_wp_cron=1778852180.9413559436798095703125 HTTP/1.1" 200 0 "-" "WordPress/6.9.4; https://www.shoenation.me"
47.128.62.166 - - [15/May/2026:09:36:07 -0400] "GET /wp-content/uploads/2025/02/IMG_0260-150x150.jpeg HTTP/1.1" 404 178455 "https://www.shoenation.me/product-category/nike/jordan-3/?filter_size=42%2C43&stock_status=onsale" "Mozilla/5.0 (compatible; Bytespider; spider-feedback@bytedance.com) AppleWebKit/537.36 (KHTML, like Gecko) Chrome/70.0.0.0 Safari/537.36"
147.135.213.175 - - [15/May/2026:09:36:05 -0400] "GET /?post_type=product&filter_size=37,42,45,46,47 HTTP/1.1" 200 49837 "-" "Mozilla/5.0 (compatible; MJ12bot/v1.4.8; http://mj12bot.com/)"
47.128.62.166 - - [15/May/2026:09:36:08 -0400] "GET /wp-content/uploads/2025/02/new-balance-530-miu-miu-v0-0p61tlqcrp2d1-150x150.webp HTTP/1.1" 404 178551 "https://www.shoenation.me/product-category/nike/jordan-3/?filter_size=42%2C43&stock_status=onsale" "Mozilla/5.0 (compatible; Bytespider; spider-feedback@bytedance.com) AppleWebKit/537.36 (KHTML, like Gecko) Chrome/70.0.0.0 Safari/537.36"
47.128.62.166 - - [15/May/2026:09:36:08 -0400] "GET /wp-content/uploads/2024/06/63922ed58580f70019f80ea5-1-150x150.webp HTTP/1.1" 404 178509 "https://www.shoenation.me/product-category/nike/jordan-3/?filter_size=42%2C43&stock_status=onsale" "Mozilla/5.0 (compatible; Bytespider; spider-feedback@bytedance.com) AppleWebKit/537.36 (KHTML, like Gecko) Chrome/70.0.0.0 Safari/537.36"
47.128.62.166 - - [15/May/2026:09:36:08 -0400] "GET /wp-content/uploads/2025/02/download-150x150.jpg HTTP/1.1" 404 178452 "https://www.shoenation.me/product-category/nike/jordan-3/?filter_size=42%2C43&stock_status=onsale" "Mozilla/5.0 (compatible; Bytespider; spider-feedback@bytedance.com) AppleWebKit/537.36 (KHTML, like Gecko) Chrome/70.0.0.0 Safari/537.36"
47.128.62.166 - - [15/May/2026:09:36:08 -0400] "GET /wp-content/uploads/2024/06/17-best-nike-running-shoes-15275-150x150.webp HTTP/1.1" 404 178527 "https://www.shoenation.me/product-category/nike/jordan-3/?filter_size=42%2C43&stock_status=onsale" "Mozilla/5.0 (compatible; Bytespider; spider-feedback@bytedance.com) AppleWebKit/537.36 (KHTML, like Gecko) Chrome/70.0.0.0 Safari/537.36"
47.128.62.166 - - [15/May/2026:09:36:08 -0400] "GET /wp-content/uploads/2024/06/ca089c0521d61637a52311e4c5c83f0f-150x150.jpg HTTP/1.1" 404 178524 "https://www.shoenation.me/product-category/nike/jordan-3/?filter_size=42%2C43&stock_status=onsale" "Mozilla/5.0 (compatible; Bytespider; spider-feedback@bytedance.com) AppleWebKit/537.36 (KHTML, like Gecko) Chrome/70.0.0.0 Safari/537.36"
47.128.62.166 - - [15/May/2026:09:36:08 -0400] "GET /wp-content/uploads/2024/06/3423897250m8_zm-1-150x150.jpg HTTP/1.1" 404 178479 "https://www.shoenation.me/product-category/nike/jordan-3/?filter_size=42%2C43&stock_status=onsale" "Mozilla/5.0 (compatible; Bytespider; spider-feedback@bytedance.com) AppleWebKit/537.36 (KHTML, like Gecko) Chrome/70.0.0.0 Safari/537.36"
47.128.62.166 - - [15/May/2026:09:36:08 -0400] "GET /wp-content/uploads/2025/02/614b4079e84ea91f6aa9d9919838a0d6.jpg_720x720q80-150x150.jpg HTTP/1.1" 404 178569 "https://www.shoenation.me/product-category/nike/jordan-3/?filter_size=42%2C43&stock_status=onsale" "Mozilla/5.0 (compatible; Bytespider; spider-feedback@bytedance.com) AppleWebKit/537.36 (KHTML, like Gecko) Chrome/70.0.0.0 Safari/537.36"
47.128.62.166 - - [15/May/2026:09:36:08 -0400] "GET /wp-content/uploads/2024/06/product-jpeg-500x500-1-150x150.webp HTTP/1.1" 404 178497 "https://www.shoenation.me/product-category/nike/jordan-3/?filter_size=42%2C43&stock_status=onsale" "Mozilla/5.0 (compatible; Bytespider; spider-feedback@bytedance.com) AppleWebKit/537.36 (KHTML, like Gecko) Chrome/70.0.0.0 Safari/537.36"
47.128.62.166 - - [15/May/2026:09:36:08 -0400] "GET /wp-content/uploads/2024/06/5ef42a4788df9cdaaf135d9583f2228b-1-150x150.jpg HTTP/1.1" 404 178530 "https://www.shoenation.me/product-category/nike/jordan-3/?filter_size=42%2C43&stock_status=onsale" "Mozilla/5.0 (compatible; Bytespider; spider-feedback@bytedance.com) AppleWebKit/537.36 (KHTML, like Gecko) Chrome/70.0.0.0 Safari/537.36"
47.128.62.166 - - [15/May/2026:09:36:09 -0400] "GET /wp-content/uploads/2024/03/wd-envelope-dark.svg HTTP/1.1" 404 178452 "https://www.shoenation.me/product-category/nike/jordan-3/?filter_size=42%2C43&stock_status=onsale" "Mozilla/5.0 (compatible; Bytespider; spider-feedback@bytedance.com) AppleWebKit/537.36 (KHTML, like Gecko) Chrome/70.0.0.0 Safari/537.36"
147.135.213.175 - - [15/May/2026:09:36:24 -0400] "GET /?post_type=product&filter_size=37,42,46 HTTP/1.1" 200 51492 "-" "Mozilla/5.0 (compatible; MJ12bot/v1.4.8; http://mj12bot.com/)"
66.249.73.71 - - [15/May/2026:09:36:38 -0400] "GET /?detail/126162803 HTTP/1.1" 200 23639 "-" "Mozilla/5.0 (Linux; Android 6.0.1; Nexus 5X Build/MMB29P) AppleWebKit/537.36 (KHTML, like Gecko) Chrome/148.0.7778.96 Mobile Safari/537.36 (compatible; Googlebot/2.1; +http://www.google.com/bot.html)"
147.135.213.175 - - [15/May/2026:09:36:38 -0400] "GET /?post_type=product&filter_size=37,42,46,47 HTTP/1.1" 200 49708 "-" "Mozilla/5.0 (compatible; MJ12bot/v1.4.8; http://mj12bot.com/)"
147.135.213.175 - - [15/May/2026:09:36:42 -0400] "GET /?post_type=product&filter_size=37,42,47 HTTP/1.1" 200 50236 "-" "Mozilla/5.0 (compatible; MJ12bot/v1.4.8; http://mj12bot.com/)"
147.135.213.175 - - [15/May/2026:09:36:45 -0400] "GET /?post_type=product&filter_size=37,43 HTTP/1.1" 200 51581 "-" "Mozilla/5.0 (compatible; MJ12bot/v1.4.8; http://mj12bot.com/)"
67.223.118.104 - - [15/May/2026:09:36:54 -0400] "POST /wp-cron.php?doing_wp_cron=1778852214.4576671123504638671875 HTTP/1.1" 200 0 "-" "WordPress/6.9.4; https://www.shoenation.me"
147.135.213.175 - - [15/May/2026:09:36:49 -0400] "GET /?post_type=product&filter_size=37,43,44 HTTP/1.1" 200 51610 "-" "Mozilla/5.0 (compatible; MJ12bot/v1.4.8; http://mj12bot.com/)"
147.135.213.175 - - [15/May/2026:09:36:56 -0400] "GET /?post_type=product&filter_size=37,43,44,45 HTTP/1.1" 200 51528 "-" "Mozilla/5.0 (compatible; MJ12bot/v1.4.8; http://mj12bot.com/)"
147.135.213.175 - - [15/May/2026:09:37:04 -0400] "GET /?post_type=product&filter_size=37,43,44,45,46 HTTP/1.1" 200 51385 "-" "Mozilla/5.0 (compatible; MJ12bot/v1.4.8; http://mj12bot.com/)"
67.223.118.104 - - [15/May/2026:09:37:24 -0400] "POST /wp-cron.php?doing_wp_cron=1778852244.2358720302581787109375 HTTP/1.1" 200 0 "-" "WordPress/6.9.4; https://www.shoenation.me"
147.135.213.175 - - [15/May/2026:09:37:15 -0400] "GET /?post_type=product&filter_size=37,43,44,45,46,47 HTTP/1.1" 200 49769 "-" "Mozilla/5.0 (compatible; MJ12bot/v1.4.8; http://mj12bot.com/)"
147.135.213.175 - - [15/May/2026:09:37:26 -0400] "GET /?post_type=product&filter_size=37,43,44,45,47 HTTP/1.1" 200 50327 "-" "Mozilla/5.0 (compatible; MJ12bot/v1.4.8; http://mj12bot.com/)"
147.135.213.175 - - [15/May/2026:09:37:31 -0400] "GET /?post_type=product&filter_size=37,43,44,46&per_page=12 HTTP/1.1" 200 51521 "-" "Mozilla/5.0 (compatible; MJ12bot/v1.4.8; http://mj12bot.com/)"
147.135.213.175 - - [15/May/2026:09:37:38 -0400] "GET /?post_type=product&filter_size=37,43,44,46&per_page=24 HTTP/1.1" 200 53582 "-" "Mozilla/5.0 (compatible; MJ12bot/v1.4.8; http://mj12bot.com/)"
147.135.213.175 - - [15/May/2026:09:37:46 -0400] "GET /?post_type=product&filter_size=37,43,44,46&per_page=9 HTTP/1.1" 200 50983 "-" "Mozilla/5.0 (compatible; MJ12bot/v1.4.8; http://mj12bot.com/)"
147.135.213.175 - - [15/May/2026:09:37:52 -0400] "GET /?post_type=product&filter_size=37,43,44,46&shop_view=grid&per_row=2 HTTP/1.1" 200 51457 "-" "Mozilla/5.0 (compatible; MJ12bot/v1.4.8; http://mj12bot.com/)"
147.135.213.175 - - [15/May/2026:09:38:01 -0400] "GET /?post_type=product&filter_size=37,43,44,46&shop_view=grid&per_row=3 HTTP/1.1" 200 51542 "-" "Mozilla/5.0 (compatible; MJ12bot/v1.4.8; http://mj12bot.com/)"
67.223.118.104 - - [15/May/2026:09:38:23 -0400] "POST /wp-cron.php?doing_wp_cron=1778852303.0359880924224853515625 HTTP/1.1" 200 0 "-" "WordPress/6.9.4; https://www.shoenation.me"
147.135.213.175 - - [15/May/2026:09:38:11 -0400] "GET /?post_type=product&filter_size=37,43,44,46&shop_view=grid&per_row=4 HTTP/1.1" 200 51497 "-" "Mozilla/5.0 (compatible; MJ12bot/v1.4.8; http://mj12bot.com/)"
147.135.213.175 - - [15/May/2026:09:38:24 -0400] "GET /?post_type=product&filter_size=37,43,44,46&stock_status=instock HTTP/1.1" 200 51457 "-" "Mozilla/5.0 (compatible; MJ12bot/v1.4.8; http://mj12bot.com/)"
67.223.118.104 - - [15/May/2026:09:38:42 -0400] "POST /wp-cron.php?doing_wp_cron=1778852322.1397299766540527343750 HTTP/1.1" 200 0 "-" "WordPress/6.9.4; https://www.shoenation.me"
147.135.213.175 - - [15/May/2026:09:38:36 -0400] "GET /?post_type=product&filter_size=37,43,44,46&stock_status=onsale HTTP/1.1" 200 47143 "-" "Mozilla/5.0 (compatible; MJ12bot/v1.4.8; http://mj12bot.com/)"
147.135.213.175 - - [15/May/2026:09:38:44 -0400] "GET /?post_type=product&filter_size=37,43,44,46,47&per_page=12 HTTP/1.1" 200 49687 "-" "Mozilla/5.0 (compatible; MJ12bot/v1.4.8; http://mj12bot.com/)"
147.135.213.175 - - [15/May/2026:09:38:52 -0400] "GET /?post_type=product&filter_size=37,43,44,46,47&per_page=18 HTTP/1.1" 200 49707 "-" "Mozilla/5.0 (compatible; MJ12bot/v1.4.8; http://mj12bot.com/)"
147.135.213.175 - - [15/May/2026:09:38:59 -0400] "GET /?post_type=product&filter_size=37,43,44,46,47&per_page=24 HTTP/1.1" 200 49715 "-" "Mozilla/5.0 (compatible; MJ12bot/v1.4.8; http://mj12bot.com/)"
147.135.213.175 - - [15/May/2026:09:39:07 -0400] "GET /?post_type=product&filter_size=37,43,44,46,47&per_page=9 HTTP/1.1" 200 49679 "-" "Mozilla/5.0 (compatible; MJ12bot/v1.4.8; http://mj12bot.com/)"
67.223.118.104 - - [15/May/2026:09:39:19 -0400] "POST /wp-cron.php?doing_wp_cron=1778852358.9503009319305419921875 HTTP/1.1" 200 0 "-" "WordPress/6.9.4; https://www.shoenation.me"
147.135.213.175 - - [15/May/2026:09:39:13 -0400] "GET /?post_type=product&filter_size=37,43,44,46,47&shop_view=grid&per_row=2 HTTP/1.1" 200 49735 "-" "Mozilla/5.0 (compatible; MJ12bot/v1.4.8; http://mj12bot.com/)"
147.135.213.175 - - [15/May/2026:09:39:20 -0400] "GET /?post_type=product&filter_size=37,43,44,46,47&shop_view=grid&per_row=3 HTTP/1.1" 200 49748 "-" "Mozilla/5.0 (compatible; MJ12bot/v1.4.8; http://mj12bot.com/)"
147.135.213.175 - - [15/May/2026:09:39:26 -0400] "GET /?post_type=product&filter_size=37,43,44,46,47&shop_view=grid&per_row=4 HTTP/1.1" 200 49714 "-" "Mozilla/5.0 (compatible; MJ12bot/v1.4.8; http://mj12bot.com/)"
147.135.213.175 - - [15/May/2026:09:39:32 -0400] "GET /?post_type=product&filter_size=37,43,44,46,47&stock_status=instock HTTP/1.1" 200 49851 "-" "Mozilla/5.0 (compatible; MJ12bot/v1.4.8; http://mj12bot.com/)"
147.135.213.175 - - [15/May/2026:09:39:38 -0400] "GET /?post_type=product&filter_size=37,43,44,46,47&stock_status=onsale HTTP/1.1" 200 47085 "-" "Mozilla/5.0 (compatible; MJ12bot/v1.4.8; http://mj12bot.com/)"
147.135.213.175 - - [15/May/2026:09:39:44 -0400] "GET /?post_type=product&filter_size=37,43,44,47&shop_view=grid&per_row=2 HTTP/1.1" 200 50366 "-" "Mozilla/5.0 (compatible; MJ12bot/v1.4.8; http://mj12bot.com/)"
147.135.213.175 - - [15/May/2026:09:39:50 -0400] "GET /?post_type=product&filter_size=37,43,45,46,47&shop_view=grid&per_row=3 HTTP/1.1" 200 49702 "-" "Mozilla/5.0 (compatible; MJ12bot/v1.4.8; http://mj12bot.com/)"
47.128.62.165 - - [15/May/2026:09:39:57 -0400] "GET /?filter_size=39%2C40%2C41%2C44%2C45&product_cat=miu-miu HTTP/1.1" 301 0 "-" "Mozilla/5.0 (compatible; Bytespider; spider-feedback@bytedance.com) AppleWebKit/537.36 (KHTML, like Gecko) Chrome/70.0.0.0 Safari/537.36"
147.135.213.175 - - [15/May/2026:09:39:56 -0400] "GET /?post_type=product&filter_size=37,43,45,46,47&shop_view=grid&per_row=4 HTTP/1.1" 200 49741 "-" "Mozilla/5.0 (compatible; MJ12bot/v1.4.8; http://mj12bot.com/)"
47.128.62.165 - - [15/May/2026:09:40:01 -0400] "GET /product-category/new-balance/miu-miu/?filter_size=39%2C40%2C41%2C44%2C45 HTTP/1.1" 200 49709 "-" "Mozilla/5.0 (compatible; Bytespider; spider-feedback@bytedance.com) AppleWebKit/537.36 (KHTML, like Gecko) Chrome/70.0.0.0 Safari/537.36"
147.135.213.175 - - [15/May/2026:09:40:03 -0400] "GET /?post_type=product&filter_size=37,43,45,46,47&stock_status=instock HTTP/1.1" 200 49740 "-" "Mozilla/5.0 (compatible; MJ12bot/v1.4.8; http://mj12bot.com/)"
67.223.118.104 - - [15/May/2026:09:40:34 -0400] "POST /wp-cron.php?doing_wp_cron=1778852434.4346020221710205078125 HTTP/1.1" 200 0 "-" "WordPress/6.9.4; https://www.shoenation.me"
47.128.62.165 - - [15/May/2026:09:40:09 -0400] "GET /wp-content/uploads/2024/06/3423897250m8_zm-1-150x150.jpg HTTP/1.1" 404 178479 "https://www.shoenation.me/product-category/new-balance/miu-miu/?filter_size=39%2C40%2C41%2C44%2C45" "Mozilla/5.0 (compatible; Bytespider; spider-feedback@bytedance.com) AppleWebKit/537.36 (KHTML, like Gecko) Chrome/70.0.0.0 Safari/537.36"
47.128.62.165 - - [15/May/2026:09:40:08 -0400] "GET /wp-content/uploads/2025/02/new-balance-530-miu-miu-v0-0p61tlqcrp2d1-150x150.webp HTTP/1.1" 404 178551 "https://www.shoenation.me/product-category/new-balance/miu-miu/?filter_size=39%2C40%2C41%2C44%2C45" "Mozilla/5.0 (compatible; Bytespider; spider-feedback@bytedance.com) AppleWebKit/537.36 (KHTML, like Gecko) Chrome/70.0.0.0 Safari/537.36"
47.128.62.165 - - [15/May/2026:09:40:09 -0400] "GET /wp-content/uploads/2024/05/574NewBalancexMiuMiudenimcolonialbeigesneakers-1_2024x2024-1-e1717179150761-430x471.webp HTTP/1.1" 404 178656 "https://www.shoenation.me/product-category/new-balance/miu-miu/?filter_size=39%2C40%2C41%2C44%2C45" "Mozilla/5.0 (compatible; Bytespider; spider-feedback@bytedance.com) AppleWebKit/537.36 (KHTML, like Gecko) Chrome/70.0.0.0 Safari/537.36"
47.128.62.165 - - [15/May/2026:09:40:08 -0400] "GET /wp-content/uploads/2025/02/IMG_0260-150x150.jpeg HTTP/1.1" 404 178455 "https://www.shoenation.me/product-category/new-balance/miu-miu/?filter_size=39%2C40%2C41%2C44%2C45" "Mozilla/5.0 (compatible; Bytespider; spider-feedback@bytedance.com) AppleWebKit/537.36 (KHTML, like Gecko) Chrome/70.0.0.0 Safari/537.36"
47.128.62.165 - - [15/May/2026:09:40:09 -0400] "GET /wp-content/uploads/2024/06/ca089c0521d61637a52311e4c5c83f0f-150x150.jpg HTTP/1.1" 404 178524 "https://www.shoenation.me/product-category/new-balance/miu-miu/?filter_size=39%2C40%2C41%2C44%2C45" "Mozilla/5.0 (compatible; Bytespider; spider-feedback@bytedance.com) AppleWebKit/537.36 (KHTML, like Gecko) Chrome/70.0.0.0 Safari/537.36"
47.128.62.165 - - [15/May/2026:09:40:08 -0400] "GET /wp-content/uploads/2024/03/ShoeNation-Logo.png HTTP/1.1" 200 0 "https://www.shoenation.me/product-category/new-balance/miu-miu/?filter_size=39%2C40%2C41%2C44%2C45" "Mozilla/5.0 (compatible; Bytespider; spider-feedback@bytedance.com) AppleWebKit/537.36 (KHTML, like Gecko) Chrome/70.0.0.0 Safari/537.36"
47.128.62.165 - - [15/May/2026:09:40:09 -0400] "GET /wp-content/uploads/2025/02/download-150x150.jpg HTTP/1.1" 200 0 "https://www.shoenation.me/product-category/new-balance/miu-miu/?filter_size=39%2C40%2C41%2C44%2C45" "Mozilla/5.0 (compatible; Bytespider; spider-feedback@bytedance.com) AppleWebKit/537.36 (KHTML, like Gecko) Chrome/70.0.0.0 Safari/537.36"
47.128.62.165 - - [15/May/2026:09:40:09 -0400] "GET /wp-content/uploads/2024/06/5ef42a4788df9cdaaf135d9583f2228b-1-150x150.jpg HTTP/1.1" 200 0 "https://www.shoenation.me/product-category/new-balance/miu-miu/?filter_size=39%2C40%2C41%2C44%2C45" "Mozilla/5.0 (compatible; Bytespider; spider-feedback@bytedance.com) AppleWebKit/537.36 (KHTML, like Gecko) Chrome/70.0.0.0 Safari/537.36"
