47.128.62.142 - - [15/May/2026:14:36:39 -0400] "GET /wp-content/uploads/2024/03/OUDU0189-1-430x430.png HTTP/1.1" 200 0 "https://www.shoenation.me/product-category/nike/sb-dunk/?filter_size=36%2C37&per_page=24&per_row=4&shop_view=grid&stock_status=instock%2Consale" "Mozilla/5.0 (Linux; Android 5.0) AppleWebKit/537.36 (KHTML, like Gecko) Mobile Safari/537.36 (compatible; Bytespider; spider-feedback@bytedance.com)"
47.128.62.142 - - [15/May/2026:14:36:39 -0400] "GET /wp-content/uploads/2024/05/OUDU0037-1-430x430.png HTTP/1.1" 200 0 "https://www.shoenation.me/product-category/nike/sb-dunk/?filter_size=36%2C37&per_page=24&per_row=4&shop_view=grid&stock_status=instock%2Consale" "Mozilla/5.0 (Linux; Android 5.0) AppleWebKit/537.36 (KHTML, like Gecko) Mobile Safari/537.36 (compatible; Bytespider; spider-feedback@bytedance.com)"
47.128.62.142 - - [15/May/2026:14:36:39 -0400] "GET /wp-content/uploads/2024/03/OUDU0167-1-430x430.png HTTP/1.1" 200 0 "https://www.shoenation.me/product-category/nike/sb-dunk/?filter_size=36%2C37&per_page=24&per_row=4&shop_view=grid&stock_status=instock%2Consale" "Mozilla/5.0 (Linux; Android 5.0) AppleWebKit/537.36 (KHTML, like Gecko) Mobile Safari/537.36 (compatible; Bytespider; spider-feedback@bytedance.com)"
47.128.62.142 - - [15/May/2026:14:36:39 -0400] "GET /wp-content/uploads/2024/03/OUDU0173-1-430x430.png HTTP/1.1" 200 0 "https://www.shoenation.me/product-category/nike/sb-dunk/?filter_size=36%2C37&per_page=24&per_row=4&shop_view=grid&stock_status=instock%2Consale" "Mozilla/5.0 (Linux; Android 5.0) AppleWebKit/537.36 (KHTML, like Gecko) Mobile Safari/537.36 (compatible; Bytespider; spider-feedback@bytedance.com)"
47.128.62.142 - - [15/May/2026:14:36:20 -0400] "GET /wp-content/uploads/2025/02/download-150x150.jpg HTTP/1.1" 200 0 "https://www.shoenation.me/product-category/nike/sb-dunk/?filter_size=36%2C37&per_page=24&per_row=4&shop_view=grid&stock_status=instock%2Consale" "Mozilla/5.0 (Linux; Android 5.0) AppleWebKit/537.36 (KHTML, like Gecko) Mobile Safari/537.36 (compatible; Bytespider; spider-feedback@bytedance.com)"
47.128.62.139 - - [15/May/2026:14:36:19 -0400] "GET /wp-content/uploads/2024/06/777cfed1084aba2b5117ebfe9e245e7d_734x734-430x430.webp HTTP/1.1" 200 0 "https://www.shoenation.me/product-category/new-balance/9060/?filter_size=36%2C39%2C40%2C45&per_page=9&stock_status=instock%2Consale" "Mozilla/5.0 (Linux; Android 5.0) AppleWebKit/537.36 (KHTML, like Gecko) Mobile Safari/537.36 (compatible; Bytespider; spider-feedback@bytedance.com)"
47.128.62.139 - - [15/May/2026:14:36:39 -0400] "GET /wp-content/uploads/2024/04/OUNB0105-1-430x430.png HTTP/1.1" 200 0 "https://www.shoenation.me/product-category/new-balance/9060/?filter_size=36%2C39%2C40%2C45&per_page=9&stock_status=instock%2Consale" "Mozilla/5.0 (Linux; Android 5.0) AppleWebKit/537.36 (KHTML, like Gecko) Mobile Safari/537.36 (compatible; Bytespider; spider-feedback@bytedance.com)"
47.128.62.139 - - [15/May/2026:14:36:40 -0400] "GET /wp-content/uploads/2024/06/LHNB-U9060PH-2-430x430.webp HTTP/1.1" 200 0 "https://www.shoenation.me/product-category/new-balance/9060/?filter_size=36%2C39%2C40%2C45&per_page=9&stock_status=instock%2Consale" "Mozilla/5.0 (Linux; Android 5.0) AppleWebKit/537.36 (KHTML, like Gecko) Mobile Safari/537.36 (compatible; Bytespider; spider-feedback@bytedance.com)"
47.128.62.139 - - [15/May/2026:14:36:40 -0400] "GET /wp-content/uploads/2024/04/OUNB0101-1-430x430.png HTTP/1.1" 200 0 "https://www.shoenation.me/product-category/new-balance/9060/?filter_size=36%2C39%2C40%2C45&per_page=9&stock_status=instock%2Consale" "Mozilla/5.0 (Linux; Android 5.0) AppleWebKit/537.36 (KHTML, like Gecko) Mobile Safari/537.36 (compatible; Bytespider; spider-feedback@bytedance.com)"
47.128.62.139 - - [15/May/2026:14:36:40 -0400] "GET /wp-content/uploads/2024/06/7YWgRJCoKMpKT2tqBuEMfdCHQ7yB5VPT1H5U05mI-430x430.webp HTTP/1.1" 200 0 "https://www.shoenation.me/product-category/new-balance/9060/?filter_size=36%2C39%2C40%2C45&per_page=9&stock_status=instock%2Consale" "Mozilla/5.0 (Linux; Android 5.0) AppleWebKit/537.36 (KHTML, like Gecko) Mobile Safari/537.36 (compatible; Bytespider; spider-feedback@bytedance.com)"
47.128.62.139 - - [15/May/2026:14:36:20 -0400] "GET /wp-content/uploads/2025/02/download-150x150.jpg HTTP/1.1" 200 0 "https://www.shoenation.me/product-category/new-balance/9060/?filter_size=36%2C39%2C40%2C45&per_page=9&stock_status=instock%2Consale" "Mozilla/5.0 (Linux; Android 5.0) AppleWebKit/537.36 (KHTML, like Gecko) Mobile Safari/537.36 (compatible; Bytespider; spider-feedback@bytedance.com)"
47.128.62.139 - - [15/May/2026:14:36:40 -0400] "GET /wp-content/uploads/2024/04/OUNB0043-1-430x430.png HTTP/1.1" 200 0 "https://www.shoenation.me/product-category/new-balance/9060/?filter_size=36%2C39%2C40%2C45&per_page=9&stock_status=instock%2Consale" "Mozilla/5.0 (Linux; Android 5.0) AppleWebKit/537.36 (KHTML, like Gecko) Mobile Safari/537.36 (compatible; Bytespider; spider-feedback@bytedance.com)"
47.128.62.139 - - [15/May/2026:14:36:40 -0400] "GET /wp-content/uploads/2024/03/wd-envelope-dark.svg HTTP/1.1" 200 0 "https://www.shoenation.me/product-category/new-balance/9060/?filter_size=36%2C39%2C40%2C45&per_page=9&stock_status=instock%2Consale" "Mozilla/5.0 (Linux; Android 5.0) AppleWebKit/537.36 (KHTML, like Gecko) Mobile Safari/537.36 (compatible; Bytespider; spider-feedback@bytedance.com)"
188.70.59.126 - - [15/May/2026:14:36:38 -0400] "GET /wp-content/uploads/2025/09/Speedcat-Leather-Sneakers-4-2-430x430.png HTTP/1.1" 200 0 "-" "Mozilla/5.0 (X11; Linux i686) AppleWebKit/531.0 (KHTML, like Gecko) Chrome/22.0.846.0 Safari/531.0"
67.223.118.104 - - [15/May/2026:14:37:08 -0400] "POST /wp-cron.php?doing_wp_cron=1778870227.8401050567626953125000 HTTP/1.1" 200 0 "-" "WordPress/6.9.4; https://www.shoenation.me"
171.250.167.60 - - [15/May/2026:14:36:55 -0400] "GET /wp-content/uploads/2025/09/Speedcat-Leather-Sneakers-4-2-430x430.png HTTP/1.1" 200 0 "-" "Mozilla/5.0 (compatible; MSIE 9.0; Windows NT 11.0; Trident/4.0)"
106.200.30.255 - - [15/May/2026:14:37:11 -0400] "GET /wp-content/uploads/2025/09/Speedcat-Leather-Sneakers-4-2-430x430.png HTTP/1.1" 200 0 "-" "Mozilla/5.0 (Android 3.2.2; Mobile; rv:51.0) Gecko/51.0 Firefox/51.0"
67.223.118.104 - - [15/May/2026:14:37:29 -0400] "POST /wp-cron.php?doing_wp_cron=1778870248.8386960029602050781250 HTTP/1.1" 200 0 "-" "WordPress/6.9.4; https://www.shoenation.me"
47.82.15.238 - - [15/May/2026:14:37:22 -0400] "GET /?filter_size=36%2C42%2C44%2C45%2C46&per_row=3&post_type=product&shop_view=grid&stock_status=instock HTTP/1.1" 200 0 "-" "Mozilla/5.0 (Windows NT 10.0; Win64; x64) AppleWebKit/537.36 (KHTML, like Gecko) Chrome/143.0.0.0 Safari/537.36"
170.106.152.218 - - [15/May/2026:14:37:21 -0400] "GET /product-category/adidas/campus/ HTTP/1.1" 200 59064 "-" "Mozilla/5.0 (iPhone; CPU iPhone OS 13_2_3 like Mac OS X) AppleWebKit/605.1.15 (KHTML, like Gecko) Version/13.0.3 Mobile/15E148 Safari/604.1"
138.199.142.68 - - [15/May/2026:14:38:21 -0400] "GET / HTTP/1.1" 301 0 "-" "Mozilla/5.0 (Windows NT 10.0; Win64; x64) AppleWebKit/537.36 (KHTML, like Gecko) Chrome/116.0.0.0 Safari/537.36"
138.199.142.68 - - [15/May/2026:14:38:25 -0400] "GET / HTTP/1.1" 200 0 "-" "Mozilla/5.0 (Windows NT 10.0; Win64; x64) AppleWebKit/537.36 (KHTML, like Gecko) Chrome/116.0.0.0 Safari/537.36"
67.223.118.104 - - [15/May/2026:14:38:34 -0400] "POST /wp-cron.php?doing_wp_cron=1778870314.8471701145172119140625 HTTP/1.1" 200 0 "-" "WordPress/6.9.4; https://www.shoenation.me"
113.168.64.200 - - [15/May/2026:14:38:40 -0400] "GET /wp-content/uploads/2024/03/OUAD0081-3-430x430.png HTTP/1.1" 404 41713 "-" "Mozilla/5.0 (iPod; U; CPU iPhone OS 4_2 like Mac OS X; gv-GB) AppleWebKit/534.23.6 (KHTML, like Gecko) Version/4.0.5 Mobile/8B114 Safari/6534.23.6"
47.79.11.17 - - [15/May/2026:14:38:46 -0400] "GET /?filter_size=37%2C38%2C40%2C42%2C44&product_cat=adidas&stock_status=instock HTTP/1.1" 301 0 "-" "Mozilla/5.0 (Macintosh; Intel Mac OS X 10_15_7) AppleWebKit/537.36 (KHTML, like Gecko) Chrome/147.0.0.0 Safari/537.36"
47.79.11.17 - - [15/May/2026:14:38:51 -0400] "GET /product-category/adidas/?filter_size=37%2C38%2C40%2C42%2C44&stock_status=instock HTTP/1.1" 200 0 "https://www.shoenation.me/?filter_size=37%2C38%2C40%2C42%2C44&product_cat=adidas&stock_status=instock" "Mozilla/5.0 (Macintosh; Intel Mac OS X 10_15_7) AppleWebKit/537.36 (KHTML, like Gecko) Chrome/147.0.0.0 Safari/537.36"
66.249.73.71 - - [15/May/2026:14:39:02 -0400] "GET /?detail/811130502 HTTP/1.1" 200 24037 "-" "Mozilla/5.0 (Linux; Android 6.0.1; Nexus 5X Build/MMB29P) AppleWebKit/537.36 (KHTML, like Gecko) Chrome/148.0.7778.96 Mobile Safari/537.36 (compatible; Googlebot/2.1; +http://www.google.com/bot.html)"
66.249.73.71 - - [15/May/2026:14:39:02 -0400] "GET /?product_cat=nb530&per_row=4&shop_view=grid&filter_size=37,39,40,42,45&stock_status=onsale HTTP/1.1" 200 25113 "-" "Mozilla/5.0 (Linux; Android 6.0.1; Nexus 5X Build/MMB29P) AppleWebKit/537.36 (KHTML, like Gecko) Chrome/148.0.7778.96 Mobile Safari/537.36 (compatible; Googlebot/2.1; +http://www.google.com/bot.html)"
67.223.118.104 - - [15/May/2026:14:39:59 -0400] "POST /wp-cron.php?doing_wp_cron=1778870399.3581290245056152343750 HTTP/1.1" 200 0 "-" "WordPress/6.9.4; https://www.shoenation.me"
47.128.62.179 - - [15/May/2026:14:39:56 -0400] "GET /?filter_size=36%2C37%2C41%2C43&product_cat=crocs&stock_status=onsale HTTP/1.1" 301 0 "-" "Mozilla/5.0 (Linux; Android 5.0) AppleWebKit/537.36 (KHTML, like Gecko) Mobile Safari/537.36 (compatible; Bytespider; spider-feedback@bytedance.com)"
47.128.62.12 - - [15/May/2026:14:40:04 -0400] "GET /?filter_size=36%2C38%2C39%2C40%2C41%2C42%2C44%2C47&product_cat=adidas&stock_status=instock%2Consale HTTP/1.1" 301 0 "-" "Mozilla/5.0 (Linux; Android 5.0) AppleWebKit/537.36 (KHTML, like Gecko) Mobile Safari/537.36 (compatible; Bytespider; spider-feedback@bytedance.com)"
47.128.62.179 - - [15/May/2026:14:39:59 -0400] "GET /product-category/crocs/?filter_size=36%2C37%2C41%2C43&stock_status=onsale HTTP/1.1" 200 47080 "-" "Mozilla/5.0 (Linux; Android 5.0) AppleWebKit/537.36 (KHTML, like Gecko) Mobile Safari/537.36 (compatible; Bytespider; spider-feedback@bytedance.com)"
67.223.118.104 - - [15/May/2026:14:40:22 -0400] "POST /wp-cron.php?doing_wp_cron=1778870422.4381051063537597656250 HTTP/1.1" 200 0 "-" "WordPress/6.9.4; https://www.shoenation.me"
47.128.62.179 - - [15/May/2026:14:40:10 -0400] "GET /wp-content/uploads/2024/03/ShoeNation-Logo.png HTTP/1.1" 404 178449 "https://www.shoenation.me/product-category/crocs/?filter_size=36%2C37%2C41%2C43&stock_status=onsale" "Mozilla/5.0 (Linux; Android 5.0) AppleWebKit/537.36 (KHTML, like Gecko) Mobile Safari/537.36 (compatible; Bytespider; spider-feedback@bytedance.com)"
47.128.62.179 - - [15/May/2026:14:40:11 -0400] "GET /wp-content/uploads/2025/02/download-150x150.jpg HTTP/1.1" 404 178452 "https://www.shoenation.me/product-category/crocs/?filter_size=36%2C37%2C41%2C43&stock_status=onsale" "Mozilla/5.0 (Linux; Android 5.0) AppleWebKit/537.36 (KHTML, like Gecko) Mobile Safari/537.36 (compatible; Bytespider; spider-feedback@bytedance.com)"
47.128.62.179 - - [15/May/2026:14:40:11 -0400] "GET /wp-content/uploads/2025/02/new-balance-530-miu-miu-v0-0p61tlqcrp2d1-150x150.webp HTTP/1.1" 404 178551 "https://www.shoenation.me/product-category/crocs/?filter_size=36%2C37%2C41%2C43&stock_status=onsale" "Mozilla/5.0 (Linux; Android 5.0) AppleWebKit/537.36 (KHTML, like Gecko) Mobile Safari/537.36 (compatible; Bytespider; spider-feedback@bytedance.com)"
47.128.62.179 - - [15/May/2026:14:40:11 -0400] "GET /wp-content/uploads/2025/02/IMG_0260-150x150.jpeg HTTP/1.1" 404 178455 "https://www.shoenation.me/product-category/crocs/?filter_size=36%2C37%2C41%2C43&stock_status=onsale" "Mozilla/5.0 (Linux; Android 5.0) AppleWebKit/537.36 (KHTML, like Gecko) Mobile Safari/537.36 (compatible; Bytespider; spider-feedback@bytedance.com)"
47.128.62.179 - - [15/May/2026:14:40:11 -0400] "GET /wp-content/uploads/2025/02/614b4079e84ea91f6aa9d9919838a0d6.jpg_720x720q80.jpg HTTP/1.1" 404 178545 "https://www.shoenation.me/product-category/crocs/?filter_size=36%2C37%2C41%2C43&stock_status=onsale" "Mozilla/5.0 (Linux; Android 5.0) AppleWebKit/537.36 (KHTML, like Gecko) Mobile Safari/537.36 (compatible; Bytespider; spider-feedback@bytedance.com)"
47.128.62.179 - - [15/May/2026:14:40:23 -0400] "GET /wp-content/uploads/2024/03/wd-envelope-dark.svg HTTP/1.1" 200 0 "https://www.shoenation.me/product-category/crocs/?filter_size=36%2C37%2C41%2C43&stock_status=onsale" "Mozilla/5.0 (Linux; Android 5.0) AppleWebKit/537.36 (KHTML, like Gecko) Mobile Safari/537.36 (compatible; Bytespider; spider-feedback@bytedance.com)"
67.223.118.104 - - [15/May/2026:14:40:29 -0400] "POST /wp-cron.php?doing_wp_cron=1778870429.4559481143951416015625 HTTP/1.1" 200 0 "-" "WordPress/6.9.4; https://www.shoenation.me"
47.128.62.12 - - [15/May/2026:14:40:09 -0400] "GET /product-category/adidas/?filter_size=36%2C38%2C39%2C40%2C41%2C42%2C44%2C47&stock_status=instock%2Consale HTTP/1.1" 200 49347 "-" "Mozilla/5.0 (Linux; Android 5.0) AppleWebKit/537.36 (KHTML, like Gecko) Mobile Safari/537.36 (compatible; Bytespider; spider-feedback@bytedance.com)"
47.128.62.12 - - [15/May/2026:14:40:31 -0400] "GET /wp-content/uploads/2025/02/IMG_0260-150x150.jpeg HTTP/1.1" 404 178455 "https://www.shoenation.me/product-category/adidas/?filter_size=36%2C38%2C39%2C40%2C41%2C42%2C44%2C47&stock_status=instock%2Consale" "Mozilla/5.0 (Linux; Android 5.0) AppleWebKit/537.36 (KHTML, like Gecko) Mobile Safari/537.36 (compatible; Bytespider; spider-feedback@bytedance.com)"
47.128.62.12 - - [15/May/2026:14:40:31 -0400] "GET /wp-content/uploads/2024/03/ShoeNation-Logo.png HTTP/1.1" 404 178449 "https://www.shoenation.me/product-category/adidas/?filter_size=36%2C38%2C39%2C40%2C41%2C42%2C44%2C47&stock_status=instock%2Consale" "Mozilla/5.0 (Linux; Android 5.0) AppleWebKit/537.36 (KHTML, like Gecko) Mobile Safari/537.36 (compatible; Bytespider; spider-feedback@bytedance.com)"
47.128.62.12 - - [15/May/2026:14:40:32 -0400] "GET /wp-content/uploads/2024/06/EditsbyAhmar01_57b3126b-b12c-4e01-8c82-6afac5cbed48-430x430.webp HTTP/1.1" 404 178584 "https://www.shoenation.me/product-category/adidas/?filter_size=36%2C38%2C39%2C40%2C41%2C42%2C44%2C47&stock_status=instock%2Consale" "Mozilla/5.0 (Linux; Android 5.0) AppleWebKit/537.36 (KHTML, like Gecko) Mobile Safari/537.36 (compatible; Bytespider; spider-feedback@bytedance.com)"
47.128.62.12 - - [15/May/2026:14:40:32 -0400] "GET /wp-content/uploads/2024/05/OUAD0019-1-430x430.png HTTP/1.1" 404 178458 "https://www.shoenation.me/product-category/adidas/?filter_size=36%2C38%2C39%2C40%2C41%2C42%2C44%2C47&stock_status=instock%2Consale" "Mozilla/5.0 (Linux; Android 5.0) AppleWebKit/537.36 (KHTML, like Gecko) Mobile Safari/537.36 (compatible; Bytespider; spider-feedback@bytedance.com)"
47.128.62.12 - - [15/May/2026:14:40:32 -0400] "GET /wp-content/uploads/2025/02/download-150x150.jpg HTTP/1.1" 404 178452 "https://www.shoenation.me/product-category/adidas/?filter_size=36%2C38%2C39%2C40%2C41%2C42%2C44%2C47&stock_status=instock%2Consale" "Mozilla/5.0 (Linux; Android 5.0) AppleWebKit/537.36 (KHTML, like Gecko) Mobile Safari/537.36 (compatible; Bytespider; spider-feedback@bytedance.com)"
47.128.62.12 - - [15/May/2026:14:40:32 -0400] "GET /wp-content/uploads/2025/02/new-balance-530-miu-miu-v0-0p61tlqcrp2d1-150x150.webp HTTP/1.1" 404 178551 "https://www.shoenation.me/product-category/adidas/?filter_size=36%2C38%2C39%2C40%2C41%2C42%2C44%2C47&stock_status=instock%2Consale" "Mozilla/5.0 (Linux; Android 5.0) AppleWebKit/537.36 (KHTML, like Gecko) Mobile Safari/537.36 (compatible; Bytespider; spider-feedback@bytedance.com)"
47.128.62.12 - - [15/May/2026:14:40:32 -0400] "GET /wp-content/uploads/2024/05/OUAD0017-1-430x430.png HTTP/1.1" 404 178458 "https://www.shoenation.me/product-category/adidas/?filter_size=36%2C38%2C39%2C40%2C41%2C42%2C44%2C47&stock_status=instock%2Consale" "Mozilla/5.0 (Linux; Android 5.0) AppleWebKit/537.36 (KHTML, like Gecko) Mobile Safari/537.36 (compatible; Bytespider; spider-feedback@bytedance.com)"
47.128.62.12 - - [15/May/2026:14:40:43 -0400] "GET /wp-content/uploads/2024/03/wd-envelope-dark.svg HTTP/1.1" 404 178452 "https://www.shoenation.me/product-category/adidas/?filter_size=36%2C38%2C39%2C40%2C41%2C42%2C44%2C47&stock_status=instock%2Consale" "Mozilla/5.0 (Linux; Android 5.0) AppleWebKit/537.36 (KHTML, like Gecko) Mobile Safari/537.36 (compatible; Bytespider; spider-feedback@bytedance.com)"
67.223.118.104 - - [15/May/2026:14:44:17 -0400] "POST /wp-cron.php?doing_wp_cron=1778870657.8465430736541748046875 HTTP/1.1" 200 0 "-" "WordPress/6.9.4; https://www.shoenation.me"
47.128.62.163 - - [15/May/2026:14:43:56 -0400] "GET /?filter_size=41%2C42%2C45&per_page=12&per_row=2&product_cat=on-running&shop_view=grid&stock_status=onsale HTTP/1.1" 301 0 "-" "Mozilla/5.0 (compatible; Bytespider; spider-feedback@bytedance.com) AppleWebKit/537.36 (KHTML, like Gecko) Chrome/70.0.0.0 Safari/537.36"
47.128.62.163 - - [15/May/2026:14:44:18 -0400] "GET /product-category/on-running/?filter_size=41%2C42%2C45&per_page=12&per_row=2&shop_view=grid&stock_status=onsale HTTP/1.1" 200 47166 "-" "Mozilla/5.0 (compatible; Bytespider; spider-feedback@bytedance.com) AppleWebKit/537.36 (KHTML, like Gecko) Chrome/70.0.0.0 Safari/537.36"
47.128.62.163 - - [15/May/2026:14:44:29 -0400] "GET /wp-content/uploads/2025/02/614b4079e84ea91f6aa9d9919838a0d6.jpg_720x720q80-150x150.jpg HTTP/1.1" 404 178569 "https://www.shoenation.me/product-category/on-running/?filter_size=41%2C42%2C45&per_page=12&per_row=2&shop_view=grid&stock_status=onsale" "Mozilla/5.0 (compatible; Bytespider; spider-feedback@bytedance.com) AppleWebKit/537.36 (KHTML, like Gecko) Chrome/70.0.0.0 Safari/537.36"
47.128.62.163 - - [15/May/2026:14:44:29 -0400] "GET /wp-content/uploads/2024/06/17-best-nike-running-shoes-15275-150x150.webp HTTP/1.1" 404 178527 "https://www.shoenation.me/product-category/on-running/?filter_size=41%2C42%2C45&per_page=12&per_row=2&shop_view=grid&stock_status=onsale" "Mozilla/5.0 (compatible; Bytespider; spider-feedback@bytedance.com) AppleWebKit/537.36 (KHTML, like Gecko) Chrome/70.0.0.0 Safari/537.36"
47.128.62.163 - - [15/May/2026:14:44:29 -0400] "GET /wp-content/uploads/2024/06/ca089c0521d61637a52311e4c5c83f0f-150x150.jpg HTTP/1.1" 404 178524 "https://www.shoenation.me/product-category/on-running/?filter_size=41%2C42%2C45&per_page=12&per_row=2&shop_view=grid&stock_status=onsale" "Mozilla/5.0 (compatible; Bytespider; spider-feedback@bytedance.com) AppleWebKit/537.36 (KHTML, like Gecko) Chrome/70.0.0.0 Safari/537.36"
47.128.62.163 - - [15/May/2026:14:44:28 -0400] "GET /wp-content/uploads/2025/02/new-balance-530-miu-miu-v0-0p61tlqcrp2d1-150x150.webp HTTP/1.1" 404 178551 "https://www.shoenation.me/product-category/on-running/?filter_size=41%2C42%2C45&per_page=12&per_row=2&shop_view=grid&stock_status=onsale" "Mozilla/5.0 (compatible; Bytespider; spider-feedback@bytedance.com) AppleWebKit/537.36 (KHTML, like Gecko) Chrome/70.0.0.0 Safari/537.36"
47.128.62.163 - - [15/May/2026:14:44:29 -0400] "GET /wp-content/uploads/2024/03/wd-envelope-dark.svg HTTP/1.1" 404 178452 "https://www.shoenation.me/product-category/on-running/?filter_size=41%2C42%2C45&per_page=12&per_row=2&shop_view=grid&stock_status=onsale" "Mozilla/5.0 (compatible; Bytespider; spider-feedback@bytedance.com) AppleWebKit/537.36 (KHTML, like Gecko) Chrome/70.0.0.0 Safari/537.36"
47.128.62.163 - - [15/May/2026:14:44:29 -0400] "GET /wp-content/uploads/2024/06/63922ed58580f70019f80ea5-1-150x150.webp HTTP/1.1" 404 178509 "https://www.shoenation.me/product-category/on-running/?filter_size=41%2C42%2C45&per_page=12&per_row=2&shop_view=grid&stock_status=onsale" "Mozilla/5.0 (compatible; Bytespider; spider-feedback@bytedance.com) AppleWebKit/537.36 (KHTML, like Gecko) Chrome/70.0.0.0 Safari/537.36"
47.128.62.163 - - [15/May/2026:14:44:29 -0400] "GET /wp-content/uploads/2024/06/5ef42a4788df9cdaaf135d9583f2228b-1-150x150.jpg HTTP/1.1" 404 178530 "https://www.shoenation.me/product-category/on-running/?filter_size=41%2C42%2C45&per_page=12&per_row=2&shop_view=grid&stock_status=onsale" "Mozilla/5.0 (compatible; Bytespider; spider-feedback@bytedance.com) AppleWebKit/537.36 (KHTML, like Gecko) Chrome/70.0.0.0 Safari/537.36"
47.128.62.163 - - [15/May/2026:14:44:28 -0400] "GET /wp-content/uploads/2024/03/ShoeNation-Logo.png HTTP/1.1" 404 178449 "https://www.shoenation.me/product-category/on-running/?filter_size=41%2C42%2C45&per_page=12&per_row=2&shop_view=grid&stock_status=onsale" "Mozilla/5.0 (compatible; Bytespider; spider-feedback@bytedance.com) AppleWebKit/537.36 (KHTML, like Gecko) Chrome/70.0.0.0 Safari/537.36"
47.128.62.163 - - [15/May/2026:14:44:28 -0400] "GET /wp-content/uploads/2025/02/download-150x150.jpg HTTP/1.1" 404 178452 "https://www.shoenation.me/product-category/on-running/?filter_size=41%2C42%2C45&per_page=12&per_row=2&shop_view=grid&stock_status=onsale" "Mozilla/5.0 (compatible; Bytespider; spider-feedback@bytedance.com) AppleWebKit/537.36 (KHTML, like Gecko) Chrome/70.0.0.0 Safari/537.36"
47.128.62.163 - - [15/May/2026:14:44:28 -0400] "GET /wp-content/uploads/2025/02/IMG_0260-150x150.jpeg HTTP/1.1" 404 178455 "https://www.shoenation.me/product-category/on-running/?filter_size=41%2C42%2C45&per_page=12&per_row=2&shop_view=grid&stock_status=onsale" "Mozilla/5.0 (compatible; Bytespider; spider-feedback@bytedance.com) AppleWebKit/537.36 (KHTML, like Gecko) Chrome/70.0.0.0 Safari/537.36"
47.128.62.163 - - [15/May/2026:14:44:29 -0400] "GET /wp-content/uploads/2024/06/product-jpeg-500x500-1-150x150.webp HTTP/1.1" 404 178497 "https://www.shoenation.me/product-category/on-running/?filter_size=41%2C42%2C45&per_page=12&per_row=2&shop_view=grid&stock_status=onsale" "Mozilla/5.0 (compatible; Bytespider; spider-feedback@bytedance.com) AppleWebKit/537.36 (KHTML, like Gecko) Chrome/70.0.0.0 Safari/537.36"
47.128.62.163 - - [15/May/2026:14:44:29 -0400] "GET /wp-content/uploads/2024/06/3423897250m8_zm-1-150x150.jpg HTTP/1.1" 404 178479 "https://www.shoenation.me/product-category/on-running/?filter_size=41%2C42%2C45&per_page=12&per_row=2&shop_view=grid&stock_status=onsale" "Mozilla/5.0 (compatible; Bytespider; spider-feedback@bytedance.com) AppleWebKit/537.36 (KHTML, like Gecko) Chrome/70.0.0.0 Safari/537.36"
66.249.73.72 - - [15/May/2026:14:46:10 -0400] "GET /?detail/750963794 HTTP/1.1" 200 24024 "-" "Mozilla/5.0 (Linux; Android 6.0.1; Nexus 5X Build/MMB29P) AppleWebKit/537.36 (KHTML, like Gecko) Chrome/148.0.7778.96 Mobile Safari/537.36 (compatible; Googlebot/2.1; +http://www.google.com/bot.html)"
66.249.73.71 - - [15/May/2026:14:47:26 -0400] "GET /?product_cat=samba&filter_size=36,37,41,42,46&stock_status=instock HTTP/1.1" 200 24697 "-" "Mozilla/5.0 (Linux; Android 6.0.1; Nexus 5X Build/MMB29P) AppleWebKit/537.36 (KHTML, like Gecko) Chrome/148.0.7778.96 Mobile Safari/537.36 (compatible; Googlebot/2.1; +http://www.google.com/bot.html)"
198.98.56.118 - - [15/May/2026:14:48:45 -0400] "GET /?author=4 HTTP/1.1" 301 0 "http://www.google.com.hk" "Mozilla/5.0 (Windows NT 6.1; WOW64) AppleWebKit/537.36 (KHTML, like Gecko) Chrome/42.0.2311.90 Safari/537.36"
67.223.118.104 - - [15/May/2026:14:49:11 -0400] "POST /wp-cron.php?doing_wp_cron=1778870951.5346479415893554687500 HTTP/1.1" 200 0 "-" "WordPress/6.9.4; https://www.shoenation.me"
43.159.148.221 - - [15/May/2026:14:49:00 -0400] "GET /product-category/hoka/ HTTP/1.1" 200 56099 "-" "Mozilla/5.0 (iPhone; CPU iPhone OS 13_2_3 like Mac OS X) AppleWebKit/605.1.15 (KHTML, like Gecko) Version/13.0.3 Mobile/15E148 Safari/604.1"
66.249.73.72 - - [15/May/2026:14:49:35 -0400] "GET /goods.php?item/f67464147 HTTP/1.1" 200 25017 "-" "Mozilla/5.0 (Linux; Android 6.0.1; Nexus 5X Build/MMB29P) AppleWebKit/537.36 (KHTML, like Gecko) Chrome/148.0.7778.96 Mobile Safari/537.36 (compatible; Googlebot/2.1; +http://www.google.com/bot.html)"
47.79.51.43 - - [15/May/2026:14:52:30 -0400] "GET /?filter_size=38%2C41%2C43%2C44%2C45%2C46&product_cat=j4&stock_status=instock HTTP/1.1" 200 0 "-" "Mozilla/5.0 (Macintosh; Intel Mac OS X 10_15_7) AppleWebKit/537.36 (KHTML, like Gecko) Chrome/143.0.0.0 Safari/537.36"
47.82.13.235 - - [15/May/2026:14:52:30 -0400] "GET /?filter_size=37%2C38%2C40%2C42%2C44%2C45&per_page=9&product_cat=yezzy&stock_status=onsale HTTP/1.1" 200 0 "-" "Mozilla/5.0 (Windows NT 10.0; Win64; x64) AppleWebKit/537.36 (KHTML, like Gecko) Chrome/142.0.0.0 Safari/537.36"
67.223.118.104 - - [15/May/2026:14:52:57 -0400] "POST /wp-cron.php?doing_wp_cron=1778871177.8389029502868652343750 HTTP/1.1" 200 0 "-" "WordPress/6.9.4; https://www.shoenation.me"
67.223.118.104 - - [15/May/2026:14:52:57 -0400] "POST /wp-cron.php?doing_wp_cron=1778871177.8389039039611816406250 HTTP/1.1" 200 0 "-" "WordPress/6.9.4; https://www.shoenation.me"
47.82.15.221 - - [15/May/2026:14:52:49 -0400] "GET /?filter_size=37%2C38%2C39%2C40%2C41%2C42%2C44&per_page=18&product_cat=nb530&stock_status=instock%2Consale HTTP/1.1" 301 0 "-" "Mozilla/5.0 (Macintosh; Intel Mac OS X 10_15_7) AppleWebKit/537.36 (KHTML, like Gecko) Chrome/146.0.0.0 Safari/537.36"
47.82.15.204 - - [15/May/2026:14:52:49 -0400] "GET /?filter_size=40%2C41%2C42%2C44%2C45%2C46&per_row=3&product_cat=adidas&shop_view=grid&stock_status=onsale HTTP/1.1" 301 0 "-" "Mozilla/5.0 (Windows NT 10.0; Win64; x64) AppleWebKit/537.36 (KHTML, like Gecko) Chrome/141.0.0.0 Safari/537.36"
47.82.15.221 - - [15/May/2026:14:52:58 -0400] "GET /product-category/new-balance/nb530/?filter_size=37%2C38%2C39%2C40%2C41%2C42%2C44&per_page=18&stock_status=instock%2Consale HTTP/1.1" 200 0 "https://www.shoenation.me/?filter_size=37%2C38%2C39%2C40%2C41%2C42%2C44&per_page=18&product_cat=nb530&stock_status=instock%2Consale" "Mozilla/5.0 (Macintosh; Intel Mac OS X 10_15_7) AppleWebKit/537.36 (KHTML, like Gecko) Chrome/146.0.0.0 Safari/537.36"
67.223.118.104 - - [15/May/2026:14:53:20 -0400] "POST /wp-cron.php?doing_wp_cron=1778871200.9429230690002441406250 HTTP/1.1" 200 0 "-" "WordPress/6.9.4; https://www.shoenation.me"
47.82.8.40 - - [15/May/2026:14:53:18 -0400] "GET /?filter_size=38%2C39%2C42%2C43&per_page=18&product_cat=sp&stock_status=instock%2Consale HTTP/1.1" 301 0 "-" "Mozilla/5.0 (Windows NT 10.0; Win64; x64) AppleWebKit/537.36 (KHTML, like Gecko) Chrome/145.0.0.0 Safari/537.36"
47.82.13.49 - - [15/May/2026:14:53:18 -0400] "GET /?filter_size=37%2C39%2C43%2C44%2C45&per_page=24&product_cat=othermodels&stock_status=onsale HTTP/1.1" 301 0 "-" "Mozilla/5.0 (Windows NT 10.0; Win64; x64) AppleWebKit/537.36 (KHTML, like Gecko) Chrome/147.0.0.0 Safari/537.36"
47.82.13.49 - - [15/May/2026:14:53:21 -0400] "GET /product-category/nike/othermodels/?filter_size=37%2C39%2C43%2C44%2C45&per_page=24&stock_status=onsale HTTP/1.1" 200 54475 "https://www.shoenation.me/?filter_size=37%2C39%2C43%2C44%2C45&per_page=24&product_cat=othermodels&stock_status=onsale" "Mozilla/5.0 (Windows NT 10.0; Win64; x64) AppleWebKit/537.36 (KHTML, like Gecko) Chrome/147.0.0.0 Safari/537.36"
47.82.8.40 - - [15/May/2026:14:53:21 -0400] "GET /product-category/adidas/sp/?filter_size=38%2C39%2C42%2C43&per_page=18&stock_status=instock%2Consale HTTP/1.1" 200 58345 "https://www.shoenation.me/?filter_size=38%2C39%2C42%2C43&per_page=18&product_cat=sp&stock_status=instock%2Consale" "Mozilla/5.0 (Windows NT 10.0; Win64; x64) AppleWebKit/537.36 (KHTML, like Gecko) Chrome/145.0.0.0 Safari/537.36"
67.223.118.104 - - [15/May/2026:14:54:45 -0400] "POST /wp-cron.php?doing_wp_cron=1778871285.6391000747680664062500 HTTP/1.1" 200 0 "-" "WordPress/6.9.4; https://www.shoenation.me"
47.79.10.130 - - [15/May/2026:14:54:41 -0400] "GET /?filter_size=37%2C39%2C40%2C41%2C42%2C43%2C44&per_page=9&product_cat=nb530 HTTP/1.1" 301 0 "-" "Mozilla/5.0 (Macintosh; Intel Mac OS X 10_15_7) AppleWebKit/537.36 (KHTML, like Gecko) Chrome/145.0.0.0 Safari/537.36"
47.82.15.79 - - [15/May/2026:14:54:42 -0400] "GET /?filter_size=36%2C38%2C39%2C41%2C43%2C44%2C46&per_row=2&product_cat=adidas&shop_view=grid&stock_status=instock%2Consale HTTP/1.1" 301 0 "-" "Mozilla/5.0 (Windows NT 10.0; Win64; x64) AppleWebKit/537.36 (KHTML, like Gecko) Chrome/143.0.0.0 Safari/537.36"
47.79.10.130 - - [15/May/2026:14:54:46 -0400] "GET /product-category/new-balance/nb530/?filter_size=37%2C39%2C40%2C41%2C42%2C43%2C44&per_page=9 HTTP/1.1" 200 0 "https://www.shoenation.me/?filter_size=37%2C39%2C40%2C41%2C42%2C43%2C44&per_page=9&product_cat=nb530" "Mozilla/5.0 (Macintosh; Intel Mac OS X 10_15_7) AppleWebKit/537.36 (KHTML, like Gecko) Chrome/145.0.0.0 Safari/537.36"
47.82.15.79 - - [15/May/2026:14:54:46 -0400] "GET /product-category/adidas/?filter_size=36%2C38%2C39%2C41%2C43%2C44%2C46&per_row=2&shop_view=grid&stock_status=instock%2Consale HTTP/1.1" 200 0 "https://www.shoenation.me/?filter_size=36%2C38%2C39%2C41%2C43%2C44%2C46&per_row=2&product_cat=adidas&shop_view=grid&stock_status=instock%2Consale" "Mozilla/5.0 (Windows NT 10.0; Win64; x64) AppleWebKit/537.36 (KHTML, like Gecko) Chrome/143.0.0.0 Safari/537.36"
80.248.227.19 - - [15/May/2026:14:55:58 -0400] "GET /robots.txt HTTP/1.1" 200 71 "http://shoenation.me/robots.txt" "Mozilla/5.0 (Linux; U; Android 13; sk-sk; Xiaomi 11T Pro Build/TKQ1.220829.002) AppleWebKit/537.36 (KHTML, like Gecko) Version/4.0 Chrome/112.0.5615.136 Mobile Safari/537.36 XiaoMi/MiuiBrowser/14.4.0-g"
67.223.118.104 - - [15/May/2026:14:55:59 -0400] "POST /wp-cron.php?doing_wp_cron=1778871359.4453001022338867187500 HTTP/1.1" 200 0 "-" "WordPress/6.9.4; https://www.shoenation.me"
47.128.62.128 - - [15/May/2026:14:55:55 -0400] "GET /?filter_size=38%2C41%2C42&paged=29&post_type=product HTTP/1.1" 301 0 "-" "Mozilla/5.0 (compatible; Bytespider; spider-feedback@bytedance.com) AppleWebKit/537.36 (KHTML, like Gecko) Chrome/70.0.0.0 Safari/537.36"
93.158.90.32 - - [15/May/2026:14:55:59 -0400] "GET / HTTP/1.1" 301 0 "http://shoenation.me/" "Mozilla/5.0 (Linux; U; Android 13; sk-sk; Xiaomi 11T Pro Build/TKQ1.220829.002) AppleWebKit/537.36 (KHTML, like Gecko) Version/4.0 Chrome/112.0.5615.136 Mobile Safari/537.36 XiaoMi/MiuiBrowser/14.4.0-g"
93.158.90.46 - - [15/May/2026:14:56:05 -0400] "GET / HTTP/1.1" 200 0 "https://shoenation.me/" "Mozilla/5.0 (Linux; U; Android 13; sk-sk; Xiaomi 11T Pro Build/TKQ1.220829.002) AppleWebKit/537.36 (KHTML, like Gecko) Version/4.0 Chrome/112.0.5615.136 Mobile Safari/537.36 XiaoMi/MiuiBrowser/14.4.0-g"
47.128.62.128 - - [15/May/2026:14:56:00 -0400] "GET /page/29/?filter_size=38%2C41%2C42&post_type=product HTTP/1.1" 200 51092 "-" "Mozilla/5.0 (compatible; Bytespider; spider-feedback@bytedance.com) AppleWebKit/537.36 (KHTML, like Gecko) Chrome/70.0.0.0 Safari/537.36"
67.223.118.104 - - [15/May/2026:14:56:18 -0400] "POST /wp-cron.php?doing_wp_cron=1778871378.3361930847167968750000 HTTP/1.1" 200 0 "-" "WordPress/6.9.4; https://www.shoenation.me"
47.82.13.44 - - [15/May/2026:14:56:14 -0400] "GET /?filter_size=37%2C38%2C39%2C42%2C43%2C44&per_page=9&per_row=3&product_cat=asics&shop_view=grid HTTP/1.1" 301 0 "-" "Mozilla/5.0 (Macintosh; Intel Mac OS X 10_15_7) AppleWebKit/537.36 (KHTML, like Gecko) Chrome/147.0.0.0 Safari/537.36"
47.82.13.44 - - [15/May/2026:14:56:23 -0400] "GET /product-category/asics/?filter_size=37%2C38%2C39%2C42%2C43%2C44&per_page=9&per_row=3&shop_view=grid HTTP/1.1" 200 0 "https://www.shoenation.me/?filter_size=37%2C38%2C39%2C42%2C43%2C44&per_page=9&per_row=3&product_cat=asics&shop_view=grid" "Mozilla/5.0 (Macintosh; Intel Mac OS X 10_15_7) AppleWebKit/537.36 (KHTML, like Gecko) Chrome/147.0.0.0 Safari/537.36"
47.79.11.241 - - [15/May/2026:14:56:14 -0400] "GET /?filter_size=36%2C37%2C41%2C45&product_cat=othermodels&stock_status=instock%2Consale HTTP/1.1" 200 0 "-" "Mozilla/5.0 (Macintosh; Intel Mac OS X 10_15_7) AppleWebKit/537.36 (KHTML, like Gecko) Chrome/144.0.0.0 Safari/537.36"
47.79.11.24 - - [15/May/2026:14:56:29 -0400] "GET /?filter_size=38%2C40%2C41%2C44%2C47&per_page=12&per_row=3&product_cat=adidas&shop_view=grid&stock_status=instock HTTP/1.1" 200 0 "-" "Mozilla/5.0 (Windows NT 10.0; Win64; x64) AppleWebKit/537.36 (KHTML, like Gecko) Chrome/147.0.0.0 Safari/537.36"
47.128.62.128 - - [15/May/2026:14:56:40 -0400] "GET /wp-content/uploads/2024/10/OSHSN0187-1-430x430.jpg HTTP/1.1" 500 2431 "https://www.shoenation.me/page/29/?filter_size=38%2C41%2C42&post_type=product" "Mozilla/5.0 (compatible; Bytespider; spider-feedback@bytedance.com) AppleWebKit/537.36 (KHTML, like Gecko) Chrome/70.0.0.0 Safari/537.36"
47.128.62.128 - - [15/May/2026:14:56:40 -0400] "GET /wp-content/uploads/2024/05/nike-sb-dunk-low-burgundy-crush-fn0619-600-release-date-4-430x484.webp HTTP/1.1" 500 2431 "https://www.shoenation.me/page/29/?filter_size=38%2C41%2C42&post_type=product" "Mozilla/5.0 (compatible; Bytespider; spider-feedback@bytedance.com) AppleWebKit/537.36 (KHTML, like Gecko) Chrome/70.0.0.0 Safari/537.36"
47.128.62.128 - - [15/May/2026:14:56:40 -0400] "GET /wp-content/uploads/2024/05/nike-sb-dunk-low-burgundy-crush-fn0619-600-release-date-430x484.webp HTTP/1.1" 500 2431 "https://www.shoenation.me/page/29/?filter_size=38%2C41%2C42&post_type=product" "Mozilla/5.0 (compatible; Bytespider; spider-feedback@bytedance.com) AppleWebKit/537.36 (KHTML, like Gecko) Chrome/70.0.0.0 Safari/537.36"
47.128.62.128 - - [15/May/2026:14:56:40 -0400] "GET /wp-content/uploads/2024/03/OUDU0188-2-430x430.png HTTP/1.1" 500 2431 "https://www.shoenation.me/page/29/?filter_size=38%2C41%2C42&post_type=product" "Mozilla/5.0 (compatible; Bytespider; spider-feedback@bytedance.com) AppleWebKit/537.36 (KHTML, like Gecko) Chrome/70.0.0.0 Safari/537.36"
47.128.62.128 - - [15/May/2026:14:56:40 -0400] "GET /wp-content/uploads/2024/03/OUDU0155-3-430x430.png HTTP/1.1" 500 2431 "https://www.shoenation.me/page/29/?filter_size=38%2C41%2C42&post_type=product" "Mozilla/5.0 (compatible; Bytespider; spider-feedback@bytedance.com) AppleWebKit/537.36 (KHTML, like Gecko) Chrome/70.0.0.0 Safari/537.36"
47.128.62.128 - - [15/May/2026:14:56:40 -0400] "GET /wp-content/uploads/2024/03/OUDU0188-1-430x430.png HTTP/1.1" 500 2431 "https://www.shoenation.me/page/29/?filter_size=38%2C41%2C42&post_type=product" "Mozilla/5.0 (compatible; Bytespider; spider-feedback@bytedance.com) AppleWebKit/537.36 (KHTML, like Gecko) Chrome/70.0.0.0 Safari/537.36"
47.128.62.128 - - [15/May/2026:14:56:40 -0400] "GET /wp-content/uploads/2024/03/wd-envelope-dark.svg HTTP/1.1" 500 2431 "https://www.shoenation.me/page/29/?filter_size=38%2C41%2C42&post_type=product" "Mozilla/5.0 (compatible; Bytespider; spider-feedback@bytedance.com) AppleWebKit/537.36 (KHTML, like Gecko) Chrome/70.0.0.0 Safari/537.36"
47.79.11.101 - - [15/May/2026:14:56:40 -0400] "GET /?filter_size=36%2C43%2C46&per_page=18&per_row=4&product_cat=adidas&shop_view=grid&stock_status=instock%2Consale HTTP/1.1" 500 1083 "-" "Mozilla/5.0 (Windows NT 10.0; Win64; x64) AppleWebKit/537.36 (KHTML, like Gecko) Chrome/139.0.0.0 Safari/537.36"
47.128.62.128 - - [15/May/2026:14:56:40 -0400] "GET /wp-content/uploads/2024/03/OUDU0155-1-430x430.png HTTP/1.1" 500 2431 "https://www.shoenation.me/page/29/?filter_size=38%2C41%2C42&post_type=product" "Mozilla/5.0 (compatible; Bytespider; spider-feedback@bytedance.com) AppleWebKit/537.36 (KHTML, like Gecko) Chrome/70.0.0.0 Safari/537.36"
47.128.62.128 - - [15/May/2026:14:56:19 -0400] "GET /wp-content/uploads/2024/03/ShoeNation-Logo.png HTTP/1.1" 200 0 "https://www.shoenation.me/page/29/?filter_size=38%2C41%2C42&post_type=product" "Mozilla/5.0 (compatible; Bytespider; spider-feedback@bytedance.com) AppleWebKit/537.36 (KHTML, like Gecko) Chrome/70.0.0.0 Safari/537.36"
47.128.62.128 - - [15/May/2026:14:56:19 -0400] "GET /wp-content/uploads/2025/02/IMG_0260-150x150.jpeg HTTP/1.1" 200 0 "https://www.shoenation.me/page/29/?filter_size=38%2C41%2C42&post_type=product" "Mozilla/5.0 (compatible; Bytespider; spider-feedback@bytedance.com) AppleWebKit/537.36 (KHTML, like Gecko) Chrome/70.0.0.0 Safari/537.36"
47.128.62.128 - - [15/May/2026:14:56:19 -0400] "GET /wp-content/uploads/2025/02/new-balance-530-miu-miu-v0-0p61tlqcrp2d1-150x150.webp HTTP/1.1" 200 0 "https://www.shoenation.me/page/29/?filter_size=38%2C41%2C42&post_type=product" "Mozilla/5.0 (compatible; Bytespider; spider-feedback@bytedance.com) AppleWebKit/537.36 (KHTML, like Gecko) Chrome/70.0.0.0 Safari/537.36"
47.128.62.128 - - [15/May/2026:14:56:20 -0400] "GET /wp-content/uploads/2025/02/download-150x150.jpg HTTP/1.1" 200 0 "https://www.shoenation.me/page/29/?filter_size=38%2C41%2C42&post_type=product" "Mozilla/5.0 (compatible; Bytespider; spider-feedback@bytedance.com) AppleWebKit/537.36 (KHTML, like Gecko) Chrome/70.0.0.0 Safari/537.36"
47.128.62.128 - - [15/May/2026:14:56:20 -0400] "GET /wp-content/uploads/2024/06/3423897250m8_zm-1-150x150.jpg HTTP/1.1" 200 0 "https://www.shoenation.me/page/29/?filter_size=38%2C41%2C42&post_type=product" "Mozilla/5.0 (compatible; Bytespider; spider-feedback@bytedance.com) AppleWebKit/537.36 (KHTML, like Gecko) Chrome/70.0.0.0 Safari/537.36"
47.128.62.128 - - [15/May/2026:14:56:20 -0400] "GET /wp-content/uploads/2024/06/5ef42a4788df9cdaaf135d9583f2228b-1-150x150.jpg HTTP/1.1" 200 0 "https://www.shoenation.me/page/29/?filter_size=38%2C41%2C42&post_type=product" "Mozilla/5.0 (compatible; Bytespider; spider-feedback@bytedance.com) AppleWebKit/537.36 (KHTML, like Gecko) Chrome/70.0.0.0 Safari/537.36"
47.128.62.128 - - [15/May/2026:14:56:20 -0400] "GET /wp-content/uploads/2024/06/ca089c0521d61637a52311e4c5c83f0f-150x150.jpg HTTP/1.1" 200 0 "https://www.shoenation.me/page/29/?filter_size=38%2C41%2C42&post_type=product" "Mozilla/5.0 (compatible; Bytespider; spider-feedback@bytedance.com) AppleWebKit/537.36 (KHTML, like Gecko) Chrome/70.0.0.0 Safari/537.36"
47.128.62.128 - - [15/May/2026:14:56:20 -0400] "GET /wp-content/uploads/2024/06/63922ed58580f70019f80ea5-1-150x150.webp HTTP/1.1" 200 0 "https://www.shoenation.me/page/29/?filter_size=38%2C41%2C42&post_type=product" "Mozilla/5.0 (compatible; Bytespider; spider-feedback@bytedance.com) AppleWebKit/537.36 (KHTML, like Gecko) Chrome/70.0.0.0 Safari/537.36"
47.128.62.128 - - [15/May/2026:14:56:20 -0400] "GET /wp-content/uploads/2024/06/product-jpeg-500x500-1-150x150.webp HTTP/1.1" 200 0 "https://www.shoenation.me/page/29/?filter_size=38%2C41%2C42&post_type=product" "Mozilla/5.0 (compatible; Bytespider; spider-feedback@bytedance.com) AppleWebKit/537.36 (KHTML, like Gecko) Chrome/70.0.0.0 Safari/537.36"
47.128.62.128 - - [15/May/2026:14:56:20 -0400] "GET /wp-content/uploads/2025/02/614b4079e84ea91f6aa9d9919838a0d6.jpg_720x720q80-150x150.jpg HTTP/1.1" 200 0 "https://www.shoenation.me/page/29/?filter_size=38%2C41%2C42&post_type=product" "Mozilla/5.0 (compatible; Bytespider; spider-feedback@bytedance.com) AppleWebKit/537.36 (KHTML, like Gecko) Chrome/70.0.0.0 Safari/537.36"
47.128.62.128 - - [15/May/2026:14:56:20 -0400] "GET /wp-content/uploads/2024/03/OUDU0181-1-430x430.png HTTP/1.1" 200 0 "https://www.shoenation.me/page/29/?filter_size=38%2C41%2C42&post_type=product" "Mozilla/5.0 (compatible; Bytespider; spider-feedback@bytedance.com) AppleWebKit/537.36 (KHTML, like Gecko) Chrome/70.0.0.0 Safari/537.36"
47.128.62.128 - - [15/May/2026:14:56:20 -0400] "GET /wp-content/uploads/2024/06/17-best-nike-running-shoes-15275-150x150.webp HTTP/1.1" 200 0 "https://www.shoenation.me/page/29/?filter_size=38%2C41%2C42&post_type=product" "Mozilla/5.0 (compatible; Bytespider; spider-feedback@bytedance.com) AppleWebKit/537.36 (KHTML, like Gecko) Chrome/70.0.0.0 Safari/537.36"
47.128.62.128 - - [15/May/2026:14:56:20 -0400] "GET /wp-content/uploads/2024/05/OUDU0145-1-430x430.png HTTP/1.1" 200 0 "https://www.shoenation.me/page/29/?filter_size=38%2C41%2C42&post_type=product" "Mozilla/5.0 (compatible; Bytespider; spider-feedback@bytedance.com) AppleWebKit/537.36 (KHTML, like Gecko) Chrome/70.0.0.0 Safari/537.36"
47.128.62.128 - - [15/May/2026:14:56:20 -0400] "GET /wp-content/uploads/2024/03/OUDU0181-3-430x430.png HTTP/1.1" 200 0 "https://www.shoenation.me/page/29/?filter_size=38%2C41%2C42&post_type=product" "Mozilla/5.0 (compatible; Bytespider; spider-feedback@bytedance.com) AppleWebKit/537.36 (KHTML, like Gecko) Chrome/70.0.0.0 Safari/537.36"
47.128.62.128 - - [15/May/2026:14:56:20 -0400] "GET /wp-content/uploads/2024/03/OUDU0175-1-430x430.png HTTP/1.1" 200 0 "https://www.shoenation.me/page/29/?filter_size=38%2C41%2C42&post_type=product" "Mozilla/5.0 (compatible; Bytespider; spider-feedback@bytedance.com) AppleWebKit/537.36 (KHTML, like Gecko) Chrome/70.0.0.0 Safari/537.36"
47.128.62.128 - - [15/May/2026:14:56:20 -0400] "GET /wp-content/uploads/2024/05/OUDU0145-2-430x430.png HTTP/1.1" 200 0 "https://www.shoenation.me/page/29/?filter_size=38%2C41%2C42&post_type=product" "Mozilla/5.0 (compatible; Bytespider; spider-feedback@bytedance.com) AppleWebKit/537.36 (KHTML, like Gecko) Chrome/70.0.0.0 Safari/537.36"
47.128.62.128 - - [15/May/2026:14:56:20 -0400] "GET /wp-content/uploads/2024/03/OUDU0190-1-430x430.png HTTP/1.1" 200 0 "https://www.shoenation.me/page/29/?filter_size=38%2C41%2C42&post_type=product" "Mozilla/5.0 (compatible; Bytespider; spider-feedback@bytedance.com) AppleWebKit/537.36 (KHTML, like Gecko) Chrome/70.0.0.0 Safari/537.36"
47.128.62.128 - - [15/May/2026:14:56:20 -0400] "GET /wp-content/uploads/2024/03/OUDU0175-3-430x430.png HTTP/1.1" 200 0 "https://www.shoenation.me/page/29/?filter_size=38%2C41%2C42&post_type=product" "Mozilla/5.0 (compatible; Bytespider; spider-feedback@bytedance.com) AppleWebKit/537.36 (KHTML, like Gecko) Chrome/70.0.0.0 Safari/537.36"
47.128.62.128 - - [15/May/2026:14:56:20 -0400] "GET /wp-content/uploads/2024/03/OUDU0149-1-430x430.png HTTP/1.1" 200 0 "https://www.shoenation.me/page/29/?filter_size=38%2C41%2C42&post_type=product" "Mozilla/5.0 (compatible; Bytespider; spider-feedback@bytedance.com) AppleWebKit/537.36 (KHTML, like Gecko) Chrome/70.0.0.0 Safari/537.36"
47.128.62.128 - - [15/May/2026:14:56:20 -0400] "GET /wp-content/uploads/2024/03/OUDU0190-2-430x430.png HTTP/1.1" 200 0 "https://www.shoenation.me/page/29/?filter_size=38%2C41%2C42&post_type=product" "Mozilla/5.0 (compatible; Bytespider; spider-feedback@bytedance.com) AppleWebKit/537.36 (KHTML, like Gecko) Chrome/70.0.0.0 Safari/537.36"
47.128.62.128 - - [15/May/2026:14:56:20 -0400] "GET /wp-content/uploads/2024/03/OUDU0193-1-430x430.png HTTP/1.1" 200 0 "https://www.shoenation.me/page/29/?filter_size=38%2C41%2C42&post_type=product" "Mozilla/5.0 (compatible; Bytespider; spider-feedback@bytedance.com) AppleWebKit/537.36 (KHTML, like Gecko) Chrome/70.0.0.0 Safari/537.36"
47.128.62.128 - - [15/May/2026:14:56:20 -0400] "GET /wp-content/uploads/2024/03/OUDU0149-2-430x430.png HTTP/1.1" 200 0 "https://www.shoenation.me/page/29/?filter_size=38%2C41%2C42&post_type=product" "Mozilla/5.0 (compatible; Bytespider; spider-feedback@bytedance.com) AppleWebKit/537.36 (KHTML, like Gecko) Chrome/70.0.0.0 Safari/537.36"
47.128.62.128 - - [15/May/2026:14:56:20 -0400] "GET /wp-content/uploads/2024/03/OUDU0157-1-430x430.png HTTP/1.1" 200 0 "https://www.shoenation.me/page/29/?filter_size=38%2C41%2C42&post_type=product" "Mozilla/5.0 (compatible; Bytespider; spider-feedback@bytedance.com) AppleWebKit/537.36 (KHTML, like Gecko) Chrome/70.0.0.0 Safari/537.36"
47.128.62.128 - - [15/May/2026:14:56:20 -0400] "GET /wp-content/uploads/2024/03/OUDU0193-2-430x430.png HTTP/1.1" 200 0 "https://www.shoenation.me/page/29/?filter_size=38%2C41%2C42&post_type=product" "Mozilla/5.0 (compatible; Bytespider; spider-feedback@bytedance.com) AppleWebKit/537.36 (KHTML, like Gecko) Chrome/70.0.0.0 Safari/537.36"
47.128.62.128 - - [15/May/2026:14:56:21 -0400] "GET /wp-content/uploads/2024/03/OUDU0177-1-430x430.png HTTP/1.1" 200 0 "https://www.shoenation.me/page/29/?filter_size=38%2C41%2C42&post_type=product" "Mozilla/5.0 (compatible; Bytespider; spider-feedback@bytedance.com) AppleWebKit/537.36 (KHTML, like Gecko) Chrome/70.0.0.0 Safari/537.36"
47.128.62.128 - - [15/May/2026:14:56:21 -0400] "GET /wp-content/uploads/2024/03/OUDU0157-2-430x430.png HTTP/1.1" 200 0 "https://www.shoenation.me/page/29/?filter_size=38%2C41%2C42&post_type=product" "Mozilla/5.0 (compatible; Bytespider; spider-feedback@bytedance.com) AppleWebKit/537.36 (KHTML, like Gecko) Chrome/70.0.0.0 Safari/537.36"
47.128.62.128 - - [15/May/2026:14:56:21 -0400] "GET /wp-content/uploads/2024/03/OUDU0177-2-430x430.png HTTP/1.1" 200 0 "https://www.shoenation.me/page/29/?filter_size=38%2C41%2C42&post_type=product" "Mozilla/5.0 (compatible; Bytespider; spider-feedback@bytedance.com) AppleWebKit/537.36 (KHTML, like Gecko) Chrome/70.0.0.0 Safari/537.36"
47.128.62.128 - - [15/May/2026:14:56:40 -0400] "GET /wp-content/uploads/2024/10/OSHSN0187-3-430x430.jpg HTTP/1.1" 200 0 "https://www.shoenation.me/page/29/?filter_size=38%2C41%2C42&post_type=product" "Mozilla/5.0 (compatible; Bytespider; spider-feedback@bytedance.com) AppleWebKit/537.36 (KHTML, like Gecko) Chrome/70.0.0.0 Safari/537.36"
47.82.14.28 - - [15/May/2026:14:56:51 -0400] "GET /?filter_size=37-5%2C39%2C40%2C41%2C44%2C45&product_cat=sp HTTP/1.1" 500 1083 "-" "Mozilla/5.0 (Macintosh; Intel Mac OS X 10_15_7) AppleWebKit/537.36 (KHTML, like Gecko) Chrome/145.0.0.0 Safari/537.36"
67.223.118.104 - - [15/May/2026:14:57:09 -0400] "POST /wp-cron.php?doing_wp_cron=1778871429.1380000114440917968750 HTTP/1.1" 200 0 "-" "WordPress/6.9.4; https://www.shoenation.me"
67.223.118.104 - - [15/May/2026:14:57:26 -0400] "POST /wp-cron.php?doing_wp_cron=1778871446.4394791126251220703125 HTTP/1.1" 200 0 "-" "WordPress/6.9.4; https://www.shoenation.me"
47.79.51.209 - - [15/May/2026:14:57:23 -0400] "GET /?filter_size=37%2C41%2C43%2C44%2C47&per_page=18&product_cat=adidas&stock_status=instock%2Consale HTTP/1.1" 301 0 "-" "Mozilla/5.0 (Windows NT 10.0; Win64; x64) AppleWebKit/537.36 (KHTML, like Gecko) Chrome/142.0.0.0 Safari/537.36"
47.79.51.209 - - [15/May/2026:14:57:26 -0400] "GET /product-category/adidas/?filter_size=37%2C41%2C43%2C44%2C47&per_page=18&stock_status=instock%2Consale HTTP/1.1" 200 0 "https://www.shoenation.me/?filter_size=37%2C41%2C43%2C44%2C47&per_page=18&product_cat=adidas&stock_status=instock%2Consale" "Mozilla/5.0 (Windows NT 10.0; Win64; x64) AppleWebKit/537.36 (KHTML, like Gecko) Chrome/142.0.0.0 Safari/537.36"
67.223.118.104 - - [15/May/2026:14:58:30 -0400] "POST /wp-cron.php?doing_wp_cron=1778871510.6411039829254150390625 HTTP/1.1" 200 0 "-" "WordPress/6.9.4; https://www.shoenation.me"
47.82.13.13 - - [15/May/2026:14:58:26 -0400] "GET /?filter_size=38%2C40%2C45&per_page=9&per_row=4&product_cat=yezzy&shop_view=grid HTTP/1.1" 301 0 "-" "Mozilla/5.0 (Windows NT 10.0; Win64; x64) AppleWebKit/537.36 (KHTML, like Gecko) Chrome/142.0.0.0 Safari/537.36"
47.82.14.87 - - [15/May/2026:14:58:27 -0400] "GET /?filter_size=36%2C45&per_row=2&product_cat=yezzy&shop_view=grid HTTP/1.1" 301 0 "-" "Mozilla/5.0 (Windows NT 10.0; Win64; x64) AppleWebKit/537.36 (KHTML, like Gecko) Chrome/144.0.0.0 Safari/537.36"
47.82.13.13 - - [15/May/2026:14:58:31 -0400] "GET /product-category/adidas/yezzy/?filter_size=38%2C40%2C45&per_page=9&per_row=4&shop_view=grid HTTP/1.1" 200 0 "https://www.shoenation.me/?filter_size=38%2C40%2C45&per_page=9&per_row=4&product_cat=yezzy&shop_view=grid" "Mozilla/5.0 (Windows NT 10.0; Win64; x64) AppleWebKit/537.36 (KHTML, like Gecko) Chrome/142.0.0.0 Safari/537.36"
47.82.14.87 - - [15/May/2026:14:58:31 -0400] "GET /product-category/adidas/yezzy/?filter_size=36%2C45&per_row=2&shop_view=grid HTTP/1.1" 200 0 "https://www.shoenation.me/?filter_size=36%2C45&per_row=2&product_cat=yezzy&shop_view=grid" "Mozilla/5.0 (Windows NT 10.0; Win64; x64) AppleWebKit/537.36 (KHTML, like Gecko) Chrome/144.0.0.0 Safari/537.36"
47.79.15.75 - - [15/May/2026:14:58:42 -0400] "GET /?filter_size=36%2C37%2C38%2C39%2C41%2C42%2C43&per_page=18&product_cat=gazelle HTTP/1.1" 301 0 "-" "Mozilla/5.0 (Macintosh; Intel Mac OS X 10_15_7) AppleWebKit/537.36 (KHTML, like Gecko) Chrome/143.0.0.0 Safari/537.36"
47.79.15.75 - - [15/May/2026:14:58:47 -0400] "GET /product-category/adidas/gazelle/?filter_size=36%2C37%2C38%2C39%2C41%2C42%2C43&per_page=18 HTTP/1.1" 200 0 "https://www.shoenation.me/?filter_size=36%2C37%2C38%2C39%2C41%2C42%2C43&per_page=18&product_cat=gazelle" "Mozilla/5.0 (Macintosh; Intel Mac OS X 10_15_7) AppleWebKit/537.36 (KHTML, like Gecko) Chrome/143.0.0.0 Safari/537.36"
67.223.118.104 - - [15/May/2026:15:00:00 -0400] "POST /wp-cron.php?doing_wp_cron=1778871600.7406890392303466796875 HTTP/1.1" 200 0 "-" "WordPress/6.9.4; https://www.shoenation.me"
47.128.62.158 - - [15/May/2026:14:59:55 -0400] "GET /?filter_size=36%2C37%2C39%2C42%2C43%2C45%2C46&per_page=12&product_cat=on-running&stock_status=instock%2Consale HTTP/1.1" 301 0 "-" "Mozilla/5.0 (compatible; Bytespider; spider-feedback@bytedance.com) AppleWebKit/537.36 (KHTML, like Gecko) Chrome/70.0.0.0 Safari/537.36"
67.223.118.104 - - [15/May/2026:15:00:07 -0400] "POST /wp-cron.php?doing_wp_cron=1778871607.7378098964691162109375 HTTP/1.1" 200 0 "-" "WordPress/6.9.4; https://www.shoenation.me"
47.79.15.97 - - [15/May/2026:15:00:00 -0400] "GET /?filter_size=36%2C37%2C39%2C41%2C42%2C44%2C45%2C46&product_cat=adidas HTTP/1.1" 301 0 "-" "Mozilla/5.0 (Windows NT 10.0; Win64; x64) AppleWebKit/537.36 (KHTML, like Gecko) Chrome/138.0.0.0 Safari/537.36"
66.249.73.73 - - [15/May/2026:15:00:08 -0400] "GET /?detail/659938687 HTTP/1.1" 200 23878 "-" "Mozilla/5.0 (Linux; Android 6.0.1; Nexus 5X Build/MMB29P) AppleWebKit/537.36 (KHTML, like Gecko) Chrome/148.0.7778.96 Mobile Safari/537.36 (compatible; Googlebot/2.1; +http://www.google.com/bot.html)"
47.79.15.97 - - [15/May/2026:15:00:08 -0400] "GET /product-category/adidas/?filter_size=36%2C37%2C39%2C41%2C42%2C44%2C45%2C46 HTTP/1.1" 200 0 "https://www.shoenation.me/?filter_size=36%2C37%2C39%2C41%2C42%2C44%2C45%2C46&product_cat=adidas" "Mozilla/5.0 (Windows NT 10.0; Win64; x64) AppleWebKit/537.36 (KHTML, like Gecko) Chrome/138.0.0.0 Safari/537.36"
