47.128.62.157 - - [15/May/2026:12:56:41 -0400] "GET /wp-content/uploads/2024/06/5ef42a4788df9cdaaf135d9583f2228b-1-150x150.jpg HTTP/1.1" 200 0 "https://www.shoenation.me/product-category/nike/sb-dunk/?filter_size=42%2C46&stock_status=instock%2Consale" "Mozilla/5.0 (compatible; Bytespider; spider-feedback@bytedance.com) AppleWebKit/537.36 (KHTML, like Gecko) Chrome/70.0.0.0 Safari/537.36"
47.128.62.157 - - [15/May/2026:12:56:41 -0400] "GET /wp-content/uploads/2024/06/3423897250m8_zm-1-150x150.jpg HTTP/1.1" 200 0 "https://www.shoenation.me/product-category/nike/sb-dunk/?filter_size=42%2C46&stock_status=instock%2Consale" "Mozilla/5.0 (compatible; Bytespider; spider-feedback@bytedance.com) AppleWebKit/537.36 (KHTML, like Gecko) Chrome/70.0.0.0 Safari/537.36"
47.128.62.157 - - [15/May/2026:12:56:41 -0400] "GET /wp-content/uploads/2024/03/OUDU0183-1-430x430.png HTTP/1.1" 200 0 "https://www.shoenation.me/product-category/nike/sb-dunk/?filter_size=42%2C46&stock_status=instock%2Consale" "Mozilla/5.0 (compatible; Bytespider; spider-feedback@bytedance.com) AppleWebKit/537.36 (KHTML, like Gecko) Chrome/70.0.0.0 Safari/537.36"
47.128.62.157 - - [15/May/2026:12:56:40 -0400] "GET /wp-content/uploads/2025/02/IMG_0260-150x150.jpeg HTTP/1.1" 200 0 "https://www.shoenation.me/product-category/nike/sb-dunk/?filter_size=42%2C46&stock_status=instock%2Consale" "Mozilla/5.0 (compatible; Bytespider; spider-feedback@bytedance.com) AppleWebKit/537.36 (KHTML, like Gecko) Chrome/70.0.0.0 Safari/537.36"
47.128.62.157 - - [15/May/2026:12:56:40 -0400] "GET /wp-content/uploads/2024/03/ShoeNation-Logo.png HTTP/1.1" 200 0 "https://www.shoenation.me/product-category/nike/sb-dunk/?filter_size=42%2C46&stock_status=instock%2Consale" "Mozilla/5.0 (compatible; Bytespider; spider-feedback@bytedance.com) AppleWebKit/537.36 (KHTML, like Gecko) Chrome/70.0.0.0 Safari/537.36"
47.128.62.157 - - [15/May/2026:12:56:41 -0400] "GET /wp-content/uploads/2024/05/nike-sb-dunk-low-burgundy-crush-fn0619-600-release-date-430x484.webp HTTP/1.1" 200 0 "https://www.shoenation.me/product-category/nike/sb-dunk/?filter_size=42%2C46&stock_status=instock%2Consale" "Mozilla/5.0 (compatible; Bytespider; spider-feedback@bytedance.com) AppleWebKit/537.36 (KHTML, like Gecko) Chrome/70.0.0.0 Safari/537.36"
47.128.62.157 - - [15/May/2026:12:56:41 -0400] "GET /wp-content/uploads/2024/03/OUDU0193-2-430x430.png HTTP/1.1" 200 0 "https://www.shoenation.me/product-category/nike/sb-dunk/?filter_size=42%2C46&stock_status=instock%2Consale" "Mozilla/5.0 (compatible; Bytespider; spider-feedback@bytedance.com) AppleWebKit/537.36 (KHTML, like Gecko) Chrome/70.0.0.0 Safari/537.36"
47.128.62.157 - - [15/May/2026:12:57:00 -0400] "GET /wp-content/uploads/2024/03/wd-envelope-dark.svg HTTP/1.1" 200 0 "https://www.shoenation.me/product-category/nike/sb-dunk/?filter_size=42%2C46&stock_status=instock%2Consale" "Mozilla/5.0 (compatible; Bytespider; spider-feedback@bytedance.com) AppleWebKit/537.36 (KHTML, like Gecko) Chrome/70.0.0.0 Safari/537.36"
47.128.62.157 - - [15/May/2026:12:56:59 -0400] "GET /wp-content/uploads/2024/03/OUDU0171-3-430x430.png HTTP/1.1" 200 0 "https://www.shoenation.me/product-category/nike/sb-dunk/?filter_size=42%2C46&stock_status=instock%2Consale" "Mozilla/5.0 (compatible; Bytespider; spider-feedback@bytedance.com) AppleWebKit/537.36 (KHTML, like Gecko) Chrome/70.0.0.0 Safari/537.36"
47.128.62.157 - - [15/May/2026:12:57:00 -0400] "GET /wp-content/uploads/2024/03/OUDU0199-1-430x430.png HTTP/1.1" 200 0 "https://www.shoenation.me/product-category/nike/sb-dunk/?filter_size=42%2C46&stock_status=instock%2Consale" "Mozilla/5.0 (compatible; Bytespider; spider-feedback@bytedance.com) AppleWebKit/537.36 (KHTML, like Gecko) Chrome/70.0.0.0 Safari/537.36"
67.223.118.104 - - [15/May/2026:12:57:09 -0400] "POST /wp-cron.php?doing_wp_cron=1778864229.3355970382690429687500 HTTP/1.1" 200 0 "-" "WordPress/6.9.4; https://www.shoenation.me"
66.249.73.71 - - [15/May/2026:12:57:16 -0400] "GET /?detail/128950573 HTTP/1.1" 200 24130 "-" "Mozilla/5.0 (Linux; Android 6.0.1; Nexus 5X Build/MMB29P) AppleWebKit/537.36 (KHTML, like Gecko) Chrome/148.0.7778.96 Mobile Safari/537.36 (compatible; Googlebot/2.1; +http://www.google.com/bot.html)"
112.9.105.27 - - [15/May/2026:12:57:15 -0400] "GET /wp-content/uploads/2025/05/1162053-FLV_4-700x568.webp HTTP/1.1" 200 0 "-" "Mozilla/5.0 (Macintosh; Intel Mac OS X 10_6_0 rv:3.0; ug-CN) AppleWebKit/533.1.4 (KHTML, like Gecko) Version/4.0.1 Safari/533.1.4"
66.249.73.71 - - [15/May/2026:12:57:32 -0400] "GET /?product_cat=nb2002r&stock_status=instock%2Consale&filter_size=39%2C40%2C41%2C43%2C44&per_page=12 HTTP/1.1" 200 24879 "-" "Mozilla/5.0 (Linux; Android 6.0.1; Nexus 5X Build/MMB29P) AppleWebKit/537.36 (KHTML, like Gecko) Chrome/148.0.7778.96 Mobile Safari/537.36 (compatible; Googlebot/2.1; +http://www.google.com/bot.html)"
67.223.118.104 - - [15/May/2026:12:58:14 -0400] "POST /wp-cron.php?doing_wp_cron=1778864293.9410250186920166015625 HTTP/1.1" 200 0 "-" "WordPress/6.9.4; https://www.shoenation.me"
91.84.114.45 - - [15/May/2026:12:58:10 -0400] "GET /?page_id=4439 HTTP/1.0" 301 0 "https://www.shoenation.me/?page_id=4439" "Mozilla/5.0 (Windows NT 10.0; Win64; x64) AppleWebKit/537.36 (KHTML, like Gecko) Chrome/130.0.0.0 Safari/537.36"
91.84.114.45 - - [15/May/2026:12:58:14 -0400] "GET /contact-us/ HTTP/1.0" 200 194308 "https://www.shoenation.me/contact-us/" "Mozilla/5.0 (Windows NT 10.0; Win64; x64) AppleWebKit/537.36 (KHTML, like Gecko) Chrome/130.0.0.0 Safari/537.36"
43.130.26.3 - - [15/May/2026:13:00:11 -0400] "GET /product-category/crocs/ HTTP/1.1" 200 0 "-" "Mozilla/5.0 (iPhone; CPU iPhone OS 13_2_3 like Mac OS X) AppleWebKit/605.1.15 (KHTML, like Gecko) Version/13.0.3 Mobile/15E148 Safari/604.1"
67.223.118.104 - - [15/May/2026:13:00:40 -0400] "POST /wp-cron.php?doing_wp_cron=1778864440.3350811004638671875000 HTTP/1.1" 200 0 "-" "WordPress/6.9.4; https://www.shoenation.me"
47.128.62.176 - - [15/May/2026:13:00:05 -0400] "GET /?filter_size=37%2C38%2C39%2C40%2C41%2C44&per_row=2&product_cat=sp&shop_view=grid&stock_status=onsale HTTP/1.1" 301 0 "-" "Mozilla/5.0 (Linux; Android 5.0) AppleWebKit/537.36 (KHTML, like Gecko) Mobile Safari/537.36 (compatible; Bytespider; spider-feedback@bytedance.com)"
67.223.118.104 - - [15/May/2026:13:00:51 -0400] "POST /wp-cron.php?doing_wp_cron=1778864451.5408930778503417968750 HTTP/1.1" 200 0 "-" "WordPress/6.9.4; https://www.shoenation.me"
47.128.62.176 - - [15/May/2026:13:00:41 -0400] "GET /product-category/adidas/sp/?filter_size=37%2C38%2C39%2C40%2C41%2C44&per_row=2&shop_view=grid&stock_status=onsale HTTP/1.1" 200 47073 "-" "Mozilla/5.0 (Linux; Android 5.0) AppleWebKit/537.36 (KHTML, like Gecko) Mobile Safari/537.36 (compatible; Bytespider; spider-feedback@bytedance.com)"
47.128.62.176 - - [15/May/2026:13:00:54 -0400] "GET /wp-content/uploads/2025/02/IMG_0260-150x150.jpeg HTTP/1.1" 404 178455 "https://www.shoenation.me/product-category/adidas/sp/?filter_size=37%2C38%2C39%2C40%2C41%2C44&per_row=2&shop_view=grid&stock_status=onsale" "Mozilla/5.0 (Linux; Android 5.0) AppleWebKit/537.36 (KHTML, like Gecko) Mobile Safari/537.36 (compatible; Bytespider; spider-feedback@bytedance.com)"
47.128.62.176 - - [15/May/2026:13:00:54 -0400] "GET /wp-content/uploads/2025/02/download-150x150.jpg HTTP/1.1" 404 178452 "https://www.shoenation.me/product-category/adidas/sp/?filter_size=37%2C38%2C39%2C40%2C41%2C44&per_row=2&shop_view=grid&stock_status=onsale" "Mozilla/5.0 (Linux; Android 5.0) AppleWebKit/537.36 (KHTML, like Gecko) Mobile Safari/537.36 (compatible; Bytespider; spider-feedback@bytedance.com)"
47.128.62.176 - - [15/May/2026:13:00:54 -0400] "GET /wp-content/uploads/2025/02/new-balance-530-miu-miu-v0-0p61tlqcrp2d1-150x150.webp HTTP/1.1" 404 178551 "https://www.shoenation.me/product-category/adidas/sp/?filter_size=37%2C38%2C39%2C40%2C41%2C44&per_row=2&shop_view=grid&stock_status=onsale" "Mozilla/5.0 (Linux; Android 5.0) AppleWebKit/537.36 (KHTML, like Gecko) Mobile Safari/537.36 (compatible; Bytespider; spider-feedback@bytedance.com)"
47.128.62.176 - - [15/May/2026:13:00:54 -0400] "GET /wp-content/uploads/2024/03/ShoeNation-Logo.png HTTP/1.1" 404 178449 "https://www.shoenation.me/product-category/adidas/sp/?filter_size=37%2C38%2C39%2C40%2C41%2C44&per_row=2&shop_view=grid&stock_status=onsale" "Mozilla/5.0 (Linux; Android 5.0) AppleWebKit/537.36 (KHTML, like Gecko) Mobile Safari/537.36 (compatible; Bytespider; spider-feedback@bytedance.com)"
47.128.62.176 - - [15/May/2026:13:00:54 -0400] "GET /wp-content/uploads/2024/06/3423897250m8_zm-1.jpg HTTP/1.1" 200 0 "https://www.shoenation.me/product-category/adidas/sp/?filter_size=37%2C38%2C39%2C40%2C41%2C44&per_row=2&shop_view=grid&stock_status=onsale" "Mozilla/5.0 (Linux; Android 5.0) AppleWebKit/537.36 (KHTML, like Gecko) Mobile Safari/537.36 (compatible; Bytespider; spider-feedback@bytedance.com)"
67.223.118.104 - - [15/May/2026:13:02:13 -0400] "POST /wp-cron.php?doing_wp_cron=1778864533.0413379669189453125000 HTTP/1.1" 200 0 "-" "WordPress/6.9.4; https://www.shoenation.me"
47.82.9.37 - - [15/May/2026:13:02:08 -0400] "GET /wp-content/uploads/2025/02/m1906rer_nb_04_i.webp HTTP/1.1" 404 41695 "https://www.shoenation.me/" "Mozilla/5.0 (Macintosh; Intel Mac OS X 10_15_7) AppleWebKit/605.1.15 (KHTML, like Gecko) Version/17.6 Safari/605.1.15"
14.162.59.172 - - [15/May/2026:13:02:16 -0400] "GET /?filter_size=39%2C44&product_cat=air-jordan HTTP/1.1" 301 0 "-" "Mozilla/5.0 (Windows NT 5.1; WOW64) AppleWebKit/537.36 (KHTML, like Gecko) Chrome/75.0.3770.100 ADG/11.0.2566 AOLBUILD/11.0.2566 Safari/537.36"
14.162.59.172 - - [15/May/2026:13:02:21 -0400] "GET /product-category/nike/air-jordan/?filter_size=39%2C44 HTTP/1.1" 200 0 "-" "Mozilla/5.0 (Windows NT 5.1; WOW64) AppleWebKit/537.36 (KHTML, like Gecko) Chrome/75.0.3770.100 ADG/11.0.2566 AOLBUILD/11.0.2566 Safari/537.36"
67.223.118.104 - - [15/May/2026:13:02:35 -0400] "POST /wp-cron.php?doing_wp_cron=1778864555.3420510292053222656250 HTTP/1.1" 200 0 "-" "WordPress/6.9.4; https://www.shoenation.me"
66.249.73.73 - - [15/May/2026:13:02:56 -0400] "GET /goods.php?item/w6901636 HTTP/1.1" 200 25334 "-" "Mozilla/5.0 (Linux; Android 6.0.1; Nexus 5X Build/MMB29P) AppleWebKit/537.36 (KHTML, like Gecko) Chrome/148.0.7778.96 Mobile Safari/537.36 (compatible; Googlebot/2.1; +http://www.google.com/bot.html)"
67.223.118.104 - - [15/May/2026:13:04:10 -0400] "POST /wp-cron.php?doing_wp_cron=1778864650.0400180816650390625000 HTTP/1.1" 200 0 "-" "WordPress/6.9.4; https://www.shoenation.me"
47.128.62.11 - - [15/May/2026:13:04:05 -0400] "GET /?filter_size=36%2C37%2C38%2C43%2C46&per_page=12&per_row=3&product_cat=on-running&shop_view=grid&stock_status=instock HTTP/1.1" 301 0 "-" "Mozilla/5.0 (compatible; Bytespider; spider-feedback@bytedance.com) AppleWebKit/537.36 (KHTML, like Gecko) Chrome/70.0.0.0 Safari/537.36"
47.128.62.11 - - [15/May/2026:13:04:10 -0400] "GET /product-category/on-running/?filter_size=36%2C37%2C38%2C43%2C46&per_page=12&per_row=3&shop_view=grid&stock_status=instock HTTP/1.1" 200 45833 "-" "Mozilla/5.0 (compatible; Bytespider; spider-feedback@bytedance.com) AppleWebKit/537.36 (KHTML, like Gecko) Chrome/70.0.0.0 Safari/537.36"
67.223.118.104 - - [15/May/2026:13:04:39 -0400] "POST /wp-cron.php?doing_wp_cron=1778864679.0405430793762207031250 HTTP/1.1" 200 0 "-" "WordPress/6.9.4; https://www.shoenation.me"
47.128.62.11 - - [15/May/2026:13:04:21 -0400] "GET /wp-content/uploads/2024/03/ShoeNation-Logo.png HTTP/1.1" 404 178449 "https://www.shoenation.me/product-category/on-running/?filter_size=36%2C37%2C38%2C43%2C46&per_page=12&per_row=3&shop_view=grid&stock_status=instock" "Mozilla/5.0 (compatible; Bytespider; spider-feedback@bytedance.com) AppleWebKit/537.36 (KHTML, like Gecko) Chrome/70.0.0.0 Safari/537.36"
47.128.62.11 - - [15/May/2026:13:04:21 -0400] "GET /wp-content/uploads/2025/02/new-balance-530-miu-miu-v0-0p61tlqcrp2d1-150x150.webp HTTP/1.1" 404 178551 "https://www.shoenation.me/product-category/on-running/?filter_size=36%2C37%2C38%2C43%2C46&per_page=12&per_row=3&shop_view=grid&stock_status=instock" "Mozilla/5.0 (compatible; Bytespider; spider-feedback@bytedance.com) AppleWebKit/537.36 (KHTML, like Gecko) Chrome/70.0.0.0 Safari/537.36"
47.128.62.11 - - [15/May/2026:13:04:22 -0400] "GET /wp-content/uploads/2024/06/3423897250m8_zm-1-150x150.jpg HTTP/1.1" 404 178479 "https://www.shoenation.me/product-category/on-running/?filter_size=36%2C37%2C38%2C43%2C46&per_page=12&per_row=3&shop_view=grid&stock_status=instock" "Mozilla/5.0 (compatible; Bytespider; spider-feedback@bytedance.com) AppleWebKit/537.36 (KHTML, like Gecko) Chrome/70.0.0.0 Safari/537.36"
47.128.62.11 - - [15/May/2026:13:04:21 -0400] "GET /wp-content/uploads/2025/02/download-150x150.jpg HTTP/1.1" 404 178452 "https://www.shoenation.me/product-category/on-running/?filter_size=36%2C37%2C38%2C43%2C46&per_page=12&per_row=3&shop_view=grid&stock_status=instock" "Mozilla/5.0 (compatible; Bytespider; spider-feedback@bytedance.com) AppleWebKit/537.36 (KHTML, like Gecko) Chrome/70.0.0.0 Safari/537.36"
47.128.62.11 - - [15/May/2026:13:04:22 -0400] "GET /wp-content/uploads/2024/03/wd-envelope-dark.svg HTTP/1.1" 404 178452 "https://www.shoenation.me/product-category/on-running/?filter_size=36%2C37%2C38%2C43%2C46&per_page=12&per_row=3&shop_view=grid&stock_status=instock" "Mozilla/5.0 (compatible; Bytespider; spider-feedback@bytedance.com) AppleWebKit/537.36 (KHTML, like Gecko) Chrome/70.0.0.0 Safari/537.36"
47.128.62.11 - - [15/May/2026:13:04:22 -0400] "GET /wp-content/uploads/2024/06/17-best-nike-running-shoes-15275-150x150.webp HTTP/1.1" 404 178527 "https://www.shoenation.me/product-category/on-running/?filter_size=36%2C37%2C38%2C43%2C46&per_page=12&per_row=3&shop_view=grid&stock_status=instock" "Mozilla/5.0 (compatible; Bytespider; spider-feedback@bytedance.com) AppleWebKit/537.36 (KHTML, like Gecko) Chrome/70.0.0.0 Safari/537.36"
47.128.62.11 - - [15/May/2026:13:04:22 -0400] "GET /wp-content/uploads/2024/06/5ef42a4788df9cdaaf135d9583f2228b-1-150x150.jpg HTTP/1.1" 404 178530 "https://www.shoenation.me/product-category/on-running/?filter_size=36%2C37%2C38%2C43%2C46&per_page=12&per_row=3&shop_view=grid&stock_status=instock" "Mozilla/5.0 (compatible; Bytespider; spider-feedback@bytedance.com) AppleWebKit/537.36 (KHTML, like Gecko) Chrome/70.0.0.0 Safari/537.36"
47.128.62.11 - - [15/May/2026:13:04:22 -0400] "GET /wp-content/uploads/2024/06/product-jpeg-500x500-1-150x150.webp HTTP/1.1" 404 178497 "https://www.shoenation.me/product-category/on-running/?filter_size=36%2C37%2C38%2C43%2C46&per_page=12&per_row=3&shop_view=grid&stock_status=instock" "Mozilla/5.0 (compatible; Bytespider; spider-feedback@bytedance.com) AppleWebKit/537.36 (KHTML, like Gecko) Chrome/70.0.0.0 Safari/537.36"
47.128.62.11 - - [15/May/2026:13:04:21 -0400] "GET /wp-content/uploads/2025/02/IMG_0260-150x150.jpeg HTTP/1.1" 404 178455 "https://www.shoenation.me/product-category/on-running/?filter_size=36%2C37%2C38%2C43%2C46&per_page=12&per_row=3&shop_view=grid&stock_status=instock" "Mozilla/5.0 (compatible; Bytespider; spider-feedback@bytedance.com) AppleWebKit/537.36 (KHTML, like Gecko) Chrome/70.0.0.0 Safari/537.36"
47.128.62.11 - - [15/May/2026:13:04:22 -0400] "GET /wp-content/uploads/2025/02/614b4079e84ea91f6aa9d9919838a0d6.jpg_720x720q80-150x150.jpg HTTP/1.1" 404 178569 "https://www.shoenation.me/product-category/on-running/?filter_size=36%2C37%2C38%2C43%2C46&per_page=12&per_row=3&shop_view=grid&stock_status=instock" "Mozilla/5.0 (compatible; Bytespider; spider-feedback@bytedance.com) AppleWebKit/537.36 (KHTML, like Gecko) Chrome/70.0.0.0 Safari/537.36"
47.128.62.11 - - [15/May/2026:13:04:22 -0400] "GET /wp-content/uploads/2024/06/ca089c0521d61637a52311e4c5c83f0f-150x150.jpg HTTP/1.1" 404 178524 "https://www.shoenation.me/product-category/on-running/?filter_size=36%2C37%2C38%2C43%2C46&per_page=12&per_row=3&shop_view=grid&stock_status=instock" "Mozilla/5.0 (compatible; Bytespider; spider-feedback@bytedance.com) AppleWebKit/537.36 (KHTML, like Gecko) Chrome/70.0.0.0 Safari/537.36"
47.128.62.11 - - [15/May/2026:13:04:22 -0400] "GET /wp-content/uploads/2024/06/63922ed58580f70019f80ea5-1-150x150.webp HTTP/1.1" 404 178509 "https://www.shoenation.me/product-category/on-running/?filter_size=36%2C37%2C38%2C43%2C46&per_page=12&per_row=3&shop_view=grid&stock_status=instock" "Mozilla/5.0 (compatible; Bytespider; spider-feedback@bytedance.com) AppleWebKit/537.36 (KHTML, like Gecko) Chrome/70.0.0.0 Safari/537.36"
116.98.50.56 - - [15/May/2026:13:04:47 -0400] "GET /wp-content/uploads/2024/07/868e1dfe-a6ff-45f8-b5aa-55f5514da761-700x700.webp HTTP/1.1" 404 41723 "-" "Mozilla/5.0 (Windows 98; mni-IN; rv:1.9.0.20) Gecko/6090-08-10 15:09:34.547913 Firefox/4.0"
183.211.189.214 - - [15/May/2026:13:05:03 -0400] "GET /wp-content/uploads/2024/11/4d020396888f43f19240e64aeff6248f-430x430.webp HTTP/1.1" 404 41715 "-" "Mozilla/5.0 (iPhone; CPU iPhone OS 10_3_3 like Mac OS X) AppleWebKit/536.1 (KHTML, like Gecko) FxiOS/16.4v3612.0 Mobile/71P358 Safari/536.1"
67.223.118.104 - - [15/May/2026:13:06:25 -0400] "POST /wp-cron.php?doing_wp_cron=1778864785.7425739765167236328125 HTTP/1.1" 200 0 "-" "WordPress/6.9.4; https://www.shoenation.me"
129.226.94.52 - - [15/May/2026:13:06:19 -0400] "GET /my-account/ HTTP/1.1" 200 49334 "-" "Mozilla/5.0 (iPhone; CPU iPhone OS 13_2_3 like Mac OS X) AppleWebKit/605.1.15 (KHTML, like Gecko) Version/13.0.3 Mobile/15E148 Safari/604.1"
67.223.118.104 - - [15/May/2026:13:07:36 -0400] "POST /wp-cron.php?doing_wp_cron=1778864856.2420310974121093750000 HTTP/1.1" 200 0 "-" "WordPress/6.9.4; https://www.shoenation.me"
114.130.96.142 - - [15/May/2026:13:07:32 -0400] "GET /?filter_size=39%2C44&product_cat=air-jordan HTTP/1.1" 301 0 "-" "Mozilla/5.0 (Macintosh; Intel Mac OS X 10_11_6) AppleWebKit/537.36 (KHTML, like Gecko) Brave Chrome/89.0.4389.72 Safari/537.36"
114.130.96.142 - - [15/May/2026:13:07:36 -0400] "GET /product-category/nike/air-jordan/?filter_size=39%2C44 HTTP/1.1" 200 0 "-" "Mozilla/5.0 (Macintosh; Intel Mac OS X 10_11_6) AppleWebKit/537.36 (KHTML, like Gecko) Brave Chrome/89.0.4389.72 Safari/537.36"
47.128.62.134 - - [15/May/2026:13:08:05 -0400] "GET /?filter_size=37%2C38%2C44&per_page=12&per_row=4&product_cat=sb-dunk&shop_view=grid HTTP/1.1" 301 0 "-" "Mozilla/5.0 (compatible; Bytespider; spider-feedback@bytedance.com) AppleWebKit/537.36 (KHTML, like Gecko) Chrome/70.0.0.0 Safari/537.36"
47.128.62.134 - - [15/May/2026:13:08:08 -0400] "GET /product-category/nike/sb-dunk/?filter_size=37%2C38%2C44&per_page=12&per_row=4&shop_view=grid HTTP/1.1" 200 51563 "-" "Mozilla/5.0 (compatible; Bytespider; spider-feedback@bytedance.com) AppleWebKit/537.36 (KHTML, like Gecko) Chrome/70.0.0.0 Safari/537.36"
47.128.62.134 - - [15/May/2026:13:08:14 -0400] "GET /wp-content/uploads/2024/03/ShoeNation-Logo.png HTTP/1.1" 200 0 "https://www.shoenation.me/product-category/nike/sb-dunk/?filter_size=37%2C38%2C44&per_page=12&per_row=4&shop_view=grid" "Mozilla/5.0 (compatible; Bytespider; spider-feedback@bytedance.com) AppleWebKit/537.36 (KHTML, like Gecko) Chrome/70.0.0.0 Safari/537.36"
47.128.62.134 - - [15/May/2026:13:08:14 -0400] "GET /wp-content/uploads/2025/02/IMG_0260-150x150.jpeg HTTP/1.1" 404 178455 "https://www.shoenation.me/product-category/nike/sb-dunk/?filter_size=37%2C38%2C44&per_page=12&per_row=4&shop_view=grid" "Mozilla/5.0 (compatible; Bytespider; spider-feedback@bytedance.com) AppleWebKit/537.36 (KHTML, like Gecko) Chrome/70.0.0.0 Safari/537.36"
47.128.62.134 - - [15/May/2026:13:08:14 -0400] "GET /wp-content/uploads/2025/02/new-balance-530-miu-miu-v0-0p61tlqcrp2d1-150x150.webp HTTP/1.1" 200 0 "https://www.shoenation.me/product-category/nike/sb-dunk/?filter_size=37%2C38%2C44&per_page=12&per_row=4&shop_view=grid" "Mozilla/5.0 (compatible; Bytespider; spider-feedback@bytedance.com) AppleWebKit/537.36 (KHTML, like Gecko) Chrome/70.0.0.0 Safari/537.36"
47.128.62.134 - - [15/May/2026:13:08:14 -0400] "GET /wp-content/uploads/2025/02/download-150x150.jpg HTTP/1.1" 200 0 "https://www.shoenation.me/product-category/nike/sb-dunk/?filter_size=37%2C38%2C44&per_page=12&per_row=4&shop_view=grid" "Mozilla/5.0 (compatible; Bytespider; spider-feedback@bytedance.com) AppleWebKit/537.36 (KHTML, like Gecko) Chrome/70.0.0.0 Safari/537.36"
47.128.62.134 - - [15/May/2026:13:08:14 -0400] "GET /wp-content/uploads/2024/06/3423897250m8_zm-1-150x150.jpg HTTP/1.1" 200 0 "https://www.shoenation.me/product-category/nike/sb-dunk/?filter_size=37%2C38%2C44&per_page=12&per_row=4&shop_view=grid" "Mozilla/5.0 (compatible; Bytespider; spider-feedback@bytedance.com) AppleWebKit/537.36 (KHTML, like Gecko) Chrome/70.0.0.0 Safari/537.36"
47.128.62.134 - - [15/May/2026:13:08:14 -0400] "GET /wp-content/uploads/2024/06/5ef42a4788df9cdaaf135d9583f2228b-1-150x150.jpg HTTP/1.1" 200 0 "https://www.shoenation.me/product-category/nike/sb-dunk/?filter_size=37%2C38%2C44&per_page=12&per_row=4&shop_view=grid" "Mozilla/5.0 (compatible; Bytespider; spider-feedback@bytedance.com) AppleWebKit/537.36 (KHTML, like Gecko) Chrome/70.0.0.0 Safari/537.36"
47.128.62.134 - - [15/May/2026:13:08:14 -0400] "GET /wp-content/uploads/2024/06/ca089c0521d61637a52311e4c5c83f0f-150x150.jpg HTTP/1.1" 200 0 "https://www.shoenation.me/product-category/nike/sb-dunk/?filter_size=37%2C38%2C44&per_page=12&per_row=4&shop_view=grid" "Mozilla/5.0 (compatible; Bytespider; spider-feedback@bytedance.com) AppleWebKit/537.36 (KHTML, like Gecko) Chrome/70.0.0.0 Safari/537.36"
47.128.62.134 - - [15/May/2026:13:08:14 -0400] "GET /wp-content/uploads/2024/06/63922ed58580f70019f80ea5-1-150x150.webp HTTP/1.1" 200 0 "https://www.shoenation.me/product-category/nike/sb-dunk/?filter_size=37%2C38%2C44&per_page=12&per_row=4&shop_view=grid" "Mozilla/5.0 (compatible; Bytespider; spider-feedback@bytedance.com) AppleWebKit/537.36 (KHTML, like Gecko) Chrome/70.0.0.0 Safari/537.36"
47.128.62.134 - - [15/May/2026:13:08:14 -0400] "GET /wp-content/uploads/2024/06/product-jpeg-500x500-1-150x150.webp HTTP/1.1" 200 0 "https://www.shoenation.me/product-category/nike/sb-dunk/?filter_size=37%2C38%2C44&per_page=12&per_row=4&shop_view=grid" "Mozilla/5.0 (compatible; Bytespider; spider-feedback@bytedance.com) AppleWebKit/537.36 (KHTML, like Gecko) Chrome/70.0.0.0 Safari/537.36"
47.128.62.134 - - [15/May/2026:13:08:14 -0400] "GET /wp-content/uploads/2025/02/614b4079e84ea91f6aa9d9919838a0d6.jpg_720x720q80-150x150.jpg HTTP/1.1" 200 0 "https://www.shoenation.me/product-category/nike/sb-dunk/?filter_size=37%2C38%2C44&per_page=12&per_row=4&shop_view=grid" "Mozilla/5.0 (compatible; Bytespider; spider-feedback@bytedance.com) AppleWebKit/537.36 (KHTML, like Gecko) Chrome/70.0.0.0 Safari/537.36"
47.128.62.134 - - [15/May/2026:13:08:15 -0400] "GET /wp-content/uploads/2024/03/OUDU0159-1-430x430.png HTTP/1.1" 200 0 "https://www.shoenation.me/product-category/nike/sb-dunk/?filter_size=37%2C38%2C44&per_page=12&per_row=4&shop_view=grid" "Mozilla/5.0 (compatible; Bytespider; spider-feedback@bytedance.com) AppleWebKit/537.36 (KHTML, like Gecko) Chrome/70.0.0.0 Safari/537.36"
47.128.62.134 - - [15/May/2026:13:08:15 -0400] "GET /wp-content/uploads/2024/06/17-best-nike-running-shoes-15275-150x150.webp HTTP/1.1" 200 0 "https://www.shoenation.me/product-category/nike/sb-dunk/?filter_size=37%2C38%2C44&per_page=12&per_row=4&shop_view=grid" "Mozilla/5.0 (compatible; Bytespider; spider-feedback@bytedance.com) AppleWebKit/537.36 (KHTML, like Gecko) Chrome/70.0.0.0 Safari/537.36"
47.128.62.134 - - [15/May/2026:13:08:15 -0400] "GET /wp-content/uploads/2024/05/CXxmX51S0q4dh2GEkfhm42rGuXpYfELSmhmdh8tU-430x430.webp HTTP/1.1" 200 0 "https://www.shoenation.me/product-category/nike/sb-dunk/?filter_size=37%2C38%2C44&per_page=12&per_row=4&shop_view=grid" "Mozilla/5.0 (compatible; Bytespider; spider-feedback@bytedance.com) AppleWebKit/537.36 (KHTML, like Gecko) Chrome/70.0.0.0 Safari/537.36"
47.128.62.134 - - [15/May/2026:13:08:15 -0400] "GET /wp-content/uploads/2024/03/OUDU0159-2-430x430.png HTTP/1.1" 200 0 "https://www.shoenation.me/product-category/nike/sb-dunk/?filter_size=37%2C38%2C44&per_page=12&per_row=4&shop_view=grid" "Mozilla/5.0 (compatible; Bytespider; spider-feedback@bytedance.com) AppleWebKit/537.36 (KHTML, like Gecko) Chrome/70.0.0.0 Safari/537.36"
47.128.62.134 - - [15/May/2026:13:08:15 -0400] "GET /wp-content/uploads/2024/05/23fd66ac4b160d6904613145b49389ad_1653077430-430x430.jpeg HTTP/1.1" 200 0 "https://www.shoenation.me/product-category/nike/sb-dunk/?filter_size=37%2C38%2C44&per_page=12&per_row=4&shop_view=grid" "Mozilla/5.0 (compatible; Bytespider; spider-feedback@bytedance.com) AppleWebKit/537.36 (KHTML, like Gecko) Chrome/70.0.0.0 Safari/537.36"
47.128.62.134 - - [15/May/2026:13:08:15 -0400] "GET /wp-content/uploads/2024/05/GyXtxDOe9eBxBoUp2oOV8C6jStqg2fSwAbMZRFsr-430x430.webp HTTP/1.1" 200 0 "https://www.shoenation.me/product-category/nike/sb-dunk/?filter_size=37%2C38%2C44&per_page=12&per_row=4&shop_view=grid" "Mozilla/5.0 (compatible; Bytespider; spider-feedback@bytedance.com) AppleWebKit/537.36 (KHTML, like Gecko) Chrome/70.0.0.0 Safari/537.36"
47.128.62.134 - - [15/May/2026:13:08:15 -0400] "GET /wp-content/uploads/2024/03/OUDU0169-1-430x430.png HTTP/1.1" 200 0 "https://www.shoenation.me/product-category/nike/sb-dunk/?filter_size=37%2C38%2C44&per_page=12&per_row=4&shop_view=grid" "Mozilla/5.0 (compatible; Bytespider; spider-feedback@bytedance.com) AppleWebKit/537.36 (KHTML, like Gecko) Chrome/70.0.0.0 Safari/537.36"
47.128.62.134 - - [15/May/2026:13:08:15 -0400] "GET /wp-content/uploads/2024/05/cb72f78fd8042dd273a28a45a838e8ca_1653077427-430x430.jpeg HTTP/1.1" 200 0 "https://www.shoenation.me/product-category/nike/sb-dunk/?filter_size=37%2C38%2C44&per_page=12&per_row=4&shop_view=grid" "Mozilla/5.0 (compatible; Bytespider; spider-feedback@bytedance.com) AppleWebKit/537.36 (KHTML, like Gecko) Chrome/70.0.0.0 Safari/537.36"
47.128.62.134 - - [15/May/2026:13:08:15 -0400] "GET /wp-content/uploads/2024/03/OUDU0163-1-430x430.png HTTP/1.1" 200 0 "https://www.shoenation.me/product-category/nike/sb-dunk/?filter_size=37%2C38%2C44&per_page=12&per_row=4&shop_view=grid" "Mozilla/5.0 (compatible; Bytespider; spider-feedback@bytedance.com) AppleWebKit/537.36 (KHTML, like Gecko) Chrome/70.0.0.0 Safari/537.36"
47.128.62.134 - - [15/May/2026:13:08:15 -0400] "GET /wp-content/uploads/2024/03/OUDU0169-3-430x430.png HTTP/1.1" 200 0 "https://www.shoenation.me/product-category/nike/sb-dunk/?filter_size=37%2C38%2C44&per_page=12&per_row=4&shop_view=grid" "Mozilla/5.0 (compatible; Bytespider; spider-feedback@bytedance.com) AppleWebKit/537.36 (KHTML, like Gecko) Chrome/70.0.0.0 Safari/537.36"
47.128.62.134 - - [15/May/2026:13:08:15 -0400] "GET /wp-content/uploads/2024/05/1_14c3d3b0-3479-447d-828c-7aed3e788c7b-430x430.webp HTTP/1.1" 200 0 "https://www.shoenation.me/product-category/nike/sb-dunk/?filter_size=37%2C38%2C44&per_page=12&per_row=4&shop_view=grid" "Mozilla/5.0 (compatible; Bytespider; spider-feedback@bytedance.com) AppleWebKit/537.36 (KHTML, like Gecko) Chrome/70.0.0.0 Safari/537.36"
47.128.62.134 - - [15/May/2026:13:08:15 -0400] "GET /wp-content/uploads/2024/03/OUDU0163-3-430x430.png HTTP/1.1" 200 0 "https://www.shoenation.me/product-category/nike/sb-dunk/?filter_size=37%2C38%2C44&per_page=12&per_row=4&shop_view=grid" "Mozilla/5.0 (compatible; Bytespider; spider-feedback@bytedance.com) AppleWebKit/537.36 (KHTML, like Gecko) Chrome/70.0.0.0 Safari/537.36"
47.128.62.134 - - [15/May/2026:13:08:15 -0400] "GET /wp-content/uploads/2024/03/OUDU0181-1-430x430.png HTTP/1.1" 200 0 "https://www.shoenation.me/product-category/nike/sb-dunk/?filter_size=37%2C38%2C44&per_page=12&per_row=4&shop_view=grid" "Mozilla/5.0 (compatible; Bytespider; spider-feedback@bytedance.com) AppleWebKit/537.36 (KHTML, like Gecko) Chrome/70.0.0.0 Safari/537.36"
47.128.62.134 - - [15/May/2026:13:08:15 -0400] "GET /wp-content/uploads/2024/05/NIKEDUNKLOWSPCLOTCORK-e1716318255425-1-430x376.webp HTTP/1.1" 200 0 "https://www.shoenation.me/product-category/nike/sb-dunk/?filter_size=37%2C38%2C44&per_page=12&per_row=4&shop_view=grid" "Mozilla/5.0 (compatible; Bytespider; spider-feedback@bytedance.com) AppleWebKit/537.36 (KHTML, like Gecko) Chrome/70.0.0.0 Safari/537.36"
47.128.62.134 - - [15/May/2026:13:08:15 -0400] "GET /wp-content/uploads/2024/05/OUDU0145-1-430x430.png HTTP/1.1" 200 0 "https://www.shoenation.me/product-category/nike/sb-dunk/?filter_size=37%2C38%2C44&per_page=12&per_row=4&shop_view=grid" "Mozilla/5.0 (compatible; Bytespider; spider-feedback@bytedance.com) AppleWebKit/537.36 (KHTML, like Gecko) Chrome/70.0.0.0 Safari/537.36"
47.128.62.134 - - [15/May/2026:13:08:15 -0400] "GET /wp-content/uploads/2024/03/OUDU0181-3-430x430.png HTTP/1.1" 200 0 "https://www.shoenation.me/product-category/nike/sb-dunk/?filter_size=37%2C38%2C44&per_page=12&per_row=4&shop_view=grid" "Mozilla/5.0 (compatible; Bytespider; spider-feedback@bytedance.com) AppleWebKit/537.36 (KHTML, like Gecko) Chrome/70.0.0.0 Safari/537.36"
47.128.62.134 - - [15/May/2026:13:08:35 -0400] "GET /wp-content/uploads/2024/03/OUDU0175-3-430x430.png HTTP/1.1" 500 2431 "https://www.shoenation.me/product-category/nike/sb-dunk/?filter_size=37%2C38%2C44&per_page=12&per_row=4&shop_view=grid" "Mozilla/5.0 (compatible; Bytespider; spider-feedback@bytedance.com) AppleWebKit/537.36 (KHTML, like Gecko) Chrome/70.0.0.0 Safari/537.36"
47.128.62.134 - - [15/May/2026:13:08:15 -0400] "GET /wp-content/uploads/2024/05/OUDU0145-2-430x430.png HTTP/1.1" 200 0 "https://www.shoenation.me/product-category/nike/sb-dunk/?filter_size=37%2C38%2C44&per_page=12&per_row=4&shop_view=grid" "Mozilla/5.0 (compatible; Bytespider; spider-feedback@bytedance.com) AppleWebKit/537.36 (KHTML, like Gecko) Chrome/70.0.0.0 Safari/537.36"
47.128.62.134 - - [15/May/2026:13:08:34 -0400] "GET /wp-content/uploads/2024/03/OUDU0175-1-430x430.png HTTP/1.1" 200 0 "https://www.shoenation.me/product-category/nike/sb-dunk/?filter_size=37%2C38%2C44&per_page=12&per_row=4&shop_view=grid" "Mozilla/5.0 (compatible; Bytespider; spider-feedback@bytedance.com) AppleWebKit/537.36 (KHTML, like Gecko) Chrome/70.0.0.0 Safari/537.36"
47.128.62.134 - - [15/May/2026:13:08:35 -0400] "GET /wp-content/uploads/2024/03/OUDU0190-1-430x430.png HTTP/1.1" 200 0 "https://www.shoenation.me/product-category/nike/sb-dunk/?filter_size=37%2C38%2C44&per_page=12&per_row=4&shop_view=grid" "Mozilla/5.0 (compatible; Bytespider; spider-feedback@bytedance.com) AppleWebKit/537.36 (KHTML, like Gecko) Chrome/70.0.0.0 Safari/537.36"
47.128.62.134 - - [15/May/2026:13:08:35 -0400] "GET /wp-content/uploads/2024/03/OUDU0149-1-430x430.png HTTP/1.1" 200 0 "https://www.shoenation.me/product-category/nike/sb-dunk/?filter_size=37%2C38%2C44&per_page=12&per_row=4&shop_view=grid" "Mozilla/5.0 (compatible; Bytespider; spider-feedback@bytedance.com) AppleWebKit/537.36 (KHTML, like Gecko) Chrome/70.0.0.0 Safari/537.36"
47.128.62.134 - - [15/May/2026:13:08:35 -0400] "GET /wp-content/uploads/2024/03/OUDU0190-2-430x430.png HTTP/1.1" 200 0 "https://www.shoenation.me/product-category/nike/sb-dunk/?filter_size=37%2C38%2C44&per_page=12&per_row=4&shop_view=grid" "Mozilla/5.0 (compatible; Bytespider; spider-feedback@bytedance.com) AppleWebKit/537.36 (KHTML, like Gecko) Chrome/70.0.0.0 Safari/537.36"
47.128.62.134 - - [15/May/2026:13:08:35 -0400] "GET /wp-content/uploads/2024/03/OUDU0193-1-430x430.png HTTP/1.1" 200 0 "https://www.shoenation.me/product-category/nike/sb-dunk/?filter_size=37%2C38%2C44&per_page=12&per_row=4&shop_view=grid" "Mozilla/5.0 (compatible; Bytespider; spider-feedback@bytedance.com) AppleWebKit/537.36 (KHTML, like Gecko) Chrome/70.0.0.0 Safari/537.36"
47.128.62.134 - - [15/May/2026:13:08:35 -0400] "GET /wp-content/uploads/2024/03/OUDU0149-2-430x430.png HTTP/1.1" 200 0 "https://www.shoenation.me/product-category/nike/sb-dunk/?filter_size=37%2C38%2C44&per_page=12&per_row=4&shop_view=grid" "Mozilla/5.0 (compatible; Bytespider; spider-feedback@bytedance.com) AppleWebKit/537.36 (KHTML, like Gecko) Chrome/70.0.0.0 Safari/537.36"
47.128.62.134 - - [15/May/2026:13:08:35 -0400] "GET /wp-content/uploads/2024/03/OUDU0193-2-430x430.png HTTP/1.1" 200 0 "https://www.shoenation.me/product-category/nike/sb-dunk/?filter_size=37%2C38%2C44&per_page=12&per_row=4&shop_view=grid" "Mozilla/5.0 (compatible; Bytespider; spider-feedback@bytedance.com) AppleWebKit/537.36 (KHTML, like Gecko) Chrome/70.0.0.0 Safari/537.36"
47.128.62.134 - - [15/May/2026:13:08:35 -0400] "GET /wp-content/uploads/2024/03/wd-envelope-dark.svg HTTP/1.1" 200 0 "https://www.shoenation.me/product-category/nike/sb-dunk/?filter_size=37%2C38%2C44&per_page=12&per_row=4&shop_view=grid" "Mozilla/5.0 (compatible; Bytespider; spider-feedback@bytedance.com) AppleWebKit/537.36 (KHTML, like Gecko) Chrome/70.0.0.0 Safari/537.36"
67.223.118.104 - - [15/May/2026:13:08:44 -0400] "POST /wp-cron.php?doing_wp_cron=1778864924.4345390796661376953125 HTTP/1.1" 200 0 "-" "WordPress/6.9.4; https://www.shoenation.me"
66.249.73.73 - - [15/May/2026:13:08:47 -0400] "GET /?detail/753193039 HTTP/1.1" 200 24219 "-" "Mozilla/5.0 (Linux; Android 6.0.1; Nexus 5X Build/MMB29P) AppleWebKit/537.36 (KHTML, like Gecko) Chrome/148.0.7778.96 Mobile Safari/537.36 (compatible; Googlebot/2.1; +http://www.google.com/bot.html)"
123.24.194.42 - - [15/May/2026:13:09:09 -0400] "GET /?filter_size=36%2C38%2C41%2C42%2C44&per_row=4&product_cat=brooks&shop_view=grid&stock_status=instock HTTP/1.1" 301 0 "-" "Mozilla/5.0 (Windows NT 10.0) AppleWebKit/537.36 (KHTML, like Gecko) Chrome/85.0.4121.813 Safari/537.36"
123.24.194.42 - - [15/May/2026:13:09:14 -0400] "GET /product-category/brooks/?filter_size=36%2C38%2C41%2C42%2C44&per_row=4&shop_view=grid&stock_status=instock HTTP/1.1" 200 0 "-" "Mozilla/5.0 (Windows NT 10.0) AppleWebKit/537.36 (KHTML, like Gecko) Chrome/85.0.4121.813 Safari/537.36"
209.141.46.91 - - [15/May/2026:13:11:58 -0400] "GET /wp-login.php HTTP/1.1" 200 0 "-" "Mozilla/5.0 (Macintosh; Intel Mac OS X 10_9_4) AppleWebKit/537.78.2 (KHTML, like Gecko) Version/7.0.6 Safari/537.78.2"
67.223.118.104 - - [15/May/2026:13:12:23 -0400] "POST /wp-cron.php?doing_wp_cron=1778865143.2462561130523681640625 HTTP/1.1" 200 0 "-" "WordPress/6.9.4; https://www.shoenation.me"
47.128.62.161 - - [15/May/2026:13:12:06 -0400] "GET /?filter_size=36%2C39%2C45&per_page=18&per_row=3&product_cat=gazelle&shop_view=grid HTTP/1.1" 301 0 "-" "Mozilla/5.0 (compatible; Bytespider; spider-feedback@bytedance.com) AppleWebKit/537.36 (KHTML, like Gecko) Chrome/70.0.0.0 Safari/537.36"
47.128.62.161 - - [15/May/2026:13:12:23 -0400] "GET /product-category/adidas/gazelle/?filter_size=36%2C39%2C45&per_page=18&per_row=3&shop_view=grid HTTP/1.1" 200 50989 "-" "Mozilla/5.0 (compatible; Bytespider; spider-feedback@bytedance.com) AppleWebKit/537.36 (KHTML, like Gecko) Chrome/70.0.0.0 Safari/537.36"
47.82.8.93 - - [15/May/2026:13:12:48 -0400] "GET /?filter_size=37%2C38%2C39%2C40%2C42%2C43&per_page=18&per_row=3&product_cat=gazelle&shop_view=grid&stock_status=instock HTTP/1.1" 200 0 "-" "Mozilla/5.0 (Windows NT 10.0; Win64; x64) AppleWebKit/537.36 (KHTML, like Gecko) Chrome/141.0.0.0 Safari/537.36"
47.128.62.161 - - [15/May/2026:13:12:55 -0400] "GET /wp-content/uploads/2024/03/OUAD0082-2-430x430.png HTTP/1.1" 500 2431 "https://www.shoenation.me/product-category/adidas/gazelle/?filter_size=36%2C39%2C45&per_page=18&per_row=3&shop_view=grid" "Mozilla/5.0 (compatible; Bytespider; spider-feedback@bytedance.com) AppleWebKit/537.36 (KHTML, like Gecko) Chrome/70.0.0.0 Safari/537.36"
47.79.10.124 - - [15/May/2026:13:12:49 -0400] "GET /?filter_size=36%2C37%2C38%2C39%2C40%2C41%2C42&per_page=24&product_cat=nb530&stock_status=onsale HTTP/1.1" 200 0 "-" "Mozilla/5.0 (Windows NT 10.0; Win64; x64) AppleWebKit/537.36 (KHTML, like Gecko) Chrome/147.0.0.0 Safari/537.36"
47.128.62.161 - - [15/May/2026:13:12:55 -0400] "GET /wp-content/uploads/2024/05/IMG_9358-430x399.webp HTTP/1.1" 500 2431 "https://www.shoenation.me/product-category/adidas/gazelle/?filter_size=36%2C39%2C45&per_page=18&per_row=3&shop_view=grid" "Mozilla/5.0 (compatible; Bytespider; spider-feedback@bytedance.com) AppleWebKit/537.36 (KHTML, like Gecko) Chrome/70.0.0.0 Safari/537.36"
47.128.62.161 - - [15/May/2026:13:12:55 -0400] "GET /wp-content/uploads/2024/03/wd-envelope-dark.svg HTTP/1.1" 500 2431 "https://www.shoenation.me/product-category/adidas/gazelle/?filter_size=36%2C39%2C45&per_page=18&per_row=3&shop_view=grid" "Mozilla/5.0 (compatible; Bytespider; spider-feedback@bytedance.com) AppleWebKit/537.36 (KHTML, like Gecko) Chrome/70.0.0.0 Safari/537.36"
47.128.62.161 - - [15/May/2026:13:12:55 -0400] "GET /wp-content/uploads/2024/05/WhatsApp-Image-2024-05-12-at-11.46.15-PM-430x432.jpeg HTTP/1.1" 500 2431 "https://www.shoenation.me/product-category/adidas/gazelle/?filter_size=36%2C39%2C45&per_page=18&per_row=3&shop_view=grid" "Mozilla/5.0 (compatible; Bytespider; spider-feedback@bytedance.com) AppleWebKit/537.36 (KHTML, like Gecko) Chrome/70.0.0.0 Safari/537.36"
47.128.62.161 - - [15/May/2026:13:12:55 -0400] "GET /wp-content/uploads/2024/03/OUAD0043-1-430x430.png HTTP/1.1" 500 2431 "https://www.shoenation.me/product-category/adidas/gazelle/?filter_size=36%2C39%2C45&per_page=18&per_row=3&shop_view=grid" "Mozilla/5.0 (compatible; Bytespider; spider-feedback@bytedance.com) AppleWebKit/537.36 (KHTML, like Gecko) Chrome/70.0.0.0 Safari/537.36"
47.128.62.161 - - [15/May/2026:13:12:34 -0400] "GET /wp-content/uploads/2024/03/ShoeNation-Logo.png HTTP/1.1" 200 0 "https://www.shoenation.me/product-category/adidas/gazelle/?filter_size=36%2C39%2C45&per_page=18&per_row=3&shop_view=grid" "Mozilla/5.0 (compatible; Bytespider; spider-feedback@bytedance.com) AppleWebKit/537.36 (KHTML, like Gecko) Chrome/70.0.0.0 Safari/537.36"
47.128.62.161 - - [15/May/2026:13:12:35 -0400] "GET /wp-content/uploads/2025/02/IMG_0260-150x150.jpeg HTTP/1.1" 200 0 "https://www.shoenation.me/product-category/adidas/gazelle/?filter_size=36%2C39%2C45&per_page=18&per_row=3&shop_view=grid" "Mozilla/5.0 (compatible; Bytespider; spider-feedback@bytedance.com) AppleWebKit/537.36 (KHTML, like Gecko) Chrome/70.0.0.0 Safari/537.36"
47.128.62.161 - - [15/May/2026:13:12:35 -0400] "GET /wp-content/uploads/2025/02/new-balance-530-miu-miu-v0-0p61tlqcrp2d1-150x150.webp HTTP/1.1" 200 0 "https://www.shoenation.me/product-category/adidas/gazelle/?filter_size=36%2C39%2C45&per_page=18&per_row=3&shop_view=grid" "Mozilla/5.0 (compatible; Bytespider; spider-feedback@bytedance.com) AppleWebKit/537.36 (KHTML, like Gecko) Chrome/70.0.0.0 Safari/537.36"
47.128.62.161 - - [15/May/2026:13:12:35 -0400] "GET /wp-content/uploads/2025/02/download-150x150.jpg HTTP/1.1" 200 0 "https://www.shoenation.me/product-category/adidas/gazelle/?filter_size=36%2C39%2C45&per_page=18&per_row=3&shop_view=grid" "Mozilla/5.0 (compatible; Bytespider; spider-feedback@bytedance.com) AppleWebKit/537.36 (KHTML, like Gecko) Chrome/70.0.0.0 Safari/537.36"
47.128.62.161 - - [15/May/2026:13:12:35 -0400] "GET /wp-content/uploads/2024/05/P8.jpg HTTP/1.1" 200 0 "https://www.shoenation.me/product-category/adidas/gazelle/?filter_size=36%2C39%2C45&per_page=18&per_row=3&shop_view=grid" "Mozilla/5.0 (compatible; Bytespider; spider-feedback@bytedance.com) AppleWebKit/537.36 (KHTML, like Gecko) Chrome/70.0.0.0 Safari/537.36"
47.128.62.161 - - [15/May/2026:13:12:35 -0400] "GET /wp-content/uploads/2024/06/3423897250m8_zm-1-150x150.jpg HTTP/1.1" 200 0 "https://www.shoenation.me/product-category/adidas/gazelle/?filter_size=36%2C39%2C45&per_page=18&per_row=3&shop_view=grid" "Mozilla/5.0 (compatible; Bytespider; spider-feedback@bytedance.com) AppleWebKit/537.36 (KHTML, like Gecko) Chrome/70.0.0.0 Safari/537.36"
47.128.62.161 - - [15/May/2026:13:12:35 -0400] "GET /wp-content/uploads/2024/06/5ef42a4788df9cdaaf135d9583f2228b-1-150x150.jpg HTTP/1.1" 200 0 "https://www.shoenation.me/product-category/adidas/gazelle/?filter_size=36%2C39%2C45&per_page=18&per_row=3&shop_view=grid" "Mozilla/5.0 (compatible; Bytespider; spider-feedback@bytedance.com) AppleWebKit/537.36 (KHTML, like Gecko) Chrome/70.0.0.0 Safari/537.36"
47.128.62.161 - - [15/May/2026:13:12:35 -0400] "GET /wp-content/uploads/2024/06/ca089c0521d61637a52311e4c5c83f0f-150x150.jpg HTTP/1.1" 200 0 "https://www.shoenation.me/product-category/adidas/gazelle/?filter_size=36%2C39%2C45&per_page=18&per_row=3&shop_view=grid" "Mozilla/5.0 (compatible; Bytespider; spider-feedback@bytedance.com) AppleWebKit/537.36 (KHTML, like Gecko) Chrome/70.0.0.0 Safari/537.36"
47.128.62.161 - - [15/May/2026:13:12:35 -0400] "GET /wp-content/uploads/2024/06/63922ed58580f70019f80ea5-1-150x150.webp HTTP/1.1" 200 0 "https://www.shoenation.me/product-category/adidas/gazelle/?filter_size=36%2C39%2C45&per_page=18&per_row=3&shop_view=grid" "Mozilla/5.0 (compatible; Bytespider; spider-feedback@bytedance.com) AppleWebKit/537.36 (KHTML, like Gecko) Chrome/70.0.0.0 Safari/537.36"
47.128.62.161 - - [15/May/2026:13:12:35 -0400] "GET /wp-content/uploads/2024/06/product-jpeg-500x500-1-150x150.webp HTTP/1.1" 200 0 "https://www.shoenation.me/product-category/adidas/gazelle/?filter_size=36%2C39%2C45&per_page=18&per_row=3&shop_view=grid" "Mozilla/5.0 (compatible; Bytespider; spider-feedback@bytedance.com) AppleWebKit/537.36 (KHTML, like Gecko) Chrome/70.0.0.0 Safari/537.36"
47.128.62.161 - - [15/May/2026:13:12:35 -0400] "GET /wp-content/uploads/2025/02/614b4079e84ea91f6aa9d9919838a0d6.jpg_720x720q80-150x150.jpg HTTP/1.1" 200 0 "https://www.shoenation.me/product-category/adidas/gazelle/?filter_size=36%2C39%2C45&per_page=18&per_row=3&shop_view=grid" "Mozilla/5.0 (compatible; Bytespider; spider-feedback@bytedance.com) AppleWebKit/537.36 (KHTML, like Gecko) Chrome/70.0.0.0 Safari/537.36"
47.128.62.161 - - [15/May/2026:13:12:35 -0400] "GET /wp-content/uploads/2024/03/OUAD0077-1-430x430.png HTTP/1.1" 200 0 "https://www.shoenation.me/product-category/adidas/gazelle/?filter_size=36%2C39%2C45&per_page=18&per_row=3&shop_view=grid" "Mozilla/5.0 (compatible; Bytespider; spider-feedback@bytedance.com) AppleWebKit/537.36 (KHTML, like Gecko) Chrome/70.0.0.0 Safari/537.36"
47.128.62.161 - - [15/May/2026:13:12:35 -0400] "GET /wp-content/uploads/2024/06/17-best-nike-running-shoes-15275-150x150.webp HTTP/1.1" 200 0 "https://www.shoenation.me/product-category/adidas/gazelle/?filter_size=36%2C39%2C45&per_page=18&per_row=3&shop_view=grid" "Mozilla/5.0 (compatible; Bytespider; spider-feedback@bytedance.com) AppleWebKit/537.36 (KHTML, like Gecko) Chrome/70.0.0.0 Safari/537.36"
47.128.62.161 - - [15/May/2026:13:12:35 -0400] "GET /wp-content/uploads/2024/03/OUAD0041-2-430x430.png HTTP/1.1" 200 0 "https://www.shoenation.me/product-category/adidas/gazelle/?filter_size=36%2C39%2C45&per_page=18&per_row=3&shop_view=grid" "Mozilla/5.0 (compatible; Bytespider; spider-feedback@bytedance.com) AppleWebKit/537.36 (KHTML, like Gecko) Chrome/70.0.0.0 Safari/537.36"
47.128.62.161 - - [15/May/2026:13:12:35 -0400] "GET /wp-content/uploads/2024/03/OUAD0041-1-430x430.png HTTP/1.1" 200 0 "https://www.shoenation.me/product-category/adidas/gazelle/?filter_size=36%2C39%2C45&per_page=18&per_row=3&shop_view=grid" "Mozilla/5.0 (compatible; Bytespider; spider-feedback@bytedance.com) AppleWebKit/537.36 (KHTML, like Gecko) Chrome/70.0.0.0 Safari/537.36"
47.128.62.161 - - [15/May/2026:13:12:35 -0400] "GET /wp-content/uploads/2024/03/OUAD0074-2-430x430.png HTTP/1.1" 200 0 "https://www.shoenation.me/product-category/adidas/gazelle/?filter_size=36%2C39%2C45&per_page=18&per_row=3&shop_view=grid" "Mozilla/5.0 (compatible; Bytespider; spider-feedback@bytedance.com) AppleWebKit/537.36 (KHTML, like Gecko) Chrome/70.0.0.0 Safari/537.36"
47.128.62.161 - - [15/May/2026:13:12:35 -0400] "GET /wp-content/uploads/2024/03/OUAD0074-1-430x430.png HTTP/1.1" 200 0 "https://www.shoenation.me/product-category/adidas/gazelle/?filter_size=36%2C39%2C45&per_page=18&per_row=3&shop_view=grid" "Mozilla/5.0 (compatible; Bytespider; spider-feedback@bytedance.com) AppleWebKit/537.36 (KHTML, like Gecko) Chrome/70.0.0.0 Safari/537.36"
47.128.62.161 - - [15/May/2026:13:12:35 -0400] "GET /wp-content/uploads/2024/03/OUAD0075-2-430x430.png HTTP/1.1" 200 0 "https://www.shoenation.me/product-category/adidas/gazelle/?filter_size=36%2C39%2C45&per_page=18&per_row=3&shop_view=grid" "Mozilla/5.0 (compatible; Bytespider; spider-feedback@bytedance.com) AppleWebKit/537.36 (KHTML, like Gecko) Chrome/70.0.0.0 Safari/537.36"
47.128.62.161 - - [15/May/2026:13:12:35 -0400] "GET /wp-content/uploads/2024/03/OUAD0075-1-430x430.png HTTP/1.1" 200 0 "https://www.shoenation.me/product-category/adidas/gazelle/?filter_size=36%2C39%2C45&per_page=18&per_row=3&shop_view=grid" "Mozilla/5.0 (compatible; Bytespider; spider-feedback@bytedance.com) AppleWebKit/537.36 (KHTML, like Gecko) Chrome/70.0.0.0 Safari/537.36"
47.128.62.161 - - [15/May/2026:13:12:35 -0400] "GET /wp-content/uploads/2024/03/OUAD0076-2-430x430.png HTTP/1.1" 200 0 "https://www.shoenation.me/product-category/adidas/gazelle/?filter_size=36%2C39%2C45&per_page=18&per_row=3&shop_view=grid" "Mozilla/5.0 (compatible; Bytespider; spider-feedback@bytedance.com) AppleWebKit/537.36 (KHTML, like Gecko) Chrome/70.0.0.0 Safari/537.36"
47.128.62.161 - - [15/May/2026:13:12:35 -0400] "GET /wp-content/uploads/2024/03/OUAD0076-1-430x430.png HTTP/1.1" 200 0 "https://www.shoenation.me/product-category/adidas/gazelle/?filter_size=36%2C39%2C45&per_page=18&per_row=3&shop_view=grid" "Mozilla/5.0 (compatible; Bytespider; spider-feedback@bytedance.com) AppleWebKit/537.36 (KHTML, like Gecko) Chrome/70.0.0.0 Safari/537.36"
47.128.62.161 - - [15/May/2026:13:12:35 -0400] "GET /wp-content/uploads/2024/05/womens-adidas-originals-gazelle-bold-pink-glow-h06122-16746406761023-430x430.jpg HTTP/1.1" 200 0 "https://www.shoenation.me/product-category/adidas/gazelle/?filter_size=36%2C39%2C45&per_page=18&per_row=3&shop_view=grid" "Mozilla/5.0 (compatible; Bytespider; spider-feedback@bytedance.com) AppleWebKit/537.36 (KHTML, like Gecko) Chrome/70.0.0.0 Safari/537.36"
47.128.62.161 - - [15/May/2026:13:12:35 -0400] "GET /wp-content/uploads/2024/03/OUAD0077-3-430x430.png HTTP/1.1" 200 0 "https://www.shoenation.me/product-category/adidas/gazelle/?filter_size=36%2C39%2C45&per_page=18&per_row=3&shop_view=grid" "Mozilla/5.0 (compatible; Bytespider; spider-feedback@bytedance.com) AppleWebKit/537.36 (KHTML, like Gecko) Chrome/70.0.0.0 Safari/537.36"
47.128.62.161 - - [15/May/2026:13:12:55 -0400] "GET /wp-content/uploads/2024/03/OUAD0082-1-430x430.png HTTP/1.1" 200 0 "https://www.shoenation.me/product-category/adidas/gazelle/?filter_size=36%2C39%2C45&per_page=18&per_row=3&shop_view=grid" "Mozilla/5.0 (compatible; Bytespider; spider-feedback@bytedance.com) AppleWebKit/537.36 (KHTML, like Gecko) Chrome/70.0.0.0 Safari/537.36"
47.128.62.161 - - [15/May/2026:13:12:35 -0400] "GET /wp-content/uploads/2024/05/womens-adidas-originals-gazelle-bold-pink-glow-h06122-16746406761057-430x430.jpg HTTP/1.1" 200 0 "https://www.shoenation.me/product-category/adidas/gazelle/?filter_size=36%2C39%2C45&per_page=18&per_row=3&shop_view=grid" "Mozilla/5.0 (compatible; Bytespider; spider-feedback@bytedance.com) AppleWebKit/537.36 (KHTML, like Gecko) Chrome/70.0.0.0 Safari/537.36"
47.128.62.161 - - [15/May/2026:13:12:55 -0400] "GET /wp-content/uploads/2024/05/IMG_9356-430x372.webp HTTP/1.1" 200 0 "https://www.shoenation.me/product-category/adidas/gazelle/?filter_size=36%2C39%2C45&per_page=18&per_row=3&shop_view=grid" "Mozilla/5.0 (compatible; Bytespider; spider-feedback@bytedance.com) AppleWebKit/537.36 (KHTML, like Gecko) Chrome/70.0.0.0 Safari/537.36"
47.128.62.161 - - [15/May/2026:13:12:55 -0400] "GET /wp-content/uploads/2024/03/OUAD0043-2-430x430.png HTTP/1.1" 200 0 "https://www.shoenation.me/product-category/adidas/gazelle/?filter_size=36%2C39%2C45&per_page=18&per_row=3&shop_view=grid" "Mozilla/5.0 (compatible; Bytespider; spider-feedback@bytedance.com) AppleWebKit/537.36 (KHTML, like Gecko) Chrome/70.0.0.0 Safari/537.36"
47.128.62.161 - - [15/May/2026:13:12:55 -0400] "GET /wp-content/uploads/2024/05/Adidas_GAzelle_pink_2-430x559.webp HTTP/1.1" 200 0 "https://www.shoenation.me/product-category/adidas/gazelle/?filter_size=36%2C39%2C45&per_page=18&per_row=3&shop_view=grid" "Mozilla/5.0 (compatible; Bytespider; spider-feedback@bytedance.com) AppleWebKit/537.36 (KHTML, like Gecko) Chrome/70.0.0.0 Safari/537.36"
67.223.118.104 - - [15/May/2026:13:13:08 -0400] "POST /wp-cron.php?doing_wp_cron=1778865188.1377089023590087890625 HTTP/1.1" 200 0 "-" "WordPress/6.9.4; https://www.shoenation.me"
47.79.11.23 - - [15/May/2026:13:13:06 -0400] "GET /?filter_size=36%2C37%2C38%2C39%2C40%2C44&per_page=18&product_cat=yezzy HTTP/1.1" 200 0 "-" "Mozilla/5.0 (Macintosh; Intel Mac OS X 10_15_7) AppleWebKit/537.36 (KHTML, like Gecko) Chrome/146.0.0.0 Safari/537.36"
47.79.11.23 - - [15/May/2026:13:13:06 -0400] "GET /?filter_size=36%2C37%2C38%2C39%2C40%2C41%2C42%2C44%2C45&product_cat=nb530 HTTP/1.1" 200 0 "-" "Mozilla/5.0 (Macintosh; Intel Mac OS X 10_15_7) AppleWebKit/537.36 (KHTML, like Gecko) Chrome/143.0.0.0 Safari/537.36"
67.223.118.104 - - [15/May/2026:13:13:22 -0400] "POST /wp-cron.php?doing_wp_cron=1778865202.1342520713806152343750 HTTP/1.1" 200 0 "-" "WordPress/6.9.4; https://www.shoenation.me"
67.223.118.104 - - [15/May/2026:13:13:22 -0400] "POST /wp-cron.php?doing_wp_cron=1778865202.0345981121063232421875 HTTP/1.1" 200 0 "-" "WordPress/6.9.4; https://www.shoenation.me"
47.82.13.154 - - [15/May/2026:13:13:20 -0400] "GET /?filter_size=37%2C38%2C39%2C47&per_page=18&per_row=3&product_cat=j4&shop_view=grid HTTP/1.1" 301 0 "-" "Mozilla/5.0 (Macintosh; Intel Mac OS X 10_15_7) AppleWebKit/537.36 (KHTML, like Gecko) Chrome/139.0.0.0 Safari/537.36"
47.82.13.154 - - [15/May/2026:13:13:28 -0400] "GET /product-category/nike/j4/?filter_size=37%2C38%2C39%2C47&per_page=18&per_row=3&shop_view=grid HTTP/1.1" 200 0 "https://www.shoenation.me/?filter_size=37%2C38%2C39%2C47&per_page=18&per_row=3&product_cat=j4&shop_view=grid" "Mozilla/5.0 (Macintosh; Intel Mac OS X 10_15_7) AppleWebKit/537.36 (KHTML, like Gecko) Chrome/139.0.0.0 Safari/537.36"
