47.128.62.188 - - [15/May/2026:13:36:33 -0400] "GET /wp-content/uploads/2024/03/wd-envelope-dark.svg HTTP/1.1" 200 0 "https://www.shoenation.me/?product=adidas-gazelle-bold-black-sneakers" "Mozilla/5.0 (compatible; Bytespider; spider-feedback@bytedance.com) AppleWebKit/537.36 (KHTML, like Gecko) Chrome/70.0.0.0 Safari/537.36"
67.223.118.104 - - [15/May/2026:13:36:52 -0400] "POST /wp-cron.php?doing_wp_cron=1778866612.0439240932464599609375 HTTP/1.1" 200 0 "-" "WordPress/6.9.4; https://www.shoenation.me"
120.208.112.76 - - [15/May/2026:13:36:41 -0400] "GET /wp-content/uploads/2024/07/OURU0157-1-768x768.png HTTP/1.1" 200 0 "-" "Mozilla/5.0 (Macintosh; U; PPC Mac OS X 10_10_6 rv:4.0; is-IS) AppleWebKit/532.16.5 (KHTML, like Gecko) Version/5.0 Safari/532.16.5"
66.249.73.71 - - [15/May/2026:13:37:08 -0400] "GET /?product_cat=adidas&stock_status=instock&per_row=4&shop_view=grid&filter_size=38%2C39%2C41%2C42%2C44&per_page=9 HTTP/1.1" 200 24583 "-" "Mozilla/5.0 (Linux; Android 6.0.1; Nexus 5X Build/MMB29P) AppleWebKit/537.36 (KHTML, like Gecko) Chrome/148.0.7778.96 Mobile Safari/537.36 (compatible; Googlebot/2.1; +http://www.google.com/bot.html)"
67.223.118.104 - - [15/May/2026:13:37:17 -0400] "POST /wp-cron.php?doing_wp_cron=1778866637.0546410083770751953125 HTTP/1.1" 200 0 "-" "WordPress/6.9.4; https://www.shoenation.me"
67.223.118.104 - - [15/May/2026:13:37:27 -0400] "POST /wp-cron.php?doing_wp_cron=1778866646.9399819374084472656250 HTTP/1.1" 200 0 "-" "WordPress/6.9.4; https://www.shoenation.me"
45.150.214.254 - - [15/May/2026:13:37:38 -0400] "GET /wp-content/uploads/2024/07/9145d151-4f2a-496f-9831-934dc1d71585-1536x1536.webp HTTP/1.1" 404 41719 "-" "Opera/8.30.(Windows 98; Win 9x 4.90; eo-US) Presto/2.9.170 Version/12.00"
67.223.118.104 - - [15/May/2026:13:38:34 -0400] "POST /wp-cron.php?doing_wp_cron=1778866714.0533199310302734375000 HTTP/1.1" 200 0 "-" "WordPress/6.9.4; https://www.shoenation.me"
43.130.101.151 - - [15/May/2026:13:38:32 -0400] "GET /product-category/new-balance/ HTTP/1.1" 200 58952 "-" "Mozilla/5.0 (iPhone; CPU iPhone OS 13_2_3 like Mac OS X) AppleWebKit/605.1.15 (KHTML, like Gecko) Version/13.0.3 Mobile/15E148 Safari/604.1"
67.223.118.104 - - [15/May/2026:13:40:01 -0400] "POST /wp-cron.php?doing_wp_cron=1778866801.1422679424285888671875 HTTP/1.1" 200 0 "-" "WordPress/6.9.4; https://www.shoenation.me"
47.128.62.166 - - [15/May/2026:13:39:56 -0400] "GET /?filter_size=37%2C38%2C41&per_page=18&product_cat=sp&stock_status=instock HTTP/1.1" 301 0 "-" "Mozilla/5.0 (compatible; Bytespider; spider-feedback@bytedance.com) AppleWebKit/537.36 (KHTML, like Gecko) Chrome/70.0.0.0 Safari/537.36"
47.128.62.166 - - [15/May/2026:13:40:01 -0400] "GET /product-category/adidas/sp/?filter_size=37%2C38%2C41&per_page=18&stock_status=instock HTTP/1.1" 200 50511 "-" "Mozilla/5.0 (compatible; Bytespider; spider-feedback@bytedance.com) AppleWebKit/537.36 (KHTML, like Gecko) Chrome/70.0.0.0 Safari/537.36"
47.128.62.166 - - [15/May/2026:13:40:22 -0400] "GET /wp-content/uploads/2024/03/ShoeNation-Logo.png HTTP/1.1" 200 0 "https://www.shoenation.me/product-category/adidas/sp/?filter_size=37%2C38%2C41&per_page=18&stock_status=instock" "Mozilla/5.0 (compatible; Bytespider; spider-feedback@bytedance.com) AppleWebKit/537.36 (KHTML, like Gecko) Chrome/70.0.0.0 Safari/537.36"
47.128.62.166 - - [15/May/2026:13:40:22 -0400] "GET /wp-content/uploads/2025/02/IMG_0260-150x150.jpeg HTTP/1.1" 200 0 "https://www.shoenation.me/product-category/adidas/sp/?filter_size=37%2C38%2C41&per_page=18&stock_status=instock" "Mozilla/5.0 (compatible; Bytespider; spider-feedback@bytedance.com) AppleWebKit/537.36 (KHTML, like Gecko) Chrome/70.0.0.0 Safari/537.36"
47.128.62.166 - - [15/May/2026:13:40:22 -0400] "GET /wp-content/uploads/2025/02/new-balance-530-miu-miu-v0-0p61tlqcrp2d1-150x150.webp HTTP/1.1" 200 0 "https://www.shoenation.me/product-category/adidas/sp/?filter_size=37%2C38%2C41&per_page=18&stock_status=instock" "Mozilla/5.0 (compatible; Bytespider; spider-feedback@bytedance.com) AppleWebKit/537.36 (KHTML, like Gecko) Chrome/70.0.0.0 Safari/537.36"
47.128.62.166 - - [15/May/2026:13:40:22 -0400] "GET /wp-content/uploads/2024/06/3423897250m8_zm-1.jpg HTTP/1.1" 200 0 "https://www.shoenation.me/product-category/adidas/sp/?filter_size=37%2C38%2C41&per_page=18&stock_status=instock" "Mozilla/5.0 (compatible; Bytespider; spider-feedback@bytedance.com) AppleWebKit/537.36 (KHTML, like Gecko) Chrome/70.0.0.0 Safari/537.36"
47.128.62.166 - - [15/May/2026:13:40:22 -0400] "GET /wp-content/uploads/2024/06/5ef42a4788df9cdaaf135d9583f2228b-1-150x150.jpg HTTP/1.1" 200 0 "https://www.shoenation.me/product-category/adidas/sp/?filter_size=37%2C38%2C41&per_page=18&stock_status=instock" "Mozilla/5.0 (compatible; Bytespider; spider-feedback@bytedance.com) AppleWebKit/537.36 (KHTML, like Gecko) Chrome/70.0.0.0 Safari/537.36"
47.128.62.166 - - [15/May/2026:13:40:22 -0400] "GET /wp-content/uploads/2025/02/download-150x150.jpg HTTP/1.1" 200 0 "https://www.shoenation.me/product-category/adidas/sp/?filter_size=37%2C38%2C41&per_page=18&stock_status=instock" "Mozilla/5.0 (compatible; Bytespider; spider-feedback@bytedance.com) AppleWebKit/537.36 (KHTML, like Gecko) Chrome/70.0.0.0 Safari/537.36"
47.128.62.166 - - [15/May/2026:13:40:22 -0400] "GET /wp-content/uploads/2024/06/63922ed58580f70019f80ea5-1-150x150.webp HTTP/1.1" 200 0 "https://www.shoenation.me/product-category/adidas/sp/?filter_size=37%2C38%2C41&per_page=18&stock_status=instock" "Mozilla/5.0 (compatible; Bytespider; spider-feedback@bytedance.com) AppleWebKit/537.36 (KHTML, like Gecko) Chrome/70.0.0.0 Safari/537.36"
47.128.62.166 - - [15/May/2026:13:40:22 -0400] "GET /wp-content/uploads/2024/06/3423897250m8_zm-1-150x150.jpg HTTP/1.1" 200 0 "https://www.shoenation.me/product-category/adidas/sp/?filter_size=37%2C38%2C41&per_page=18&stock_status=instock" "Mozilla/5.0 (compatible; Bytespider; spider-feedback@bytedance.com) AppleWebKit/537.36 (KHTML, like Gecko) Chrome/70.0.0.0 Safari/537.36"
47.128.62.166 - - [15/May/2026:13:40:22 -0400] "GET /wp-content/uploads/2025/02/614b4079e84ea91f6aa9d9919838a0d6.jpg_720x720q80-150x150.jpg HTTP/1.1" 200 0 "https://www.shoenation.me/product-category/adidas/sp/?filter_size=37%2C38%2C41&per_page=18&stock_status=instock" "Mozilla/5.0 (compatible; Bytespider; spider-feedback@bytedance.com) AppleWebKit/537.36 (KHTML, like Gecko) Chrome/70.0.0.0 Safari/537.36"
47.128.62.166 - - [15/May/2026:13:40:22 -0400] "GET /wp-content/uploads/2024/06/ca089c0521d61637a52311e4c5c83f0f-150x150.jpg HTTP/1.1" 200 0 "https://www.shoenation.me/product-category/adidas/sp/?filter_size=37%2C38%2C41&per_page=18&stock_status=instock" "Mozilla/5.0 (compatible; Bytespider; spider-feedback@bytedance.com) AppleWebKit/537.36 (KHTML, like Gecko) Chrome/70.0.0.0 Safari/537.36"
47.128.62.166 - - [15/May/2026:13:40:22 -0400] "GET /wp-content/uploads/2024/06/17-best-nike-running-shoes-15275-150x150.webp HTTP/1.1" 200 0 "https://www.shoenation.me/product-category/adidas/sp/?filter_size=37%2C38%2C41&per_page=18&stock_status=instock" "Mozilla/5.0 (compatible; Bytespider; spider-feedback@bytedance.com) AppleWebKit/537.36 (KHTML, like Gecko) Chrome/70.0.0.0 Safari/537.36"
47.128.62.166 - - [15/May/2026:13:40:22 -0400] "GET /wp-content/uploads/2024/06/product-jpeg-500x500-1-150x150.webp HTTP/1.1" 404 178497 "https://www.shoenation.me/product-category/adidas/sp/?filter_size=37%2C38%2C41&per_page=18&stock_status=instock" "Mozilla/5.0 (compatible; Bytespider; spider-feedback@bytedance.com) AppleWebKit/537.36 (KHTML, like Gecko) Chrome/70.0.0.0 Safari/537.36"
47.128.62.166 - - [15/May/2026:13:40:22 -0400] "GET /wp-content/uploads/2024/03/OUAD0059-2-430x430.png HTTP/1.1" 200 0 "https://www.shoenation.me/product-category/adidas/sp/?filter_size=37%2C38%2C41&per_page=18&stock_status=instock" "Mozilla/5.0 (compatible; Bytespider; spider-feedback@bytedance.com) AppleWebKit/537.36 (KHTML, like Gecko) Chrome/70.0.0.0 Safari/537.36"
47.128.62.166 - - [15/May/2026:13:40:22 -0400] "GET /wp-content/uploads/2024/03/OUAD0059-1-430x430.png HTTP/1.1" 200 0 "https://www.shoenation.me/product-category/adidas/sp/?filter_size=37%2C38%2C41&per_page=18&stock_status=instock" "Mozilla/5.0 (compatible; Bytespider; spider-feedback@bytedance.com) AppleWebKit/537.36 (KHTML, like Gecko) Chrome/70.0.0.0 Safari/537.36"
47.128.62.166 - - [15/May/2026:13:40:22 -0400] "GET /wp-content/uploads/2024/03/OUAD0060-3-430x430.png HTTP/1.1" 200 0 "https://www.shoenation.me/product-category/adidas/sp/?filter_size=37%2C38%2C41&per_page=18&stock_status=instock" "Mozilla/5.0 (compatible; Bytespider; spider-feedback@bytedance.com) AppleWebKit/537.36 (KHTML, like Gecko) Chrome/70.0.0.0 Safari/537.36"
47.128.62.166 - - [15/May/2026:13:40:22 -0400] "GET /wp-content/uploads/2024/03/OUAD0060-1-430x430.png HTTP/1.1" 200 0 "https://www.shoenation.me/product-category/adidas/sp/?filter_size=37%2C38%2C41&per_page=18&stock_status=instock" "Mozilla/5.0 (compatible; Bytespider; spider-feedback@bytedance.com) AppleWebKit/537.36 (KHTML, like Gecko) Chrome/70.0.0.0 Safari/537.36"
47.128.62.166 - - [15/May/2026:13:40:22 -0400] "GET /wp-content/uploads/2024/03/OUAD0048-3-430x430.png HTTP/1.1" 200 0 "https://www.shoenation.me/product-category/adidas/sp/?filter_size=37%2C38%2C41&per_page=18&stock_status=instock" "Mozilla/5.0 (compatible; Bytespider; spider-feedback@bytedance.com) AppleWebKit/537.36 (KHTML, like Gecko) Chrome/70.0.0.0 Safari/537.36"
47.128.62.166 - - [15/May/2026:13:40:22 -0400] "GET /wp-content/uploads/2024/03/Handball_Spezial_Shoes_Beige_IF6562_01_standard.avif HTTP/1.1" 200 0 "https://www.shoenation.me/product-category/adidas/sp/?filter_size=37%2C38%2C41&per_page=18&stock_status=instock" "Mozilla/5.0 (compatible; Bytespider; spider-feedback@bytedance.com) AppleWebKit/537.36 (KHTML, like Gecko) Chrome/70.0.0.0 Safari/537.36"
47.128.62.166 - - [15/May/2026:13:40:22 -0400] "GET /wp-content/uploads/2024/03/OUAD0058-3-430x430.png HTTP/1.1" 200 0 "https://www.shoenation.me/product-category/adidas/sp/?filter_size=37%2C38%2C41&per_page=18&stock_status=instock" "Mozilla/5.0 (compatible; Bytespider; spider-feedback@bytedance.com) AppleWebKit/537.36 (KHTML, like Gecko) Chrome/70.0.0.0 Safari/537.36"
47.128.62.166 - - [15/May/2026:13:40:22 -0400] "GET /wp-content/uploads/2024/03/OUAD0058-1-430x430.png HTTP/1.1" 200 0 "https://www.shoenation.me/product-category/adidas/sp/?filter_size=37%2C38%2C41&per_page=18&stock_status=instock" "Mozilla/5.0 (compatible; Bytespider; spider-feedback@bytedance.com) AppleWebKit/537.36 (KHTML, like Gecko) Chrome/70.0.0.0 Safari/537.36"
47.128.62.166 - - [15/May/2026:13:40:23 -0400] "GET /wp-content/uploads/2024/05/Handball_Spezial_Shoes_Pink_IF6561_05_standard.avif HTTP/1.1" 200 0 "https://www.shoenation.me/product-category/adidas/sp/?filter_size=37%2C38%2C41&per_page=18&stock_status=instock" "Mozilla/5.0 (compatible; Bytespider; spider-feedback@bytedance.com) AppleWebKit/537.36 (KHTML, like Gecko) Chrome/70.0.0.0 Safari/537.36"
47.128.62.166 - - [15/May/2026:13:40:23 -0400] "GET /wp-content/uploads/2024/05/Handball_Spezial_Shoes_Pink_IF6561_01_standard.avif HTTP/1.1" 200 0 "https://www.shoenation.me/product-category/adidas/sp/?filter_size=37%2C38%2C41&per_page=18&stock_status=instock" "Mozilla/5.0 (compatible; Bytespider; spider-feedback@bytedance.com) AppleWebKit/537.36 (KHTML, like Gecko) Chrome/70.0.0.0 Safari/537.36"
47.128.62.166 - - [15/May/2026:13:40:23 -0400] "GET /wp-content/uploads/2024/08/Handball_Spezial_Shoes_Black_IE5897_02_standard_hover-430x430.png HTTP/1.1" 200 0 "https://www.shoenation.me/product-category/adidas/sp/?filter_size=37%2C38%2C41&per_page=18&stock_status=instock" "Mozilla/5.0 (compatible; Bytespider; spider-feedback@bytedance.com) AppleWebKit/537.36 (KHTML, like Gecko) Chrome/70.0.0.0 Safari/537.36"
47.128.62.166 - - [15/May/2026:13:40:23 -0400] "GET /wp-content/uploads/2024/08/Handball_Spezial_Shoes_Black_IE5897_01_standard-430x430.png HTTP/1.1" 200 0 "https://www.shoenation.me/product-category/adidas/sp/?filter_size=37%2C38%2C41&per_page=18&stock_status=instock" "Mozilla/5.0 (compatible; Bytespider; spider-feedback@bytedance.com) AppleWebKit/537.36 (KHTML, like Gecko) Chrome/70.0.0.0 Safari/537.36"
47.128.62.166 - - [15/May/2026:13:40:23 -0400] "GET /wp-content/uploads/2024/07/Handball_Spezial_Shoes_Brown_IF6490_02_standard.avif HTTP/1.1" 200 0 "https://www.shoenation.me/product-category/adidas/sp/?filter_size=37%2C38%2C41&per_page=18&stock_status=instock" "Mozilla/5.0 (compatible; Bytespider; spider-feedback@bytedance.com) AppleWebKit/537.36 (KHTML, like Gecko) Chrome/70.0.0.0 Safari/537.36"
47.128.62.166 - - [15/May/2026:13:40:23 -0400] "GET /wp-content/uploads/2024/07/Handball_Spezial_Shoes_Brown_IF6490_01_standard-1.avif HTTP/1.1" 200 0 "https://www.shoenation.me/product-category/adidas/sp/?filter_size=37%2C38%2C41&per_page=18&stock_status=instock" "Mozilla/5.0 (compatible; Bytespider; spider-feedback@bytedance.com) AppleWebKit/537.36 (KHTML, like Gecko) Chrome/70.0.0.0 Safari/537.36"
47.128.62.166 - - [15/May/2026:13:40:23 -0400] "GET /wp-content/uploads/2024/05/Handball_Spezial_Shoes_Red_FV1227_04_standard.avif HTTP/1.1" 200 0 "https://www.shoenation.me/product-category/adidas/sp/?filter_size=37%2C38%2C41&per_page=18&stock_status=instock" "Mozilla/5.0 (compatible; Bytespider; spider-feedback@bytedance.com) AppleWebKit/537.36 (KHTML, like Gecko) Chrome/70.0.0.0 Safari/537.36"
47.128.62.166 - - [15/May/2026:13:40:23 -0400] "GET /wp-content/uploads/2024/05/Handball_Spezial_Shoes_Red_FV1227_01_standard.avif HTTP/1.1" 200 0 "https://www.shoenation.me/product-category/adidas/sp/?filter_size=37%2C38%2C41&per_page=18&stock_status=instock" "Mozilla/5.0 (compatible; Bytespider; spider-feedback@bytedance.com) AppleWebKit/537.36 (KHTML, like Gecko) Chrome/70.0.0.0 Safari/537.36"
47.128.62.166 - - [15/May/2026:13:40:42 -0400] "GET /wp-content/uploads/2024/11/Handball_Spezial_Shoes_Burgundy_IG1978_01_standard-430x430.png HTTP/1.1" 200 0 "https://www.shoenation.me/product-category/adidas/sp/?filter_size=37%2C38%2C41&per_page=18&stock_status=instock" "Mozilla/5.0 (compatible; Bytespider; spider-feedback@bytedance.com) AppleWebKit/537.36 (KHTML, like Gecko) Chrome/70.0.0.0 Safari/537.36"
47.128.62.166 - - [15/May/2026:13:40:42 -0400] "GET /wp-content/uploads/2024/07/6db63930-86b1-4d11-9554-94cee4e30196-1000x989-vMKBOWZIFN5y7yE9A5IHs28ylAWUqNptAuz2Iqn3-1-430x425.png HTTP/1.1" 200 0 "https://www.shoenation.me/product-category/adidas/sp/?filter_size=37%2C38%2C41&per_page=18&stock_status=instock" "Mozilla/5.0 (compatible; Bytespider; spider-feedback@bytedance.com) AppleWebKit/537.36 (KHTML, like Gecko) Chrome/70.0.0.0 Safari/537.36"
47.128.62.166 - - [15/May/2026:13:40:42 -0400] "GET /wp-content/uploads/2024/11/Handball_Spezial_Shoes_Burgundy_IG1978_04_standard-2-430x430.png HTTP/1.1" 200 0 "https://www.shoenation.me/product-category/adidas/sp/?filter_size=37%2C38%2C41&per_page=18&stock_status=instock" "Mozilla/5.0 (compatible; Bytespider; spider-feedback@bytedance.com) AppleWebKit/537.36 (KHTML, like Gecko) Chrome/70.0.0.0 Safari/537.36"
47.128.62.166 - - [15/May/2026:13:40:42 -0400] "GET /wp-content/uploads/2024/03/wd-envelope-dark.svg HTTP/1.1" 200 0 "https://www.shoenation.me/product-category/adidas/sp/?filter_size=37%2C38%2C41&per_page=18&stock_status=instock" "Mozilla/5.0 (compatible; Bytespider; spider-feedback@bytedance.com) AppleWebKit/537.36 (KHTML, like Gecko) Chrome/70.0.0.0 Safari/537.36"
67.223.118.104 - - [15/May/2026:13:40:54 -0400] "POST /wp-cron.php?doing_wp_cron=1778866853.5357000827789306640625 HTTP/1.1" 200 0 "-" "WordPress/6.9.4; https://www.shoenation.me"
66.249.73.72 - - [15/May/2026:13:41:14 -0400] "GET /?product_cat=adidas&stock_status=instock&filter_size=37%2C38%2C40%2C43%2C45&paged=2 HTTP/1.1" 200 25406 "-" "Mozilla/5.0 (Linux; Android 6.0.1; Nexus 5X Build/MMB29P) AppleWebKit/537.36 (KHTML, like Gecko) Chrome/148.0.7778.96 Mobile Safari/537.36 (compatible; Googlebot/2.1; +http://www.google.com/bot.html)"
67.223.118.104 - - [15/May/2026:13:42:01 -0400] "POST /wp-cron.php?doing_wp_cron=1778866921.1464529037475585937500 HTTP/1.1" 200 0 "-" "WordPress/6.9.4; https://www.shoenation.me"
47.82.10.41 - - [15/May/2026:13:41:52 -0400] "GET /?product=ugg-tazz-beige-slippers HTTP/1.1" 200 51983 "https://www.shoenation.me/" "Mozilla/5.0 (Windows NT 10.0; Win64; x64) AppleWebKit/537.36 (KHTML, like Gecko) Chrome/134.0.0.0 Safari/537.36"
67.223.118.104 - - [15/May/2026:13:44:18 -0400] "POST /wp-cron.php?doing_wp_cron=1778867058.3480188846588134765625 HTTP/1.1" 200 0 "-" "WordPress/6.9.4; https://www.shoenation.me"
47.128.62.179 - - [15/May/2026:13:43:56 -0400] "GET /?filter_size=40%2C43%2C46&product_cat=nike HTTP/1.1" 301 0 "-" "Mozilla/5.0 (compatible; Bytespider; spider-feedback@bytedance.com) AppleWebKit/537.36 (KHTML, like Gecko) Chrome/70.0.0.0 Safari/537.36"
47.128.62.179 - - [15/May/2026:13:44:18 -0400] "GET /product-category/nike/?filter_size=40%2C43%2C46 HTTP/1.1" 200 51179 "-" "Mozilla/5.0 (compatible; Bytespider; spider-feedback@bytedance.com) AppleWebKit/537.36 (KHTML, like Gecko) Chrome/70.0.0.0 Safari/537.36"
47.128.62.179 - - [15/May/2026:13:44:31 -0400] "GET /wp-content/uploads/2024/06/3423897250m8_zm-1-150x150.jpg HTTP/1.1" 200 0 "https://www.shoenation.me/product-category/nike/?filter_size=40%2C43%2C46" "Mozilla/5.0 (compatible; Bytespider; spider-feedback@bytedance.com) AppleWebKit/537.36 (KHTML, like Gecko) Chrome/70.0.0.0 Safari/537.36"
47.128.62.179 - - [15/May/2026:13:44:31 -0400] "GET /wp-content/uploads/2024/03/OUJO0462-1-430x430.png HTTP/1.1" 200 0 "https://www.shoenation.me/product-category/nike/?filter_size=40%2C43%2C46" "Mozilla/5.0 (compatible; Bytespider; spider-feedback@bytedance.com) AppleWebKit/537.36 (KHTML, like Gecko) Chrome/70.0.0.0 Safari/537.36"
47.128.62.179 - - [15/May/2026:13:44:31 -0400] "GET /wp-content/uploads/2024/03/ShoeNation-Logo.png HTTP/1.1" 200 0 "https://www.shoenation.me/product-category/nike/?filter_size=40%2C43%2C46" "Mozilla/5.0 (compatible; Bytespider; spider-feedback@bytedance.com) AppleWebKit/537.36 (KHTML, like Gecko) Chrome/70.0.0.0 Safari/537.36"
47.128.62.179 - - [15/May/2026:13:44:31 -0400] "GET /wp-content/uploads/2024/03/OSHSN0633-2-430x430.png HTTP/1.1" 200 0 "https://www.shoenation.me/product-category/nike/?filter_size=40%2C43%2C46" "Mozilla/5.0 (compatible; Bytespider; spider-feedback@bytedance.com) AppleWebKit/537.36 (KHTML, like Gecko) Chrome/70.0.0.0 Safari/537.36"
47.128.62.179 - - [15/May/2026:13:44:31 -0400] "GET /wp-content/uploads/2025/02/614b4079e84ea91f6aa9d9919838a0d6.jpg_720x720q80-150x150.jpg HTTP/1.1" 200 0 "https://www.shoenation.me/product-category/nike/?filter_size=40%2C43%2C46" "Mozilla/5.0 (compatible; Bytespider; spider-feedback@bytedance.com) AppleWebKit/537.36 (KHTML, like Gecko) Chrome/70.0.0.0 Safari/537.36"
47.128.62.179 - - [15/May/2026:13:44:31 -0400] "GET /wp-content/uploads/2024/06/63922ed58580f70019f80ea5-1-150x150.webp HTTP/1.1" 200 0 "https://www.shoenation.me/product-category/nike/?filter_size=40%2C43%2C46" "Mozilla/5.0 (compatible; Bytespider; spider-feedback@bytedance.com) AppleWebKit/537.36 (KHTML, like Gecko) Chrome/70.0.0.0 Safari/537.36"
47.128.62.179 - - [15/May/2026:13:44:31 -0400] "GET /wp-content/uploads/2024/03/OUJO0454-2-430x430.png HTTP/1.1" 200 0 "https://www.shoenation.me/product-category/nike/?filter_size=40%2C43%2C46" "Mozilla/5.0 (compatible; Bytespider; spider-feedback@bytedance.com) AppleWebKit/537.36 (KHTML, like Gecko) Chrome/70.0.0.0 Safari/537.36"
47.128.62.179 - - [15/May/2026:13:44:31 -0400] "GET /wp-content/uploads/2024/03/OUJO0462-2-430x430.png HTTP/1.1" 200 0 "https://www.shoenation.me/product-category/nike/?filter_size=40%2C43%2C46" "Mozilla/5.0 (compatible; Bytespider; spider-feedback@bytedance.com) AppleWebKit/537.36 (KHTML, like Gecko) Chrome/70.0.0.0 Safari/537.36"
47.128.62.179 - - [15/May/2026:13:44:31 -0400] "GET /wp-content/uploads/2025/02/IMG_0260-150x150.jpeg HTTP/1.1" 200 0 "https://www.shoenation.me/product-category/nike/?filter_size=40%2C43%2C46" "Mozilla/5.0 (compatible; Bytespider; spider-feedback@bytedance.com) AppleWebKit/537.36 (KHTML, like Gecko) Chrome/70.0.0.0 Safari/537.36"
47.128.62.179 - - [15/May/2026:13:44:51 -0400] "GET /wp-content/uploads/2024/03/OSHSN0748-3-430x430.png HTTP/1.1" 200 0 "https://www.shoenation.me/product-category/nike/?filter_size=40%2C43%2C46" "Mozilla/5.0 (compatible; Bytespider; spider-feedback@bytedance.com) AppleWebKit/537.36 (KHTML, like Gecko) Chrome/70.0.0.0 Safari/537.36"
47.128.62.179 - - [15/May/2026:13:44:51 -0400] "GET /wp-content/uploads/2024/04/OUJO0245-1-430x430.png HTTP/1.1" 200 0 "https://www.shoenation.me/product-category/nike/?filter_size=40%2C43%2C46" "Mozilla/5.0 (compatible; Bytespider; spider-feedback@bytedance.com) AppleWebKit/537.36 (KHTML, like Gecko) Chrome/70.0.0.0 Safari/537.36"
47.128.62.179 - - [15/May/2026:13:44:31 -0400] "GET /wp-content/uploads/2024/03/OSHSN0032-3-430x430.jpg HTTP/1.1" 200 0 "https://www.shoenation.me/product-category/nike/?filter_size=40%2C43%2C46" "Mozilla/5.0 (compatible; Bytespider; spider-feedback@bytedance.com) AppleWebKit/537.36 (KHTML, like Gecko) Chrome/70.0.0.0 Safari/537.36"
47.128.62.179 - - [15/May/2026:13:44:31 -0400] "GET /wp-content/uploads/2024/06/5ef42a4788df9cdaaf135d9583f2228b-1-150x150.jpg HTTP/1.1" 200 0 "https://www.shoenation.me/product-category/nike/?filter_size=40%2C43%2C46" "Mozilla/5.0 (compatible; Bytespider; spider-feedback@bytedance.com) AppleWebKit/537.36 (KHTML, like Gecko) Chrome/70.0.0.0 Safari/537.36"
47.128.62.179 - - [15/May/2026:13:44:31 -0400] "GET /wp-content/uploads/2024/03/OUJO0464-2-430x430.png HTTP/1.1" 200 0 "https://www.shoenation.me/product-category/nike/?filter_size=40%2C43%2C46" "Mozilla/5.0 (compatible; Bytespider; spider-feedback@bytedance.com) AppleWebKit/537.36 (KHTML, like Gecko) Chrome/70.0.0.0 Safari/537.36"
47.128.62.179 - - [15/May/2026:13:44:31 -0400] "GET /wp-content/uploads/2024/03/OSHSN0633-1-430x430.png HTTP/1.1" 200 0 "https://www.shoenation.me/product-category/nike/?filter_size=40%2C43%2C46" "Mozilla/5.0 (compatible; Bytespider; spider-feedback@bytedance.com) AppleWebKit/537.36 (KHTML, like Gecko) Chrome/70.0.0.0 Safari/537.36"
47.128.62.179 - - [15/May/2026:13:44:31 -0400] "GET /wp-content/uploads/2024/06/ca089c0521d61637a52311e4c5c83f0f-150x150.jpg HTTP/1.1" 200 0 "https://www.shoenation.me/product-category/nike/?filter_size=40%2C43%2C46" "Mozilla/5.0 (compatible; Bytespider; spider-feedback@bytedance.com) AppleWebKit/537.36 (KHTML, like Gecko) Chrome/70.0.0.0 Safari/537.36"
47.128.62.179 - - [15/May/2026:13:44:31 -0400] "GET /wp-content/uploads/2024/03/OSHSN0032-1-430x430.jpg HTTP/1.1" 200 0 "https://www.shoenation.me/product-category/nike/?filter_size=40%2C43%2C46" "Mozilla/5.0 (compatible; Bytespider; spider-feedback@bytedance.com) AppleWebKit/537.36 (KHTML, like Gecko) Chrome/70.0.0.0 Safari/537.36"
47.128.62.179 - - [15/May/2026:13:44:31 -0400] "GET /wp-content/uploads/2024/03/OSHSN0031-1-430x430.png HTTP/1.1" 200 0 "https://www.shoenation.me/product-category/nike/?filter_size=40%2C43%2C46" "Mozilla/5.0 (compatible; Bytespider; spider-feedback@bytedance.com) AppleWebKit/537.36 (KHTML, like Gecko) Chrome/70.0.0.0 Safari/537.36"
47.128.62.179 - - [15/May/2026:13:44:31 -0400] "GET /wp-content/uploads/2024/03/OUJO0456-1-430x430.png HTTP/1.1" 200 0 "https://www.shoenation.me/product-category/nike/?filter_size=40%2C43%2C46" "Mozilla/5.0 (compatible; Bytespider; spider-feedback@bytedance.com) AppleWebKit/537.36 (KHTML, like Gecko) Chrome/70.0.0.0 Safari/537.36"
47.128.62.179 - - [15/May/2026:13:44:51 -0400] "GET /wp-content/uploads/2025/10/OUJO0262-1-430x430.png HTTP/1.1" 200 0 "https://www.shoenation.me/product-category/nike/?filter_size=40%2C43%2C46" "Mozilla/5.0 (compatible; Bytespider; spider-feedback@bytedance.com) AppleWebKit/537.36 (KHTML, like Gecko) Chrome/70.0.0.0 Safari/537.36"
47.128.62.179 - - [15/May/2026:13:44:51 -0400] "GET /wp-content/uploads/2025/10/OUJO0262-2-430x430.png HTTP/1.1" 200 0 "https://www.shoenation.me/product-category/nike/?filter_size=40%2C43%2C46" "Mozilla/5.0 (compatible; Bytespider; spider-feedback@bytedance.com) AppleWebKit/537.36 (KHTML, like Gecko) Chrome/70.0.0.0 Safari/537.36"
47.128.62.179 - - [15/May/2026:13:44:51 -0400] "GET /wp-content/uploads/2024/04/OUJO0245-3-430x430.png HTTP/1.1" 200 0 "https://www.shoenation.me/product-category/nike/?filter_size=40%2C43%2C46" "Mozilla/5.0 (compatible; Bytespider; spider-feedback@bytedance.com) AppleWebKit/537.36 (KHTML, like Gecko) Chrome/70.0.0.0 Safari/537.36"
47.128.62.179 - - [15/May/2026:13:44:51 -0400] "GET /wp-content/uploads/2024/03/OSHSN0353-3-430x430.png HTTP/1.1" 200 0 "https://www.shoenation.me/product-category/nike/?filter_size=40%2C43%2C46" "Mozilla/5.0 (compatible; Bytespider; spider-feedback@bytedance.com) AppleWebKit/537.36 (KHTML, like Gecko) Chrome/70.0.0.0 Safari/537.36"
47.128.62.179 - - [15/May/2026:13:44:31 -0400] "GET /wp-content/uploads/2025/02/download-150x150.jpg HTTP/1.1" 200 0 "https://www.shoenation.me/product-category/nike/?filter_size=40%2C43%2C46" "Mozilla/5.0 (compatible; Bytespider; spider-feedback@bytedance.com) AppleWebKit/537.36 (KHTML, like Gecko) Chrome/70.0.0.0 Safari/537.36"
47.128.62.179 - - [15/May/2026:13:44:31 -0400] "GET /wp-content/uploads/2025/02/new-balance-530-miu-miu-v0-0p61tlqcrp2d1-150x150.webp HTTP/1.1" 200 0 "https://www.shoenation.me/product-category/nike/?filter_size=40%2C43%2C46" "Mozilla/5.0 (compatible; Bytespider; spider-feedback@bytedance.com) AppleWebKit/537.36 (KHTML, like Gecko) Chrome/70.0.0.0 Safari/537.36"
47.128.62.179 - - [15/May/2026:13:44:31 -0400] "GET /wp-content/uploads/2024/03/OUJO0456-3-430x430.png HTTP/1.1" 200 0 "https://www.shoenation.me/product-category/nike/?filter_size=40%2C43%2C46" "Mozilla/5.0 (compatible; Bytespider; spider-feedback@bytedance.com) AppleWebKit/537.36 (KHTML, like Gecko) Chrome/70.0.0.0 Safari/537.36"
47.128.62.179 - - [15/May/2026:13:44:31 -0400] "GET /wp-content/uploads/2024/03/OUJO0464-1-430x430.png HTTP/1.1" 200 0 "https://www.shoenation.me/product-category/nike/?filter_size=40%2C43%2C46" "Mozilla/5.0 (compatible; Bytespider; spider-feedback@bytedance.com) AppleWebKit/537.36 (KHTML, like Gecko) Chrome/70.0.0.0 Safari/537.36"
47.128.62.179 - - [15/May/2026:13:44:31 -0400] "GET /wp-content/uploads/2024/03/OUJO0454-1-430x430.png HTTP/1.1" 200 0 "https://www.shoenation.me/product-category/nike/?filter_size=40%2C43%2C46" "Mozilla/5.0 (compatible; Bytespider; spider-feedback@bytedance.com) AppleWebKit/537.36 (KHTML, like Gecko) Chrome/70.0.0.0 Safari/537.36"
47.128.62.179 - - [15/May/2026:13:44:31 -0400] "GET /wp-content/uploads/2024/03/OSHSN0031-2-430x430.jpg HTTP/1.1" 200 0 "https://www.shoenation.me/product-category/nike/?filter_size=40%2C43%2C46" "Mozilla/5.0 (compatible; Bytespider; spider-feedback@bytedance.com) AppleWebKit/537.36 (KHTML, like Gecko) Chrome/70.0.0.0 Safari/537.36"
47.128.62.179 - - [15/May/2026:13:44:31 -0400] "GET /wp-content/uploads/2024/06/product-jpeg-500x500-1-150x150.webp HTTP/1.1" 200 0 "https://www.shoenation.me/product-category/nike/?filter_size=40%2C43%2C46" "Mozilla/5.0 (compatible; Bytespider; spider-feedback@bytedance.com) AppleWebKit/537.36 (KHTML, like Gecko) Chrome/70.0.0.0 Safari/537.36"
47.128.62.179 - - [15/May/2026:13:44:31 -0400] "GET /wp-content/uploads/2024/03/OSHSN0354-2-430x430.png HTTP/1.1" 200 0 "https://www.shoenation.me/product-category/nike/?filter_size=40%2C43%2C46" "Mozilla/5.0 (compatible; Bytespider; spider-feedback@bytedance.com) AppleWebKit/537.36 (KHTML, like Gecko) Chrome/70.0.0.0 Safari/537.36"
47.128.62.179 - - [15/May/2026:13:44:31 -0400] "GET /wp-content/uploads/2024/03/OSHSN0354-1-430x430.png HTTP/1.1" 200 0 "https://www.shoenation.me/product-category/nike/?filter_size=40%2C43%2C46" "Mozilla/5.0 (compatible; Bytespider; spider-feedback@bytedance.com) AppleWebKit/537.36 (KHTML, like Gecko) Chrome/70.0.0.0 Safari/537.36"
47.128.62.179 - - [15/May/2026:13:44:31 -0400] "GET /wp-content/uploads/2024/06/17-best-nike-running-shoes-15275-150x150.webp HTTP/1.1" 200 0 "https://www.shoenation.me/product-category/nike/?filter_size=40%2C43%2C46" "Mozilla/5.0 (compatible; Bytespider; spider-feedback@bytedance.com) AppleWebKit/537.36 (KHTML, like Gecko) Chrome/70.0.0.0 Safari/537.36"
47.128.62.179 - - [15/May/2026:13:44:51 -0400] "GET /wp-content/uploads/2024/03/OSHSN0353-1-430x430.png HTTP/1.1" 200 0 "https://www.shoenation.me/product-category/nike/?filter_size=40%2C43%2C46" "Mozilla/5.0 (compatible; Bytespider; spider-feedback@bytedance.com) AppleWebKit/537.36 (KHTML, like Gecko) Chrome/70.0.0.0 Safari/537.36"
47.128.62.179 - - [15/May/2026:13:44:51 -0400] "GET /wp-content/uploads/2024/03/OSHSN0748-1-430x430.png HTTP/1.1" 200 0 "https://www.shoenation.me/product-category/nike/?filter_size=40%2C43%2C46" "Mozilla/5.0 (compatible; Bytespider; spider-feedback@bytedance.com) AppleWebKit/537.36 (KHTML, like Gecko) Chrome/70.0.0.0 Safari/537.36"
47.128.62.179 - - [15/May/2026:13:44:51 -0400] "GET /wp-content/uploads/2024/03/wd-envelope-dark.svg HTTP/1.1" 200 0 "https://www.shoenation.me/product-category/nike/?filter_size=40%2C43%2C46" "Mozilla/5.0 (compatible; Bytespider; spider-feedback@bytedance.com) AppleWebKit/537.36 (KHTML, like Gecko) Chrome/70.0.0.0 Safari/537.36"
67.223.118.104 - - [15/May/2026:13:45:07 -0400] "POST /wp-cron.php?doing_wp_cron=1778867106.2347490787506103515625 HTTP/1.1" 200 0 "-" "WordPress/6.9.4; https://www.shoenation.me"
47.82.15.42 - - [15/May/2026:13:45:08 -0400] "GET /?filter_size=36%2C42%2C43%2C44%2C45%2C47&per_page=9&product_cat=j4&stock_status=onsale HTTP/1.1" 200 0 "-" "Mozilla/5.0 (Macintosh; Intel Mac OS X 10_15_7) AppleWebKit/537.36 (KHTML, like Gecko) Chrome/139.0.0.0 Safari/537.36"
47.79.51.90 - - [15/May/2026:13:45:09 -0400] "GET /?filter_size=36%2C37%2C40%2C42%2C45%2C46&per_page=18&product_cat=yezzy&stock_status=onsale HTTP/1.1" 200 0 "-" "Mozilla/5.0 (Macintosh; Intel Mac OS X 10_15_7) AppleWebKit/537.36 (KHTML, like Gecko) Chrome/142.0.0.0 Safari/537.36"
67.223.118.104 - - [15/May/2026:13:45:31 -0400] "POST /wp-cron.php?doing_wp_cron=1778867131.2394130229949951171875 HTTP/1.1" 200 0 "-" "WordPress/6.9.4; https://www.shoenation.me"
47.82.15.135 - - [15/May/2026:13:45:25 -0400] "GET /?filter_size=36%2C37%2C38%2C39%2C40%2C41%2C42%2C45&per_page=18&per_row=4&product_cat=nb530&shop_view=grid&stock_status=onsale HTTP/1.1" 200 0 "-" "Mozilla/5.0 (Macintosh; Intel Mac OS X 10_15_7) AppleWebKit/537.36 (KHTML, like Gecko) Chrome/145.0.0.0 Safari/537.36"
47.82.15.135 - - [15/May/2026:13:45:25 -0400] "GET /?filter_size=36%2C39%2C40%2C42%2C44&per_page=12&product_cat=adidas&stock_status=instock HTTP/1.1" 200 0 "-" "Mozilla/5.0 (Windows NT 10.0; Win64; x64) AppleWebKit/537.36 (KHTML, like Gecko) Chrome/145.0.0.0 Safari/537.36"
67.223.118.104 - - [15/May/2026:13:46:56 -0400] "POST /wp-cron.php?doing_wp_cron=1778867216.5391180515289306640625 HTTP/1.1" 200 0 "-" "WordPress/6.9.4; https://www.shoenation.me"
47.79.11.100 - - [15/May/2026:13:46:51 -0400] "GET /?filter_size=37%2C39%2C41%2C43%2C45%2C47&per_page=24&product_cat=j4&stock_status=instock%2Consale HTTP/1.1" 301 0 "-" "Mozilla/5.0 (Windows NT 10.0; Win64; x64) AppleWebKit/537.36 (KHTML, like Gecko) Chrome/147.0.0.0 Safari/537.36"
47.79.51.144 - - [15/May/2026:13:46:50 -0400] "GET /?filter_size=38%2C40%2C42%2C44%2C46%2C47&per_page=24&post_type=product&stock_status=onsale HTTP/1.1" 200 0 "-" "Mozilla/5.0 (Macintosh; Intel Mac OS X 10_15_7) AppleWebKit/537.36 (KHTML, like Gecko) Chrome/146.0.0.0 Safari/537.36"
67.223.118.104 - - [15/May/2026:13:47:01 -0400] "POST /wp-cron.php?doing_wp_cron=1778867221.2391569614410400390625 HTTP/1.1" 200 0 "-" "WordPress/6.9.4; https://www.shoenation.me"
47.79.11.100 - - [15/May/2026:13:46:57 -0400] "GET /product-category/nike/j4/?filter_size=37%2C39%2C41%2C43%2C45%2C47&per_page=24&stock_status=instock%2Consale HTTP/1.1" 200 0 "https://www.shoenation.me/?filter_size=37%2C39%2C41%2C43%2C45%2C47&per_page=24&product_cat=j4&stock_status=instock%2Consale" "Mozilla/5.0 (Windows NT 10.0; Win64; x64) AppleWebKit/537.36 (KHTML, like Gecko) Chrome/147.0.0.0 Safari/537.36"
47.82.13.168 - - [15/May/2026:13:47:06 -0400] "GET /?filter_size=36%2C37%2C38%2C39%2C42%2C43%2C44&per_page=12&product_cat=asics HTTP/1.1" 301 0 "-" "Mozilla/5.0 (Macintosh; Intel Mac OS X 10_15_7) AppleWebKit/537.36 (KHTML, like Gecko) Chrome/142.0.0.0 Safari/537.36"
47.82.13.116 - - [15/May/2026:13:47:06 -0400] "GET /?filter_size=37%2C37-5%2C39%2C43&product_cat=adizero&stock_status=instock%2Consale HTTP/1.1" 301 0 "-" "Mozilla/5.0 (Macintosh; Intel Mac OS X 10_15_7) AppleWebKit/537.36 (KHTML, like Gecko) Chrome/142.0.0.0 Safari/537.36"
47.82.13.116 - - [15/May/2026:13:47:09 -0400] "GET /product-category/adidas/adizero/?filter_size=37%2C37-5%2C39%2C43&stock_status=instock%2Consale HTTP/1.1" 200 55795 "https://www.shoenation.me/?filter_size=37%2C37-5%2C39%2C43&product_cat=adizero&stock_status=instock%2Consale" "Mozilla/5.0 (Macintosh; Intel Mac OS X 10_15_7) AppleWebKit/537.36 (KHTML, like Gecko) Chrome/142.0.0.0 Safari/537.36"
47.82.13.168 - - [15/May/2026:13:47:09 -0400] "GET /product-category/asics/?filter_size=36%2C37%2C38%2C39%2C42%2C43%2C44&per_page=12 HTTP/1.1" 200 0 "https://www.shoenation.me/?filter_size=36%2C37%2C38%2C39%2C42%2C43%2C44&per_page=12&product_cat=asics" "Mozilla/5.0 (Macintosh; Intel Mac OS X 10_15_7) AppleWebKit/537.36 (KHTML, like Gecko) Chrome/142.0.0.0 Safari/537.36"
67.223.118.104 - - [15/May/2026:13:48:00 -0400] "POST /wp-cron.php?doing_wp_cron=1778867279.9484770298004150390625 HTTP/1.1" 200 0 "-" "WordPress/6.9.4; https://www.shoenation.me"
47.128.62.136 - - [15/May/2026:13:47:57 -0400] "GET /?product_cat=campus&per_row=3&shop_view=grid&filter_size=38,40,41&stock_status=onsale HTTP/1.1" 301 0 "-" "Mozilla/5.0 (compatible; Bytespider; spider-feedback@bytedance.com) AppleWebKit/537.36 (KHTML, like Gecko) Chrome/70.0.0.0 Safari/537.36"
47.128.62.136 - - [15/May/2026:13:48:00 -0400] "GET /product-category/adidas/campus/?per_row=3&shop_view=grid&filter_size=38%2C40%2C41&stock_status=onsale HTTP/1.1" 200 47436 "-" "Mozilla/5.0 (compatible; Bytespider; spider-feedback@bytedance.com) AppleWebKit/537.36 (KHTML, like Gecko) Chrome/70.0.0.0 Safari/537.36"
47.82.13.6 - - [15/May/2026:13:48:11 -0400] "GET /?filter_size=36%2C40%2C41%2C42%2C44&product_cat=j4 HTTP/1.1" 200 0 "-" "Mozilla/5.0 (Macintosh; Intel Mac OS X 10_15_7) AppleWebKit/537.36 (KHTML, like Gecko) Chrome/146.0.0.0 Safari/537.36"
47.82.13.153 - - [15/May/2026:13:48:11 -0400] "GET /?filter_size=36%2C45&per_page=18&product_cat=yezzy&stock_status=onsale HTTP/1.1" 200 0 "-" "Mozilla/5.0 (Macintosh; Intel Mac OS X 10_15_7) AppleWebKit/537.36 (KHTML, like Gecko) Chrome/147.0.0.0 Safari/537.36"
67.223.118.104 - - [15/May/2026:13:48:26 -0400] "POST /wp-cron.php?doing_wp_cron=1778867305.9339709281921386718750 HTTP/1.1" 200 0 "-" "WordPress/6.9.4; https://www.shoenation.me"
47.128.62.136 - - [15/May/2026:13:48:09 -0400] "GET /wp-content/uploads/2025/02/IMG_0260-150x150.jpeg HTTP/1.1" 404 178455 "https://www.shoenation.me/product-category/adidas/campus/?per_row=3&shop_view=grid&filter_size=38%2C40%2C41&stock_status=onsale" "Mozilla/5.0 (compatible; Bytespider; spider-feedback@bytedance.com) AppleWebKit/537.36 (KHTML, like Gecko) Chrome/70.0.0.0 Safari/537.36"
47.128.62.136 - - [15/May/2026:13:48:10 -0400] "GET /wp-content/uploads/2024/06/ca089c0521d61637a52311e4c5c83f0f-150x150.jpg HTTP/1.1" 404 178524 "https://www.shoenation.me/product-category/adidas/campus/?per_row=3&shop_view=grid&filter_size=38%2C40%2C41&stock_status=onsale" "Mozilla/5.0 (compatible; Bytespider; spider-feedback@bytedance.com) AppleWebKit/537.36 (KHTML, like Gecko) Chrome/70.0.0.0 Safari/537.36"
47.128.62.136 - - [15/May/2026:13:48:09 -0400] "GET /wp-content/uploads/2024/03/ShoeNation-Logo.png HTTP/1.1" 404 178449 "https://www.shoenation.me/product-category/adidas/campus/?per_row=3&shop_view=grid&filter_size=38%2C40%2C41&stock_status=onsale" "Mozilla/5.0 (compatible; Bytespider; spider-feedback@bytedance.com) AppleWebKit/537.36 (KHTML, like Gecko) Chrome/70.0.0.0 Safari/537.36"
47.128.62.136 - - [15/May/2026:13:48:10 -0400] "GET /wp-content/uploads/2024/06/63922ed58580f70019f80ea5-1-150x150.webp HTTP/1.1" 404 178509 "https://www.shoenation.me/product-category/adidas/campus/?per_row=3&shop_view=grid&filter_size=38%2C40%2C41&stock_status=onsale" "Mozilla/5.0 (compatible; Bytespider; spider-feedback@bytedance.com) AppleWebKit/537.36 (KHTML, like Gecko) Chrome/70.0.0.0 Safari/537.36"
47.128.62.136 - - [15/May/2026:13:48:10 -0400] "GET /wp-content/uploads/2025/02/614b4079e84ea91f6aa9d9919838a0d6.jpg_720x720q80-150x150.jpg HTTP/1.1" 404 178569 "https://www.shoenation.me/product-category/adidas/campus/?per_row=3&shop_view=grid&filter_size=38%2C40%2C41&stock_status=onsale" "Mozilla/5.0 (compatible; Bytespider; spider-feedback@bytedance.com) AppleWebKit/537.36 (KHTML, like Gecko) Chrome/70.0.0.0 Safari/537.36"
47.128.62.136 - - [15/May/2026:13:48:10 -0400] "GET /wp-content/uploads/2025/02/download-150x150.jpg HTTP/1.1" 404 178452 "https://www.shoenation.me/product-category/adidas/campus/?per_row=3&shop_view=grid&filter_size=38%2C40%2C41&stock_status=onsale" "Mozilla/5.0 (compatible; Bytespider; spider-feedback@bytedance.com) AppleWebKit/537.36 (KHTML, like Gecko) Chrome/70.0.0.0 Safari/537.36"
47.128.62.136 - - [15/May/2026:13:48:10 -0400] "GET /wp-content/uploads/2024/06/17-best-nike-running-shoes-15275-150x150.webp HTTP/1.1" 404 178527 "https://www.shoenation.me/product-category/adidas/campus/?per_row=3&shop_view=grid&filter_size=38%2C40%2C41&stock_status=onsale" "Mozilla/5.0 (compatible; Bytespider; spider-feedback@bytedance.com) AppleWebKit/537.36 (KHTML, like Gecko) Chrome/70.0.0.0 Safari/537.36"
47.128.62.136 - - [15/May/2026:13:48:10 -0400] "GET /wp-content/uploads/2024/06/3423897250m8_zm-1-150x150.jpg HTTP/1.1" 404 178479 "https://www.shoenation.me/product-category/adidas/campus/?per_row=3&shop_view=grid&filter_size=38%2C40%2C41&stock_status=onsale" "Mozilla/5.0 (compatible; Bytespider; spider-feedback@bytedance.com) AppleWebKit/537.36 (KHTML, like Gecko) Chrome/70.0.0.0 Safari/537.36"
47.128.62.136 - - [15/May/2026:13:48:09 -0400] "GET /wp-content/uploads/2025/02/new-balance-530-miu-miu-v0-0p61tlqcrp2d1-150x150.webp HTTP/1.1" 404 178551 "https://www.shoenation.me/product-category/adidas/campus/?per_row=3&shop_view=grid&filter_size=38%2C40%2C41&stock_status=onsale" "Mozilla/5.0 (compatible; Bytespider; spider-feedback@bytedance.com) AppleWebKit/537.36 (KHTML, like Gecko) Chrome/70.0.0.0 Safari/537.36"
47.128.62.136 - - [15/May/2026:13:48:10 -0400] "GET /wp-content/uploads/2024/06/AdidasCampus00sDarkGreenCloudWhi.webp HTTP/1.1" 404 178503 "https://www.shoenation.me/product-category/adidas/campus/?per_row=3&shop_view=grid&filter_size=38%2C40%2C41&stock_status=onsale" "Mozilla/5.0 (compatible; Bytespider; spider-feedback@bytedance.com) AppleWebKit/537.36 (KHTML, like Gecko) Chrome/70.0.0.0 Safari/537.36"
47.128.62.136 - - [15/May/2026:13:48:10 -0400] "GET /wp-content/uploads/2024/03/wd-envelope-dark.svg HTTP/1.1" 404 178452 "https://www.shoenation.me/product-category/adidas/campus/?per_row=3&shop_view=grid&filter_size=38%2C40%2C41&stock_status=onsale" "Mozilla/5.0 (compatible; Bytespider; spider-feedback@bytedance.com) AppleWebKit/537.36 (KHTML, like Gecko) Chrome/70.0.0.0 Safari/537.36"
47.128.62.136 - - [15/May/2026:13:48:10 -0400] "GET /wp-content/uploads/2024/06/5ef42a4788df9cdaaf135d9583f2228b-1-150x150.jpg HTTP/1.1" 404 178530 "https://www.shoenation.me/product-category/adidas/campus/?per_row=3&shop_view=grid&filter_size=38%2C40%2C41&stock_status=onsale" "Mozilla/5.0 (compatible; Bytespider; spider-feedback@bytedance.com) AppleWebKit/537.36 (KHTML, like Gecko) Chrome/70.0.0.0 Safari/537.36"
47.128.62.136 - - [15/May/2026:13:48:10 -0400] "GET /wp-content/uploads/2024/06/product-jpeg-500x500-1-150x150.webp HTTP/1.1" 404 178497 "https://www.shoenation.me/product-category/adidas/campus/?per_row=3&shop_view=grid&filter_size=38%2C40%2C41&stock_status=onsale" "Mozilla/5.0 (compatible; Bytespider; spider-feedback@bytedance.com) AppleWebKit/537.36 (KHTML, like Gecko) Chrome/70.0.0.0 Safari/537.36"
47.82.8.16 - - [15/May/2026:13:48:31 -0400] "GET /?filter_size=36%2C39%2C40%2C41%2C42%2C43%2C45&per_row=4&product_cat=nb530&shop_view=grid&stock_status=instock HTTP/1.1" 200 0 "-" "Mozilla/5.0 (Windows NT 10.0; Win64; x64) AppleWebKit/537.36 (KHTML, like Gecko) Chrome/141.0.0.0 Safari/537.36"
67.223.118.104 - - [15/May/2026:13:49:49 -0400] "POST /wp-cron.php?doing_wp_cron=1778867389.9354560375213623046875 HTTP/1.1" 200 0 "-" "WordPress/6.9.4; https://www.shoenation.me"
34.233.114.237 - - [15/May/2026:13:49:45 -0400] "GET /?feed=rss2&p=17681 HTTP/1.1" 301 0 "-" "Mozilla/5.0 AppleWebKit/537.36 (KHTML, like Gecko; compatible; Amazonbot/0.1; +https://developer.amazon.com/support/amazonbot) Chrome/119.0.6045.214 Safari/537.36"
18.209.201.119 - - [15/May/2026:13:49:50 -0400] "GET /product/air-jordan-1-travis-scott-low-x-ken-block-hoonigan/feed/ HTTP/1.1" 200 475 "-" "Mozilla/5.0 AppleWebKit/537.36 (KHTML, like Gecko; compatible; Amazonbot/0.1; +https://developer.amazon.com/support/amazonbot) Chrome/119.0.6045.214 Safari/537.36"
66.249.73.72 - - [15/May/2026:13:49:59 -0400] "GET /goods.php?item/t2719475 HTTP/1.1" 200 24827 "-" "Mozilla/5.0 (Linux; Android 6.0.1; Nexus 5X Build/MMB29P) AppleWebKit/537.36 (KHTML, like Gecko) Chrome/148.0.7778.96 Mobile Safari/537.36 (compatible; Googlebot/2.1; +http://www.google.com/bot.html)"
67.223.118.104 - - [15/May/2026:13:50:37 -0400] "POST /wp-cron.php?doing_wp_cron=1778867437.4351160526275634765625 HTTP/1.1" 200 0 "-" "WordPress/6.9.4; https://www.shoenation.me"
47.79.15.14 - - [15/May/2026:13:50:33 -0400] "GET /?filter_size=38%2C40%2C42%2C43%2C47&per_page=18&product_cat=j4&stock_status=onsale HTTP/1.1" 301 0 "-" "Mozilla/5.0 (Macintosh; Intel Mac OS X 10_15_7) AppleWebKit/537.36 (KHTML, like Gecko) Chrome/142.0.0.0 Safari/537.36"
47.82.15.203 - - [15/May/2026:13:50:33 -0400] "GET /?filter_size=38%2C40%2C41%2C43%2C44%2C46&product_cat=adidas&stock_status=instock HTTP/1.1" 301 0 "-" "Mozilla/5.0 (Windows NT 10.0; Win64; x64) AppleWebKit/537.36 (KHTML, like Gecko) Chrome/146.0.0.0 Safari/537.36"
47.82.15.203 - - [15/May/2026:13:50:38 -0400] "GET /product-category/adidas/?filter_size=38%2C40%2C41%2C43%2C44%2C46&stock_status=instock HTTP/1.1" 200 0 "https://www.shoenation.me/?filter_size=38%2C40%2C41%2C43%2C44%2C46&product_cat=adidas&stock_status=instock" "Mozilla/5.0 (Windows NT 10.0; Win64; x64) AppleWebKit/537.36 (KHTML, like Gecko) Chrome/146.0.0.0 Safari/537.36"
47.79.15.14 - - [15/May/2026:13:50:37 -0400] "GET /product-category/nike/j4/?filter_size=38%2C40%2C42%2C43%2C47&per_page=18&stock_status=onsale HTTP/1.1" 200 0 "https://www.shoenation.me/?filter_size=38%2C40%2C42%2C43%2C47&per_page=18&product_cat=j4&stock_status=onsale" "Mozilla/5.0 (Macintosh; Intel Mac OS X 10_15_7) AppleWebKit/537.36 (KHTML, like Gecko) Chrome/142.0.0.0 Safari/537.36"
47.82.13.107 - - [15/May/2026:13:50:51 -0400] "GET /?filter_size=36%2C37%2C39%2C44&per_page=24&product_cat=othermodels&stock_status=onsale HTTP/1.1" 301 0 "-" "Mozilla/5.0 (Windows NT 10.0; Win64; x64) AppleWebKit/537.36 (KHTML, like Gecko) Chrome/142.0.0.0 Safari/537.36"
47.82.13.107 - - [15/May/2026:13:50:55 -0400] "GET /product-category/nike/othermodels/?filter_size=36%2C37%2C39%2C44&per_page=24&stock_status=onsale HTTP/1.1" 200 0 "https://www.shoenation.me/?filter_size=36%2C37%2C39%2C44&per_page=24&product_cat=othermodels&stock_status=onsale" "Mozilla/5.0 (Windows NT 10.0; Win64; x64) AppleWebKit/537.36 (KHTML, like Gecko) Chrome/142.0.0.0 Safari/537.36"
67.223.118.104 - - [15/May/2026:13:51:59 -0400] "POST /wp-cron.php?doing_wp_cron=1778867519.4391710758209228515625 HTTP/1.1" 200 0 "-" "WordPress/6.9.4; https://www.shoenation.me"
47.128.62.176 - - [15/May/2026:13:51:57 -0400] "GET /?filter_size=36%2C37%2C41&per_row=4&product_cat=jordan-3&shop_view=grid HTTP/1.1" 301 0 "-" "Mozilla/5.0 (compatible; Bytespider; spider-feedback@bytedance.com) AppleWebKit/537.36 (KHTML, like Gecko) Chrome/70.0.0.0 Safari/537.36"
66.249.73.71 - - [15/May/2026:13:51:59 -0400] "GET /?detail/402976257 HTTP/1.1" 200 23984 "-" "Mozilla/5.0 (Linux; Android 6.0.1; Nexus 5X Build/MMB29P) AppleWebKit/537.36 (KHTML, like Gecko) Chrome/148.0.7778.96 Mobile Safari/537.36 (compatible; Googlebot/2.1; +http://www.google.com/bot.html)"
47.82.14.55 - - [15/May/2026:13:52:01 -0400] "GET /?filter_size=39%2C41%2C42%2C45&product_cat=othermodels HTTP/1.1" 301 0 "-" "Mozilla/5.0 (Macintosh; Intel Mac OS X 10_15_7) AppleWebKit/537.36 (KHTML, like Gecko) Chrome/142.0.0.0 Safari/537.36"
47.128.62.176 - - [15/May/2026:13:51:59 -0400] "GET /product-category/nike/jordan-3/?filter_size=36%2C37%2C41&per_row=4&shop_view=grid HTTP/1.1" 200 48354 "-" "Mozilla/5.0 (compatible; Bytespider; spider-feedback@bytedance.com) AppleWebKit/537.36 (KHTML, like Gecko) Chrome/70.0.0.0 Safari/537.36"
47.82.14.55 - - [15/May/2026:13:52:04 -0400] "GET /product-category/nike/othermodels/?filter_size=39%2C41%2C42%2C45 HTTP/1.1" 200 0 "https://www.shoenation.me/?filter_size=39%2C41%2C42%2C45&product_cat=othermodels" "Mozilla/5.0 (Macintosh; Intel Mac OS X 10_15_7) AppleWebKit/537.36 (KHTML, like Gecko) Chrome/142.0.0.0 Safari/537.36"
67.223.118.104 - - [15/May/2026:13:52:28 -0400] "POST /wp-cron.php?doing_wp_cron=1778867548.5375630855560302734375 HTTP/1.1" 200 0 "-" "WordPress/6.9.4; https://www.shoenation.me"
47.128.62.176 - - [15/May/2026:13:52:08 -0400] "GET /wp-content/uploads/2024/06/17-best-nike-running-shoes-15275-150x150.webp HTTP/1.1" 404 178527 "https://www.shoenation.me/product-category/nike/jordan-3/?filter_size=36%2C37%2C41&per_row=4&shop_view=grid" "Mozilla/5.0 (compatible; Bytespider; spider-feedback@bytedance.com) AppleWebKit/537.36 (KHTML, like Gecko) Chrome/70.0.0.0 Safari/537.36"
47.128.62.176 - - [15/May/2026:13:52:07 -0400] "GET /wp-content/uploads/2025/02/new-balance-530-miu-miu-v0-0p61tlqcrp2d1-150x150.webp HTTP/1.1" 404 178551 "https://www.shoenation.me/product-category/nike/jordan-3/?filter_size=36%2C37%2C41&per_row=4&shop_view=grid" "Mozilla/5.0 (compatible; Bytespider; spider-feedback@bytedance.com) AppleWebKit/537.36 (KHTML, like Gecko) Chrome/70.0.0.0 Safari/537.36"
47.128.62.176 - - [15/May/2026:13:52:08 -0400] "GET /wp-content/uploads/2024/06/5ef42a4788df9cdaaf135d9583f2228b-1-150x150.jpg HTTP/1.1" 404 178530 "https://www.shoenation.me/product-category/nike/jordan-3/?filter_size=36%2C37%2C41&per_row=4&shop_view=grid" "Mozilla/5.0 (compatible; Bytespider; spider-feedback@bytedance.com) AppleWebKit/537.36 (KHTML, like Gecko) Chrome/70.0.0.0 Safari/537.36"
47.128.62.176 - - [15/May/2026:13:52:08 -0400] "GET /wp-content/uploads/2024/09/air-jordan-3-retro-x-nina-chanel-abney-bicoastal-and-malachite-fz7974-300-release-date-5-430x484.webp HTTP/1.1" 404 178695 "https://www.shoenation.me/product-category/nike/jordan-3/?filter_size=36%2C37%2C41&per_row=4&shop_view=grid" "Mozilla/5.0 (compatible; Bytespider; spider-feedback@bytedance.com) AppleWebKit/537.36 (KHTML, like Gecko) Chrome/70.0.0.0 Safari/537.36"
47.128.62.176 - - [15/May/2026:13:52:08 -0400] "GET /wp-content/uploads/2024/09/air-jordan-3-retro-x-nina-chanel-abney-bicoastal-and-malachite-fz7974-300-release-date-430x484.webp HTTP/1.1" 404 178689 "https://www.shoenation.me/product-category/nike/jordan-3/?filter_size=36%2C37%2C41&per_row=4&shop_view=grid" "Mozilla/5.0 (compatible; Bytespider; spider-feedback@bytedance.com) AppleWebKit/537.36 (KHTML, like Gecko) Chrome/70.0.0.0 Safari/537.36"
47.128.62.176 - - [15/May/2026:13:52:08 -0400] "GET /wp-content/uploads/2024/06/3423897250m8_zm-1-150x150.jpg HTTP/1.1" 404 178479 "https://www.shoenation.me/product-category/nike/jordan-3/?filter_size=36%2C37%2C41&per_row=4&shop_view=grid" "Mozilla/5.0 (compatible; Bytespider; spider-feedback@bytedance.com) AppleWebKit/537.36 (KHTML, like Gecko) Chrome/70.0.0.0 Safari/537.36"
47.128.62.176 - - [15/May/2026:13:52:07 -0400] "GET /wp-content/uploads/2025/02/IMG_0260-150x150.jpeg HTTP/1.1" 404 178455 "https://www.shoenation.me/product-category/nike/jordan-3/?filter_size=36%2C37%2C41&per_row=4&shop_view=grid" "Mozilla/5.0 (compatible; Bytespider; spider-feedback@bytedance.com) AppleWebKit/537.36 (KHTML, like Gecko) Chrome/70.0.0.0 Safari/537.36"
47.128.62.176 - - [15/May/2026:13:52:08 -0400] "GET /wp-content/uploads/2024/06/product-jpeg-500x500-1-150x150.webp HTTP/1.1" 404 178497 "https://www.shoenation.me/product-category/nike/jordan-3/?filter_size=36%2C37%2C41&per_row=4&shop_view=grid" "Mozilla/5.0 (compatible; Bytespider; spider-feedback@bytedance.com) AppleWebKit/537.36 (KHTML, like Gecko) Chrome/70.0.0.0 Safari/537.36"
47.128.62.176 - - [15/May/2026:13:52:08 -0400] "GET /wp-content/uploads/2024/06/63922ed58580f70019f80ea5-1-150x150.webp HTTP/1.1" 404 178509 "https://www.shoenation.me/product-category/nike/jordan-3/?filter_size=36%2C37%2C41&per_row=4&shop_view=grid" "Mozilla/5.0 (compatible; Bytespider; spider-feedback@bytedance.com) AppleWebKit/537.36 (KHTML, like Gecko) Chrome/70.0.0.0 Safari/537.36"
47.128.62.176 - - [15/May/2026:13:52:08 -0400] "GET /wp-content/uploads/2025/02/614b4079e84ea91f6aa9d9919838a0d6.jpg_720x720q80-150x150.jpg HTTP/1.1" 404 178569 "https://www.shoenation.me/product-category/nike/jordan-3/?filter_size=36%2C37%2C41&per_row=4&shop_view=grid" "Mozilla/5.0 (compatible; Bytespider; spider-feedback@bytedance.com) AppleWebKit/537.36 (KHTML, like Gecko) Chrome/70.0.0.0 Safari/537.36"
