47.128.62.197 - - [15/May/2026:08:48:15 -0400] "GET /wp-content/uploads/2024/06/5ef42a4788df9cdaaf135d9583f2228b-1-150x150.jpg HTTP/1.1" 200 0 "https://www.shoenation.me/product-category/new-balance/550/?filter_size=39%2C41%2C42%2C43%2C45&per_row=3&shop_view=grid" "Mozilla/5.0 (compatible; Bytespider; spider-feedback@bytedance.com) AppleWebKit/537.36 (KHTML, like Gecko) Chrome/70.0.0.0 Safari/537.36"
47.128.62.197 - - [15/May/2026:08:48:15 -0400] "GET /wp-content/uploads/2025/02/download-150x150.jpg HTTP/1.1" 200 0 "https://www.shoenation.me/product-category/new-balance/550/?filter_size=39%2C41%2C42%2C43%2C45&per_row=3&shop_view=grid" "Mozilla/5.0 (compatible; Bytespider; spider-feedback@bytedance.com) AppleWebKit/537.36 (KHTML, like Gecko) Chrome/70.0.0.0 Safari/537.36"
47.128.62.197 - - [15/May/2026:08:48:15 -0400] "GET /wp-content/uploads/2024/06/63922ed58580f70019f80ea5-1-150x150.webp HTTP/1.1" 404 178509 "https://www.shoenation.me/product-category/new-balance/550/?filter_size=39%2C41%2C42%2C43%2C45&per_row=3&shop_view=grid" "Mozilla/5.0 (compatible; Bytespider; spider-feedback@bytedance.com) AppleWebKit/537.36 (KHTML, like Gecko) Chrome/70.0.0.0 Safari/537.36"
47.128.62.197 - - [15/May/2026:08:48:15 -0400] "GET /wp-content/uploads/2024/06/3423897250m8_zm-1-150x150.jpg HTTP/1.1" 200 0 "https://www.shoenation.me/product-category/new-balance/550/?filter_size=39%2C41%2C42%2C43%2C45&per_row=3&shop_view=grid" "Mozilla/5.0 (compatible; Bytespider; spider-feedback@bytedance.com) AppleWebKit/537.36 (KHTML, like Gecko) Chrome/70.0.0.0 Safari/537.36"
47.128.62.197 - - [15/May/2026:08:48:15 -0400] "GET /wp-content/uploads/2025/02/614b4079e84ea91f6aa9d9919838a0d6.jpg_720x720q80-150x150.jpg HTTP/1.1" 200 0 "https://www.shoenation.me/product-category/new-balance/550/?filter_size=39%2C41%2C42%2C43%2C45&per_row=3&shop_view=grid" "Mozilla/5.0 (compatible; Bytespider; spider-feedback@bytedance.com) AppleWebKit/537.36 (KHTML, like Gecko) Chrome/70.0.0.0 Safari/537.36"
47.128.62.197 - - [15/May/2026:08:48:15 -0400] "GET /wp-content/uploads/2024/06/ca089c0521d61637a52311e4c5c83f0f-150x150.jpg HTTP/1.1" 200 0 "https://www.shoenation.me/product-category/new-balance/550/?filter_size=39%2C41%2C42%2C43%2C45&per_row=3&shop_view=grid" "Mozilla/5.0 (compatible; Bytespider; spider-feedback@bytedance.com) AppleWebKit/537.36 (KHTML, like Gecko) Chrome/70.0.0.0 Safari/537.36"
47.128.62.197 - - [15/May/2026:08:48:15 -0400] "GET /wp-content/uploads/2024/06/product-jpeg-500x500-1-150x150.webp HTTP/1.1" 200 0 "https://www.shoenation.me/product-category/new-balance/550/?filter_size=39%2C41%2C42%2C43%2C45&per_row=3&shop_view=grid" "Mozilla/5.0 (compatible; Bytespider; spider-feedback@bytedance.com) AppleWebKit/537.36 (KHTML, like Gecko) Chrome/70.0.0.0 Safari/537.36"
47.128.62.197 - - [15/May/2026:08:48:15 -0400] "GET /wp-content/uploads/2024/08/1-430x306.jpg HTTP/1.1" 200 0 "https://www.shoenation.me/product-category/new-balance/550/?filter_size=39%2C41%2C42%2C43%2C45&per_row=3&shop_view=grid" "Mozilla/5.0 (compatible; Bytespider; spider-feedback@bytedance.com) AppleWebKit/537.36 (KHTML, like Gecko) Chrome/70.0.0.0 Safari/537.36"
47.128.62.197 - - [15/May/2026:08:48:15 -0400] "GET /wp-content/uploads/2024/06/17-best-nike-running-shoes-15275-150x150.webp HTTP/1.1" 200 0 "https://www.shoenation.me/product-category/new-balance/550/?filter_size=39%2C41%2C42%2C43%2C45&per_row=3&shop_view=grid" "Mozilla/5.0 (compatible; Bytespider; spider-feedback@bytedance.com) AppleWebKit/537.36 (KHTML, like Gecko) Chrome/70.0.0.0 Safari/537.36"
47.128.62.197 - - [15/May/2026:08:48:15 -0400] "GET /wp-content/uploads/2024/05/download-430x430.jpeg HTTP/1.1" 200 0 "https://www.shoenation.me/product-category/new-balance/550/?filter_size=39%2C41%2C42%2C43%2C45&per_row=3&shop_view=grid" "Mozilla/5.0 (compatible; Bytespider; spider-feedback@bytedance.com) AppleWebKit/537.36 (KHTML, like Gecko) Chrome/70.0.0.0 Safari/537.36"
47.128.62.197 - - [15/May/2026:08:48:15 -0400] "GET /wp-content/uploads/2024/08/s-l1200-4-430x287.webp HTTP/1.1" 200 0 "https://www.shoenation.me/product-category/new-balance/550/?filter_size=39%2C41%2C42%2C43%2C45&per_row=3&shop_view=grid" "Mozilla/5.0 (compatible; Bytespider; spider-feedback@bytedance.com) AppleWebKit/537.36 (KHTML, like Gecko) Chrome/70.0.0.0 Safari/537.36"
47.128.62.197 - - [15/May/2026:08:48:15 -0400] "GET /wp-content/uploads/2024/05/IMG_2997_720x-430x430.webp HTTP/1.1" 200 0 "https://www.shoenation.me/product-category/new-balance/550/?filter_size=39%2C41%2C42%2C43%2C45&per_row=3&shop_view=grid" "Mozilla/5.0 (compatible; Bytespider; spider-feedback@bytedance.com) AppleWebKit/537.36 (KHTML, like Gecko) Chrome/70.0.0.0 Safari/537.36"
47.128.62.197 - - [15/May/2026:08:48:15 -0400] "GET /wp-content/uploads/2024/05/download-4-430x430.jpeg HTTP/1.1" 200 0 "https://www.shoenation.me/product-category/new-balance/550/?filter_size=39%2C41%2C42%2C43%2C45&per_row=3&shop_view=grid" "Mozilla/5.0 (compatible; Bytespider; spider-feedback@bytedance.com) AppleWebKit/537.36 (KHTML, like Gecko) Chrome/70.0.0.0 Safari/537.36"
47.128.62.197 - - [15/May/2026:08:48:15 -0400] "GET /wp-content/uploads/2024/05/09-12-2021_JT_BB550RP1_m1_1-430x430.webp HTTP/1.1" 200 0 "https://www.shoenation.me/product-category/new-balance/550/?filter_size=39%2C41%2C42%2C43%2C45&per_row=3&shop_view=grid" "Mozilla/5.0 (compatible; Bytespider; spider-feedback@bytedance.com) AppleWebKit/537.36 (KHTML, like Gecko) Chrome/70.0.0.0 Safari/537.36"
47.128.62.197 - - [15/May/2026:08:48:15 -0400] "GET /wp-content/uploads/2024/05/IMG_3001_720x-430x430.webp HTTP/1.1" 200 0 "https://www.shoenation.me/product-category/new-balance/550/?filter_size=39%2C41%2C42%2C43%2C45&per_row=3&shop_view=grid" "Mozilla/5.0 (compatible; Bytespider; spider-feedback@bytedance.com) AppleWebKit/537.36 (KHTML, like Gecko) Chrome/70.0.0.0 Safari/537.36"
47.128.62.197 - - [15/May/2026:08:48:15 -0400] "GET /wp-content/uploads/2024/05/OSHSN0296-2-430x430.png HTTP/1.1" 200 0 "https://www.shoenation.me/product-category/new-balance/550/?filter_size=39%2C41%2C42%2C43%2C45&per_row=3&shop_view=grid" "Mozilla/5.0 (compatible; Bytespider; spider-feedback@bytedance.com) AppleWebKit/537.36 (KHTML, like Gecko) Chrome/70.0.0.0 Safari/537.36"
47.128.62.197 - - [15/May/2026:08:48:15 -0400] "GET /wp-content/uploads/2024/04/OUNB0087-2-430x430.png HTTP/1.1" 200 0 "https://www.shoenation.me/product-category/new-balance/550/?filter_size=39%2C41%2C42%2C43%2C45&per_row=3&shop_view=grid" "Mozilla/5.0 (compatible; Bytespider; spider-feedback@bytedance.com) AppleWebKit/537.36 (KHTML, like Gecko) Chrome/70.0.0.0 Safari/537.36"
47.128.62.197 - - [15/May/2026:08:48:15 -0400] "GET /wp-content/uploads/2024/05/OSHSN0296-3-430x430.png HTTP/1.1" 200 0 "https://www.shoenation.me/product-category/new-balance/550/?filter_size=39%2C41%2C42%2C43%2C45&per_row=3&shop_view=grid" "Mozilla/5.0 (compatible; Bytespider; spider-feedback@bytedance.com) AppleWebKit/537.36 (KHTML, like Gecko) Chrome/70.0.0.0 Safari/537.36"
47.128.62.197 - - [15/May/2026:08:48:35 -0400] "GET /wp-content/uploads/2024/05/bb550pb1_nb_02_i-430x430.webp HTTP/1.1" 200 0 "https://www.shoenation.me/product-category/new-balance/550/?filter_size=39%2C41%2C42%2C43%2C45&per_row=3&shop_view=grid" "Mozilla/5.0 (compatible; Bytespider; spider-feedback@bytedance.com) AppleWebKit/537.36 (KHTML, like Gecko) Chrome/70.0.0.0 Safari/537.36"
47.128.62.197 - - [15/May/2026:08:48:15 -0400] "GET /wp-content/uploads/2024/04/OUNB0087-3-430x430.png HTTP/1.1" 200 0 "https://www.shoenation.me/product-category/new-balance/550/?filter_size=39%2C41%2C42%2C43%2C45&per_row=3&shop_view=grid" "Mozilla/5.0 (compatible; Bytespider; spider-feedback@bytedance.com) AppleWebKit/537.36 (KHTML, like Gecko) Chrome/70.0.0.0 Safari/537.36"
47.128.62.197 - - [15/May/2026:08:48:35 -0400] "GET /wp-content/uploads/2024/08/s-l1200-1-430x287.webp HTTP/1.1" 200 0 "https://www.shoenation.me/product-category/new-balance/550/?filter_size=39%2C41%2C42%2C43%2C45&per_row=3&shop_view=grid" "Mozilla/5.0 (compatible; Bytespider; spider-feedback@bytedance.com) AppleWebKit/537.36 (KHTML, like Gecko) Chrome/70.0.0.0 Safari/537.36"
47.128.62.197 - - [15/May/2026:08:48:35 -0400] "GET /wp-content/uploads/2024/05/OSHSN0291-3-430x430.png HTTP/1.1" 200 0 "https://www.shoenation.me/product-category/new-balance/550/?filter_size=39%2C41%2C42%2C43%2C45&per_row=3&shop_view=grid" "Mozilla/5.0 (compatible; Bytespider; spider-feedback@bytedance.com) AppleWebKit/537.36 (KHTML, like Gecko) Chrome/70.0.0.0 Safari/537.36"
47.128.62.197 - - [15/May/2026:08:48:35 -0400] "GET /wp-content/uploads/2024/03/wd-envelope-dark.svg HTTP/1.1" 200 0 "https://www.shoenation.me/product-category/new-balance/550/?filter_size=39%2C41%2C42%2C43%2C45&per_row=3&shop_view=grid" "Mozilla/5.0 (compatible; Bytespider; spider-feedback@bytedance.com) AppleWebKit/537.36 (KHTML, like Gecko) Chrome/70.0.0.0 Safari/537.36"
67.223.118.104 - - [15/May/2026:08:48:51 -0400] "POST /wp-cron.php?doing_wp_cron=1778849331.7385210990905761718750 HTTP/1.1" 200 0 "-" "WordPress/6.9.4; https://www.shoenation.me"
147.135.252.148 - - [15/May/2026:08:49:03 -0400] "GET /robots.txt HTTP/1.1" 200 71 "-" "Mozilla/5.0 (compatible; MJ12bot/v1.4.8; http://mj12bot.com/)"
147.135.252.148 - - [15/May/2026:08:49:04 -0400] "GET /?product_cat=9060&filter_size=38,40,42&shop_view=grid&per_row=3&paged=3 HTTP/1.1" 301 0 "-" "Mozilla/5.0 (compatible; MJ12bot/v1.4.8; http://mj12bot.com/)"
147.135.252.148 - - [15/May/2026:08:49:09 -0400] "GET /product-category/new-balance/9060/page/3/?filter_size=38%2C40%2C42&shop_view=grid&per_row=3 HTTP/1.1" 200 50712 "-" "Mozilla/5.0 (compatible; MJ12bot/v1.4.8; http://mj12bot.com/)"
147.135.252.148 - - [15/May/2026:08:49:20 -0400] "GET /?product_cat=9060&filter_size=38,40,42,43,44&per_page=9 HTTP/1.1" 301 0 "-" "Mozilla/5.0 (compatible; MJ12bot/v1.4.8; http://mj12bot.com/)"
147.135.252.148 - - [15/May/2026:08:49:27 -0400] "GET /product-category/new-balance/9060/?filter_size=38%2C40%2C42%2C43%2C44&per_page=9 HTTP/1.1" 200 50887 "-" "Mozilla/5.0 (compatible; MJ12bot/v1.4.8; http://mj12bot.com/)"
147.135.252.148 - - [15/May/2026:08:49:40 -0400] "GET /?product_cat=9060&filter_size=38,40,42,43,44&per_page=9&paged=2 HTTP/1.1" 301 0 "-" "Mozilla/5.0 (compatible; MJ12bot/v1.4.8; http://mj12bot.com/)"
67.223.118.104 - - [15/May/2026:08:49:54 -0400] "POST /wp-cron.php?doing_wp_cron=1778849394.5473220348358154296875 HTTP/1.1" 200 0 "-" "WordPress/6.9.4; https://www.shoenation.me"
147.135.252.148 - - [15/May/2026:08:49:47 -0400] "GET /product-category/new-balance/9060/page/2/?filter_size=38%2C40%2C42%2C43%2C44&per_page=9 HTTP/1.1" 200 50868 "-" "Mozilla/5.0 (compatible; MJ12bot/v1.4.8; http://mj12bot.com/)"
147.135.252.148 - - [15/May/2026:08:49:56 -0400] "GET /?product_cat=9060&filter_size=38,40,42,43,44&per_page=9&paged=4 HTTP/1.1" 301 0 "-" "Mozilla/5.0 (compatible; MJ12bot/v1.4.8; http://mj12bot.com/)"
147.135.252.148 - - [15/May/2026:08:50:01 -0400] "GET /product-category/new-balance/9060/page/4/?filter_size=38%2C40%2C42%2C43%2C44&per_page=9 HTTP/1.1" 200 49996 "-" "Mozilla/5.0 (compatible; MJ12bot/v1.4.8; http://mj12bot.com/)"
147.135.252.148 - - [15/May/2026:08:50:12 -0400] "GET /?product_cat=9060&filter_size=38,40,42,43,44&shop_view=grid&per_row=2 HTTP/1.1" 301 0 "-" "Mozilla/5.0 (compatible; MJ12bot/v1.4.8; http://mj12bot.com/)"
67.223.118.104 - - [15/May/2026:08:50:24 -0400] "POST /wp-cron.php?doing_wp_cron=1778849424.3352479934692382812500 HTTP/1.1" 200 0 "-" "WordPress/6.9.4; https://www.shoenation.me"
147.135.252.148 - - [15/May/2026:08:50:16 -0400] "GET /product-category/new-balance/9060/?filter_size=38%2C40%2C42%2C43%2C44&shop_view=grid&per_row=2 HTTP/1.1" 200 51623 "-" "Mozilla/5.0 (compatible; MJ12bot/v1.4.8; http://mj12bot.com/)"
147.135.252.148 - - [15/May/2026:08:50:26 -0400] "GET /?product_cat=9060&filter_size=38,40,42,43,44&shop_view=grid&per_row=2&paged=2 HTTP/1.1" 301 0 "-" "Mozilla/5.0 (compatible; MJ12bot/v1.4.8; http://mj12bot.com/)"
147.135.252.148 - - [15/May/2026:08:50:31 -0400] "GET /product-category/new-balance/9060/page/2/?filter_size=38%2C40%2C42%2C43%2C44&shop_view=grid&per_row=2 HTTP/1.1" 200 51390 "-" "Mozilla/5.0 (compatible; MJ12bot/v1.4.8; http://mj12bot.com/)"
147.135.252.148 - - [15/May/2026:08:50:39 -0400] "GET /?product_cat=9060&filter_size=38,40,42,43,44&shop_view=grid&per_row=3 HTTP/1.1" 301 0 "-" "Mozilla/5.0 (compatible; MJ12bot/v1.4.8; http://mj12bot.com/)"
147.135.252.148 - - [15/May/2026:08:50:43 -0400] "GET /product-category/new-balance/9060/?filter_size=38%2C40%2C42%2C43%2C44&shop_view=grid&per_row=3 HTTP/1.1" 200 51599 "-" "Mozilla/5.0 (compatible; MJ12bot/v1.4.8; http://mj12bot.com/)"
147.135.252.148 - - [15/May/2026:08:50:51 -0400] "GET /?product_cat=9060&filter_size=38,40,42,43,44,45&per_page=18 HTTP/1.1" 301 0 "-" "Mozilla/5.0 (compatible; MJ12bot/v1.4.8; http://mj12bot.com/)"
147.135.252.148 - - [15/May/2026:08:50:55 -0400] "GET /product-category/new-balance/9060/?filter_size=38%2C40%2C42%2C43%2C44%2C45&per_page=18 HTTP/1.1" 200 52524 "-" "Mozilla/5.0 (compatible; MJ12bot/v1.4.8; http://mj12bot.com/)"
147.135.252.148 - - [15/May/2026:08:51:03 -0400] "GET /?product_cat=9060&filter_size=38,40,42,43,44,45&per_page=24 HTTP/1.1" 301 0 "-" "Mozilla/5.0 (compatible; MJ12bot/v1.4.8; http://mj12bot.com/)"
147.135.252.148 - - [15/May/2026:08:51:06 -0400] "GET /product-category/new-balance/9060/?filter_size=38%2C40%2C42%2C43%2C44%2C45&per_page=24 HTTP/1.1" 200 53772 "-" "Mozilla/5.0 (compatible; MJ12bot/v1.4.8; http://mj12bot.com/)"
67.223.118.104 - - [15/May/2026:08:51:17 -0400] "POST /wp-cron.php?doing_wp_cron=1778849477.6539280414581298828125 HTTP/1.1" 200 0 "-" "WordPress/6.9.4; https://www.shoenation.me"
147.135.252.148 - - [15/May/2026:08:51:15 -0400] "GET /?product_cat=9060&filter_size=38,40,42,43,44,45&per_page=9 HTTP/1.1" 301 0 "-" "Mozilla/5.0 (compatible; MJ12bot/v1.4.8; http://mj12bot.com/)"
66.249.73.71 - - [15/May/2026:08:51:25 -0400] "GET /?detail/614032964 HTTP/1.1" 200 22756 "-" "Mozilla/5.0 (Linux; Android 6.0.1; Nexus 5X Build/MMB29P) AppleWebKit/537.36 (KHTML, like Gecko) Chrome/148.0.7778.96 Mobile Safari/537.36 (compatible; Googlebot/2.1; +http://www.google.com/bot.html)"
147.135.252.148 - - [15/May/2026:08:51:19 -0400] "GET /product-category/new-balance/9060/?filter_size=38%2C40%2C42%2C43%2C44%2C45&per_page=9 HTTP/1.1" 200 51153 "-" "Mozilla/5.0 (compatible; MJ12bot/v1.4.8; http://mj12bot.com/)"
67.223.118.104 - - [15/May/2026:08:52:06 -0400] "POST /wp-cron.php?doing_wp_cron=1778849526.4384241104125976562500 HTTP/1.1" 200 0 "-" "WordPress/6.9.4; https://www.shoenation.me"
47.128.62.128 - - [15/May/2026:08:52:01 -0400] "GET /?filter_size=36%2C39%2C40%2C45%2C46&product_cat=j4 HTTP/1.1" 301 0 "-" "Mozilla/5.0 (compatible; Bytespider; spider-feedback@bytedance.com) AppleWebKit/537.36 (KHTML, like Gecko) Chrome/70.0.0.0 Safari/537.36"
47.128.62.128 - - [15/May/2026:08:52:07 -0400] "GET /product-category/nike/j4/?filter_size=36%2C39%2C40%2C45%2C46 HTTP/1.1" 200 51151 "-" "Mozilla/5.0 (compatible; Bytespider; spider-feedback@bytedance.com) AppleWebKit/537.36 (KHTML, like Gecko) Chrome/70.0.0.0 Safari/537.36"
66.249.73.72 - - [15/May/2026:08:52:47 -0400] "GET /?detail/172703571 HTTP/1.1" 200 23872 "-" "Mozilla/5.0 (Linux; Android 6.0.1; Nexus 5X Build/MMB29P) AppleWebKit/537.36 (KHTML, like Gecko) Chrome/148.0.7778.96 Mobile Safari/537.36 (compatible; Googlebot/2.1; +http://www.google.com/bot.html)"
47.128.62.128 - - [15/May/2026:08:52:30 -0400] "GET /wp-content/uploads/2024/03/ShoeNation-Logo.png HTTP/1.1" 200 0 "https://www.shoenation.me/product-category/nike/j4/?filter_size=36%2C39%2C40%2C45%2C46" "Mozilla/5.0 (compatible; Bytespider; spider-feedback@bytedance.com) AppleWebKit/537.36 (KHTML, like Gecko) Chrome/70.0.0.0 Safari/537.36"
47.128.62.128 - - [15/May/2026:08:52:30 -0400] "GET /wp-content/uploads/2025/02/IMG_0260-150x150.jpeg HTTP/1.1" 200 0 "https://www.shoenation.me/product-category/nike/j4/?filter_size=36%2C39%2C40%2C45%2C46" "Mozilla/5.0 (compatible; Bytespider; spider-feedback@bytedance.com) AppleWebKit/537.36 (KHTML, like Gecko) Chrome/70.0.0.0 Safari/537.36"
47.128.62.128 - - [15/May/2026:08:52:32 -0400] "GET /wp-content/uploads/2024/03/OUJO0169-3-430x430.jpg HTTP/1.1" 200 0 "https://www.shoenation.me/product-category/nike/j4/?filter_size=36%2C39%2C40%2C45%2C46" "Mozilla/5.0 (compatible; Bytespider; spider-feedback@bytedance.com) AppleWebKit/537.36 (KHTML, like Gecko) Chrome/70.0.0.0 Safari/537.36"
47.128.62.128 - - [15/May/2026:08:52:30 -0400] "GET /wp-content/uploads/2025/02/new-balance-530-miu-miu-v0-0p61tlqcrp2d1-150x150.webp HTTP/1.1" 200 0 "https://www.shoenation.me/product-category/nike/j4/?filter_size=36%2C39%2C40%2C45%2C46" "Mozilla/5.0 (compatible; Bytespider; spider-feedback@bytedance.com) AppleWebKit/537.36 (KHTML, like Gecko) Chrome/70.0.0.0 Safari/537.36"
47.128.62.128 - - [15/May/2026:08:52:31 -0400] "GET /wp-content/uploads/2024/03/Air-Jordan-4-Red-Cement-Store-Li.webp HTTP/1.1" 200 0 "https://www.shoenation.me/product-category/nike/j4/?filter_size=36%2C39%2C40%2C45%2C46" "Mozilla/5.0 (compatible; Bytespider; spider-feedback@bytedance.com) AppleWebKit/537.36 (KHTML, like Gecko) Chrome/70.0.0.0 Safari/537.36"
47.128.62.128 - - [15/May/2026:08:52:31 -0400] "GET /wp-content/uploads/2024/06/3423897250m8_zm-1-150x150.jpg HTTP/1.1" 200 0 "https://www.shoenation.me/product-category/nike/j4/?filter_size=36%2C39%2C40%2C45%2C46" "Mozilla/5.0 (compatible; Bytespider; spider-feedback@bytedance.com) AppleWebKit/537.36 (KHTML, like Gecko) Chrome/70.0.0.0 Safari/537.36"
47.128.62.128 - - [15/May/2026:08:52:31 -0400] "GET /wp-content/uploads/2025/02/614b4079e84ea91f6aa9d9919838a0d6.jpg_720x720q80-150x150.jpg HTTP/1.1" 200 0 "https://www.shoenation.me/product-category/nike/j4/?filter_size=36%2C39%2C40%2C45%2C46" "Mozilla/5.0 (compatible; Bytespider; spider-feedback@bytedance.com) AppleWebKit/537.36 (KHTML, like Gecko) Chrome/70.0.0.0 Safari/537.36"
47.128.62.128 - - [15/May/2026:08:52:32 -0400] "GET /wp-content/uploads/2024/04/OUJO0123-1-430x430.jpg HTTP/1.1" 200 0 "https://www.shoenation.me/product-category/nike/j4/?filter_size=36%2C39%2C40%2C45%2C46" "Mozilla/5.0 (compatible; Bytespider; spider-feedback@bytedance.com) AppleWebKit/537.36 (KHTML, like Gecko) Chrome/70.0.0.0 Safari/537.36"
47.128.62.128 - - [15/May/2026:08:52:32 -0400] "GET /wp-content/uploads/2024/03/OUJO0426-1-430x430.png HTTP/1.1" 200 0 "https://www.shoenation.me/product-category/nike/j4/?filter_size=36%2C39%2C40%2C45%2C46" "Mozilla/5.0 (compatible; Bytespider; spider-feedback@bytedance.com) AppleWebKit/537.36 (KHTML, like Gecko) Chrome/70.0.0.0 Safari/537.36"
47.128.62.128 - - [15/May/2026:08:52:51 -0400] "GET /wp-content/uploads/2024/04/OUJO0119-2-430x430.jpg HTTP/1.1" 200 0 "https://www.shoenation.me/product-category/nike/j4/?filter_size=36%2C39%2C40%2C45%2C46" "Mozilla/5.0 (compatible; Bytespider; spider-feedback@bytedance.com) AppleWebKit/537.36 (KHTML, like Gecko) Chrome/70.0.0.0 Safari/537.36"
47.128.62.128 - - [15/May/2026:08:52:51 -0400] "GET /wp-content/uploads/2024/04/OUJO0428-2-430x430.png HTTP/1.1" 200 0 "https://www.shoenation.me/product-category/nike/j4/?filter_size=36%2C39%2C40%2C45%2C46" "Mozilla/5.0 (compatible; Bytespider; spider-feedback@bytedance.com) AppleWebKit/537.36 (KHTML, like Gecko) Chrome/70.0.0.0 Safari/537.36"
47.128.62.128 - - [15/May/2026:08:52:51 -0400] "GET /wp-content/uploads/2024/03/wd-envelope-dark.svg HTTP/1.1" 200 0 "https://www.shoenation.me/product-category/nike/j4/?filter_size=36%2C39%2C40%2C45%2C46" "Mozilla/5.0 (compatible; Bytespider; spider-feedback@bytedance.com) AppleWebKit/537.36 (KHTML, like Gecko) Chrome/70.0.0.0 Safari/537.36"
47.128.62.128 - - [15/May/2026:08:52:32 -0400] "GET /wp-content/uploads/2024/03/OUJO0126-1-430x430.jpg HTTP/1.1" 200 0 "https://www.shoenation.me/product-category/nike/j4/?filter_size=36%2C39%2C40%2C45%2C46" "Mozilla/5.0 (compatible; Bytespider; spider-feedback@bytedance.com) AppleWebKit/537.36 (KHTML, like Gecko) Chrome/70.0.0.0 Safari/537.36"
47.128.62.128 - - [15/May/2026:08:52:31 -0400] "GET /wp-content/uploads/2024/04/OUJO0245-1-430x430.png HTTP/1.1" 200 0 "https://www.shoenation.me/product-category/nike/j4/?filter_size=36%2C39%2C40%2C45%2C46" "Mozilla/5.0 (compatible; Bytespider; spider-feedback@bytedance.com) AppleWebKit/537.36 (KHTML, like Gecko) Chrome/70.0.0.0 Safari/537.36"
47.128.62.128 - - [15/May/2026:08:52:32 -0400] "GET /wp-content/uploads/2024/03/OUJO0169-1-430x430.jpg HTTP/1.1" 200 0 "https://www.shoenation.me/product-category/nike/j4/?filter_size=36%2C39%2C40%2C45%2C46" "Mozilla/5.0 (compatible; Bytespider; spider-feedback@bytedance.com) AppleWebKit/537.36 (KHTML, like Gecko) Chrome/70.0.0.0 Safari/537.36"
47.128.62.128 - - [15/May/2026:08:52:31 -0400] "GET /wp-content/uploads/2024/04/OUJO0245-3-430x430.png HTTP/1.1" 200 0 "https://www.shoenation.me/product-category/nike/j4/?filter_size=36%2C39%2C40%2C45%2C46" "Mozilla/5.0 (compatible; Bytespider; spider-feedback@bytedance.com) AppleWebKit/537.36 (KHTML, like Gecko) Chrome/70.0.0.0 Safari/537.36"
47.128.62.128 - - [15/May/2026:08:52:31 -0400] "GET /wp-content/uploads/2025/02/download-150x150.jpg HTTP/1.1" 200 0 "https://www.shoenation.me/product-category/nike/j4/?filter_size=36%2C39%2C40%2C45%2C46" "Mozilla/5.0 (compatible; Bytespider; spider-feedback@bytedance.com) AppleWebKit/537.36 (KHTML, like Gecko) Chrome/70.0.0.0 Safari/537.36"
47.128.62.128 - - [15/May/2026:08:52:32 -0400] "GET /wp-content/uploads/2024/03/OUJO0426-2-430x430.png HTTP/1.1" 200 0 "https://www.shoenation.me/product-category/nike/j4/?filter_size=36%2C39%2C40%2C45%2C46" "Mozilla/5.0 (compatible; Bytespider; spider-feedback@bytedance.com) AppleWebKit/537.36 (KHTML, like Gecko) Chrome/70.0.0.0 Safari/537.36"
47.128.62.128 - - [15/May/2026:08:52:31 -0400] "GET /wp-content/uploads/2024/06/5ef42a4788df9cdaaf135d9583f2228b-1-150x150.jpg HTTP/1.1" 200 0 "https://www.shoenation.me/product-category/nike/j4/?filter_size=36%2C39%2C40%2C45%2C46" "Mozilla/5.0 (compatible; Bytespider; spider-feedback@bytedance.com) AppleWebKit/537.36 (KHTML, like Gecko) Chrome/70.0.0.0 Safari/537.36"
47.128.62.128 - - [15/May/2026:08:52:31 -0400] "GET /wp-content/uploads/2024/03/OUJO0379-1-430x430.png HTTP/1.1" 200 0 "https://www.shoenation.me/product-category/nike/j4/?filter_size=36%2C39%2C40%2C45%2C46" "Mozilla/5.0 (compatible; Bytespider; spider-feedback@bytedance.com) AppleWebKit/537.36 (KHTML, like Gecko) Chrome/70.0.0.0 Safari/537.36"
47.128.62.128 - - [15/May/2026:08:52:31 -0400] "GET /wp-content/uploads/2024/06/17-best-nike-running-shoes-15275-150x150.webp HTTP/1.1" 200 0 "https://www.shoenation.me/product-category/nike/j4/?filter_size=36%2C39%2C40%2C45%2C46" "Mozilla/5.0 (compatible; Bytespider; spider-feedback@bytedance.com) AppleWebKit/537.36 (KHTML, like Gecko) Chrome/70.0.0.0 Safari/537.36"
47.128.62.128 - - [15/May/2026:08:52:31 -0400] "GET /wp-content/uploads/2024/03/OUJO0379-2-430x430.png HTTP/1.1" 200 0 "https://www.shoenation.me/product-category/nike/j4/?filter_size=36%2C39%2C40%2C45%2C46" "Mozilla/5.0 (compatible; Bytespider; spider-feedback@bytedance.com) AppleWebKit/537.36 (KHTML, like Gecko) Chrome/70.0.0.0 Safari/537.36"
47.128.62.128 - - [15/May/2026:08:52:32 -0400] "GET /wp-content/uploads/2024/03/OUJO0126-2-430x430.jpg HTTP/1.1" 200 0 "https://www.shoenation.me/product-category/nike/j4/?filter_size=36%2C39%2C40%2C45%2C46" "Mozilla/5.0 (compatible; Bytespider; spider-feedback@bytedance.com) AppleWebKit/537.36 (KHTML, like Gecko) Chrome/70.0.0.0 Safari/537.36"
47.128.62.128 - - [15/May/2026:08:52:32 -0400] "GET /wp-content/uploads/2024/04/OUJO0199-3-430x430.png HTTP/1.1" 200 0 "https://www.shoenation.me/product-category/nike/j4/?filter_size=36%2C39%2C40%2C45%2C46" "Mozilla/5.0 (compatible; Bytespider; spider-feedback@bytedance.com) AppleWebKit/537.36 (KHTML, like Gecko) Chrome/70.0.0.0 Safari/537.36"
47.128.62.128 - - [15/May/2026:08:52:31 -0400] "GET /wp-content/uploads/2024/04/OUJO0199-1-430x430.png HTTP/1.1" 200 0 "https://www.shoenation.me/product-category/nike/j4/?filter_size=36%2C39%2C40%2C45%2C46" "Mozilla/5.0 (compatible; Bytespider; spider-feedback@bytedance.com) AppleWebKit/537.36 (KHTML, like Gecko) Chrome/70.0.0.0 Safari/537.36"
47.128.62.128 - - [15/May/2026:08:52:31 -0400] "GET /wp-content/uploads/2024/06/63922ed58580f70019f80ea5-1-150x150.webp HTTP/1.1" 200 0 "https://www.shoenation.me/product-category/nike/j4/?filter_size=36%2C39%2C40%2C45%2C46" "Mozilla/5.0 (compatible; Bytespider; spider-feedback@bytedance.com) AppleWebKit/537.36 (KHTML, like Gecko) Chrome/70.0.0.0 Safari/537.36"
47.128.62.128 - - [15/May/2026:08:52:32 -0400] "GET /wp-content/uploads/2024/04/OUJO0123-3-430x430.jpg HTTP/1.1" 200 0 "https://www.shoenation.me/product-category/nike/j4/?filter_size=36%2C39%2C40%2C45%2C46" "Mozilla/5.0 (compatible; Bytespider; spider-feedback@bytedance.com) AppleWebKit/537.36 (KHTML, like Gecko) Chrome/70.0.0.0 Safari/537.36"
47.128.62.128 - - [15/May/2026:08:52:32 -0400] "GET /wp-content/uploads/2024/03/OUJO0458-1-430x430.png HTTP/1.1" 200 0 "https://www.shoenation.me/product-category/nike/j4/?filter_size=36%2C39%2C40%2C45%2C46" "Mozilla/5.0 (compatible; Bytespider; spider-feedback@bytedance.com) AppleWebKit/537.36 (KHTML, like Gecko) Chrome/70.0.0.0 Safari/537.36"
47.128.62.128 - - [15/May/2026:08:52:31 -0400] "GET /wp-content/uploads/2024/06/product-jpeg-500x500-1-150x150.webp HTTP/1.1" 200 0 "https://www.shoenation.me/product-category/nike/j4/?filter_size=36%2C39%2C40%2C45%2C46" "Mozilla/5.0 (compatible; Bytespider; spider-feedback@bytedance.com) AppleWebKit/537.36 (KHTML, like Gecko) Chrome/70.0.0.0 Safari/537.36"
47.128.62.128 - - [15/May/2026:08:52:32 -0400] "GET /wp-content/uploads/2024/03/OUJO0458-3-430x430.png HTTP/1.1" 200 0 "https://www.shoenation.me/product-category/nike/j4/?filter_size=36%2C39%2C40%2C45%2C46" "Mozilla/5.0 (compatible; Bytespider; spider-feedback@bytedance.com) AppleWebKit/537.36 (KHTML, like Gecko) Chrome/70.0.0.0 Safari/537.36"
47.128.62.128 - - [15/May/2026:08:52:31 -0400] "GET /wp-content/uploads/2024/06/ca089c0521d61637a52311e4c5c83f0f-150x150.jpg HTTP/1.1" 200 0 "https://www.shoenation.me/product-category/nike/j4/?filter_size=36%2C39%2C40%2C45%2C46" "Mozilla/5.0 (compatible; Bytespider; spider-feedback@bytedance.com) AppleWebKit/537.36 (KHTML, like Gecko) Chrome/70.0.0.0 Safari/537.36"
47.128.62.128 - - [15/May/2026:08:52:51 -0400] "GET /wp-content/uploads/2024/04/OUJO0119-1-430x430.jpg HTTP/1.1" 200 0 "https://www.shoenation.me/product-category/nike/j4/?filter_size=36%2C39%2C40%2C45%2C46" "Mozilla/5.0 (compatible; Bytespider; spider-feedback@bytedance.com) AppleWebKit/537.36 (KHTML, like Gecko) Chrome/70.0.0.0 Safari/537.36"
47.128.62.128 - - [15/May/2026:08:52:51 -0400] "GET /wp-content/uploads/2024/03/OUJO0461-3-430x430.png HTTP/1.1" 200 0 "https://www.shoenation.me/product-category/nike/j4/?filter_size=36%2C39%2C40%2C45%2C46" "Mozilla/5.0 (compatible; Bytespider; spider-feedback@bytedance.com) AppleWebKit/537.36 (KHTML, like Gecko) Chrome/70.0.0.0 Safari/537.36"
47.128.62.128 - - [15/May/2026:08:52:51 -0400] "GET /wp-content/uploads/2024/03/OUJO0424-3-430x430.png HTTP/1.1" 200 0 "https://www.shoenation.me/product-category/nike/j4/?filter_size=36%2C39%2C40%2C45%2C46" "Mozilla/5.0 (compatible; Bytespider; spider-feedback@bytedance.com) AppleWebKit/537.36 (KHTML, like Gecko) Chrome/70.0.0.0 Safari/537.36"
47.128.62.128 - - [15/May/2026:08:52:51 -0400] "GET /wp-content/uploads/2024/03/OUJO0461-1-430x430.png HTTP/1.1" 200 0 "https://www.shoenation.me/product-category/nike/j4/?filter_size=36%2C39%2C40%2C45%2C46" "Mozilla/5.0 (compatible; Bytespider; spider-feedback@bytedance.com) AppleWebKit/537.36 (KHTML, like Gecko) Chrome/70.0.0.0 Safari/537.36"
47.128.62.128 - - [15/May/2026:08:52:51 -0400] "GET /wp-content/uploads/2024/03/OUJO0424-1-430x430.png HTTP/1.1" 200 0 "https://www.shoenation.me/product-category/nike/j4/?filter_size=36%2C39%2C40%2C45%2C46" "Mozilla/5.0 (compatible; Bytespider; spider-feedback@bytedance.com) AppleWebKit/537.36 (KHTML, like Gecko) Chrome/70.0.0.0 Safari/537.36"
47.128.62.128 - - [15/May/2026:08:52:51 -0400] "GET /wp-content/uploads/2024/04/OUJO0428-1-430x430.png HTTP/1.1" 200 0 "https://www.shoenation.me/product-category/nike/j4/?filter_size=36%2C39%2C40%2C45%2C46" "Mozilla/5.0 (compatible; Bytespider; spider-feedback@bytedance.com) AppleWebKit/537.36 (KHTML, like Gecko) Chrome/70.0.0.0 Safari/537.36"
67.223.118.104 - - [15/May/2026:08:53:06 -0400] "POST /wp-cron.php?doing_wp_cron=1778849586.0341620445251464843750 HTTP/1.1" 200 0 "-" "WordPress/6.9.4; https://www.shoenation.me"
67.223.118.104 - - [15/May/2026:08:56:16 -0400] "POST /wp-cron.php?doing_wp_cron=1778849776.7449290752410888671875 HTTP/1.1" 200 0 "-" "WordPress/6.9.4; https://www.shoenation.me"
47.128.62.193 - - [15/May/2026:08:56:01 -0400] "GET /?filter_size=35%2C37%2C38%2C39%2C43%2C44&post_type=product&stock_status=onsale HTTP/1.1" 200 47087 "-" "Mozilla/5.0 (Linux; Android 5.0) AppleWebKit/537.36 (KHTML, like Gecko) Mobile Safari/537.36 (compatible; Bytespider; spider-feedback@bytedance.com)"
47.128.62.193 - - [15/May/2026:08:56:18 -0400] "GET /wp-content/uploads/2024/03/ShoeNation-Logo.png HTTP/1.1" 404 178449 "https://www.shoenation.me/?filter_size=35%2C37%2C38%2C39%2C43%2C44&post_type=product&stock_status=onsale" "Mozilla/5.0 (Linux; Android 5.0) AppleWebKit/537.36 (KHTML, like Gecko) Mobile Safari/537.36 (compatible; Bytespider; spider-feedback@bytedance.com)"
47.128.62.193 - - [15/May/2026:08:56:18 -0400] "GET /wp-content/uploads/2025/02/IMG_0260-150x150.jpeg HTTP/1.1" 404 178455 "https://www.shoenation.me/?filter_size=35%2C37%2C38%2C39%2C43%2C44&post_type=product&stock_status=onsale" "Mozilla/5.0 (Linux; Android 5.0) AppleWebKit/537.36 (KHTML, like Gecko) Mobile Safari/537.36 (compatible; Bytespider; spider-feedback@bytedance.com)"
47.128.62.193 - - [15/May/2026:08:56:18 -0400] "GET /wp-content/uploads/2025/02/download-150x150.jpg HTTP/1.1" 404 178452 "https://www.shoenation.me/?filter_size=35%2C37%2C38%2C39%2C43%2C44&post_type=product&stock_status=onsale" "Mozilla/5.0 (Linux; Android 5.0) AppleWebKit/537.36 (KHTML, like Gecko) Mobile Safari/537.36 (compatible; Bytespider; spider-feedback@bytedance.com)"
47.128.62.193 - - [15/May/2026:08:56:18 -0400] "GET /wp-content/uploads/2025/02/new-balance-530-miu-miu-v0-0p61tlqcrp2d1-150x150.webp HTTP/1.1" 404 178551 "https://www.shoenation.me/?filter_size=35%2C37%2C38%2C39%2C43%2C44&post_type=product&stock_status=onsale" "Mozilla/5.0 (Linux; Android 5.0) AppleWebKit/537.36 (KHTML, like Gecko) Mobile Safari/537.36 (compatible; Bytespider; spider-feedback@bytedance.com)"
47.128.62.193 - - [15/May/2026:08:56:18 -0400] "GET /wp-content/uploads/2024/03/wd-envelope-dark.svg HTTP/1.1" 404 178452 "https://www.shoenation.me/?filter_size=35%2C37%2C38%2C39%2C43%2C44&post_type=product&stock_status=onsale" "Mozilla/5.0 (Linux; Android 5.0) AppleWebKit/537.36 (KHTML, like Gecko) Mobile Safari/537.36 (compatible; Bytespider; spider-feedback@bytedance.com)"
66.249.73.73 - - [15/May/2026:08:59:30 -0400] "GET /?detail/893530801 HTTP/1.1" 200 23750 "-" "Mozilla/5.0 (Linux; Android 6.0.1; Nexus 5X Build/MMB29P) AppleWebKit/537.36 (KHTML, like Gecko) Chrome/148.0.7778.96 Mobile Safari/537.36 (compatible; Googlebot/2.1; +http://www.google.com/bot.html)"
67.223.118.104 - - [15/May/2026:09:00:25 -0400] "POST /wp-cron.php?doing_wp_cron=1778850025.8362040519714355468750 HTTP/1.1" 200 0 "-" "WordPress/6.9.4; https://www.shoenation.me"
47.128.62.134 - - [15/May/2026:09:00:02 -0400] "GET /?filter_size=40&per_page=24&product_cat=j4 HTTP/1.1" 301 0 "-" "Mozilla/5.0 (Linux; Android 5.0) AppleWebKit/537.36 (KHTML, like Gecko) Mobile Safari/537.36 (compatible; Bytespider; spider-feedback@bytedance.com)"
47.128.62.134 - - [15/May/2026:09:00:26 -0400] "GET /product-category/nike/j4/?filter_size=40&per_page=24 HTTP/1.1" 200 52599 "-" "Mozilla/5.0 (Linux; Android 5.0) AppleWebKit/537.36 (KHTML, like Gecko) Mobile Safari/537.36 (compatible; Bytespider; spider-feedback@bytedance.com)"
47.128.62.134 - - [15/May/2026:09:00:42 -0400] "GET /wp-content/uploads/2024/04/OUJO0199-1-430x430.png HTTP/1.1" 404 178458 "https://www.shoenation.me/product-category/nike/j4/?filter_size=40&per_page=24" "Mozilla/5.0 (Linux; Android 5.0) AppleWebKit/537.36 (KHTML, like Gecko) Mobile Safari/537.36 (compatible; Bytespider; spider-feedback@bytedance.com)"
47.128.62.134 - - [15/May/2026:09:00:42 -0400] "GET /wp-content/uploads/2024/03/Air-Jordan-4-Red-Cement-Store-Li.webp HTTP/1.1" 404 178503 "https://www.shoenation.me/product-category/nike/j4/?filter_size=40&per_page=24" "Mozilla/5.0 (Linux; Android 5.0) AppleWebKit/537.36 (KHTML, like Gecko) Mobile Safari/537.36 (compatible; Bytespider; spider-feedback@bytedance.com)"
47.128.62.134 - - [15/May/2026:09:00:41 -0400] "GET /wp-content/uploads/2025/02/IMG_0260-150x150.jpeg HTTP/1.1" 404 178455 "https://www.shoenation.me/product-category/nike/j4/?filter_size=40&per_page=24" "Mozilla/5.0 (Linux; Android 5.0) AppleWebKit/537.36 (KHTML, like Gecko) Mobile Safari/537.36 (compatible; Bytespider; spider-feedback@bytedance.com)"
47.128.62.134 - - [15/May/2026:09:00:42 -0400] "GET /wp-content/uploads/2024/04/OUJO0245-1-430x430.png HTTP/1.1" 404 178458 "https://www.shoenation.me/product-category/nike/j4/?filter_size=40&per_page=24" "Mozilla/5.0 (Linux; Android 5.0) AppleWebKit/537.36 (KHTML, like Gecko) Mobile Safari/537.36 (compatible; Bytespider; spider-feedback@bytedance.com)"
47.128.62.134 - - [15/May/2026:09:00:42 -0400] "GET /wp-content/uploads/2024/03/OUJO0379-1-430x430.png HTTP/1.1" 404 178458 "https://www.shoenation.me/product-category/nike/j4/?filter_size=40&per_page=24" "Mozilla/5.0 (Linux; Android 5.0) AppleWebKit/537.36 (KHTML, like Gecko) Mobile Safari/537.36 (compatible; Bytespider; spider-feedback@bytedance.com)"
47.128.62.134 - - [15/May/2026:09:00:41 -0400] "GET /wp-content/uploads/2024/03/ShoeNation-Logo.png HTTP/1.1" 404 178449 "https://www.shoenation.me/product-category/nike/j4/?filter_size=40&per_page=24" "Mozilla/5.0 (Linux; Android 5.0) AppleWebKit/537.36 (KHTML, like Gecko) Mobile Safari/537.36 (compatible; Bytespider; spider-feedback@bytedance.com)"
47.128.62.134 - - [15/May/2026:09:00:42 -0400] "GET /wp-content/uploads/2025/02/new-balance-530-miu-miu-v0-0p61tlqcrp2d1-150x150.webp HTTP/1.1" 404 178551 "https://www.shoenation.me/product-category/nike/j4/?filter_size=40&per_page=24" "Mozilla/5.0 (Linux; Android 5.0) AppleWebKit/537.36 (KHTML, like Gecko) Mobile Safari/537.36 (compatible; Bytespider; spider-feedback@bytedance.com)"
47.128.62.134 - - [15/May/2026:09:00:42 -0400] "GET /wp-content/uploads/2024/04/OUJO0247-1-430x430.png HTTP/1.1" 404 178458 "https://www.shoenation.me/product-category/nike/j4/?filter_size=40&per_page=24" "Mozilla/5.0 (Linux; Android 5.0) AppleWebKit/537.36 (KHTML, like Gecko) Mobile Safari/537.36 (compatible; Bytespider; spider-feedback@bytedance.com)"
47.128.62.134 - - [15/May/2026:09:00:43 -0400] "GET /wp-content/uploads/2025/02/download-150x150.jpg HTTP/1.1" 404 178452 "https://www.shoenation.me/product-category/nike/j4/?filter_size=40&per_page=24" "Mozilla/5.0 (Linux; Android 5.0) AppleWebKit/537.36 (KHTML, like Gecko) Mobile Safari/537.36 (compatible; Bytespider; spider-feedback@bytedance.com)"
47.128.62.134 - - [15/May/2026:09:00:57 -0400] "GET /wp-content/uploads/2024/03/OUJO0127-1-430x430.jpg HTTP/1.1" 200 0 "https://www.shoenation.me/product-category/nike/j4/?filter_size=40&per_page=24" "Mozilla/5.0 (Linux; Android 5.0) AppleWebKit/537.36 (KHTML, like Gecko) Mobile Safari/537.36 (compatible; Bytespider; spider-feedback@bytedance.com)"
47.128.62.134 - - [15/May/2026:09:00:57 -0400] "GET /wp-content/uploads/2024/03/OUJO0126-1-430x430.jpg HTTP/1.1" 200 0 "https://www.shoenation.me/product-category/nike/j4/?filter_size=40&per_page=24" "Mozilla/5.0 (Linux; Android 5.0) AppleWebKit/537.36 (KHTML, like Gecko) Mobile Safari/537.36 (compatible; Bytespider; spider-feedback@bytedance.com)"
47.128.62.134 - - [15/May/2026:09:00:57 -0400] "GET /wp-content/uploads/2024/03/OUJO0169-1-430x430.jpg HTTP/1.1" 200 0 "https://www.shoenation.me/product-category/nike/j4/?filter_size=40&per_page=24" "Mozilla/5.0 (Linux; Android 5.0) AppleWebKit/537.36 (KHTML, like Gecko) Mobile Safari/537.36 (compatible; Bytespider; spider-feedback@bytedance.com)"
47.128.62.134 - - [15/May/2026:09:00:57 -0400] "GET /wp-content/uploads/2024/03/OUJO0458-1-430x430.png HTTP/1.1" 200 0 "https://www.shoenation.me/product-category/nike/j4/?filter_size=40&per_page=24" "Mozilla/5.0 (Linux; Android 5.0) AppleWebKit/537.36 (KHTML, like Gecko) Mobile Safari/537.36 (compatible; Bytespider; spider-feedback@bytedance.com)"
47.128.62.134 - - [15/May/2026:09:00:57 -0400] "GET /wp-content/uploads/2024/03/OUJO0461-1-430x430.png HTTP/1.1" 200 0 "https://www.shoenation.me/product-category/nike/j4/?filter_size=40&per_page=24" "Mozilla/5.0 (Linux; Android 5.0) AppleWebKit/537.36 (KHTML, like Gecko) Mobile Safari/537.36 (compatible; Bytespider; spider-feedback@bytedance.com)"
47.128.62.134 - - [15/May/2026:09:00:57 -0400] "GET /wp-content/uploads/2024/04/OUJO0123-1-430x430.jpg HTTP/1.1" 200 0 "https://www.shoenation.me/product-category/nike/j4/?filter_size=40&per_page=24" "Mozilla/5.0 (Linux; Android 5.0) AppleWebKit/537.36 (KHTML, like Gecko) Mobile Safari/537.36 (compatible; Bytespider; spider-feedback@bytedance.com)"
47.128.62.134 - - [15/May/2026:09:00:57 -0400] "GET /wp-content/uploads/2024/04/OUJO0286-1-430x430.png HTTP/1.1" 200 0 "https://www.shoenation.me/product-category/nike/j4/?filter_size=40&per_page=24" "Mozilla/5.0 (Linux; Android 5.0) AppleWebKit/537.36 (KHTML, like Gecko) Mobile Safari/537.36 (compatible; Bytespider; spider-feedback@bytedance.com)"
47.128.62.134 - - [15/May/2026:09:00:57 -0400] "GET /wp-content/uploads/2024/03/OUJO0426-1-430x430.png HTTP/1.1" 200 0 "https://www.shoenation.me/product-category/nike/j4/?filter_size=40&per_page=24" "Mozilla/5.0 (Linux; Android 5.0) AppleWebKit/537.36 (KHTML, like Gecko) Mobile Safari/537.36 (compatible; Bytespider; spider-feedback@bytedance.com)"
216.244.66.248 - - [15/May/2026:09:01:56 -0400] "GET /robots.txt HTTP/1.1" 200 71 "-" "Mozilla/5.0 (compatible; DotBot/1.2; +https://opensiteexplorer.org/dotbot; help@moz.com)"
66.249.73.71 - - [15/May/2026:09:03:33 -0400] "GET /?detail/538227813 HTTP/1.1" 200 23956 "-" "Mozilla/5.0 (Linux; Android 6.0.1; Nexus 5X Build/MMB29P) AppleWebKit/537.36 (KHTML, like Gecko) Chrome/148.0.7778.96 Mobile Safari/537.36 (compatible; Googlebot/2.1; +http://www.google.com/bot.html)"
65.108.234.211 - - [15/May/2026:09:03:32 -0400] "GET /?page_id=4439 HTTP/1.0" 301 0 "https://www.shoenation.me/?page_id=4439" "Mozilla/5.0 (Windows NT 10.0; Win64; x64) AppleWebKit/537.36 (KHTML, like Gecko) Chrome/131.0.0.0 Safari/537.36"
67.223.118.104 - - [15/May/2026:09:03:44 -0400] "POST /wp-cron.php?doing_wp_cron=1778850223.9394640922546386718750 HTTP/1.1" 200 0 "-" "WordPress/6.9.4; https://www.shoenation.me"
154.84.214.43 - - [15/May/2026:09:03:22 -0400] "GET /?filter_size=39%2C44%2C45&product_cat=air-jordan HTTP/1.1" 301 0 "-" "Mozilla/5.0 (Macintosh; Intel Mac OS X 10_15_5) AppleWebKit/537.36 (KHTML, like Gecko) Chrome/90.0.4430.93 Safari/537.36"
3.209.174.110 - - [15/May/2026:09:03:43 -0400] "GET /?product_cat=adizero HTTP/1.1" 301 0 "-" "Mozilla/5.0 AppleWebKit/537.36 (KHTML, like Gecko; compatible; Amazonbot/0.1; +https://developer.amazon.com/support/amazonbot) Chrome/119.0.6045.214 Safari/537.36"
65.108.234.211 - - [15/May/2026:09:03:44 -0400] "GET /contact-us/ HTTP/1.0" 200 194308 "https://www.shoenation.me/contact-us/" "Mozilla/5.0 (Windows NT 10.0; Win64; x64) AppleWebKit/537.36 (KHTML, like Gecko) Chrome/131.0.0.0 Safari/537.36"
34.195.248.30 - - [15/May/2026:09:03:47 -0400] "GET /product-category/adidas/adizero/ HTTP/1.1" 200 58292 "-" "Mozilla/5.0 AppleWebKit/537.36 (KHTML, like Gecko; compatible; Amazonbot/0.1; +https://developer.amazon.com/support/amazonbot) Chrome/119.0.6045.214 Safari/537.36"
65.108.234.211 - - [15/May/2026:09:03:51 -0400] "POST /contact-us/ HTTP/1.0" 200 194542 "https://www.shoenation.me/contact-us/" "Mozilla/5.0 (Windows NT 10.0; Win64; x64) AppleWebKit/537.36 (KHTML, like Gecko) Chrome/131.0.0.0 Safari/537.36"
47.128.62.144 - - [15/May/2026:09:04:03 -0400] "GET /?filter_size=36%2C37%2C45&product_cat=othermodels&stock_status=instock HTTP/1.1" 301 0 "-" "Mozilla/5.0 (Linux; Android 5.0) AppleWebKit/537.36 (KHTML, like Gecko) Mobile Safari/537.36 (compatible; Bytespider; spider-feedback@bytedance.com)"
47.128.62.144 - - [15/May/2026:09:04:05 -0400] "GET /product-category/nike/othermodels/?filter_size=36%2C37%2C45&stock_status=instock HTTP/1.1" 200 49882 "-" "Mozilla/5.0 (Linux; Android 5.0) AppleWebKit/537.36 (KHTML, like Gecko) Mobile Safari/537.36 (compatible; Bytespider; spider-feedback@bytedance.com)"
66.249.73.72 - - [15/May/2026:09:04:25 -0400] "GET /shop.php?products/50085580 HTTP/1.1" 200 24852 "-" "Mozilla/5.0 (Linux; Android 6.0.1; Nexus 5X Build/MMB29P) AppleWebKit/537.36 (KHTML, like Gecko) Chrome/148.0.7778.96 Mobile Safari/537.36 (compatible; Googlebot/2.1; +http://www.google.com/bot.html)"
67.223.118.104 - - [15/May/2026:09:04:28 -0400] "POST /wp-cron.php?doing_wp_cron=1778850268.7381939888000488281250 HTTP/1.1" 200 0 "-" "WordPress/6.9.4; https://www.shoenation.me"
47.128.62.144 - - [15/May/2026:09:04:18 -0400] "GET /wp-content/uploads/2024/03/ShoeNation-Logo.png HTTP/1.1" 404 178449 "https://www.shoenation.me/product-category/nike/othermodels/?filter_size=36%2C37%2C45&stock_status=instock" "Mozilla/5.0 (Linux; Android 5.0) AppleWebKit/537.36 (KHTML, like Gecko) Mobile Safari/537.36 (compatible; Bytespider; spider-feedback@bytedance.com)"
47.128.62.144 - - [15/May/2026:09:04:18 -0400] "GET /wp-content/uploads/2025/02/IMG_0260-150x150.jpeg HTTP/1.1" 404 178455 "https://www.shoenation.me/product-category/nike/othermodels/?filter_size=36%2C37%2C45&stock_status=instock" "Mozilla/5.0 (Linux; Android 5.0) AppleWebKit/537.36 (KHTML, like Gecko) Mobile Safari/537.36 (compatible; Bytespider; spider-feedback@bytedance.com)"
47.128.62.144 - - [15/May/2026:09:04:18 -0400] "GET /wp-content/uploads/2024/03/OUJO0399-1-430x430.png HTTP/1.1" 404 178458 "https://www.shoenation.me/product-category/nike/othermodels/?filter_size=36%2C37%2C45&stock_status=instock" "Mozilla/5.0 (Linux; Android 5.0) AppleWebKit/537.36 (KHTML, like Gecko) Mobile Safari/537.36 (compatible; Bytespider; spider-feedback@bytedance.com)"
47.128.62.144 - - [15/May/2026:09:04:18 -0400] "GET /wp-content/uploads/2025/02/new-balance-530-miu-miu-v0-0p61tlqcrp2d1-150x150.webp HTTP/1.1" 404 178551 "https://www.shoenation.me/product-category/nike/othermodels/?filter_size=36%2C37%2C45&stock_status=instock" "Mozilla/5.0 (Linux; Android 5.0) AppleWebKit/537.36 (KHTML, like Gecko) Mobile Safari/537.36 (compatible; Bytespider; spider-feedback@bytedance.com)"
47.128.62.144 - - [15/May/2026:09:04:18 -0400] "GET /wp-content/uploads/2025/02/download-150x150.jpg HTTP/1.1" 404 178452 "https://www.shoenation.me/product-category/nike/othermodels/?filter_size=36%2C37%2C45&stock_status=instock" "Mozilla/5.0 (Linux; Android 5.0) AppleWebKit/537.36 (KHTML, like Gecko) Mobile Safari/537.36 (compatible; Bytespider; spider-feedback@bytedance.com)"
47.128.62.144 - - [15/May/2026:09:04:18 -0400] "GET /wp-content/uploads/2024/03/OUJO0397-1-430x430.png HTTP/1.1" 404 178458 "https://www.shoenation.me/product-category/nike/othermodels/?filter_size=36%2C37%2C45&stock_status=instock" "Mozilla/5.0 (Linux; Android 5.0) AppleWebKit/537.36 (KHTML, like Gecko) Mobile Safari/537.36 (compatible; Bytespider; spider-feedback@bytedance.com)"
47.128.62.144 - - [15/May/2026:09:04:18 -0400] "GET /wp-content/uploads/2024/06/17-best-nike-running-shoes-15275.webp HTTP/1.1" 404 178503 "https://www.shoenation.me/product-category/nike/othermodels/?filter_size=36%2C37%2C45&stock_status=instock" "Mozilla/5.0 (Linux; Android 5.0) AppleWebKit/537.36 (KHTML, like Gecko) Mobile Safari/537.36 (compatible; Bytespider; spider-feedback@bytedance.com)"
47.128.62.144 - - [15/May/2026:09:04:18 -0400] "GET /wp-content/uploads/2024/03/OURU0120-1-1-430x430.png HTTP/1.1" 404 178464 "https://www.shoenation.me/product-category/nike/othermodels/?filter_size=36%2C37%2C45&stock_status=instock" "Mozilla/5.0 (Linux; Android 5.0) AppleWebKit/537.36 (KHTML, like Gecko) Mobile Safari/537.36 (compatible; Bytespider; spider-feedback@bytedance.com)"
47.128.62.144 - - [15/May/2026:09:04:18 -0400] "GET /wp-content/uploads/2024/03/OURU0119-1-430x430.png HTTP/1.1" 404 178458 "https://www.shoenation.me/product-category/nike/othermodels/?filter_size=36%2C37%2C45&stock_status=instock" "Mozilla/5.0 (Linux; Android 5.0) AppleWebKit/537.36 (KHTML, like Gecko) Mobile Safari/537.36 (compatible; Bytespider; spider-feedback@bytedance.com)"
47.128.62.144 - - [15/May/2026:09:04:31 -0400] "GET /wp-content/uploads/2024/05/nike-x-stssy-air-zoom-spiridon-cage-2-fossil-release-date-3-e1717089636519-430x408.webp HTTP/1.1" 200 0 "https://www.shoenation.me/product-category/nike/othermodels/?filter_size=36%2C37%2C45&stock_status=instock" "Mozilla/5.0 (Linux; Android 5.0) AppleWebKit/537.36 (KHTML, like Gecko) Mobile Safari/537.36 (compatible; Bytespider; spider-feedback@bytedance.com)"
47.128.62.144 - - [15/May/2026:09:04:31 -0400] "GET /wp-content/uploads/2024/03/wd-envelope-dark.svg HTTP/1.1" 200 0 "https://www.shoenation.me/product-category/nike/othermodels/?filter_size=36%2C37%2C45&stock_status=instock" "Mozilla/5.0 (Linux; Android 5.0) AppleWebKit/537.36 (KHTML, like Gecko) Mobile Safari/537.36 (compatible; Bytespider; spider-feedback@bytedance.com)"
47.128.62.144 - - [15/May/2026:09:04:31 -0400] "GET /wp-content/uploads/2024/03/OURU0118-1-430x430.png HTTP/1.1" 200 0 "https://www.shoenation.me/product-category/nike/othermodels/?filter_size=36%2C37%2C45&stock_status=instock" "Mozilla/5.0 (Linux; Android 5.0) AppleWebKit/537.36 (KHTML, like Gecko) Mobile Safari/537.36 (compatible; Bytespider; spider-feedback@bytedance.com)"
66.249.73.73 - - [15/May/2026:09:05:18 -0400] "GET /?post_type=product&stock_status=instock%2Consale&filter_size=37%2C38%2C39%2C44%2C45&paged=2 HTTP/1.1" 200 24245 "-" "Mozilla/5.0 (Linux; Android 6.0.1; Nexus 5X Build/MMB29P) AppleWebKit/537.36 (KHTML, like Gecko) Chrome/148.0.7778.96 Mobile Safari/537.36 (compatible; Googlebot/2.1; +http://www.google.com/bot.html)"
66.249.73.71 - - [15/May/2026:09:05:58 -0400] "GET /?detail/878833985 HTTP/1.1" 200 24071 "-" "Mozilla/5.0 (Linux; Android 6.0.1; Nexus 5X Build/MMB29P) AppleWebKit/537.36 (KHTML, like Gecko) Chrome/148.0.7778.96 Mobile Safari/537.36 (compatible; Googlebot/2.1; +http://www.google.com/bot.html)"
67.223.118.104 - - [15/May/2026:09:08:23 -0400] "POST /wp-cron.php?doing_wp_cron=1778850503.6683049201965332031250 HTTP/1.1" 200 0 "-" "WordPress/6.9.4; https://www.shoenation.me"
47.128.62.198 - - [15/May/2026:09:08:04 -0400] "GET /?filter_size=36%2C39%2C41%2C46&product_cat=adidas HTTP/1.1" 301 0 "-" "Mozilla/5.0 (Linux; Android 5.0) AppleWebKit/537.36 (KHTML, like Gecko) Mobile Safari/537.36 (compatible; Bytespider; spider-feedback@bytedance.com)"
47.128.62.198 - - [15/May/2026:09:08:24 -0400] "GET /product-category/adidas/?filter_size=36%2C39%2C41%2C46 HTTP/1.1" 200 49830 "-" "Mozilla/5.0 (Linux; Android 5.0) AppleWebKit/537.36 (KHTML, like Gecko) Mobile Safari/537.36 (compatible; Bytespider; spider-feedback@bytedance.com)"
47.128.62.198 - - [15/May/2026:09:08:31 -0400] "GET /wp-content/uploads/2024/03/ShoeNation-Logo.png HTTP/1.1" 404 178449 "https://www.shoenation.me/product-category/adidas/?filter_size=36%2C39%2C41%2C46" "Mozilla/5.0 (Linux; Android 5.0) AppleWebKit/537.36 (KHTML, like Gecko) Mobile Safari/537.36 (compatible; Bytespider; spider-feedback@bytedance.com)"
47.128.62.198 - - [15/May/2026:09:08:31 -0400] "GET /wp-content/uploads/2025/02/new-balance-530-miu-miu-v0-0p61tlqcrp2d1-150x150.webp HTTP/1.1" 404 178551 "https://www.shoenation.me/product-category/adidas/?filter_size=36%2C39%2C41%2C46" "Mozilla/5.0 (Linux; Android 5.0) AppleWebKit/537.36 (KHTML, like Gecko) Mobile Safari/537.36 (compatible; Bytespider; spider-feedback@bytedance.com)"
47.128.62.198 - - [15/May/2026:09:08:31 -0400] "GET /wp-content/uploads/2025/02/IMG_0260-150x150.jpeg HTTP/1.1" 404 178455 "https://www.shoenation.me/product-category/adidas/?filter_size=36%2C39%2C41%2C46" "Mozilla/5.0 (Linux; Android 5.0) AppleWebKit/537.36 (KHTML, like Gecko) Mobile Safari/537.36 (compatible; Bytespider; spider-feedback@bytedance.com)"
47.128.62.198 - - [15/May/2026:09:08:31 -0400] "GET /wp-content/uploads/2024/10/Samba_OG_Shoes_Silver_JI4218_04_standard-430x430.png HTTP/1.1" 404 178548 "https://www.shoenation.me/product-category/adidas/?filter_size=36%2C39%2C41%2C46" "Mozilla/5.0 (Linux; Android 5.0) AppleWebKit/537.36 (KHTML, like Gecko) Mobile Safari/537.36 (compatible; Bytespider; spider-feedback@bytedance.com)"
47.128.62.198 - - [15/May/2026:09:08:31 -0400] "GET /wp-content/uploads/2024/04/OUAD0016-1-430x430.png HTTP/1.1" 404 178458 "https://www.shoenation.me/product-category/adidas/?filter_size=36%2C39%2C41%2C46" "Mozilla/5.0 (Linux; Android 5.0) AppleWebKit/537.36 (KHTML, like Gecko) Mobile Safari/537.36 (compatible; Bytespider; spider-feedback@bytedance.com)"
47.128.62.198 - - [15/May/2026:09:08:31 -0400] "GET /wp-content/uploads/2024/06/EditsbyAhmar01_57b3126b-b12c-4e01-8c82-6afac5cbed48-430x430.webp HTTP/1.1" 404 178584 "https://www.shoenation.me/product-category/adidas/?filter_size=36%2C39%2C41%2C46" "Mozilla/5.0 (Linux; Android 5.0) AppleWebKit/537.36 (KHTML, like Gecko) Mobile Safari/537.36 (compatible; Bytespider; spider-feedback@bytedance.com)"
