47.128.62.161 - - [15/May/2026:08:28:13 -0400] "GET /wp-content/themes/woodmart/css/parts/woo-el-track-order.min.css?ver=7.4.3 HTTP/1.1" 200 354 "https://www.shoenation.me/product-category/new-balance/nb2002r/?filter_size=40%2C41%2C43%2C45&stock_status=onsale" "Mozilla/5.0 (compatible; Bytespider; spider-feedback@bytedance.com) AppleWebKit/537.36 (KHTML, like Gecko) Chrome/70.0.0.0 Safari/537.36"
47.128.62.161 - - [15/May/2026:08:28:13 -0400] "GET /wp-content/themes/woodmart/css/parts/woo-shop-predefined.min.css?ver=7.4.3 HTTP/1.1" 200 285 "https://www.shoenation.me/product-category/new-balance/nb2002r/?filter_size=40%2C41%2C43%2C45&stock_status=onsale" "Mozilla/5.0 (compatible; Bytespider; spider-feedback@bytedance.com) AppleWebKit/537.36 (KHTML, like Gecko) Chrome/70.0.0.0 Safari/537.36"
47.128.62.161 - - [15/May/2026:08:28:13 -0400] "GET /wp-content/themes/woodmart/css/parts/woo-widget-active-filters.min.css?ver=7.4.3 HTTP/1.1" 200 165 "https://www.shoenation.me/product-category/new-balance/nb2002r/?filter_size=40%2C41%2C43%2C45&stock_status=onsale" "Mozilla/5.0 (compatible; Bytespider; spider-feedback@bytedance.com) AppleWebKit/537.36 (KHTML, like Gecko) Chrome/70.0.0.0 Safari/537.36"
47.128.62.161 - - [15/May/2026:08:28:14 -0400] "GET /wp-content/themes/woodmart/css/parts/woo-shop-el-products-view.min.css?ver=7.4.3 HTTP/1.1" 200 210 "https://www.shoenation.me/product-category/new-balance/nb2002r/?filter_size=40%2C41%2C43%2C45&stock_status=onsale" "Mozilla/5.0 (compatible; Bytespider; spider-feedback@bytedance.com) AppleWebKit/537.36 (KHTML, like Gecko) Chrome/70.0.0.0 Safari/537.36"
47.128.62.161 - - [15/May/2026:08:28:14 -0400] "GET /wp-content/themes/woodmart-child/style.css?ver=7.4.3 HTTP/1.1" 200 196 "https://www.shoenation.me/product-category/new-balance/nb2002r/?filter_size=40%2C41%2C43%2C45&stock_status=onsale" "Mozilla/5.0 (compatible; Bytespider; spider-feedback@bytedance.com) AppleWebKit/537.36 (KHTML, like Gecko) Chrome/70.0.0.0 Safari/537.36"
47.128.62.161 - - [15/May/2026:08:28:14 -0400] "GET /wp-content/themes/woodmart/css/parts/el-social-icons.min.css?ver=7.4.3 HTTP/1.1" 200 1133 "https://www.shoenation.me/product-category/new-balance/nb2002r/?filter_size=40%2C41%2C43%2C45&stock_status=onsale" "Mozilla/5.0 (compatible; Bytespider; spider-feedback@bytedance.com) AppleWebKit/537.36 (KHTML, like Gecko) Chrome/70.0.0.0 Safari/537.36"
47.128.62.161 - - [15/May/2026:08:28:14 -0400] "GET /wp-content/themes/woodmart/css/parts/header-el-my-account.min.css?ver=7.4.3 HTTP/1.1" 200 157 "https://www.shoenation.me/product-category/new-balance/nb2002r/?filter_size=40%2C41%2C43%2C45&stock_status=onsale" "Mozilla/5.0 (compatible; Bytespider; spider-feedback@bytedance.com) AppleWebKit/537.36 (KHTML, like Gecko) Chrome/70.0.0.0 Safari/537.36"
47.128.62.161 - - [15/May/2026:08:28:15 -0400] "GET /wp-content/themes/woodmart/css/parts/wd-search-form.min.css?ver=7.4.3 HTTP/1.1" 200 482 "https://www.shoenation.me/product-category/new-balance/nb2002r/?filter_size=40%2C41%2C43%2C45&stock_status=onsale" "Mozilla/5.0 (compatible; Bytespider; spider-feedback@bytedance.com) AppleWebKit/537.36 (KHTML, like Gecko) Chrome/70.0.0.0 Safari/537.36"
47.128.62.161 - - [15/May/2026:08:28:18 -0400] "GET /wp-content/plugins/elementor/assets/css/widget-heading.min.css?ver=4.0.8 HTTP/1.1" 200 126 "https://www.shoenation.me/product-category/new-balance/nb2002r/?filter_size=40%2C41%2C43%2C45&stock_status=onsale" "Mozilla/5.0 (compatible; Bytespider; spider-feedback@bytedance.com) AppleWebKit/537.36 (KHTML, like Gecko) Chrome/70.0.0.0 Safari/537.36"
47.128.62.161 - - [15/May/2026:08:28:18 -0400] "GET /wp-content/plugins/woocommerce/assets/client/blocks/wc-blocks.css?ver=wc-10.7.0 HTTP/1.1" 200 2391 "https://www.shoenation.me/product-category/new-balance/nb2002r/?filter_size=40%2C41%2C43%2C45&stock_status=onsale" "Mozilla/5.0 (compatible; Bytespider; spider-feedback@bytedance.com) AppleWebKit/537.36 (KHTML, like Gecko) Chrome/70.0.0.0 Safari/537.36"
67.223.118.104 - - [15/May/2026:08:28:33 -0400] "POST /wp-cron.php?doing_wp_cron=1778848113.3440849781036376953125 HTTP/1.1" 200 0 "-" "WordPress/6.9.4; https://www.shoenation.me"
47.128.62.161 - - [15/May/2026:08:28:16 -0400] "GET /wp-content/uploads/2024/03/ShoeNation-Logo.png HTTP/1.1" 404 178449 "https://www.shoenation.me/product-category/new-balance/nb2002r/?filter_size=40%2C41%2C43%2C45&stock_status=onsale" "Mozilla/5.0 (compatible; Bytespider; spider-feedback@bytedance.com) AppleWebKit/537.36 (KHTML, like Gecko) Chrome/70.0.0.0 Safari/537.36"
47.128.62.161 - - [15/May/2026:08:28:16 -0400] "GET /wp-content/uploads/2025/02/IMG_0260-150x150.jpeg HTTP/1.1" 404 178455 "https://www.shoenation.me/product-category/new-balance/nb2002r/?filter_size=40%2C41%2C43%2C45&stock_status=onsale" "Mozilla/5.0 (compatible; Bytespider; spider-feedback@bytedance.com) AppleWebKit/537.36 (KHTML, like Gecko) Chrome/70.0.0.0 Safari/537.36"
47.128.62.161 - - [15/May/2026:08:28:19 -0400] "GET /wp-content/uploads/2025/02/614b4079e84ea91f6aa9d9919838a0d6.jpg_720x720q80-150x150.jpg HTTP/1.1" 404 178569 "https://www.shoenation.me/product-category/new-balance/nb2002r/?filter_size=40%2C41%2C43%2C45&stock_status=onsale" "Mozilla/5.0 (compatible; Bytespider; spider-feedback@bytedance.com) AppleWebKit/537.36 (KHTML, like Gecko) Chrome/70.0.0.0 Safari/537.36"
47.128.62.161 - - [15/May/2026:08:28:18 -0400] "GET /wp-content/uploads/2025/02/new-balance-530-miu-miu-v0-0p61tlqcrp2d1-150x150.webp HTTP/1.1" 404 178551 "https://www.shoenation.me/product-category/new-balance/nb2002r/?filter_size=40%2C41%2C43%2C45&stock_status=onsale" "Mozilla/5.0 (compatible; Bytespider; spider-feedback@bytedance.com) AppleWebKit/537.36 (KHTML, like Gecko) Chrome/70.0.0.0 Safari/537.36"
47.128.62.161 - - [15/May/2026:08:28:19 -0400] "GET /wp-content/uploads/2024/06/3423897250m8_zm-1-150x150.jpg HTTP/1.1" 404 178479 "https://www.shoenation.me/product-category/new-balance/nb2002r/?filter_size=40%2C41%2C43%2C45&stock_status=onsale" "Mozilla/5.0 (compatible; Bytespider; spider-feedback@bytedance.com) AppleWebKit/537.36 (KHTML, like Gecko) Chrome/70.0.0.0 Safari/537.36"
47.128.62.161 - - [15/May/2026:08:28:19 -0400] "GET /wp-content/uploads/2024/06/63922ed58580f70019f80ea5-1-150x150.webp HTTP/1.1" 404 178509 "https://www.shoenation.me/product-category/new-balance/nb2002r/?filter_size=40%2C41%2C43%2C45&stock_status=onsale" "Mozilla/5.0 (compatible; Bytespider; spider-feedback@bytedance.com) AppleWebKit/537.36 (KHTML, like Gecko) Chrome/70.0.0.0 Safari/537.36"
47.128.62.161 - - [15/May/2026:08:28:19 -0400] "GET /wp-content/uploads/2024/06/5ef42a4788df9cdaaf135d9583f2228b-1-150x150.jpg HTTP/1.1" 404 178530 "https://www.shoenation.me/product-category/new-balance/nb2002r/?filter_size=40%2C41%2C43%2C45&stock_status=onsale" "Mozilla/5.0 (compatible; Bytespider; spider-feedback@bytedance.com) AppleWebKit/537.36 (KHTML, like Gecko) Chrome/70.0.0.0 Safari/537.36"
47.128.62.161 - - [15/May/2026:08:28:19 -0400] "GET /wp-content/uploads/2024/06/product-jpeg-500x500-1-150x150.webp HTTP/1.1" 404 178497 "https://www.shoenation.me/product-category/new-balance/nb2002r/?filter_size=40%2C41%2C43%2C45&stock_status=onsale" "Mozilla/5.0 (compatible; Bytespider; spider-feedback@bytedance.com) AppleWebKit/537.36 (KHTML, like Gecko) Chrome/70.0.0.0 Safari/537.36"
47.128.62.161 - - [15/May/2026:08:28:19 -0400] "GET /wp-content/uploads/2024/06/17-best-nike-running-shoes-15275-150x150.webp HTTP/1.1" 404 178527 "https://www.shoenation.me/product-category/new-balance/nb2002r/?filter_size=40%2C41%2C43%2C45&stock_status=onsale" "Mozilla/5.0 (compatible; Bytespider; spider-feedback@bytedance.com) AppleWebKit/537.36 (KHTML, like Gecko) Chrome/70.0.0.0 Safari/537.36"
47.128.62.161 - - [15/May/2026:08:28:19 -0400] "GET /wp-content/uploads/2024/03/wd-envelope-dark.svg HTTP/1.1" 404 178452 "https://www.shoenation.me/product-category/new-balance/nb2002r/?filter_size=40%2C41%2C43%2C45&stock_status=onsale" "Mozilla/5.0 (compatible; Bytespider; spider-feedback@bytedance.com) AppleWebKit/537.36 (KHTML, like Gecko) Chrome/70.0.0.0 Safari/537.36"
47.128.62.161 - - [15/May/2026:08:28:19 -0400] "GET /wp-content/uploads/2025/02/download-150x150.jpg HTTP/1.1" 404 178452 "https://www.shoenation.me/product-category/new-balance/nb2002r/?filter_size=40%2C41%2C43%2C45&stock_status=onsale" "Mozilla/5.0 (compatible; Bytespider; spider-feedback@bytedance.com) AppleWebKit/537.36 (KHTML, like Gecko) Chrome/70.0.0.0 Safari/537.36"
47.128.62.161 - - [15/May/2026:08:28:18 -0400] "GET /wp-content/uploads/2024/03/raincloud4-1.webp HTTP/1.1" 404 178443 "https://www.shoenation.me/product-category/new-balance/nb2002r/?filter_size=40%2C41%2C43%2C45&stock_status=onsale" "Mozilla/5.0 (compatible; Bytespider; spider-feedback@bytedance.com) AppleWebKit/537.36 (KHTML, like Gecko) Chrome/70.0.0.0 Safari/537.36"
47.128.62.161 - - [15/May/2026:08:28:19 -0400] "GET /wp-content/uploads/2024/06/ca089c0521d61637a52311e4c5c83f0f-150x150.jpg HTTP/1.1" 404 178524 "https://www.shoenation.me/product-category/new-balance/nb2002r/?filter_size=40%2C41%2C43%2C45&stock_status=onsale" "Mozilla/5.0 (compatible; Bytespider; spider-feedback@bytedance.com) AppleWebKit/537.36 (KHTML, like Gecko) Chrome/70.0.0.0 Safari/537.36"
51.68.107.139 - - [15/May/2026:08:29:47 -0400] "GET /robots.txt HTTP/1.1" 200 71 "-" "Mozilla/5.0 (compatible; MJ12bot/v2.0.5; http://mj12bot.com/)"
67.223.118.104 - - [15/May/2026:08:29:57 -0400] "POST /wp-cron.php?doing_wp_cron=1778848197.6376500129699707031250 HTTP/1.1" 200 0 "-" "WordPress/6.9.4; https://www.shoenation.me"
51.68.107.139 - - [15/May/2026:08:29:47 -0400] "GET / HTTP/1.1" 200 54610 "-" "Mozilla/5.0 (compatible; MJ12bot/v2.0.5; http://mj12bot.com/)"
216.244.66.248 - - [15/May/2026:08:30:13 -0400] "GET /?product_cat=nb2002r&filter_size=39,41,42,45 HTTP/1.1" 200 0 "-" "Mozilla/5.0 (compatible; DotBot/1.2; +https://opensiteexplorer.org/dotbot; help@moz.com)"
67.223.118.104 - - [15/May/2026:08:30:42 -0400] "POST /wp-cron.php?doing_wp_cron=1778848241.8356060981750488281250 HTTP/1.1" 200 0 "-" "WordPress/6.9.4; https://www.shoenation.me"
216.244.66.248 - - [15/May/2026:08:30:43 -0400] "GET /?product_cat=nike&filter_size=36,40,41,42,43,44,47 HTTP/1.1" 301 0 "-" "Mozilla/5.0 (compatible; DotBot/1.2; +https://opensiteexplorer.org/dotbot; help@moz.com)"
66.249.73.73 - - [15/May/2026:08:31:30 -0400] "GET /?product_cat=air-force&stock_status=onsale&per_row=3&shop_view=grid&filter_size=37%2C40%2C43&per_page=12 HTTP/1.1" 200 24936 "-" "Mozilla/5.0 (Linux; Android 6.0.1; Nexus 5X Build/MMB29P) AppleWebKit/537.36 (KHTML, like Gecko) Chrome/148.0.7778.96 Mobile Safari/537.36 (compatible; Googlebot/2.1; +http://www.google.com/bot.html)"
66.249.73.71 - - [15/May/2026:08:32:01 -0400] "GET /goods.php?item/v4954954 HTTP/1.1" 200 24734 "-" "Mozilla/5.0 (Linux; Android 6.0.1; Nexus 5X Build/MMB29P) AppleWebKit/537.36 (KHTML, like Gecko) Chrome/148.0.7778.96 Mobile Safari/537.36 (compatible; Googlebot/2.1; +http://www.google.com/bot.html)"
67.223.118.104 - - [15/May/2026:08:32:02 -0400] "POST /wp-cron.php?doing_wp_cron=1778848322.4430649280548095703125 HTTP/1.1" 200 0 "-" "WordPress/6.9.4; https://www.shoenation.me"
47.128.62.147 - - [15/May/2026:08:31:58 -0400] "GET /?filter_size=36%2C37%2C38%2C40%2C41%2C43&per_page=24&product_cat=sp HTTP/1.1" 301 0 "-" "Mozilla/5.0 (compatible; Bytespider; spider-feedback@bytedance.com) AppleWebKit/537.36 (KHTML, like Gecko) Chrome/70.0.0.0 Safari/537.36"
216.244.66.248 - - [15/May/2026:08:32:04 -0400] "GET /?product_cat=9060&filter_size=36%2C37%2C38&paged=2 HTTP/1.1" 301 0 "-" "Mozilla/5.0 (compatible; DotBot/1.2; +https://opensiteexplorer.org/dotbot; help@moz.com)"
47.128.62.147 - - [15/May/2026:08:32:03 -0400] "GET /product-category/adidas/sp/?filter_size=36%2C37%2C38%2C40%2C41%2C43&per_page=24 HTTP/1.1" 200 50785 "-" "Mozilla/5.0 (compatible; Bytespider; spider-feedback@bytedance.com) AppleWebKit/537.36 (KHTML, like Gecko) Chrome/70.0.0.0 Safari/537.36"
47.128.62.147 - - [15/May/2026:08:32:15 -0400] "GET /wp-content/themes/woodmart/css/parts/page-title.min.css?ver=7.4.3 HTTP/1.1" 200 204 "https://www.shoenation.me/product-category/adidas/sp/?filter_size=36%2C37%2C38%2C40%2C41%2C43&per_page=24" "Mozilla/5.0 (compatible; Bytespider; spider-feedback@bytedance.com) AppleWebKit/537.36 (KHTML, like Gecko) Chrome/70.0.0.0 Safari/537.36"
47.128.62.147 - - [15/May/2026:08:32:18 -0400] "GET /wp-content/plugins/woocommerce/assets/client/blocks/wc-blocks.css?ver=wc-10.7.0 HTTP/1.1" 200 2391 "https://www.shoenation.me/product-category/adidas/sp/?filter_size=36%2C37%2C38%2C40%2C41%2C43&per_page=24" "Mozilla/5.0 (compatible; Bytespider; spider-feedback@bytedance.com) AppleWebKit/537.36 (KHTML, like Gecko) Chrome/70.0.0.0 Safari/537.36"
47.128.62.147 - - [15/May/2026:08:32:17 -0400] "GET /wp-content/uploads/2024/03/ShoeNation-Logo.png HTTP/1.1" 200 0 "https://www.shoenation.me/product-category/adidas/sp/?filter_size=36%2C37%2C38%2C40%2C41%2C43&per_page=24" "Mozilla/5.0 (compatible; Bytespider; spider-feedback@bytedance.com) AppleWebKit/537.36 (KHTML, like Gecko) Chrome/70.0.0.0 Safari/537.36"
47.128.62.147 - - [15/May/2026:08:32:17 -0400] "GET /wp-content/uploads/2025/02/IMG_0260-150x150.jpeg HTTP/1.1" 200 0 "https://www.shoenation.me/product-category/adidas/sp/?filter_size=36%2C37%2C38%2C40%2C41%2C43&per_page=24" "Mozilla/5.0 (compatible; Bytespider; spider-feedback@bytedance.com) AppleWebKit/537.36 (KHTML, like Gecko) Chrome/70.0.0.0 Safari/537.36"
47.128.62.147 - - [15/May/2026:08:32:18 -0400] "GET /wp-content/uploads/2025/02/new-balance-530-miu-miu-v0-0p61tlqcrp2d1-150x150.webp HTTP/1.1" 200 0 "https://www.shoenation.me/product-category/adidas/sp/?filter_size=36%2C37%2C38%2C40%2C41%2C43&per_page=24" "Mozilla/5.0 (compatible; Bytespider; spider-feedback@bytedance.com) AppleWebKit/537.36 (KHTML, like Gecko) Chrome/70.0.0.0 Safari/537.36"
47.128.62.147 - - [15/May/2026:08:32:18 -0400] "GET /wp-content/uploads/2024/06/3423897250m8_zm-1.jpg HTTP/1.1" 200 0 "https://www.shoenation.me/product-category/adidas/sp/?filter_size=36%2C37%2C38%2C40%2C41%2C43&per_page=24" "Mozilla/5.0 (compatible; Bytespider; spider-feedback@bytedance.com) AppleWebKit/537.36 (KHTML, like Gecko) Chrome/70.0.0.0 Safari/537.36"
216.244.66.248 - - [15/May/2026:08:32:28 -0400] "GET /?product_cat=9060&stock_status=instock&filter_size=36,39 HTTP/1.1" 200 0 "-" "Mozilla/5.0 (compatible; DotBot/1.2; +https://opensiteexplorer.org/dotbot; help@moz.com)"
47.128.62.147 - - [15/May/2026:08:32:18 -0400] "GET /wp-content/uploads/2024/06/5ef42a4788df9cdaaf135d9583f2228b-1-150x150.jpg HTTP/1.1" 200 0 "https://www.shoenation.me/product-category/adidas/sp/?filter_size=36%2C37%2C38%2C40%2C41%2C43&per_page=24" "Mozilla/5.0 (compatible; Bytespider; spider-feedback@bytedance.com) AppleWebKit/537.36 (KHTML, like Gecko) Chrome/70.0.0.0 Safari/537.36"
47.128.62.147 - - [15/May/2026:08:32:19 -0400] "GET /wp-content/uploads/2025/02/download-150x150.jpg HTTP/1.1" 200 0 "https://www.shoenation.me/product-category/adidas/sp/?filter_size=36%2C37%2C38%2C40%2C41%2C43&per_page=24" "Mozilla/5.0 (compatible; Bytespider; spider-feedback@bytedance.com) AppleWebKit/537.36 (KHTML, like Gecko) Chrome/70.0.0.0 Safari/537.36"
47.128.62.147 - - [15/May/2026:08:32:19 -0400] "GET /wp-content/uploads/2024/06/3423897250m8_zm-1-150x150.jpg HTTP/1.1" 200 0 "https://www.shoenation.me/product-category/adidas/sp/?filter_size=36%2C37%2C38%2C40%2C41%2C43&per_page=24" "Mozilla/5.0 (compatible; Bytespider; spider-feedback@bytedance.com) AppleWebKit/537.36 (KHTML, like Gecko) Chrome/70.0.0.0 Safari/537.36"
47.128.62.147 - - [15/May/2026:08:32:19 -0400] "GET /wp-content/uploads/2024/06/63922ed58580f70019f80ea5-1-150x150.webp HTTP/1.1" 200 0 "https://www.shoenation.me/product-category/adidas/sp/?filter_size=36%2C37%2C38%2C40%2C41%2C43&per_page=24" "Mozilla/5.0 (compatible; Bytespider; spider-feedback@bytedance.com) AppleWebKit/537.36 (KHTML, like Gecko) Chrome/70.0.0.0 Safari/537.36"
47.128.62.147 - - [15/May/2026:08:32:19 -0400] "GET /wp-content/uploads/2025/02/614b4079e84ea91f6aa9d9919838a0d6.jpg_720x720q80-150x150.jpg HTTP/1.1" 200 0 "https://www.shoenation.me/product-category/adidas/sp/?filter_size=36%2C37%2C38%2C40%2C41%2C43&per_page=24" "Mozilla/5.0 (compatible; Bytespider; spider-feedback@bytedance.com) AppleWebKit/537.36 (KHTML, like Gecko) Chrome/70.0.0.0 Safari/537.36"
47.128.62.147 - - [15/May/2026:08:32:19 -0400] "GET /wp-content/uploads/2024/06/ca089c0521d61637a52311e4c5c83f0f-150x150.jpg HTTP/1.1" 200 0 "https://www.shoenation.me/product-category/adidas/sp/?filter_size=36%2C37%2C38%2C40%2C41%2C43&per_page=24" "Mozilla/5.0 (compatible; Bytespider; spider-feedback@bytedance.com) AppleWebKit/537.36 (KHTML, like Gecko) Chrome/70.0.0.0 Safari/537.36"
47.128.62.147 - - [15/May/2026:08:32:19 -0400] "GET /wp-content/uploads/2024/06/17-best-nike-running-shoes-15275-150x150.webp HTTP/1.1" 200 0 "https://www.shoenation.me/product-category/adidas/sp/?filter_size=36%2C37%2C38%2C40%2C41%2C43&per_page=24" "Mozilla/5.0 (compatible; Bytespider; spider-feedback@bytedance.com) AppleWebKit/537.36 (KHTML, like Gecko) Chrome/70.0.0.0 Safari/537.36"
47.128.62.147 - - [15/May/2026:08:32:19 -0400] "GET /wp-content/uploads/2024/06/product-jpeg-500x500-1-150x150.webp HTTP/1.1" 200 0 "https://www.shoenation.me/product-category/adidas/sp/?filter_size=36%2C37%2C38%2C40%2C41%2C43&per_page=24" "Mozilla/5.0 (compatible; Bytespider; spider-feedback@bytedance.com) AppleWebKit/537.36 (KHTML, like Gecko) Chrome/70.0.0.0 Safari/537.36"
47.128.62.147 - - [15/May/2026:08:32:39 -0400] "GET /wp-content/uploads/2024/03/wd-envelope-dark.svg HTTP/1.1" 500 2431 "https://www.shoenation.me/product-category/adidas/sp/?filter_size=36%2C37%2C38%2C40%2C41%2C43&per_page=24" "Mozilla/5.0 (compatible; Bytespider; spider-feedback@bytedance.com) AppleWebKit/537.36 (KHTML, like Gecko) Chrome/70.0.0.0 Safari/537.36"
47.128.62.147 - - [15/May/2026:08:32:38 -0400] "GET /wp-content/uploads/2024/05/Handball_Spezial_Shoes_Red_FV1227_04_standard.avif HTTP/1.1" 500 2431 "https://www.shoenation.me/product-category/adidas/sp/?filter_size=36%2C37%2C38%2C40%2C41%2C43&per_page=24" "Mozilla/5.0 (compatible; Bytespider; spider-feedback@bytedance.com) AppleWebKit/537.36 (KHTML, like Gecko) Chrome/70.0.0.0 Safari/537.36"
47.128.62.147 - - [15/May/2026:08:32:19 -0400] "GET /wp-content/uploads/2024/03/OUAD0059-2-430x430.png HTTP/1.1" 200 0 "https://www.shoenation.me/product-category/adidas/sp/?filter_size=36%2C37%2C38%2C40%2C41%2C43&per_page=24" "Mozilla/5.0 (compatible; Bytespider; spider-feedback@bytedance.com) AppleWebKit/537.36 (KHTML, like Gecko) Chrome/70.0.0.0 Safari/537.36"
47.128.62.147 - - [15/May/2026:08:32:19 -0400] "GET /wp-content/uploads/2024/03/OUAD0059-1-430x430.png HTTP/1.1" 200 0 "https://www.shoenation.me/product-category/adidas/sp/?filter_size=36%2C37%2C38%2C40%2C41%2C43&per_page=24" "Mozilla/5.0 (compatible; Bytespider; spider-feedback@bytedance.com) AppleWebKit/537.36 (KHTML, like Gecko) Chrome/70.0.0.0 Safari/537.36"
47.128.62.147 - - [15/May/2026:08:32:19 -0400] "GET /wp-content/uploads/2024/03/OUAD0060-3-430x430.png HTTP/1.1" 200 0 "https://www.shoenation.me/product-category/adidas/sp/?filter_size=36%2C37%2C38%2C40%2C41%2C43&per_page=24" "Mozilla/5.0 (compatible; Bytespider; spider-feedback@bytedance.com) AppleWebKit/537.36 (KHTML, like Gecko) Chrome/70.0.0.0 Safari/537.36"
47.128.62.147 - - [15/May/2026:08:32:19 -0400] "GET /wp-content/uploads/2024/03/OUAD0060-1-430x430.png HTTP/1.1" 200 0 "https://www.shoenation.me/product-category/adidas/sp/?filter_size=36%2C37%2C38%2C40%2C41%2C43&per_page=24" "Mozilla/5.0 (compatible; Bytespider; spider-feedback@bytedance.com) AppleWebKit/537.36 (KHTML, like Gecko) Chrome/70.0.0.0 Safari/537.36"
47.128.62.147 - - [15/May/2026:08:32:19 -0400] "GET /wp-content/uploads/2024/03/OUAD0048-3-430x430.png HTTP/1.1" 200 0 "https://www.shoenation.me/product-category/adidas/sp/?filter_size=36%2C37%2C38%2C40%2C41%2C43&per_page=24" "Mozilla/5.0 (compatible; Bytespider; spider-feedback@bytedance.com) AppleWebKit/537.36 (KHTML, like Gecko) Chrome/70.0.0.0 Safari/537.36"
47.128.62.147 - - [15/May/2026:08:32:19 -0400] "GET /wp-content/uploads/2024/03/Handball_Spezial_Shoes_Beige_IF6562_01_standard.avif HTTP/1.1" 200 0 "https://www.shoenation.me/product-category/adidas/sp/?filter_size=36%2C37%2C38%2C40%2C41%2C43&per_page=24" "Mozilla/5.0 (compatible; Bytespider; spider-feedback@bytedance.com) AppleWebKit/537.36 (KHTML, like Gecko) Chrome/70.0.0.0 Safari/537.36"
47.128.62.147 - - [15/May/2026:08:32:19 -0400] "GET /wp-content/uploads/2024/03/OUAD0058-3-430x430.png HTTP/1.1" 200 0 "https://www.shoenation.me/product-category/adidas/sp/?filter_size=36%2C37%2C38%2C40%2C41%2C43&per_page=24" "Mozilla/5.0 (compatible; Bytespider; spider-feedback@bytedance.com) AppleWebKit/537.36 (KHTML, like Gecko) Chrome/70.0.0.0 Safari/537.36"
47.128.62.147 - - [15/May/2026:08:32:19 -0400] "GET /wp-content/uploads/2024/03/OUAD0058-1-430x430.png HTTP/1.1" 200 0 "https://www.shoenation.me/product-category/adidas/sp/?filter_size=36%2C37%2C38%2C40%2C41%2C43&per_page=24" "Mozilla/5.0 (compatible; Bytespider; spider-feedback@bytedance.com) AppleWebKit/537.36 (KHTML, like Gecko) Chrome/70.0.0.0 Safari/537.36"
47.128.62.147 - - [15/May/2026:08:32:19 -0400] "GET /wp-content/uploads/2024/05/Handball_Spezial_Shoes_Pink_IF6561_05_standard.avif HTTP/1.1" 200 0 "https://www.shoenation.me/product-category/adidas/sp/?filter_size=36%2C37%2C38%2C40%2C41%2C43&per_page=24" "Mozilla/5.0 (compatible; Bytespider; spider-feedback@bytedance.com) AppleWebKit/537.36 (KHTML, like Gecko) Chrome/70.0.0.0 Safari/537.36"
47.128.62.147 - - [15/May/2026:08:32:19 -0400] "GET /wp-content/uploads/2024/05/Handball_Spezial_Shoes_Pink_IF6561_01_standard.avif HTTP/1.1" 200 0 "https://www.shoenation.me/product-category/adidas/sp/?filter_size=36%2C37%2C38%2C40%2C41%2C43&per_page=24" "Mozilla/5.0 (compatible; Bytespider; spider-feedback@bytedance.com) AppleWebKit/537.36 (KHTML, like Gecko) Chrome/70.0.0.0 Safari/537.36"
47.128.62.147 - - [15/May/2026:08:32:19 -0400] "GET /wp-content/uploads/2024/08/Handball_Spezial_Shoes_Black_IE5897_02_standard_hover-430x430.png HTTP/1.1" 200 0 "https://www.shoenation.me/product-category/adidas/sp/?filter_size=36%2C37%2C38%2C40%2C41%2C43&per_page=24" "Mozilla/5.0 (compatible; Bytespider; spider-feedback@bytedance.com) AppleWebKit/537.36 (KHTML, like Gecko) Chrome/70.0.0.0 Safari/537.36"
47.128.62.147 - - [15/May/2026:08:32:19 -0400] "GET /wp-content/uploads/2024/08/Handball_Spezial_Shoes_Black_IE5897_01_standard-430x430.png HTTP/1.1" 200 0 "https://www.shoenation.me/product-category/adidas/sp/?filter_size=36%2C37%2C38%2C40%2C41%2C43&per_page=24" "Mozilla/5.0 (compatible; Bytespider; spider-feedback@bytedance.com) AppleWebKit/537.36 (KHTML, like Gecko) Chrome/70.0.0.0 Safari/537.36"
47.128.62.147 - - [15/May/2026:08:32:19 -0400] "GET /wp-content/uploads/2024/08/Handball_Spezial_Shoes_White_IE3699_02_standard_hover-430x430.png HTTP/1.1" 200 0 "https://www.shoenation.me/product-category/adidas/sp/?filter_size=36%2C37%2C38%2C40%2C41%2C43&per_page=24" "Mozilla/5.0 (compatible; Bytespider; spider-feedback@bytedance.com) AppleWebKit/537.36 (KHTML, like Gecko) Chrome/70.0.0.0 Safari/537.36"
47.128.62.147 - - [15/May/2026:08:32:19 -0400] "GET /wp-content/uploads/2024/08/Handball_Spezial_Shoes_White_IE3699_01_standard-1-430x430.png HTTP/1.1" 200 0 "https://www.shoenation.me/product-category/adidas/sp/?filter_size=36%2C37%2C38%2C40%2C41%2C43&per_page=24" "Mozilla/5.0 (compatible; Bytespider; spider-feedback@bytedance.com) AppleWebKit/537.36 (KHTML, like Gecko) Chrome/70.0.0.0 Safari/537.36"
47.128.62.147 - - [15/May/2026:08:32:39 -0400] "GET /wp-content/uploads/2024/11/Handball_Spezial_Shoes_Burgundy_IG1978_01_standard-430x430.png HTTP/1.1" 500 2431 "https://www.shoenation.me/product-category/adidas/sp/?filter_size=36%2C37%2C38%2C40%2C41%2C43&per_page=24" "Mozilla/5.0 (compatible; Bytespider; spider-feedback@bytedance.com) AppleWebKit/537.36 (KHTML, like Gecko) Chrome/70.0.0.0 Safari/537.36"
47.128.62.147 - - [15/May/2026:08:32:39 -0400] "GET /wp-content/uploads/2024/05/Handball_Spezial_Shoes_Red_FV1227_01_standard.avif HTTP/1.1" 500 2431 "https://www.shoenation.me/product-category/adidas/sp/?filter_size=36%2C37%2C38%2C40%2C41%2C43&per_page=24" "Mozilla/5.0 (compatible; Bytespider; spider-feedback@bytedance.com) AppleWebKit/537.36 (KHTML, like Gecko) Chrome/70.0.0.0 Safari/537.36"
47.128.62.147 - - [15/May/2026:08:32:19 -0400] "GET /wp-content/uploads/2024/07/Handball_Spezial_Shoes_Brown_IF6490_02_standard.avif HTTP/1.1" 200 0 "https://www.shoenation.me/product-category/adidas/sp/?filter_size=36%2C37%2C38%2C40%2C41%2C43&per_page=24" "Mozilla/5.0 (compatible; Bytespider; spider-feedback@bytedance.com) AppleWebKit/537.36 (KHTML, like Gecko) Chrome/70.0.0.0 Safari/537.36"
47.128.62.147 - - [15/May/2026:08:32:19 -0400] "GET /wp-content/uploads/2024/07/Handball_Spezial_Shoes_Brown_IF6490_01_standard-1.avif HTTP/1.1" 200 0 "https://www.shoenation.me/product-category/adidas/sp/?filter_size=36%2C37%2C38%2C40%2C41%2C43&per_page=24" "Mozilla/5.0 (compatible; Bytespider; spider-feedback@bytedance.com) AppleWebKit/537.36 (KHTML, like Gecko) Chrome/70.0.0.0 Safari/537.36"
47.128.62.147 - - [15/May/2026:08:32:39 -0400] "GET /wp-content/uploads/2024/11/Handball_Spezial_Shoes_Burgundy_IG1978_04_standard-2-430x430.png HTTP/1.1" 200 0 "https://www.shoenation.me/product-category/adidas/sp/?filter_size=36%2C37%2C38%2C40%2C41%2C43&per_page=24" "Mozilla/5.0 (compatible; Bytespider; spider-feedback@bytedance.com) AppleWebKit/537.36 (KHTML, like Gecko) Chrome/70.0.0.0 Safari/537.36"
47.128.62.147 - - [15/May/2026:08:32:39 -0400] "GET /wp-content/uploads/2024/07/6db63930-86b1-4d11-9554-94cee4e30196-1000x989-vMKBOWZIFN5y7yE9A5IHs28ylAWUqNptAuz2Iqn3-1-430x425.png HTTP/1.1" 200 0 "https://www.shoenation.me/product-category/adidas/sp/?filter_size=36%2C37%2C38%2C40%2C41%2C43&per_page=24" "Mozilla/5.0 (compatible; Bytespider; spider-feedback@bytedance.com) AppleWebKit/537.36 (KHTML, like Gecko) Chrome/70.0.0.0 Safari/537.36"
67.223.118.104 - - [15/May/2026:08:32:52 -0400] "POST /wp-cron.php?doing_wp_cron=1778848371.9398660659790039062500 HTTP/1.1" 200 0 "-" "WordPress/6.9.4; https://www.shoenation.me"
66.249.73.71 - - [15/May/2026:08:32:53 -0400] "GET /?detail/314200197 HTTP/1.1" 200 23951 "-" "Mozilla/5.0 (Linux; Android 6.0.1; Nexus 5X Build/MMB29P) AppleWebKit/537.36 (KHTML, like Gecko) Chrome/148.0.7778.96 Mobile Safari/537.36 (compatible; Googlebot/2.1; +http://www.google.com/bot.html)"
67.223.118.104 - - [15/May/2026:08:33:21 -0400] "POST /wp-cron.php?doing_wp_cron=1778848401.4397981166839599609375 HTTP/1.1" 200 0 "-" "WordPress/6.9.4; https://www.shoenation.me"
85.208.96.211 - - [15/May/2026:08:32:35 -0400] "GET /?product=nike-air-force-1-white-beige-gold HTTP/1.1" 200 62797 "-" "Mozilla/5.0 (compatible; SemrushBot/7~bl; +http://www.semrush.com/bot.html)"
216.244.66.248 - - [15/May/2026:08:33:18 -0400] "GET /?product_cat=converse&filter_size=39%2C40%2C41%2C45&per_page=18 HTTP/1.1" 301 0 "-" "Mozilla/5.0 (compatible; DotBot/1.2; +https://opensiteexplorer.org/dotbot; help@moz.com)"
47.82.11.2 - - [15/May/2026:08:33:21 -0400] "GET /?product=onitsuka-tiger-advanti-cream-white-red HTTP/1.1" 200 53549 "https://www.shoenation.me/" "Mozilla/5.0 (Windows NT 10.0; Win64; x64; rv:137.0) Gecko/20100101 Firefox/137.0"
185.191.171.5 - - [15/May/2026:08:33:23 -0400] "GET /product/nike-air-force-1-white-beige-gold/ HTTP/1.1" 200 63780 "-" "Mozilla/5.0 (compatible; SemrushBot/7~bl; +http://www.semrush.com/bot.html)"
67.223.118.104 - - [15/May/2026:08:35:19 -0400] "POST /wp-cron.php?doing_wp_cron=1778848518.9413430690765380859375 HTTP/1.1" 200 0 "-" "WordPress/6.9.4; https://www.shoenation.me"
85.216.241.156 - - [15/May/2026:08:34:55 -0400] "GET /?filter_size=44&per_row=3&product_cat=nb2002r&shop_view=grid HTTP/1.1" 301 0 "-" "Mozilla/5.0 (Macintosh; Intel Mac OS X 10_13_6) AppleWebKit/537.36 (KHTML, like Gecko) Brave Chrome/77.0.3865.90 Safari/537.36"
47.128.62.170 - - [15/May/2026:08:35:59 -0400] "GET /?filter_size=36%2C40%2C41%2C42%2C45%2C46&product_cat=nike&stock_status=instock HTTP/1.1" 301 0 "-" "Mozilla/5.0 (compatible; Bytespider; spider-feedback@bytedance.com) AppleWebKit/537.36 (KHTML, like Gecko) Chrome/70.0.0.0 Safari/537.36"
66.249.73.73 - - [15/May/2026:08:36:09 -0400] "GET /?detail/432967021 HTTP/1.1" 200 24319 "-" "Mozilla/5.0 (Linux; Android 6.0.1; Nexus 5X Build/MMB29P) AppleWebKit/537.36 (KHTML, like Gecko) Chrome/148.0.7778.96 Mobile Safari/537.36 (compatible; Googlebot/2.1; +http://www.google.com/bot.html)"
67.223.118.104 - - [15/May/2026:08:36:15 -0400] "POST /wp-cron.php?doing_wp_cron=1778848575.7341880798339843750000 HTTP/1.1" 200 0 "-" "WordPress/6.9.4; https://www.shoenation.me"
47.128.62.170 - - [15/May/2026:08:36:03 -0400] "GET /product-category/nike/?filter_size=36%2C40%2C41%2C42%2C45%2C46&stock_status=instock HTTP/1.1" 200 51306 "-" "Mozilla/5.0 (compatible; Bytespider; spider-feedback@bytedance.com) AppleWebKit/537.36 (KHTML, like Gecko) Chrome/70.0.0.0 Safari/537.36"
47.128.62.170 - - [15/May/2026:08:36:16 -0400] "GET /wp-content/themes/woodmart/css/parts/woo-widget-wd-layered-nav.min.css?ver=7.4.3 HTTP/1.1" 200 493 "https://www.shoenation.me/product-category/nike/?filter_size=36%2C40%2C41%2C42%2C45%2C46&stock_status=instock" "Mozilla/5.0 (compatible; Bytespider; spider-feedback@bytedance.com) AppleWebKit/537.36 (KHTML, like Gecko) Chrome/70.0.0.0 Safari/537.36"
47.128.62.170 - - [15/May/2026:08:36:17 -0400] "GET /wp-content/themes/woodmart/css/parts/opt-bottom-toolbar.min.css?ver=7.4.3 HTTP/1.1" 200 602 "https://www.shoenation.me/product-category/nike/?filter_size=36%2C40%2C41%2C42%2C45%2C46&stock_status=instock" "Mozilla/5.0 (compatible; Bytespider; spider-feedback@bytedance.com) AppleWebKit/537.36 (KHTML, like Gecko) Chrome/70.0.0.0 Safari/537.36"
66.249.73.71 - - [15/May/2026:08:36:36 -0400] "GET /wp-content/uploads/2024/03/3131-231.png HTTP/1.1" 200 24945 "-" "Googlebot-Image/1.0"
47.128.62.170 - - [15/May/2026:08:36:18 -0400] "GET /wp-content/uploads/2024/03/ShoeNation-Logo.png HTTP/1.1" 200 0 "https://www.shoenation.me/product-category/nike/?filter_size=36%2C40%2C41%2C42%2C45%2C46&stock_status=instock" "Mozilla/5.0 (compatible; Bytespider; spider-feedback@bytedance.com) AppleWebKit/537.36 (KHTML, like Gecko) Chrome/70.0.0.0 Safari/537.36"
47.128.62.170 - - [15/May/2026:08:36:18 -0400] "GET /wp-content/uploads/2025/02/IMG_0260-150x150.jpeg HTTP/1.1" 200 0 "https://www.shoenation.me/product-category/nike/?filter_size=36%2C40%2C41%2C42%2C45%2C46&stock_status=instock" "Mozilla/5.0 (compatible; Bytespider; spider-feedback@bytedance.com) AppleWebKit/537.36 (KHTML, like Gecko) Chrome/70.0.0.0 Safari/537.36"
47.128.62.170 - - [15/May/2026:08:36:18 -0400] "GET /wp-content/uploads/2025/02/new-balance-530-miu-miu-v0-0p61tlqcrp2d1-150x150.webp HTTP/1.1" 200 0 "https://www.shoenation.me/product-category/nike/?filter_size=36%2C40%2C41%2C42%2C45%2C46&stock_status=instock" "Mozilla/5.0 (compatible; Bytespider; spider-feedback@bytedance.com) AppleWebKit/537.36 (KHTML, like Gecko) Chrome/70.0.0.0 Safari/537.36"
47.128.62.170 - - [15/May/2026:08:36:18 -0400] "GET /wp-content/uploads/2024/06/5ef42a4788df9cdaaf135d9583f2228b-1-150x150.jpg HTTP/1.1" 200 0 "https://www.shoenation.me/product-category/nike/?filter_size=36%2C40%2C41%2C42%2C45%2C46&stock_status=instock" "Mozilla/5.0 (compatible; Bytespider; spider-feedback@bytedance.com) AppleWebKit/537.36 (KHTML, like Gecko) Chrome/70.0.0.0 Safari/537.36"
47.128.62.170 - - [15/May/2026:08:36:18 -0400] "GET /wp-content/uploads/2025/02/download-150x150.jpg HTTP/1.1" 200 0 "https://www.shoenation.me/product-category/nike/?filter_size=36%2C40%2C41%2C42%2C45%2C46&stock_status=instock" "Mozilla/5.0 (compatible; Bytespider; spider-feedback@bytedance.com) AppleWebKit/537.36 (KHTML, like Gecko) Chrome/70.0.0.0 Safari/537.36"
47.128.62.170 - - [15/May/2026:08:36:18 -0400] "GET /wp-content/uploads/2024/06/3423897250m8_zm-1-150x150.jpg HTTP/1.1" 200 0 "https://www.shoenation.me/product-category/nike/?filter_size=36%2C40%2C41%2C42%2C45%2C46&stock_status=instock" "Mozilla/5.0 (compatible; Bytespider; spider-feedback@bytedance.com) AppleWebKit/537.36 (KHTML, like Gecko) Chrome/70.0.0.0 Safari/537.36"
47.128.62.170 - - [15/May/2026:08:36:18 -0400] "GET /wp-content/uploads/2024/06/63922ed58580f70019f80ea5-1-150x150.webp HTTP/1.1" 200 0 "https://www.shoenation.me/product-category/nike/?filter_size=36%2C40%2C41%2C42%2C45%2C46&stock_status=instock" "Mozilla/5.0 (compatible; Bytespider; spider-feedback@bytedance.com) AppleWebKit/537.36 (KHTML, like Gecko) Chrome/70.0.0.0 Safari/537.36"
47.128.62.170 - - [15/May/2026:08:36:18 -0400] "GET /wp-content/uploads/2025/02/614b4079e84ea91f6aa9d9919838a0d6.jpg_720x720q80-150x150.jpg HTTP/1.1" 200 0 "https://www.shoenation.me/product-category/nike/?filter_size=36%2C40%2C41%2C42%2C45%2C46&stock_status=instock" "Mozilla/5.0 (compatible; Bytespider; spider-feedback@bytedance.com) AppleWebKit/537.36 (KHTML, like Gecko) Chrome/70.0.0.0 Safari/537.36"
47.128.62.170 - - [15/May/2026:08:36:18 -0400] "GET /wp-content/uploads/2024/06/ca089c0521d61637a52311e4c5c83f0f-150x150.jpg HTTP/1.1" 200 0 "https://www.shoenation.me/product-category/nike/?filter_size=36%2C40%2C41%2C42%2C45%2C46&stock_status=instock" "Mozilla/5.0 (compatible; Bytespider; spider-feedback@bytedance.com) AppleWebKit/537.36 (KHTML, like Gecko) Chrome/70.0.0.0 Safari/537.36"
47.128.62.170 - - [15/May/2026:08:36:18 -0400] "GET /wp-content/uploads/2024/06/17-best-nike-running-shoes-15275-150x150.webp HTTP/1.1" 200 0 "https://www.shoenation.me/product-category/nike/?filter_size=36%2C40%2C41%2C42%2C45%2C46&stock_status=instock" "Mozilla/5.0 (compatible; Bytespider; spider-feedback@bytedance.com) AppleWebKit/537.36 (KHTML, like Gecko) Chrome/70.0.0.0 Safari/537.36"
47.128.62.170 - - [15/May/2026:08:36:18 -0400] "GET /wp-content/uploads/2024/06/product-jpeg-500x500-1-150x150.webp HTTP/1.1" 200 0 "https://www.shoenation.me/product-category/nike/?filter_size=36%2C40%2C41%2C42%2C45%2C46&stock_status=instock" "Mozilla/5.0 (compatible; Bytespider; spider-feedback@bytedance.com) AppleWebKit/537.36 (KHTML, like Gecko) Chrome/70.0.0.0 Safari/537.36"
47.128.62.170 - - [15/May/2026:08:36:18 -0400] "GET /wp-content/uploads/2024/03/OUJO0456-1-430x430.png HTTP/1.1" 200 0 "https://www.shoenation.me/product-category/nike/?filter_size=36%2C40%2C41%2C42%2C45%2C46&stock_status=instock" "Mozilla/5.0 (compatible; Bytespider; spider-feedback@bytedance.com) AppleWebKit/537.36 (KHTML, like Gecko) Chrome/70.0.0.0 Safari/537.36"
47.128.62.170 - - [15/May/2026:08:36:18 -0400] "GET /wp-content/uploads/2024/03/OUJO0456-3-430x430.png HTTP/1.1" 200 0 "https://www.shoenation.me/product-category/nike/?filter_size=36%2C40%2C41%2C42%2C45%2C46&stock_status=instock" "Mozilla/5.0 (compatible; Bytespider; spider-feedback@bytedance.com) AppleWebKit/537.36 (KHTML, like Gecko) Chrome/70.0.0.0 Safari/537.36"
47.128.62.170 - - [15/May/2026:08:36:18 -0400] "GET /wp-content/uploads/2024/03/OSHSN0032-3-430x430.jpg HTTP/1.1" 200 0 "https://www.shoenation.me/product-category/nike/?filter_size=36%2C40%2C41%2C42%2C45%2C46&stock_status=instock" "Mozilla/5.0 (compatible; Bytespider; spider-feedback@bytedance.com) AppleWebKit/537.36 (KHTML, like Gecko) Chrome/70.0.0.0 Safari/537.36"
47.128.62.170 - - [15/May/2026:08:36:18 -0400] "GET /wp-content/uploads/2024/03/OSHSN0032-1-430x430.jpg HTTP/1.1" 200 0 "https://www.shoenation.me/product-category/nike/?filter_size=36%2C40%2C41%2C42%2C45%2C46&stock_status=instock" "Mozilla/5.0 (compatible; Bytespider; spider-feedback@bytedance.com) AppleWebKit/537.36 (KHTML, like Gecko) Chrome/70.0.0.0 Safari/537.36"
47.128.62.170 - - [15/May/2026:08:36:18 -0400] "GET /wp-content/uploads/2024/03/OSHSN0031-2-430x430.jpg HTTP/1.1" 200 0 "https://www.shoenation.me/product-category/nike/?filter_size=36%2C40%2C41%2C42%2C45%2C46&stock_status=instock" "Mozilla/5.0 (compatible; Bytespider; spider-feedback@bytedance.com) AppleWebKit/537.36 (KHTML, like Gecko) Chrome/70.0.0.0 Safari/537.36"
47.128.62.170 - - [15/May/2026:08:36:18 -0400] "GET /wp-content/uploads/2024/03/OSHSN0031-1-430x430.png HTTP/1.1" 200 0 "https://www.shoenation.me/product-category/nike/?filter_size=36%2C40%2C41%2C42%2C45%2C46&stock_status=instock" "Mozilla/5.0 (compatible; Bytespider; spider-feedback@bytedance.com) AppleWebKit/537.36 (KHTML, like Gecko) Chrome/70.0.0.0 Safari/537.36"
47.128.62.170 - - [15/May/2026:08:36:18 -0400] "GET /wp-content/uploads/2024/03/OSHSN0354-2-430x430.png HTTP/1.1" 200 0 "https://www.shoenation.me/product-category/nike/?filter_size=36%2C40%2C41%2C42%2C45%2C46&stock_status=instock" "Mozilla/5.0 (compatible; Bytespider; spider-feedback@bytedance.com) AppleWebKit/537.36 (KHTML, like Gecko) Chrome/70.0.0.0 Safari/537.36"
47.128.62.170 - - [15/May/2026:08:36:18 -0400] "GET /wp-content/uploads/2024/03/OSHSN0354-1-430x430.png HTTP/1.1" 200 0 "https://www.shoenation.me/product-category/nike/?filter_size=36%2C40%2C41%2C42%2C45%2C46&stock_status=instock" "Mozilla/5.0 (compatible; Bytespider; spider-feedback@bytedance.com) AppleWebKit/537.36 (KHTML, like Gecko) Chrome/70.0.0.0 Safari/537.36"
47.128.62.170 - - [15/May/2026:08:36:18 -0400] "GET /wp-content/uploads/2024/03/OUJO0454-2-430x430.png HTTP/1.1" 200 0 "https://www.shoenation.me/product-category/nike/?filter_size=36%2C40%2C41%2C42%2C45%2C46&stock_status=instock" "Mozilla/5.0 (compatible; Bytespider; spider-feedback@bytedance.com) AppleWebKit/537.36 (KHTML, like Gecko) Chrome/70.0.0.0 Safari/537.36"
47.128.62.170 - - [15/May/2026:08:36:18 -0400] "GET /wp-content/uploads/2024/03/OUJO0454-1-430x430.png HTTP/1.1" 200 0 "https://www.shoenation.me/product-category/nike/?filter_size=36%2C40%2C41%2C42%2C45%2C46&stock_status=instock" "Mozilla/5.0 (compatible; Bytespider; spider-feedback@bytedance.com) AppleWebKit/537.36 (KHTML, like Gecko) Chrome/70.0.0.0 Safari/537.36"
47.128.62.170 - - [15/May/2026:08:36:18 -0400] "GET /wp-content/uploads/2024/03/OSHSN0633-2-430x430.png HTTP/1.1" 200 0 "https://www.shoenation.me/product-category/nike/?filter_size=36%2C40%2C41%2C42%2C45%2C46&stock_status=instock" "Mozilla/5.0 (compatible; Bytespider; spider-feedback@bytedance.com) AppleWebKit/537.36 (KHTML, like Gecko) Chrome/70.0.0.0 Safari/537.36"
47.128.62.170 - - [15/May/2026:08:36:18 -0400] "GET /wp-content/uploads/2024/03/OSHSN0633-1-430x430.png HTTP/1.1" 200 0 "https://www.shoenation.me/product-category/nike/?filter_size=36%2C40%2C41%2C42%2C45%2C46&stock_status=instock" "Mozilla/5.0 (compatible; Bytespider; spider-feedback@bytedance.com) AppleWebKit/537.36 (KHTML, like Gecko) Chrome/70.0.0.0 Safari/537.36"
47.128.62.170 - - [15/May/2026:08:36:18 -0400] "GET /wp-content/uploads/2024/03/OUJO0462-2-430x430.png HTTP/1.1" 200 0 "https://www.shoenation.me/product-category/nike/?filter_size=36%2C40%2C41%2C42%2C45%2C46&stock_status=instock" "Mozilla/5.0 (compatible; Bytespider; spider-feedback@bytedance.com) AppleWebKit/537.36 (KHTML, like Gecko) Chrome/70.0.0.0 Safari/537.36"
47.128.62.170 - - [15/May/2026:08:36:18 -0400] "GET /wp-content/uploads/2024/03/OUJO0462-1-430x430.png HTTP/1.1" 200 0 "https://www.shoenation.me/product-category/nike/?filter_size=36%2C40%2C41%2C42%2C45%2C46&stock_status=instock" "Mozilla/5.0 (compatible; Bytespider; spider-feedback@bytedance.com) AppleWebKit/537.36 (KHTML, like Gecko) Chrome/70.0.0.0 Safari/537.36"
47.128.62.170 - - [15/May/2026:08:36:18 -0400] "GET /wp-content/uploads/2024/03/OUJO0464-2-430x430.png HTTP/1.1" 200 0 "https://www.shoenation.me/product-category/nike/?filter_size=36%2C40%2C41%2C42%2C45%2C46&stock_status=instock" "Mozilla/5.0 (compatible; Bytespider; spider-feedback@bytedance.com) AppleWebKit/537.36 (KHTML, like Gecko) Chrome/70.0.0.0 Safari/537.36"
47.128.62.170 - - [15/May/2026:08:36:18 -0400] "GET /wp-content/uploads/2024/03/OUJO0464-1-430x430.png HTTP/1.1" 200 0 "https://www.shoenation.me/product-category/nike/?filter_size=36%2C40%2C41%2C42%2C45%2C46&stock_status=instock" "Mozilla/5.0 (compatible; Bytespider; spider-feedback@bytedance.com) AppleWebKit/537.36 (KHTML, like Gecko) Chrome/70.0.0.0 Safari/537.36"
47.128.62.170 - - [15/May/2026:08:36:38 -0400] "GET /wp-content/uploads/2024/03/OSHSN0748-1-430x430.png HTTP/1.1" 200 0 "https://www.shoenation.me/product-category/nike/?filter_size=36%2C40%2C41%2C42%2C45%2C46&stock_status=instock" "Mozilla/5.0 (compatible; Bytespider; spider-feedback@bytedance.com) AppleWebKit/537.36 (KHTML, like Gecko) Chrome/70.0.0.0 Safari/537.36"
47.128.62.170 - - [15/May/2026:08:36:38 -0400] "GET /wp-content/uploads/2025/10/OUJO0262-1-430x430.png HTTP/1.1" 200 0 "https://www.shoenation.me/product-category/nike/?filter_size=36%2C40%2C41%2C42%2C45%2C46&stock_status=instock" "Mozilla/5.0 (compatible; Bytespider; spider-feedback@bytedance.com) AppleWebKit/537.36 (KHTML, like Gecko) Chrome/70.0.0.0 Safari/537.36"
47.128.62.170 - - [15/May/2026:08:36:38 -0400] "GET /wp-content/uploads/2024/03/OSHSN0748-3-430x430.png HTTP/1.1" 200 0 "https://www.shoenation.me/product-category/nike/?filter_size=36%2C40%2C41%2C42%2C45%2C46&stock_status=instock" "Mozilla/5.0 (compatible; Bytespider; spider-feedback@bytedance.com) AppleWebKit/537.36 (KHTML, like Gecko) Chrome/70.0.0.0 Safari/537.36"
47.128.62.170 - - [15/May/2026:08:36:38 -0400] "GET /wp-content/uploads/2024/04/OUJO0245-1-430x430.png HTTP/1.1" 200 0 "https://www.shoenation.me/product-category/nike/?filter_size=36%2C40%2C41%2C42%2C45%2C46&stock_status=instock" "Mozilla/5.0 (compatible; Bytespider; spider-feedback@bytedance.com) AppleWebKit/537.36 (KHTML, like Gecko) Chrome/70.0.0.0 Safari/537.36"
47.128.62.170 - - [15/May/2026:08:36:38 -0400] "GET /wp-content/uploads/2025/10/OUJO0262-2-430x430.png HTTP/1.1" 200 0 "https://www.shoenation.me/product-category/nike/?filter_size=36%2C40%2C41%2C42%2C45%2C46&stock_status=instock" "Mozilla/5.0 (compatible; Bytespider; spider-feedback@bytedance.com) AppleWebKit/537.36 (KHTML, like Gecko) Chrome/70.0.0.0 Safari/537.36"
47.128.62.170 - - [15/May/2026:08:36:38 -0400] "GET /wp-content/uploads/2024/03/OUJO0379-1-430x430.png HTTP/1.1" 200 0 "https://www.shoenation.me/product-category/nike/?filter_size=36%2C40%2C41%2C42%2C45%2C46&stock_status=instock" "Mozilla/5.0 (compatible; Bytespider; spider-feedback@bytedance.com) AppleWebKit/537.36 (KHTML, like Gecko) Chrome/70.0.0.0 Safari/537.36"
47.128.62.170 - - [15/May/2026:08:36:38 -0400] "GET /wp-content/uploads/2024/04/OUJO0245-3-430x430.png HTTP/1.1" 200 0 "https://www.shoenation.me/product-category/nike/?filter_size=36%2C40%2C41%2C42%2C45%2C46&stock_status=instock" "Mozilla/5.0 (compatible; Bytespider; spider-feedback@bytedance.com) AppleWebKit/537.36 (KHTML, like Gecko) Chrome/70.0.0.0 Safari/537.36"
47.128.62.170 - - [15/May/2026:08:36:38 -0400] "GET /wp-content/uploads/2024/03/OUJO0379-2-430x430.png HTTP/1.1" 200 0 "https://www.shoenation.me/product-category/nike/?filter_size=36%2C40%2C41%2C42%2C45%2C46&stock_status=instock" "Mozilla/5.0 (compatible; Bytespider; spider-feedback@bytedance.com) AppleWebKit/537.36 (KHTML, like Gecko) Chrome/70.0.0.0 Safari/537.36"
47.128.62.170 - - [15/May/2026:08:36:38 -0400] "GET /wp-content/uploads/2024/03/wd-envelope-dark.svg HTTP/1.1" 200 0 "https://www.shoenation.me/product-category/nike/?filter_size=36%2C40%2C41%2C42%2C45%2C46&stock_status=instock" "Mozilla/5.0 (compatible; Bytespider; spider-feedback@bytedance.com) AppleWebKit/537.36 (KHTML, like Gecko) Chrome/70.0.0.0 Safari/537.36"
43.130.141.193 - - [15/May/2026:08:36:39 -0400] "GET /product-category/adidas/slide-adidas/ HTTP/1.1" 500 1083 "-" "Mozilla/5.0 (iPhone; CPU iPhone OS 13_2_3 like Mac OS X) AppleWebKit/605.1.15 (KHTML, like Gecko) Version/13.0.3 Mobile/15E148 Safari/604.1"
66.249.73.71 - - [15/May/2026:08:36:48 -0400] "GET /?detail/632584039 HTTP/1.1" 200 23528 "-" "Mozilla/5.0 (Linux; Android 6.0.1; Nexus 5X Build/MMB29P) AppleWebKit/537.36 (KHTML, like Gecko) Chrome/148.0.7778.96 Mobile Safari/537.36 (compatible; Googlebot/2.1; +http://www.google.com/bot.html)"
67.223.118.104 - - [15/May/2026:08:36:53 -0400] "POST /wp-cron.php?doing_wp_cron=1778848612.4374310970306396484375 HTTP/1.1" 200 0 "-" "WordPress/6.9.4; https://www.shoenation.me"
66.249.73.73 - - [15/May/2026:08:37:05 -0400] "GET /?product=adidas-originals-handball-spezial-light-blue HTTP/1.1" 200 25180 "-" "Mozilla/5.0 (Linux; Android 6.0.1; Nexus 5X Build/MMB29P) AppleWebKit/537.36 (KHTML, like Gecko) Chrome/148.0.7778.96 Mobile Safari/537.36 (compatible; Googlebot/2.1; +http://www.google.com/bot.html)"
14.176.79.221 - - [15/May/2026:08:37:11 -0400] "GET /?filter_size=38&per_page=9&product_cat=air-jordan&stock_status=instock HTTP/1.1" 301 0 "-" "Mozilla/5.0 (Windows NT 10.0; Win64; x64) AppleWebKit/537.36 (KHTML, like Gecko) Chrome/62.0.3202.89 Safari/537.36"
14.176.79.221 - - [15/May/2026:08:37:15 -0400] "GET /product-category/nike/air-jordan/?filter_size=38&per_page=9&stock_status=instock HTTP/1.1" 200 58771 "-" "Mozilla/5.0 (Windows NT 10.0; Win64; x64) AppleWebKit/537.36 (KHTML, like Gecko) Chrome/62.0.3202.89 Safari/537.36"
47.82.11.45 - - [15/May/2026:08:40:09 -0400] "GET /wp-content/uploads/2025/02/m1906rer_nb_06_i.webp HTTP/1.1" 200 0 "https://www.shoenation.me/" "Mozilla/5.0 (Macintosh; Intel Mac OS X 10_15_7) AppleWebKit/605.1.15 (KHTML, like Gecko) Version/17.5 Safari/605.1.15"
47.82.10.220 - - [15/May/2026:08:40:09 -0400] "GET /?product=new-balance-9060-castlerock-grey HTTP/1.1" 200 0 "https://www.shoenation.me/" "Mozilla/5.0 (Windows NT 10.0; Win64; x64) AppleWebKit/537.36 (KHTML, like Gecko) Chrome/135.0.0.0 Safari/537.36"
67.223.118.104 - - [15/May/2026:08:40:34 -0400] "POST /wp-cron.php?doing_wp_cron=1778848833.9367759227752685546875 HTTP/1.1" 200 0 "-" "WordPress/6.9.4; https://www.shoenation.me"
47.128.62.141 - - [15/May/2026:08:40:00 -0400] "GET /?filter_size=38%2C39%2C41%2C42%2C44%2C45&per_page=24&product_cat=gazelle&stock_status=instock HTTP/1.1" 301 0 "-" "Mozilla/5.0 (compatible; Bytespider; spider-feedback@bytedance.com) AppleWebKit/537.36 (KHTML, like Gecko) Chrome/70.0.0.0 Safari/537.36"
67.223.118.104 - - [15/May/2026:08:40:38 -0400] "POST /wp-cron.php?doing_wp_cron=1778848838.9379100799560546875000 HTTP/1.1" 200 0 "-" "WordPress/6.9.4; https://www.shoenation.me"
67.223.118.104 - - [15/May/2026:08:40:42 -0400] "POST /wp-cron.php?doing_wp_cron=1778848842.1383569240570068359375 HTTP/1.1" 200 0 "-" "WordPress/6.9.4; https://www.shoenation.me"
47.128.62.141 - - [15/May/2026:08:40:34 -0400] "GET /product-category/adidas/gazelle/?filter_size=38%2C39%2C41%2C42%2C44%2C45&per_page=24&stock_status=instock HTTP/1.1" 200 50824 "-" "Mozilla/5.0 (compatible; Bytespider; spider-feedback@bytedance.com) AppleWebKit/537.36 (KHTML, like Gecko) Chrome/70.0.0.0 Safari/537.36"
47.128.62.141 - - [15/May/2026:08:40:44 -0400] "GET /wp-content/uploads/elementor/css/custom-pro-frontend.min.css?ver=1778831080 HTTP/1.1" 200 35735 "https://www.shoenation.me/product-category/adidas/gazelle/?filter_size=38%2C39%2C41%2C42%2C44%2C45&per_page=24&stock_status=instock" "Mozilla/5.0 (compatible; Bytespider; spider-feedback@bytedance.com) AppleWebKit/537.36 (KHTML, like Gecko) Chrome/70.0.0.0 Safari/537.36"
47.128.62.141 - - [15/May/2026:08:40:44 -0400] "GET /wp-content/themes/woodmart/css/bootstrap-light.min.css?ver=7.4.3 HTTP/1.1" 200 886 "https://www.shoenation.me/product-category/adidas/gazelle/?filter_size=38%2C39%2C41%2C42%2C44%2C45&per_page=24&stock_status=instock" "Mozilla/5.0 (compatible; Bytespider; spider-feedback@bytedance.com) AppleWebKit/537.36 (KHTML, like Gecko) Chrome/70.0.0.0 Safari/537.36"
47.128.62.141 - - [15/May/2026:08:40:44 -0400] "GET /wp-content/themes/woodmart/css/parts/widget-nav.min.css?ver=7.4.3 HTTP/1.1" 200 149 "https://www.shoenation.me/product-category/adidas/gazelle/?filter_size=38%2C39%2C41%2C42%2C44%2C45&per_page=24&stock_status=instock" "Mozilla/5.0 (compatible; Bytespider; spider-feedback@bytedance.com) AppleWebKit/537.36 (KHTML, like Gecko) Chrome/70.0.0.0 Safari/537.36"
47.128.62.141 - - [15/May/2026:08:40:45 -0400] "GET /wp-content/themes/woodmart/css/parts/woo-shop-opt-without-title.min.css?ver=7.4.3 HTTP/1.1" 200 136 "https://www.shoenation.me/product-category/adidas/gazelle/?filter_size=38%2C39%2C41%2C42%2C44%2C45&per_page=24&stock_status=instock" "Mozilla/5.0 (compatible; Bytespider; spider-feedback@bytedance.com) AppleWebKit/537.36 (KHTML, like Gecko) Chrome/70.0.0.0 Safari/537.36"
47.128.62.141 - - [15/May/2026:08:40:45 -0400] "GET /wp-content/themes/woodmart/css/parts/mod-tools.min.css?ver=7.4.3 HTTP/1.1" 200 863 "https://www.shoenation.me/product-category/adidas/gazelle/?filter_size=38%2C39%2C41%2C42%2C44%2C45&per_page=24&stock_status=instock" "Mozilla/5.0 (compatible; Bytespider; spider-feedback@bytedance.com) AppleWebKit/537.36 (KHTML, like Gecko) Chrome/70.0.0.0 Safari/537.36"
47.128.62.141 - - [15/May/2026:08:40:45 -0400] "GET /wp-content/themes/woodmart/css/parts/header-el-search.min.css?ver=7.4.3 HTTP/1.1" 200 326 "https://www.shoenation.me/product-category/adidas/gazelle/?filter_size=38%2C39%2C41%2C42%2C44%2C45&per_page=24&stock_status=instock" "Mozilla/5.0 (compatible; Bytespider; spider-feedback@bytedance.com) AppleWebKit/537.36 (KHTML, like Gecko) Chrome/70.0.0.0 Safari/537.36"
47.128.62.141 - - [15/May/2026:08:40:45 -0400] "GET /wp-content/themes/woodmart/css/parts/woo-shop-el-active-filters.min.css?ver=7.4.3 HTTP/1.1" 200 302 "https://www.shoenation.me/product-category/adidas/gazelle/?filter_size=38%2C39%2C41%2C42%2C44%2C45&per_page=24&stock_status=instock" "Mozilla/5.0 (compatible; Bytespider; spider-feedback@bytedance.com) AppleWebKit/537.36 (KHTML, like Gecko) Chrome/70.0.0.0 Safari/537.36"
