47.128.62.122 - - [15/May/2026:12:00:39 -0400] "GET /wp-content/uploads/2024/05/6-1100x1100-1-430x430.jpg HTTP/1.1" 200 0 "https://www.shoenation.me/product-category/asics/?filter_size=37%2C40%2C43&per_page=24" "Mozilla/5.0 (compatible; Bytespider; spider-feedback@bytedance.com) AppleWebKit/537.36 (KHTML, like Gecko) Chrome/70.0.0.0 Safari/537.36"
47.128.62.122 - - [15/May/2026:12:00:38 -0400] "GET /wp-content/uploads/2024/03/ShoeNation-Logo.png HTTP/1.1" 200 0 "https://www.shoenation.me/product-category/asics/?filter_size=37%2C40%2C43&per_page=24" "Mozilla/5.0 (compatible; Bytespider; spider-feedback@bytedance.com) AppleWebKit/537.36 (KHTML, like Gecko) Chrome/70.0.0.0 Safari/537.36"
47.128.62.122 - - [15/May/2026:12:00:39 -0400] "GET /wp-content/uploads/2025/02/IMG_0260-150x150.jpeg HTTP/1.1" 200 0 "https://www.shoenation.me/product-category/asics/?filter_size=37%2C40%2C43&per_page=24" "Mozilla/5.0 (compatible; Bytespider; spider-feedback@bytedance.com) AppleWebKit/537.36 (KHTML, like Gecko) Chrome/70.0.0.0 Safari/537.36"
47.128.62.122 - - [15/May/2026:12:00:39 -0400] "GET /wp-content/uploads/2024/05/ihmjovaqhca1-600x600-1-430x430.jpg HTTP/1.1" 200 0 "https://www.shoenation.me/product-category/asics/?filter_size=37%2C40%2C43&per_page=24" "Mozilla/5.0 (compatible; Bytespider; spider-feedback@bytedance.com) AppleWebKit/537.36 (KHTML, like Gecko) Chrome/70.0.0.0 Safari/537.36"
47.128.62.122 - - [15/May/2026:12:00:40 -0400] "GET /wp-content/uploads/2024/10/adf92b9a11a54bbc846516f06975d4f3-430x430.webp HTTP/1.1" 200 0 "https://www.shoenation.me/product-category/asics/?filter_size=37%2C40%2C43&per_page=24" "Mozilla/5.0 (compatible; Bytespider; spider-feedback@bytedance.com) AppleWebKit/537.36 (KHTML, like Gecko) Chrome/70.0.0.0 Safari/537.36"
47.128.62.122 - - [15/May/2026:12:00:39 -0400] "GET /wp-content/uploads/2024/06/17-best-nike-running-shoes-15275-150x150.webp HTTP/1.1" 200 0 "https://www.shoenation.me/product-category/asics/?filter_size=37%2C40%2C43&per_page=24" "Mozilla/5.0 (compatible; Bytespider; spider-feedback@bytedance.com) AppleWebKit/537.36 (KHTML, like Gecko) Chrome/70.0.0.0 Safari/537.36"
47.128.62.122 - - [15/May/2026:12:00:39 -0400] "GET /wp-content/uploads/2024/06/product-jpeg-500x500-1-150x150.webp HTTP/1.1" 200 0 "https://www.shoenation.me/product-category/asics/?filter_size=37%2C40%2C43&per_page=24" "Mozilla/5.0 (compatible; Bytespider; spider-feedback@bytedance.com) AppleWebKit/537.36 (KHTML, like Gecko) Chrome/70.0.0.0 Safari/537.36"
47.128.62.122 - - [15/May/2026:12:00:39 -0400] "GET /wp-content/uploads/2024/10/33b42bf3e2b746fd9600d70b242362ee-scaled-e1730316593174-430x430.webp HTTP/1.1" 200 0 "https://www.shoenation.me/product-category/asics/?filter_size=37%2C40%2C43&per_page=24" "Mozilla/5.0 (compatible; Bytespider; spider-feedback@bytedance.com) AppleWebKit/537.36 (KHTML, like Gecko) Chrome/70.0.0.0 Safari/537.36"
47.128.62.122 - - [15/May/2026:12:00:39 -0400] "GET /wp-content/uploads/2025/02/download-150x150.jpg HTTP/1.1" 200 0 "https://www.shoenation.me/product-category/asics/?filter_size=37%2C40%2C43&per_page=24" "Mozilla/5.0 (compatible; Bytespider; spider-feedback@bytedance.com) AppleWebKit/537.36 (KHTML, like Gecko) Chrome/70.0.0.0 Safari/537.36"
47.128.62.122 - - [15/May/2026:12:00:39 -0400] "GET /wp-content/uploads/2024/05/sv3yr5cnvhe-600x600-1-430x430.jpg HTTP/1.1" 200 0 "https://www.shoenation.me/product-category/asics/?filter_size=37%2C40%2C43&per_page=24" "Mozilla/5.0 (compatible; Bytespider; spider-feedback@bytedance.com) AppleWebKit/537.36 (KHTML, like Gecko) Chrome/70.0.0.0 Safari/537.36"
47.128.62.122 - - [15/May/2026:12:00:39 -0400] "GET /wp-content/uploads/2024/10/375448f458a94464b2fe37d6c150c99b-430x621.webp HTTP/1.1" 200 0 "https://www.shoenation.me/product-category/asics/?filter_size=37%2C40%2C43&per_page=24" "Mozilla/5.0 (compatible; Bytespider; spider-feedback@bytedance.com) AppleWebKit/537.36 (KHTML, like Gecko) Chrome/70.0.0.0 Safari/537.36"
47.128.62.122 - - [15/May/2026:12:00:39 -0400] "GET /wp-content/uploads/2024/06/5ef42a4788df9cdaaf135d9583f2228b-1-150x150.jpg HTTP/1.1" 200 0 "https://www.shoenation.me/product-category/asics/?filter_size=37%2C40%2C43&per_page=24" "Mozilla/5.0 (compatible; Bytespider; spider-feedback@bytedance.com) AppleWebKit/537.36 (KHTML, like Gecko) Chrome/70.0.0.0 Safari/537.36"
47.128.62.122 - - [15/May/2026:12:00:40 -0400] "GET /wp-content/uploads/2025/05/1201A019_006_SB_FR_GLB-430x323.webp HTTP/1.1" 200 0 "https://www.shoenation.me/product-category/asics/?filter_size=37%2C40%2C43&per_page=24" "Mozilla/5.0 (compatible; Bytespider; spider-feedback@bytedance.com) AppleWebKit/537.36 (KHTML, like Gecko) Chrome/70.0.0.0 Safari/537.36"
47.128.62.122 - - [15/May/2026:12:00:39 -0400] "GET /wp-content/uploads/2024/06/ca089c0521d61637a52311e4c5c83f0f-150x150.jpg HTTP/1.1" 200 0 "https://www.shoenation.me/product-category/asics/?filter_size=37%2C40%2C43&per_page=24" "Mozilla/5.0 (compatible; Bytespider; spider-feedback@bytedance.com) AppleWebKit/537.36 (KHTML, like Gecko) Chrome/70.0.0.0 Safari/537.36"
47.128.62.122 - - [15/May/2026:12:00:40 -0400] "GET /wp-content/uploads/2024/05/main-square_29d422ea-528b-434b-a3a7-e749087c7db0_540x-430x430.webp HTTP/1.1" 200 0 "https://www.shoenation.me/product-category/asics/?filter_size=37%2C40%2C43&per_page=24" "Mozilla/5.0 (compatible; Bytespider; spider-feedback@bytedance.com) AppleWebKit/537.36 (KHTML, like Gecko) Chrome/70.0.0.0 Safari/537.36"
47.128.62.122 - - [15/May/2026:12:00:39 -0400] "GET /wp-content/uploads/2025/02/614b4079e84ea91f6aa9d9919838a0d6.jpg_720x720q80-150x150.jpg HTTP/1.1" 200 0 "https://www.shoenation.me/product-category/asics/?filter_size=37%2C40%2C43&per_page=24" "Mozilla/5.0 (compatible; Bytespider; spider-feedback@bytedance.com) AppleWebKit/537.36 (KHTML, like Gecko) Chrome/70.0.0.0 Safari/537.36"
47.128.62.122 - - [15/May/2026:12:00:40 -0400] "GET /wp-content/uploads/2024/05/4_7a732504-3046-4756-a982-5ce8c1b53677_540x-430x276.webp HTTP/1.1" 200 0 "https://www.shoenation.me/product-category/asics/?filter_size=37%2C40%2C43&per_page=24" "Mozilla/5.0 (compatible; Bytespider; spider-feedback@bytedance.com) AppleWebKit/537.36 (KHTML, like Gecko) Chrome/70.0.0.0 Safari/537.36"
67.223.118.104 - - [15/May/2026:12:01:16 -0400] "POST /wp-cron.php?doing_wp_cron=1778860875.6362910270690917968750 HTTP/1.1" 200 0 "-" "WordPress/6.9.4; https://www.shoenation.me"
103.75.229.150 - - [15/May/2026:12:02:40 -0400] "GET /2673-bright018 HTTP/1.1" 200 213777 "-" "Mozilla/5.0 (compatible; bingbot/2.0; +http://www.bing.com/bingbot.htm)"
67.223.118.104 - - [15/May/2026:12:02:52 -0400] "POST /wp-cron.php?doing_wp_cron=1778860972.1377370357513427734375 HTTP/1.1" 200 0 "-" "WordPress/6.9.4; https://www.shoenation.me"
107.182.133.119 - - [15/May/2026:12:02:47 -0400] "GET /wp-content/uploads/2024/07/OURU0157-1.png HTTP/1.1" 404 41700 "-" "Mozilla/5.0 (Windows NT 11.0; nds-DE; rv:1.9.1.20) Gecko/3011-07-03 10:44:54.179287 Firefox/4.0"
66.249.73.73 - - [15/May/2026:12:03:29 -0400] "GET /?detail/617721415 HTTP/1.1" 200 23911 "-" "Mozilla/5.0 (Linux; Android 6.0.1; Nexus 5X Build/MMB29P) AppleWebKit/537.36 (KHTML, like Gecko) Chrome/148.0.7778.96 Mobile Safari/537.36 (compatible; Googlebot/2.1; +http://www.google.com/bot.html)"
67.223.118.104 - - [15/May/2026:12:03:31 -0400] "POST /wp-cron.php?doing_wp_cron=1778861011.5368568897247314453125 HTTP/1.1" 200 0 "-" "WordPress/6.9.4; https://www.shoenation.me"
47.82.9.85 - - [15/May/2026:12:03:22 -0400] "GET /wp-content/uploads/2024/09/4_46d78a94-217c-45a5-a513-2b09f3503d25_540x.webp HTTP/1.1" 404 41705 "https://www.shoenation.me/" "Mozilla/5.0 (Macintosh; Intel Mac OS X 10_15_7) AppleWebKit/537.36 (KHTML, like Gecko) Chrome/135.0.0.0 Safari/537.36"
47.128.62.122 - - [15/May/2026:12:03:57 -0400] "GET /?product_cat=nike&filter_size=39%2C42%2C43%2C44%2C46&shop_view=grid&per_row=3 HTTP/1.1" 301 0 "-" "Mozilla/5.0 (compatible; Bytespider; spider-feedback@bytedance.com) AppleWebKit/537.36 (KHTML, like Gecko) Chrome/70.0.0.0 Safari/537.36"
43.159.46.41 - - [15/May/2026:12:03:59 -0400] "GET /product-category/on-running/ HTTP/1.1" 200 59069 "-" "Mozilla/5.0 (iPhone; CPU iPhone OS 13_2_3 like Mac OS X) AppleWebKit/605.1.15 (KHTML, like Gecko) Version/13.0.3 Mobile/15E148 Safari/604.1"
47.82.9.103 - - [15/May/2026:12:04:06 -0400] "GET /wp-content/uploads/2025/05/1162053-FLCK_4.webp HTTP/1.1" 404 41689 "https://www.shoenation.me/" "Mozilla/5.0 (Windows NT 10.0; Win64; x64) AppleWebKit/537.36 (KHTML, like Gecko) Chrome/135.0.0.0 Safari/537.36"
121.121.56.38 - - [15/May/2026:12:04:05 -0400] "GET /wp-content/uploads/2025/02/on-cloudsurfer-next-men-running-shoes-indigo-flame-4-1729691-860x860.jpg HTTP/1.1" 404 41737 "-" "Opera/9.26.(Windows 95; csb-PL) Presto/2.9.188 Version/11.00"
47.128.62.122 - - [15/May/2026:12:04:00 -0400] "GET /product-category/nike/?filter_size=39%2C42%2C43%2C44%2C46&shop_view=grid&per_row=3 HTTP/1.1" 200 51261 "-" "Mozilla/5.0 (compatible; Bytespider; spider-feedback@bytedance.com) AppleWebKit/537.36 (KHTML, like Gecko) Chrome/70.0.0.0 Safari/537.36"
47.128.62.122 - - [15/May/2026:12:04:14 -0400] "GET /wp-content/themes/woodmart/css/parts/woo-el-track-order.min.css?ver=7.4.3 HTTP/1.1" 200 354 "https://www.shoenation.me/product-category/nike/?filter_size=39%2C42%2C43%2C44%2C46&shop_view=grid&per_row=3" "Mozilla/5.0 (compatible; Bytespider; spider-feedback@bytedance.com) AppleWebKit/537.36 (KHTML, like Gecko) Chrome/70.0.0.0 Safari/537.36"
47.128.62.122 - - [15/May/2026:12:04:14 -0400] "GET /wp-content/themes/woodmart/css/parts/header-el-base.min.css?ver=7.4.3 HTTP/1.1" 200 811 "https://www.shoenation.me/product-category/nike/?filter_size=39%2C42%2C43%2C44%2C46&shop_view=grid&per_row=3" "Mozilla/5.0 (compatible; Bytespider; spider-feedback@bytedance.com) AppleWebKit/537.36 (KHTML, like Gecko) Chrome/70.0.0.0 Safari/537.36"
47.128.62.122 - - [15/May/2026:12:04:15 -0400] "GET /wp-content/themes/woodmart/css/parts/woo-categories-loop-old.min.css?ver=7.4.3 HTTP/1.1" 200 460 "https://www.shoenation.me/product-category/nike/?filter_size=39%2C42%2C43%2C44%2C46&shop_view=grid&per_row=3" "Mozilla/5.0 (compatible; Bytespider; spider-feedback@bytedance.com) AppleWebKit/537.36 (KHTML, like Gecko) Chrome/70.0.0.0 Safari/537.36"
66.249.73.71 - - [15/May/2026:12:04:31 -0400] "GET /goods.php?item/m7083767 HTTP/1.1" 200 25526 "-" "Mozilla/5.0 (Linux; Android 6.0.1; Nexus 5X Build/MMB29P) AppleWebKit/537.36 (KHTML, like Gecko) Chrome/148.0.7778.96 Mobile Safari/537.36 (compatible; Googlebot/2.1; +http://www.google.com/bot.html)"
67.223.118.104 - - [15/May/2026:12:04:45 -0400] "POST /wp-cron.php?doing_wp_cron=1778861084.7448909282684326171875 HTTP/1.1" 200 0 "-" "WordPress/6.9.4; https://www.shoenation.me"
47.128.62.122 - - [15/May/2026:12:04:17 -0400] "GET /wp-content/uploads/2025/02/IMG_0260-150x150.jpeg HTTP/1.1" 404 178455 "https://www.shoenation.me/product-category/nike/?filter_size=39%2C42%2C43%2C44%2C46&shop_view=grid&per_row=3" "Mozilla/5.0 (compatible; Bytespider; spider-feedback@bytedance.com) AppleWebKit/537.36 (KHTML, like Gecko) Chrome/70.0.0.0 Safari/537.36"
47.128.62.122 - - [15/May/2026:12:04:19 -0400] "GET /wp-content/uploads/2024/03/OSHSN0354-1-430x430.png HTTP/1.1" 404 178461 "https://www.shoenation.me/product-category/nike/?filter_size=39%2C42%2C43%2C44%2C46&shop_view=grid&per_row=3" "Mozilla/5.0 (compatible; Bytespider; spider-feedback@bytedance.com) AppleWebKit/537.36 (KHTML, like Gecko) Chrome/70.0.0.0 Safari/537.36"
47.82.9.58 - - [15/May/2026:12:04:31 -0400] "GET /?product=nike-air-force-1-07-wmns-shapeless-formless-and-limitless HTTP/1.1" 200 0 "https://www.shoenation.me/" "Mozilla/5.0 (Windows NT 10.0; Win64; x64) AppleWebKit/537.36 (KHTML, like Gecko) Chrome/135.0.0.0 Safari/537.36"
47.128.62.122 - - [15/May/2026:12:04:17 -0400] "GET /wp-content/uploads/2024/03/ShoeNation-Logo.png HTTP/1.1" 404 178449 "https://www.shoenation.me/product-category/nike/?filter_size=39%2C42%2C43%2C44%2C46&shop_view=grid&per_row=3" "Mozilla/5.0 (compatible; Bytespider; spider-feedback@bytedance.com) AppleWebKit/537.36 (KHTML, like Gecko) Chrome/70.0.0.0 Safari/537.36"
47.128.62.122 - - [15/May/2026:12:04:39 -0400] "GET /wp-content/uploads/2024/03/OUJO0464-2-430x430.png HTTP/1.1" 500 2431 "https://www.shoenation.me/product-category/nike/?filter_size=39%2C42%2C43%2C44%2C46&shop_view=grid&per_row=3" "Mozilla/5.0 (compatible; Bytespider; spider-feedback@bytedance.com) AppleWebKit/537.36 (KHTML, like Gecko) Chrome/70.0.0.0 Safari/537.36"
47.128.62.122 - - [15/May/2026:12:04:39 -0400] "GET /wp-content/uploads/2025/10/OUJO0262-1-430x430.png HTTP/1.1" 500 2431 "https://www.shoenation.me/product-category/nike/?filter_size=39%2C42%2C43%2C44%2C46&shop_view=grid&per_row=3" "Mozilla/5.0 (compatible; Bytespider; spider-feedback@bytedance.com) AppleWebKit/537.36 (KHTML, like Gecko) Chrome/70.0.0.0 Safari/537.36"
47.128.62.122 - - [15/May/2026:12:04:18 -0400] "GET /wp-content/uploads/2025/02/new-balance-530-miu-miu-v0-0p61tlqcrp2d1-150x150.webp HTTP/1.1" 200 0 "https://www.shoenation.me/product-category/nike/?filter_size=39%2C42%2C43%2C44%2C46&shop_view=grid&per_row=3" "Mozilla/5.0 (compatible; Bytespider; spider-feedback@bytedance.com) AppleWebKit/537.36 (KHTML, like Gecko) Chrome/70.0.0.0 Safari/537.36"
47.128.62.122 - - [15/May/2026:12:04:39 -0400] "GET /wp-content/uploads/2024/03/wd-envelope-dark.svg HTTP/1.1" 500 2431 "https://www.shoenation.me/product-category/nike/?filter_size=39%2C42%2C43%2C44%2C46&shop_view=grid&per_row=3" "Mozilla/5.0 (compatible; Bytespider; spider-feedback@bytedance.com) AppleWebKit/537.36 (KHTML, like Gecko) Chrome/70.0.0.0 Safari/537.36"
47.128.62.122 - - [15/May/2026:12:04:39 -0400] "GET /wp-content/uploads/2024/04/OUJO0245-3-430x430.png HTTP/1.1" 500 2431 "https://www.shoenation.me/product-category/nike/?filter_size=39%2C42%2C43%2C44%2C46&shop_view=grid&per_row=3" "Mozilla/5.0 (compatible; Bytespider; spider-feedback@bytedance.com) AppleWebKit/537.36 (KHTML, like Gecko) Chrome/70.0.0.0 Safari/537.36"
47.128.62.122 - - [15/May/2026:12:04:19 -0400] "GET /wp-content/uploads/2024/06/5ef42a4788df9cdaaf135d9583f2228b-1-150x150.jpg HTTP/1.1" 200 0 "https://www.shoenation.me/product-category/nike/?filter_size=39%2C42%2C43%2C44%2C46&shop_view=grid&per_row=3" "Mozilla/5.0 (compatible; Bytespider; spider-feedback@bytedance.com) AppleWebKit/537.36 (KHTML, like Gecko) Chrome/70.0.0.0 Safari/537.36"
47.128.62.122 - - [15/May/2026:12:04:19 -0400] "GET /wp-content/uploads/2025/02/download-150x150.jpg HTTP/1.1" 200 0 "https://www.shoenation.me/product-category/nike/?filter_size=39%2C42%2C43%2C44%2C46&shop_view=grid&per_row=3" "Mozilla/5.0 (compatible; Bytespider; spider-feedback@bytedance.com) AppleWebKit/537.36 (KHTML, like Gecko) Chrome/70.0.0.0 Safari/537.36"
47.128.62.122 - - [15/May/2026:12:04:19 -0400] "GET /wp-content/uploads/2024/06/63922ed58580f70019f80ea5-1-150x150.webp HTTP/1.1" 200 0 "https://www.shoenation.me/product-category/nike/?filter_size=39%2C42%2C43%2C44%2C46&shop_view=grid&per_row=3" "Mozilla/5.0 (compatible; Bytespider; spider-feedback@bytedance.com) AppleWebKit/537.36 (KHTML, like Gecko) Chrome/70.0.0.0 Safari/537.36"
47.128.62.122 - - [15/May/2026:12:04:19 -0400] "GET /wp-content/uploads/2024/06/3423897250m8_zm-1-150x150.jpg HTTP/1.1" 200 0 "https://www.shoenation.me/product-category/nike/?filter_size=39%2C42%2C43%2C44%2C46&shop_view=grid&per_row=3" "Mozilla/5.0 (compatible; Bytespider; spider-feedback@bytedance.com) AppleWebKit/537.36 (KHTML, like Gecko) Chrome/70.0.0.0 Safari/537.36"
47.128.62.122 - - [15/May/2026:12:04:19 -0400] "GET /wp-content/uploads/2025/02/614b4079e84ea91f6aa9d9919838a0d6.jpg_720x720q80-150x150.jpg HTTP/1.1" 200 0 "https://www.shoenation.me/product-category/nike/?filter_size=39%2C42%2C43%2C44%2C46&shop_view=grid&per_row=3" "Mozilla/5.0 (compatible; Bytespider; spider-feedback@bytedance.com) AppleWebKit/537.36 (KHTML, like Gecko) Chrome/70.0.0.0 Safari/537.36"
47.128.62.122 - - [15/May/2026:12:04:19 -0400] "GET /wp-content/uploads/2024/06/ca089c0521d61637a52311e4c5c83f0f-150x150.jpg HTTP/1.1" 200 0 "https://www.shoenation.me/product-category/nike/?filter_size=39%2C42%2C43%2C44%2C46&shop_view=grid&per_row=3" "Mozilla/5.0 (compatible; Bytespider; spider-feedback@bytedance.com) AppleWebKit/537.36 (KHTML, like Gecko) Chrome/70.0.0.0 Safari/537.36"
47.128.62.122 - - [15/May/2026:12:04:19 -0400] "GET /wp-content/uploads/2024/06/17-best-nike-running-shoes-15275-150x150.webp HTTP/1.1" 200 0 "https://www.shoenation.me/product-category/nike/?filter_size=39%2C42%2C43%2C44%2C46&shop_view=grid&per_row=3" "Mozilla/5.0 (compatible; Bytespider; spider-feedback@bytedance.com) AppleWebKit/537.36 (KHTML, like Gecko) Chrome/70.0.0.0 Safari/537.36"
47.128.62.122 - - [15/May/2026:12:04:19 -0400] "GET /wp-content/uploads/2024/06/product-jpeg-500x500-1-150x150.webp HTTP/1.1" 200 0 "https://www.shoenation.me/product-category/nike/?filter_size=39%2C42%2C43%2C44%2C46&shop_view=grid&per_row=3" "Mozilla/5.0 (compatible; Bytespider; spider-feedback@bytedance.com) AppleWebKit/537.36 (KHTML, like Gecko) Chrome/70.0.0.0 Safari/537.36"
47.128.62.122 - - [15/May/2026:12:04:19 -0400] "GET /wp-content/uploads/2024/03/OUJO0456-3-430x430.png HTTP/1.1" 200 0 "https://www.shoenation.me/product-category/nike/?filter_size=39%2C42%2C43%2C44%2C46&shop_view=grid&per_row=3" "Mozilla/5.0 (compatible; Bytespider; spider-feedback@bytedance.com) AppleWebKit/537.36 (KHTML, like Gecko) Chrome/70.0.0.0 Safari/537.36"
47.128.62.122 - - [15/May/2026:12:04:19 -0400] "GET /wp-content/uploads/2024/03/OUJO0456-1-430x430.png HTTP/1.1" 200 0 "https://www.shoenation.me/product-category/nike/?filter_size=39%2C42%2C43%2C44%2C46&shop_view=grid&per_row=3" "Mozilla/5.0 (compatible; Bytespider; spider-feedback@bytedance.com) AppleWebKit/537.36 (KHTML, like Gecko) Chrome/70.0.0.0 Safari/537.36"
47.128.62.122 - - [15/May/2026:12:04:19 -0400] "GET /wp-content/uploads/2024/03/OSHSN0032-1-430x430.jpg HTTP/1.1" 200 0 "https://www.shoenation.me/product-category/nike/?filter_size=39%2C42%2C43%2C44%2C46&shop_view=grid&per_row=3" "Mozilla/5.0 (compatible; Bytespider; spider-feedback@bytedance.com) AppleWebKit/537.36 (KHTML, like Gecko) Chrome/70.0.0.0 Safari/537.36"
47.128.62.122 - - [15/May/2026:12:04:19 -0400] "GET /wp-content/uploads/2024/03/OSHSN0032-3-430x430.jpg HTTP/1.1" 404 178461 "https://www.shoenation.me/product-category/nike/?filter_size=39%2C42%2C43%2C44%2C46&shop_view=grid&per_row=3" "Mozilla/5.0 (compatible; Bytespider; spider-feedback@bytedance.com) AppleWebKit/537.36 (KHTML, like Gecko) Chrome/70.0.0.0 Safari/537.36"
47.128.62.122 - - [15/May/2026:12:04:19 -0400] "GET /wp-content/uploads/2024/03/OSHSN0031-2-430x430.jpg HTTP/1.1" 200 0 "https://www.shoenation.me/product-category/nike/?filter_size=39%2C42%2C43%2C44%2C46&shop_view=grid&per_row=3" "Mozilla/5.0 (compatible; Bytespider; spider-feedback@bytedance.com) AppleWebKit/537.36 (KHTML, like Gecko) Chrome/70.0.0.0 Safari/537.36"
47.128.62.122 - - [15/May/2026:12:04:19 -0400] "GET /wp-content/uploads/2024/03/OSHSN0031-1-430x430.png HTTP/1.1" 200 0 "https://www.shoenation.me/product-category/nike/?filter_size=39%2C42%2C43%2C44%2C46&shop_view=grid&per_row=3" "Mozilla/5.0 (compatible; Bytespider; spider-feedback@bytedance.com) AppleWebKit/537.36 (KHTML, like Gecko) Chrome/70.0.0.0 Safari/537.36"
47.128.62.122 - - [15/May/2026:12:04:19 -0400] "GET /wp-content/uploads/2024/03/OSHSN0354-2-430x430.png HTTP/1.1" 200 0 "https://www.shoenation.me/product-category/nike/?filter_size=39%2C42%2C43%2C44%2C46&shop_view=grid&per_row=3" "Mozilla/5.0 (compatible; Bytespider; spider-feedback@bytedance.com) AppleWebKit/537.36 (KHTML, like Gecko) Chrome/70.0.0.0 Safari/537.36"
47.128.62.122 - - [15/May/2026:12:04:19 -0400] "GET /wp-content/uploads/2024/03/OUJO0454-2-430x430.png HTTP/1.1" 200 0 "https://www.shoenation.me/product-category/nike/?filter_size=39%2C42%2C43%2C44%2C46&shop_view=grid&per_row=3" "Mozilla/5.0 (compatible; Bytespider; spider-feedback@bytedance.com) AppleWebKit/537.36 (KHTML, like Gecko) Chrome/70.0.0.0 Safari/537.36"
47.128.62.122 - - [15/May/2026:12:04:19 -0400] "GET /wp-content/uploads/2024/03/OUJO0454-1-430x430.png HTTP/1.1" 200 0 "https://www.shoenation.me/product-category/nike/?filter_size=39%2C42%2C43%2C44%2C46&shop_view=grid&per_row=3" "Mozilla/5.0 (compatible; Bytespider; spider-feedback@bytedance.com) AppleWebKit/537.36 (KHTML, like Gecko) Chrome/70.0.0.0 Safari/537.36"
47.128.62.122 - - [15/May/2026:12:04:19 -0400] "GET /wp-content/uploads/2024/03/OSHSN0633-2-430x430.png HTTP/1.1" 200 0 "https://www.shoenation.me/product-category/nike/?filter_size=39%2C42%2C43%2C44%2C46&shop_view=grid&per_row=3" "Mozilla/5.0 (compatible; Bytespider; spider-feedback@bytedance.com) AppleWebKit/537.36 (KHTML, like Gecko) Chrome/70.0.0.0 Safari/537.36"
47.128.62.122 - - [15/May/2026:12:04:19 -0400] "GET /wp-content/uploads/2024/03/OSHSN0633-1-430x430.png HTTP/1.1" 200 0 "https://www.shoenation.me/product-category/nike/?filter_size=39%2C42%2C43%2C44%2C46&shop_view=grid&per_row=3" "Mozilla/5.0 (compatible; Bytespider; spider-feedback@bytedance.com) AppleWebKit/537.36 (KHTML, like Gecko) Chrome/70.0.0.0 Safari/537.36"
47.128.62.122 - - [15/May/2026:12:04:39 -0400] "GET /wp-content/uploads/2024/03/OUJO0462-2-430x430.png HTTP/1.1" 200 0 "https://www.shoenation.me/product-category/nike/?filter_size=39%2C42%2C43%2C44%2C46&shop_view=grid&per_row=3" "Mozilla/5.0 (compatible; Bytespider; spider-feedback@bytedance.com) AppleWebKit/537.36 (KHTML, like Gecko) Chrome/70.0.0.0 Safari/537.36"
47.128.62.122 - - [15/May/2026:12:04:39 -0400] "GET /wp-content/uploads/2024/03/OUJO0462-1-430x430.png HTTP/1.1" 200 0 "https://www.shoenation.me/product-category/nike/?filter_size=39%2C42%2C43%2C44%2C46&shop_view=grid&per_row=3" "Mozilla/5.0 (compatible; Bytespider; spider-feedback@bytedance.com) AppleWebKit/537.36 (KHTML, like Gecko) Chrome/70.0.0.0 Safari/537.36"
47.128.62.122 - - [15/May/2026:12:04:39 -0400] "GET /wp-content/uploads/2024/03/OUJO0464-1-430x430.png HTTP/1.1" 200 0 "https://www.shoenation.me/product-category/nike/?filter_size=39%2C42%2C43%2C44%2C46&shop_view=grid&per_row=3" "Mozilla/5.0 (compatible; Bytespider; spider-feedback@bytedance.com) AppleWebKit/537.36 (KHTML, like Gecko) Chrome/70.0.0.0 Safari/537.36"
47.128.62.122 - - [15/May/2026:12:04:39 -0400] "GET /wp-content/uploads/2024/03/OSHSN0353-3-430x430.png HTTP/1.1" 200 0 "https://www.shoenation.me/product-category/nike/?filter_size=39%2C42%2C43%2C44%2C46&shop_view=grid&per_row=3" "Mozilla/5.0 (compatible; Bytespider; spider-feedback@bytedance.com) AppleWebKit/537.36 (KHTML, like Gecko) Chrome/70.0.0.0 Safari/537.36"
47.128.62.122 - - [15/May/2026:12:04:39 -0400] "GET /wp-content/uploads/2024/03/OSHSN0353-1-430x430.png HTTP/1.1" 200 0 "https://www.shoenation.me/product-category/nike/?filter_size=39%2C42%2C43%2C44%2C46&shop_view=grid&per_row=3" "Mozilla/5.0 (compatible; Bytespider; spider-feedback@bytedance.com) AppleWebKit/537.36 (KHTML, like Gecko) Chrome/70.0.0.0 Safari/537.36"
47.128.62.122 - - [15/May/2026:12:04:39 -0400] "GET /wp-content/uploads/2024/03/OSHSN0748-3-430x430.png HTTP/1.1" 200 0 "https://www.shoenation.me/product-category/nike/?filter_size=39%2C42%2C43%2C44%2C46&shop_view=grid&per_row=3" "Mozilla/5.0 (compatible; Bytespider; spider-feedback@bytedance.com) AppleWebKit/537.36 (KHTML, like Gecko) Chrome/70.0.0.0 Safari/537.36"
47.128.62.122 - - [15/May/2026:12:04:39 -0400] "GET /wp-content/uploads/2024/03/OSHSN0748-1-430x430.png HTTP/1.1" 200 0 "https://www.shoenation.me/product-category/nike/?filter_size=39%2C42%2C43%2C44%2C46&shop_view=grid&per_row=3" "Mozilla/5.0 (compatible; Bytespider; spider-feedback@bytedance.com) AppleWebKit/537.36 (KHTML, like Gecko) Chrome/70.0.0.0 Safari/537.36"
47.128.62.122 - - [15/May/2026:12:04:39 -0400] "GET /wp-content/uploads/2025/10/OUJO0262-2-430x430.png HTTP/1.1" 200 0 "https://www.shoenation.me/product-category/nike/?filter_size=39%2C42%2C43%2C44%2C46&shop_view=grid&per_row=3" "Mozilla/5.0 (compatible; Bytespider; spider-feedback@bytedance.com) AppleWebKit/537.36 (KHTML, like Gecko) Chrome/70.0.0.0 Safari/537.36"
47.128.62.122 - - [15/May/2026:12:04:39 -0400] "GET /wp-content/uploads/2024/04/OUJO0245-1-430x430.png HTTP/1.1" 200 0 "https://www.shoenation.me/product-category/nike/?filter_size=39%2C42%2C43%2C44%2C46&shop_view=grid&per_row=3" "Mozilla/5.0 (compatible; Bytespider; spider-feedback@bytedance.com) AppleWebKit/537.36 (KHTML, like Gecko) Chrome/70.0.0.0 Safari/537.36"
66.249.73.71 - - [15/May/2026:12:06:15 -0400] "GET /?product_cat=j4&filter_size=36%2C41%2C42&per_page=9 HTTP/1.1" 200 24980 "-" "Mozilla/5.0 (Linux; Android 6.0.1; Nexus 5X Build/MMB29P) AppleWebKit/537.36 (KHTML, like Gecko) Chrome/148.0.7778.96 Mobile Safari/537.36 (compatible; Googlebot/2.1; +http://www.google.com/bot.html)"
66.249.73.71 - - [15/May/2026:12:08:58 -0400] "GET /?detail/426603388 HTTP/1.1" 200 23999 "-" "Mozilla/5.0 (Linux; Android 6.0.1; Nexus 5X Build/MMB29P) AppleWebKit/537.36 (KHTML, like Gecko) Chrome/148.0.7778.96 Mobile Safari/537.36 (compatible; Googlebot/2.1; +http://www.google.com/bot.html)"
66.249.73.73 - - [15/May/2026:12:10:50 -0400] "GET /?product_cat=onitsuka&filter_size=37%2C39%2C42%2C44&per_page=18 HTTP/1.1" 200 24958 "-" "Mozilla/5.0 (Linux; Android 6.0.1; Nexus 5X Build/MMB29P) AppleWebKit/537.36 (KHTML, like Gecko) Chrome/148.0.7778.96 Mobile Safari/537.36 (compatible; Googlebot/2.1; +http://www.google.com/bot.html)"
66.249.73.72 - - [15/May/2026:12:10:51 -0400] "GET /?detail/561250421 HTTP/1.1" 200 24023 "-" "Mozilla/5.0 (Linux; Android 6.0.1; Nexus 5X Build/MMB29P) AppleWebKit/537.36 (KHTML, like Gecko) Chrome/148.0.7778.96 Mobile Safari/537.36 (compatible; Googlebot/2.1; +http://www.google.com/bot.html)"
185.191.171.7 - - [15/May/2026:12:12:16 -0400] "GET /robots.txt HTTP/1.1" 200 71 "-" "Mozilla/5.0 (compatible; SemrushBot/7~bl; +http://www.semrush.com/bot.html)"
67.223.118.104 - - [15/May/2026:12:12:44 -0400] "POST /wp-cron.php?doing_wp_cron=1778861564.1347889900207519531250 HTTP/1.1" 200 0 "-" "WordPress/6.9.4; https://www.shoenation.me"
185.191.171.3 - - [15/May/2026:12:12:16 -0400] "GET /?product=ugg-tasman-slipper-black-boots HTTP/1.1" 200 61009 "-" "Mozilla/5.0 (compatible; SemrushBot/7~bl; +http://www.semrush.com/bot.html)"
85.208.96.194 - - [15/May/2026:12:12:45 -0400] "GET /product/ugg-tasman-slipper-black-boots/ HTTP/1.1" 200 61870 "-" "Mozilla/5.0 (compatible; SemrushBot/7~bl; +http://www.semrush.com/bot.html)"
66.249.73.73 - - [15/May/2026:12:14:21 -0400] "GET /?detail/149392256 HTTP/1.1" 200 23899 "-" "Mozilla/5.0 (Linux; Android 6.0.1; Nexus 5X Build/MMB29P) AppleWebKit/537.36 (KHTML, like Gecko) Chrome/148.0.7778.96 Mobile Safari/537.36 (compatible; Googlebot/2.1; +http://www.google.com/bot.html)"
66.249.73.72 - - [15/May/2026:12:14:54 -0400] "GET /?product_cat=on-running&per_row=4&per_page=9&shop_view=grid&filter_size=37%2C40%2C41%2C42%2C45 HTTP/1.1" 200 25333 "-" "Mozilla/5.0 (Linux; Android 6.0.1; Nexus 5X Build/MMB29P) AppleWebKit/537.36 (KHTML, like Gecko) Chrome/148.0.7778.96 Mobile Safari/537.36 (compatible; Googlebot/2.1; +http://www.google.com/bot.html)"
67.223.118.104 - - [15/May/2026:12:16:06 -0400] "POST /wp-cron.php?doing_wp_cron=1778861766.6397669315338134765625 HTTP/1.1" 200 0 "-" "WordPress/6.9.4; https://www.shoenation.me"
47.128.62.15 - - [15/May/2026:12:15:56 -0400] "GET /?filter_size=36%2C37%2C42%2C43%2C45&product_cat=sb-dunk&stock_status=instock HTTP/1.1" 301 0 "-" "Mozilla/5.0 (Linux; Android 5.0) AppleWebKit/537.36 (KHTML, like Gecko) Mobile Safari/537.36 (compatible; Bytespider; spider-feedback@bytedance.com)"
43.130.14.245 - - [15/May/2026:12:15:46 -0400] "GET /product-category/converse/ HTTP/1.1" 200 0 "-" "Mozilla/5.0 (iPhone; CPU iPhone OS 13_2_3 like Mac OS X) AppleWebKit/605.1.15 (KHTML, like Gecko) Version/13.0.3 Mobile/15E148 Safari/604.1"
67.223.118.104 - - [15/May/2026:12:16:16 -0400] "POST /wp-cron.php?doing_wp_cron=1778861776.3400940895080566406250 HTTP/1.1" 200 0 "-" "WordPress/6.9.4; https://www.shoenation.me"
47.128.62.15 - - [15/May/2026:12:16:07 -0400] "GET /product-category/nike/sb-dunk/?filter_size=36%2C37%2C42%2C43%2C45&stock_status=instock HTTP/1.1" 200 51564 "-" "Mozilla/5.0 (Linux; Android 5.0) AppleWebKit/537.36 (KHTML, like Gecko) Mobile Safari/537.36 (compatible; Bytespider; spider-feedback@bytedance.com)"
47.128.62.15 - - [15/May/2026:12:16:19 -0400] "GET /wp-content/themes/woodmart/css/parts/woo-widget-layered-nav-stock-status.min.css?ver=7.4.3 HTTP/1.1" 200 400 "https://www.shoenation.me/product-category/nike/sb-dunk/?filter_size=36%2C37%2C42%2C43%2C45&stock_status=instock" "Mozilla/5.0 (Linux; Android 5.0) AppleWebKit/537.36 (KHTML, like Gecko) Mobile Safari/537.36 (compatible; Bytespider; spider-feedback@bytedance.com)"
47.128.62.15 - - [15/May/2026:12:16:19 -0400] "GET /wp-content/themes/woodmart/css/parts/woo-categories-loop-nav.min.css?ver=7.4.3 HTTP/1.1" 200 412 "https://www.shoenation.me/product-category/nike/sb-dunk/?filter_size=36%2C37%2C42%2C43%2C45&stock_status=instock" "Mozilla/5.0 (Linux; Android 5.0) AppleWebKit/537.36 (KHTML, like Gecko) Mobile Safari/537.36 (compatible; Bytespider; spider-feedback@bytedance.com)"
47.128.62.15 - - [15/May/2026:12:16:19 -0400] "GET /wp-content/themes/woodmart/css/parts/header-el-base.min.css?ver=7.4.3 HTTP/1.1" 200 811 "https://www.shoenation.me/product-category/nike/sb-dunk/?filter_size=36%2C37%2C42%2C43%2C45&stock_status=instock" "Mozilla/5.0 (Linux; Android 5.0) AppleWebKit/537.36 (KHTML, like Gecko) Mobile Safari/537.36 (compatible; Bytespider; spider-feedback@bytedance.com)"
47.128.62.15 - - [15/May/2026:12:16:20 -0400] "GET /wp-content/themes/woodmart/css/parts/woo-mod-swatches-style-4.min.css?ver=7.4.3 HTTP/1.1" 200 325 "https://www.shoenation.me/product-category/nike/sb-dunk/?filter_size=36%2C37%2C42%2C43%2C45&stock_status=instock" "Mozilla/5.0 (Linux; Android 5.0) AppleWebKit/537.36 (KHTML, like Gecko) Mobile Safari/537.36 (compatible; Bytespider; spider-feedback@bytedance.com)"
47.128.62.15 - - [15/May/2026:12:16:20 -0400] "GET /wp-content/themes/woodmart/css/parts/woo-shop-el-active-filters.min.css?ver=7.4.3 HTTP/1.1" 200 302 "https://www.shoenation.me/product-category/nike/sb-dunk/?filter_size=36%2C37%2C42%2C43%2C45&stock_status=instock" "Mozilla/5.0 (Linux; Android 5.0) AppleWebKit/537.36 (KHTML, like Gecko) Mobile Safari/537.36 (compatible; Bytespider; spider-feedback@bytedance.com)"
47.128.62.15 - - [15/May/2026:12:16:20 -0400] "GET /wp-content/themes/woodmart/css/parts/mod-load-more-button.min.css?ver=7.4.3 HTTP/1.1" 200 366 "https://www.shoenation.me/product-category/nike/sb-dunk/?filter_size=36%2C37%2C42%2C43%2C45&stock_status=instock" "Mozilla/5.0 (Linux; Android 5.0) AppleWebKit/537.36 (KHTML, like Gecko) Mobile Safari/537.36 (compatible; Bytespider; spider-feedback@bytedance.com)"
47.128.62.15 - - [15/May/2026:12:16:20 -0400] "GET /wp-content/uploads/2024/03/ShoeNation-Logo.png HTTP/1.1" 404 178449 "https://www.shoenation.me/product-category/nike/sb-dunk/?filter_size=36%2C37%2C42%2C43%2C45&stock_status=instock" "Mozilla/5.0 (Linux; Android 5.0) AppleWebKit/537.36 (KHTML, like Gecko) Mobile Safari/537.36 (compatible; Bytespider; spider-feedback@bytedance.com)"
47.128.62.15 - - [15/May/2026:12:16:20 -0400] "GET /wp-content/uploads/2025/02/IMG_0260-150x150.jpeg HTTP/1.1" 404 178455 "https://www.shoenation.me/product-category/nike/sb-dunk/?filter_size=36%2C37%2C42%2C43%2C45&stock_status=instock" "Mozilla/5.0 (Linux; Android 5.0) AppleWebKit/537.36 (KHTML, like Gecko) Mobile Safari/537.36 (compatible; Bytespider; spider-feedback@bytedance.com)"
47.128.62.15 - - [15/May/2026:12:16:20 -0400] "GET /wp-content/uploads/2025/02/new-balance-530-miu-miu-v0-0p61tlqcrp2d1-150x150.webp HTTP/1.1" 404 178551 "https://www.shoenation.me/product-category/nike/sb-dunk/?filter_size=36%2C37%2C42%2C43%2C45&stock_status=instock" "Mozilla/5.0 (Linux; Android 5.0) AppleWebKit/537.36 (KHTML, like Gecko) Mobile Safari/537.36 (compatible; Bytespider; spider-feedback@bytedance.com)"
47.128.62.15 - - [15/May/2026:12:16:20 -0400] "GET /wp-content/uploads/2024/03/OUDU0169-1-430x430.png HTTP/1.1" 404 178458 "https://www.shoenation.me/product-category/nike/sb-dunk/?filter_size=36%2C37%2C42%2C43%2C45&stock_status=instock" "Mozilla/5.0 (Linux; Android 5.0) AppleWebKit/537.36 (KHTML, like Gecko) Mobile Safari/537.36 (compatible; Bytespider; spider-feedback@bytedance.com)"
47.128.62.15 - - [15/May/2026:12:16:20 -0400] "GET /wp-content/uploads/2024/05/CXxmX51S0q4dh2GEkfhm42rGuXpYfELSmhmdh8tU-430x430.webp HTTP/1.1" 404 178551 "https://www.shoenation.me/product-category/nike/sb-dunk/?filter_size=36%2C37%2C42%2C43%2C45&stock_status=instock" "Mozilla/5.0 (Linux; Android 5.0) AppleWebKit/537.36 (KHTML, like Gecko) Mobile Safari/537.36 (compatible; Bytespider; spider-feedback@bytedance.com)"
47.128.62.15 - - [15/May/2026:12:16:20 -0400] "GET /wp-content/uploads/2024/03/OUDU0159-1-430x430.png HTTP/1.1" 404 178458 "https://www.shoenation.me/product-category/nike/sb-dunk/?filter_size=36%2C37%2C42%2C43%2C45&stock_status=instock" "Mozilla/5.0 (Linux; Android 5.0) AppleWebKit/537.36 (KHTML, like Gecko) Mobile Safari/537.36 (compatible; Bytespider; spider-feedback@bytedance.com)"
47.128.62.15 - - [15/May/2026:12:16:20 -0400] "GET /wp-content/uploads/2024/05/23fd66ac4b160d6904613145b49389ad_1653077430-430x430.jpeg HTTP/1.1" 404 178560 "https://www.shoenation.me/product-category/nike/sb-dunk/?filter_size=36%2C37%2C42%2C43%2C45&stock_status=instock" "Mozilla/5.0 (Linux; Android 5.0) AppleWebKit/537.36 (KHTML, like Gecko) Mobile Safari/537.36 (compatible; Bytespider; spider-feedback@bytedance.com)"
47.128.62.15 - - [15/May/2026:12:16:21 -0400] "GET /wp-content/uploads/2025/02/download-150x150.jpg HTTP/1.1" 404 178452 "https://www.shoenation.me/product-category/nike/sb-dunk/?filter_size=36%2C37%2C42%2C43%2C45&stock_status=instock" "Mozilla/5.0 (Linux; Android 5.0) AppleWebKit/537.36 (KHTML, like Gecko) Mobile Safari/537.36 (compatible; Bytespider; spider-feedback@bytedance.com)"
47.128.62.15 - - [15/May/2026:12:16:34 -0400] "GET /wp-content/uploads/2024/03/OUDU0190-1-430x430.png HTTP/1.1" 200 0 "https://www.shoenation.me/product-category/nike/sb-dunk/?filter_size=36%2C37%2C42%2C43%2C45&stock_status=instock" "Mozilla/5.0 (Linux; Android 5.0) AppleWebKit/537.36 (KHTML, like Gecko) Mobile Safari/537.36 (compatible; Bytespider; spider-feedback@bytedance.com)"
47.128.62.15 - - [15/May/2026:12:16:34 -0400] "GET /wp-content/uploads/2024/05/1_14c3d3b0-3479-447d-828c-7aed3e788c7b-430x430.webp HTTP/1.1" 200 0 "https://www.shoenation.me/product-category/nike/sb-dunk/?filter_size=36%2C37%2C42%2C43%2C45&stock_status=instock" "Mozilla/5.0 (Linux; Android 5.0) AppleWebKit/537.36 (KHTML, like Gecko) Mobile Safari/537.36 (compatible; Bytespider; spider-feedback@bytedance.com)"
47.128.62.15 - - [15/May/2026:12:16:34 -0400] "GET /wp-content/uploads/2024/03/OUDU0175-1-430x430.png HTTP/1.1" 200 0 "https://www.shoenation.me/product-category/nike/sb-dunk/?filter_size=36%2C37%2C42%2C43%2C45&stock_status=instock" "Mozilla/5.0 (Linux; Android 5.0) AppleWebKit/537.36 (KHTML, like Gecko) Mobile Safari/537.36 (compatible; Bytespider; spider-feedback@bytedance.com)"
47.128.62.15 - - [15/May/2026:12:16:33 -0400] "GET /wp-content/uploads/2024/03/OUDU0181-1-430x430.png HTTP/1.1" 200 0 "https://www.shoenation.me/product-category/nike/sb-dunk/?filter_size=36%2C37%2C42%2C43%2C45&stock_status=instock" "Mozilla/5.0 (Linux; Android 5.0) AppleWebKit/537.36 (KHTML, like Gecko) Mobile Safari/537.36 (compatible; Bytespider; spider-feedback@bytedance.com)"
47.128.62.15 - - [15/May/2026:12:16:33 -0400] "GET /wp-content/uploads/2024/03/OUDU0163-1-430x430.png HTTP/1.1" 200 0 "https://www.shoenation.me/product-category/nike/sb-dunk/?filter_size=36%2C37%2C42%2C43%2C45&stock_status=instock" "Mozilla/5.0 (Linux; Android 5.0) AppleWebKit/537.36 (KHTML, like Gecko) Mobile Safari/537.36 (compatible; Bytespider; spider-feedback@bytedance.com)"
47.128.62.15 - - [15/May/2026:12:16:34 -0400] "GET /wp-content/uploads/2024/03/OUDU0193-1-430x430.png HTTP/1.1" 200 0 "https://www.shoenation.me/product-category/nike/sb-dunk/?filter_size=36%2C37%2C42%2C43%2C45&stock_status=instock" "Mozilla/5.0 (Linux; Android 5.0) AppleWebKit/537.36 (KHTML, like Gecko) Mobile Safari/537.36 (compatible; Bytespider; spider-feedback@bytedance.com)"
47.128.62.15 - - [15/May/2026:12:16:34 -0400] "GET /wp-content/uploads/2024/05/OUDU0145-1-430x430.png HTTP/1.1" 200 0 "https://www.shoenation.me/product-category/nike/sb-dunk/?filter_size=36%2C37%2C42%2C43%2C45&stock_status=instock" "Mozilla/5.0 (Linux; Android 5.0) AppleWebKit/537.36 (KHTML, like Gecko) Mobile Safari/537.36 (compatible; Bytespider; spider-feedback@bytedance.com)"
47.128.62.15 - - [15/May/2026:12:16:34 -0400] "GET /wp-content/uploads/2024/03/OUDU0149-1-430x430.png HTTP/1.1" 200 0 "https://www.shoenation.me/product-category/nike/sb-dunk/?filter_size=36%2C37%2C42%2C43%2C45&stock_status=instock" "Mozilla/5.0 (Linux; Android 5.0) AppleWebKit/537.36 (KHTML, like Gecko) Mobile Safari/537.36 (compatible; Bytespider; spider-feedback@bytedance.com)"
66.249.73.71 - - [15/May/2026:12:17:05 -0400] "GET /shop.php?products/8175625 HTTP/1.1" 200 25404 "-" "Mozilla/5.0 (Linux; Android 6.0.1; Nexus 5X Build/MMB29P) AppleWebKit/537.36 (KHTML, like Gecko) Chrome/148.0.7778.96 Mobile Safari/537.36 (compatible; Googlebot/2.1; +http://www.google.com/bot.html)"
40.77.167.3 - - [15/May/2026:12:18:06 -0400] "GET /wp-content/uploads/2024/03/OSHSN0619-3-860x860.png HTTP/1.1" 200 25441 "-" "Mozilla/5.0 AppleWebKit/537.36 (KHTML, like Gecko; compatible; bingbot/2.0; +http://www.bing.com/bingbot.htm) Chrome/116.0.1938.76 Safari/537.36"
66.249.73.72 - - [15/May/2026:12:19:00 -0400] "GET /?detail/823585619 HTTP/1.1" 200 24350 "-" "Mozilla/5.0 (Linux; Android 6.0.1; Nexus 5X Build/MMB29P) AppleWebKit/537.36 (KHTML, like Gecko) Chrome/148.0.7778.96 Mobile Safari/537.36 (compatible; Googlebot/2.1; +http://www.google.com/bot.html)"
67.223.118.104 - - [15/May/2026:12:20:01 -0400] "POST /wp-cron.php?doing_wp_cron=1778862001.4377501010894775390625 HTTP/1.1" 200 0 "-" "WordPress/6.9.4; https://www.shoenation.me"
47.128.62.152 - - [15/May/2026:12:19:56 -0400] "GET /?filter_size=38%2C41%2C42%2C43&product_cat=new-balance&stock_status=onsale HTTP/1.1" 301 0 "-" "Mozilla/5.0 (compatible; Bytespider; spider-feedback@bytedance.com) AppleWebKit/537.36 (KHTML, like Gecko) Chrome/70.0.0.0 Safari/537.36"
47.128.62.152 - - [15/May/2026:12:20:01 -0400] "GET /product-category/new-balance/?filter_size=38%2C41%2C42%2C43&stock_status=onsale HTTP/1.1" 200 47118 "-" "Mozilla/5.0 (compatible; Bytespider; spider-feedback@bytedance.com) AppleWebKit/537.36 (KHTML, like Gecko) Chrome/70.0.0.0 Safari/537.36"
47.128.62.152 - - [15/May/2026:12:20:13 -0400] "GET /wp-content/themes/woodmart/css/parts/woo-gutenberg.min.css?ver=7.4.3 HTTP/1.1" 200 1562 "https://www.shoenation.me/product-category/new-balance/?filter_size=38%2C41%2C42%2C43&stock_status=onsale" "Mozilla/5.0 (compatible; Bytespider; spider-feedback@bytedance.com) AppleWebKit/537.36 (KHTML, like Gecko) Chrome/70.0.0.0 Safari/537.36"
47.128.62.152 - - [15/May/2026:12:20:13 -0400] "GET /wp-content/themes/woodmart/css/parts/mod-tools.min.css?ver=7.4.3 HTTP/1.1" 200 863 "https://www.shoenation.me/product-category/new-balance/?filter_size=38%2C41%2C42%2C43&stock_status=onsale" "Mozilla/5.0 (compatible; Bytespider; spider-feedback@bytedance.com) AppleWebKit/537.36 (KHTML, like Gecko) Chrome/70.0.0.0 Safari/537.36"
47.128.62.152 - - [15/May/2026:12:20:13 -0400] "GET /wp-content/themes/woodmart/css/parts/woo-shop-page-title.min.css?ver=7.4.3 HTTP/1.1" 200 221 "https://www.shoenation.me/product-category/new-balance/?filter_size=38%2C41%2C42%2C43&stock_status=onsale" "Mozilla/5.0 (compatible; Bytespider; spider-feedback@bytedance.com) AppleWebKit/537.36 (KHTML, like Gecko) Chrome/70.0.0.0 Safari/537.36"
47.128.62.152 - - [15/May/2026:12:20:13 -0400] "GET /wp-content/themes/woodmart/css/parts/woo-widget-shopping-cart.min.css?ver=7.4.3 HTTP/1.1" 200 1228 "https://www.shoenation.me/product-category/new-balance/?filter_size=38%2C41%2C42%2C43&stock_status=onsale" "Mozilla/5.0 (compatible; Bytespider; spider-feedback@bytedance.com) AppleWebKit/537.36 (KHTML, like Gecko) Chrome/70.0.0.0 Safari/537.36"
47.128.62.152 - - [15/May/2026:12:20:14 -0400] "GET /wp-content/themes/woodmart/css/parts/el-list.min.css?ver=7.4.3 HTTP/1.1" 200 406 "https://www.shoenation.me/product-category/new-balance/?filter_size=38%2C41%2C42%2C43&stock_status=onsale" "Mozilla/5.0 (compatible; Bytespider; spider-feedback@bytedance.com) AppleWebKit/537.36 (KHTML, like Gecko) Chrome/70.0.0.0 Safari/537.36"
47.128.62.152 - - [15/May/2026:12:20:15 -0400] "GET /wp-content/plugins/revslider/sr6/assets/css/rs6.css?ver=6.7.27 HTTP/1.1" 200 11961 "https://www.shoenation.me/product-category/new-balance/?filter_size=38%2C41%2C42%2C43&stock_status=onsale" "Mozilla/5.0 (compatible; Bytespider; spider-feedback@bytedance.com) AppleWebKit/537.36 (KHTML, like Gecko) Chrome/70.0.0.0 Safari/537.36"
67.223.118.104 - - [15/May/2026:12:20:30 -0400] "POST /wp-cron.php?doing_wp_cron=1778862030.6397700309753417968750 HTTP/1.1" 200 0 "-" "WordPress/6.9.4; https://www.shoenation.me"
47.128.62.152 - - [15/May/2026:12:20:14 -0400] "GET /wp-content/uploads/2024/03/ShoeNation-Logo.png HTTP/1.1" 404 178449 "https://www.shoenation.me/product-category/new-balance/?filter_size=38%2C41%2C42%2C43&stock_status=onsale" "Mozilla/5.0 (compatible; Bytespider; spider-feedback@bytedance.com) AppleWebKit/537.36 (KHTML, like Gecko) Chrome/70.0.0.0 Safari/537.36"
47.128.62.152 - - [15/May/2026:12:20:14 -0400] "GET /wp-content/uploads/2025/02/new-balance-530-miu-miu-v0-0p61tlqcrp2d1-150x150.webp HTTP/1.1" 404 178551 "https://www.shoenation.me/product-category/new-balance/?filter_size=38%2C41%2C42%2C43&stock_status=onsale" "Mozilla/5.0 (compatible; Bytespider; spider-feedback@bytedance.com) AppleWebKit/537.36 (KHTML, like Gecko) Chrome/70.0.0.0 Safari/537.36"
47.128.62.152 - - [15/May/2026:12:20:15 -0400] "GET /wp-content/uploads/2024/06/3423897250m8_zm-1-150x150.jpg HTTP/1.1" 404 178479 "https://www.shoenation.me/product-category/new-balance/?filter_size=38%2C41%2C42%2C43&stock_status=onsale" "Mozilla/5.0 (compatible; Bytespider; spider-feedback@bytedance.com) AppleWebKit/537.36 (KHTML, like Gecko) Chrome/70.0.0.0 Safari/537.36"
47.128.62.152 - - [15/May/2026:12:20:15 -0400] "GET /wp-content/uploads/2024/06/63922ed58580f70019f80ea5-1-150x150.webp HTTP/1.1" 404 178509 "https://www.shoenation.me/product-category/new-balance/?filter_size=38%2C41%2C42%2C43&stock_status=onsale" "Mozilla/5.0 (compatible; Bytespider; spider-feedback@bytedance.com) AppleWebKit/537.36 (KHTML, like Gecko) Chrome/70.0.0.0 Safari/537.36"
47.128.62.152 - - [15/May/2026:12:20:15 -0400] "GET /wp-content/uploads/2024/03/wd-envelope-dark.svg HTTP/1.1" 404 178452 "https://www.shoenation.me/product-category/new-balance/?filter_size=38%2C41%2C42%2C43&stock_status=onsale" "Mozilla/5.0 (compatible; Bytespider; spider-feedback@bytedance.com) AppleWebKit/537.36 (KHTML, like Gecko) Chrome/70.0.0.0 Safari/537.36"
47.128.62.152 - - [15/May/2026:12:20:14 -0400] "GET /wp-content/uploads/2025/02/IMG_0260-150x150.jpeg HTTP/1.1" 404 178455 "https://www.shoenation.me/product-category/new-balance/?filter_size=38%2C41%2C42%2C43&stock_status=onsale" "Mozilla/5.0 (compatible; Bytespider; spider-feedback@bytedance.com) AppleWebKit/537.36 (KHTML, like Gecko) Chrome/70.0.0.0 Safari/537.36"
47.128.62.152 - - [15/May/2026:12:20:15 -0400] "GET /wp-content/uploads/2025/02/download-150x150.jpg HTTP/1.1" 404 178452 "https://www.shoenation.me/product-category/new-balance/?filter_size=38%2C41%2C42%2C43&stock_status=onsale" "Mozilla/5.0 (compatible; Bytespider; spider-feedback@bytedance.com) AppleWebKit/537.36 (KHTML, like Gecko) Chrome/70.0.0.0 Safari/537.36"
47.128.62.152 - - [15/May/2026:12:20:15 -0400] "GET /wp-content/uploads/2024/06/product-jpeg-500x500-1-150x150.webp HTTP/1.1" 404 178497 "https://www.shoenation.me/product-category/new-balance/?filter_size=38%2C41%2C42%2C43&stock_status=onsale" "Mozilla/5.0 (compatible; Bytespider; spider-feedback@bytedance.com) AppleWebKit/537.36 (KHTML, like Gecko) Chrome/70.0.0.0 Safari/537.36"
47.128.62.152 - - [15/May/2026:12:20:15 -0400] "GET /wp-content/uploads/2024/06/17-best-nike-running-shoes-15275-150x150.webp HTTP/1.1" 404 178527 "https://www.shoenation.me/product-category/new-balance/?filter_size=38%2C41%2C42%2C43&stock_status=onsale" "Mozilla/5.0 (compatible; Bytespider; spider-feedback@bytedance.com) AppleWebKit/537.36 (KHTML, like Gecko) Chrome/70.0.0.0 Safari/537.36"
47.128.62.152 - - [15/May/2026:12:20:15 -0400] "GET /wp-content/uploads/2025/02/614b4079e84ea91f6aa9d9919838a0d6.jpg_720x720q80-150x150.jpg HTTP/1.1" 404 178569 "https://www.shoenation.me/product-category/new-balance/?filter_size=38%2C41%2C42%2C43&stock_status=onsale" "Mozilla/5.0 (compatible; Bytespider; spider-feedback@bytedance.com) AppleWebKit/537.36 (KHTML, like Gecko) Chrome/70.0.0.0 Safari/537.36"
47.128.62.152 - - [15/May/2026:12:20:15 -0400] "GET /wp-content/uploads/2024/06/5ef42a4788df9cdaaf135d9583f2228b-1-150x150.jpg HTTP/1.1" 404 178530 "https://www.shoenation.me/product-category/new-balance/?filter_size=38%2C41%2C42%2C43&stock_status=onsale" "Mozilla/5.0 (compatible; Bytespider; spider-feedback@bytedance.com) AppleWebKit/537.36 (KHTML, like Gecko) Chrome/70.0.0.0 Safari/537.36"
47.128.62.152 - - [15/May/2026:12:20:15 -0400] "GET /wp-content/uploads/2024/06/ca089c0521d61637a52311e4c5c83f0f-150x150.jpg HTTP/1.1" 404 178524 "https://www.shoenation.me/product-category/new-balance/?filter_size=38%2C41%2C42%2C43&stock_status=onsale" "Mozilla/5.0 (compatible; Bytespider; spider-feedback@bytedance.com) AppleWebKit/537.36 (KHTML, like Gecko) Chrome/70.0.0.0 Safari/537.36"
209.141.46.91 - - [15/May/2026:12:23:23 -0400] "GET /wp-login.php HTTP/1.1" 200 0 "-" "Mozilla/5.0 (Windows NT 6.1; WOW64; rv:24.0) Gecko/20100101 Firefox/24.0"
66.249.73.71 - - [15/May/2026:12:23:36 -0400] "GET /?detail/515308705 HTTP/1.1" 200 23844 "-" "Mozilla/5.0 (Linux; Android 6.0.1; Nexus 5X Build/MMB29P) AppleWebKit/537.36 (KHTML, like Gecko) Chrome/148.0.7778.96 Mobile Safari/537.36 (compatible; Googlebot/2.1; +http://www.google.com/bot.html)"
67.223.118.104 - - [15/May/2026:12:24:17 -0400] "POST /wp-cron.php?doing_wp_cron=1778862257.2424440383911132812500 HTTP/1.1" 200 0 "-" "WordPress/6.9.4; https://www.shoenation.me"
47.128.62.193 - - [15/May/2026:12:23:57 -0400] "GET /?per_page=18&product_cat=ugg&stock_status=instock HTTP/1.1" 301 0 "-" "Mozilla/5.0 (compatible; Bytespider; spider-feedback@bytedance.com) AppleWebKit/537.36 (KHTML, like Gecko) Chrome/70.0.0.0 Safari/537.36"
47.128.62.193 - - [15/May/2026:12:24:17 -0400] "GET /product-category/ugg/?per_page=18&stock_status=instock HTTP/1.1" 200 50372 "-" "Mozilla/5.0 (compatible; Bytespider; spider-feedback@bytedance.com) AppleWebKit/537.36 (KHTML, like Gecko) Chrome/70.0.0.0 Safari/537.36"
47.128.62.193 - - [15/May/2026:12:24:26 -0400] "GET /wp-content/uploads/elementor/css/custom-frontend.min.css?ver=1778831080 HTTP/1.1" 200 6592 "https://www.shoenation.me/product-category/ugg/?per_page=18&stock_status=instock" "Mozilla/5.0 (compatible; Bytespider; spider-feedback@bytedance.com) AppleWebKit/537.36 (KHTML, like Gecko) Chrome/70.0.0.0 Safari/537.36"
47.128.62.193 - - [15/May/2026:12:24:27 -0400] "GET /wp-content/themes/woodmart/css/parts/woo-shop-el-products-per-page.min.css?ver=7.4.3 HTTP/1.1" 200 201 "https://www.shoenation.me/product-category/ugg/?per_page=18&stock_status=instock" "Mozilla/5.0 (compatible; Bytespider; spider-feedback@bytedance.com) AppleWebKit/537.36 (KHTML, like Gecko) Chrome/70.0.0.0 Safari/537.36"
47.128.62.193 - - [15/May/2026:12:24:28 -0400] "GET /wp-content/themes/woodmart/css/parts/opt-widget-collapse.min.css?ver=7.4.3 HTTP/1.1" 200 349 "https://www.shoenation.me/product-category/ugg/?per_page=18&stock_status=instock" "Mozilla/5.0 (compatible; Bytespider; spider-feedback@bytedance.com) AppleWebKit/537.36 (KHTML, like Gecko) Chrome/70.0.0.0 Safari/537.36"
47.128.62.193 - - [15/May/2026:12:24:28 -0400] "GET /wp-content/themes/woodmart/css/parts/header-el-search-fullscreen-1.min.css?ver=7.4.3 HTTP/1.1" 200 1028 "https://www.shoenation.me/product-category/ugg/?per_page=18&stock_status=instock" "Mozilla/5.0 (compatible; Bytespider; spider-feedback@bytedance.com) AppleWebKit/537.36 (KHTML, like Gecko) Chrome/70.0.0.0 Safari/537.36"
47.128.62.193 - - [15/May/2026:12:24:28 -0400] "GET /wp-content/themes/woodmart/css/parts/wd-search-form.min.css?ver=7.4.3 HTTP/1.1" 200 482 "https://www.shoenation.me/product-category/ugg/?per_page=18&stock_status=instock" "Mozilla/5.0 (compatible; Bytespider; spider-feedback@bytedance.com) AppleWebKit/537.36 (KHTML, like Gecko) Chrome/70.0.0.0 Safari/537.36"
66.249.73.71 - - [15/May/2026:12:24:38 -0400] "GET /?detail/922776912 HTTP/1.1" 200 23749 "-" "Mozilla/5.0 (Linux; Android 6.0.1; Nexus 5X Build/MMB29P) AppleWebKit/537.36 (KHTML, like Gecko) Chrome/148.0.7778.96 Mobile Safari/537.36 (compatible; Googlebot/2.1; +http://www.google.com/bot.html)"
47.128.62.193 - - [15/May/2026:12:24:29 -0400] "GET /wp-content/uploads/2024/06/3423897250m8_zm-1-150x150.jpg HTTP/1.1" 200 0 "https://www.shoenation.me/product-category/ugg/?per_page=18&stock_status=instock" "Mozilla/5.0 (compatible; Bytespider; spider-feedback@bytedance.com) AppleWebKit/537.36 (KHTML, like Gecko) Chrome/70.0.0.0 Safari/537.36"
47.128.62.193 - - [15/May/2026:12:24:29 -0400] "GET /wp-content/uploads/2024/06/product-jpeg-500x500-1-150x150.webp HTTP/1.1" 200 0 "https://www.shoenation.me/product-category/ugg/?per_page=18&stock_status=instock" "Mozilla/5.0 (compatible; Bytespider; spider-feedback@bytedance.com) AppleWebKit/537.36 (KHTML, like Gecko) Chrome/70.0.0.0 Safari/537.36"
