47.82.10.150 - - [15/May/2026:10:02:49 -0400] "GET /wp-content/uploads/2024/10/new-balance-9060-triple-white-423875-640-3-e1729866284510.webp HTTP/1.1" 404 41731 "https://www.shoenation.me/" "Mozilla/5.0 (X11; Linux x86_64) AppleWebKit/537.36 (KHTML, like Gecko) Chrome/129.0.0.0 Safari/537.36"
94.103.87.20 - - [15/May/2026:10:02:47 -0400] "GET /?post_type=product&filter_size=37-5,38,39,42,44,45 HTTP/1.1" 200 50265 "-" "Mozilla/5.0 (compatible; MJ12bot/v1.4.8; http://mj12bot.com/)"
94.103.87.20 - - [15/May/2026:10:03:01 -0400] "GET /?post_type=product&filter_size=37-5,38,39,42,45 HTTP/1.1" 200 50154 "-" "Mozilla/5.0 (compatible; MJ12bot/v1.4.8; http://mj12bot.com/)"
94.103.87.20 - - [15/May/2026:10:03:12 -0400] "GET /?post_type=product&filter_size=37-5,38,39,43 HTTP/1.1" 200 50172 "-" "Mozilla/5.0 (compatible; MJ12bot/v1.4.8; http://mj12bot.com/)"
67.223.118.104 - - [15/May/2026:10:03:22 -0400] "POST /wp-cron.php?doing_wp_cron=1778853802.7806470394134521484375 HTTP/1.1" 200 0 "-" "WordPress/6.9.4; https://www.shoenation.me"
94.103.87.20 - - [15/May/2026:10:03:19 -0400] "GET /?post_type=product&filter_size=37-5,38,39,43,44 HTTP/1.1" 200 50120 "-" "Mozilla/5.0 (compatible; MJ12bot/v1.4.8; http://mj12bot.com/)"
94.103.87.20 - - [15/May/2026:10:03:25 -0400] "GET /?post_type=product&filter_size=37-5,38,39,43,44,45 HTTP/1.1" 200 50463 "-" "Mozilla/5.0 (compatible; MJ12bot/v1.4.8; http://mj12bot.com/)"
94.103.87.20 - - [15/May/2026:10:03:34 -0400] "GET /?post_type=product&filter_size=37-5,38,39,43,45 HTTP/1.1" 200 50114 "-" "Mozilla/5.0 (compatible; MJ12bot/v1.4.8; http://mj12bot.com/)"
94.103.87.20 - - [15/May/2026:10:03:40 -0400] "GET /?post_type=product&filter_size=37-5,38,39,44 HTTP/1.1" 200 50174 "-" "Mozilla/5.0 (compatible; MJ12bot/v1.4.8; http://mj12bot.com/)"
94.103.87.20 - - [15/May/2026:10:03:45 -0400] "GET /?post_type=product&filter_size=37-5,38,39,44,45 HTTP/1.1" 200 50113 "-" "Mozilla/5.0 (compatible; MJ12bot/v1.4.8; http://mj12bot.com/)"
47.128.62.18 - - [15/May/2026:10:04:01 -0400] "GET /?filter_size=37%2C41%2C43&product_cat=sb-dunk&stock_status=instock HTTP/1.1" 301 0 "-" "Mozilla/5.0 (compatible; Bytespider; spider-feedback@bytedance.com) AppleWebKit/537.36 (KHTML, like Gecko) Chrome/70.0.0.0 Safari/537.36"
47.128.62.18 - - [15/May/2026:10:04:05 -0400] "GET /product-category/nike/sb-dunk/?filter_size=37%2C41%2C43&stock_status=instock HTTP/1.1" 200 51509 "-" "Mozilla/5.0 (compatible; Bytespider; spider-feedback@bytedance.com) AppleWebKit/537.36 (KHTML, like Gecko) Chrome/70.0.0.0 Safari/537.36"
47.128.62.18 - - [15/May/2026:10:04:16 -0400] "GET /wp-content/themes/woodmart/css/parts/woo-categories-loop-nav.min.css?ver=7.4.3 HTTP/1.1" 200 412 "https://www.shoenation.me/product-category/nike/sb-dunk/?filter_size=37%2C41%2C43&stock_status=instock" "Mozilla/5.0 (compatible; Bytespider; spider-feedback@bytedance.com) AppleWebKit/537.36 (KHTML, like Gecko) Chrome/70.0.0.0 Safari/537.36"
47.128.62.18 - - [15/May/2026:10:04:17 -0400] "GET /wp-content/themes/woodmart/css/parts/woo-mod-shop-loop-head.min.css?ver=7.4.3 HTTP/1.1" 200 172 "https://www.shoenation.me/product-category/nike/sb-dunk/?filter_size=37%2C41%2C43&stock_status=instock" "Mozilla/5.0 (compatible; Bytespider; spider-feedback@bytedance.com) AppleWebKit/537.36 (KHTML, like Gecko) Chrome/70.0.0.0 Safari/537.36"
47.128.62.18 - - [15/May/2026:10:04:18 -0400] "GET /wp-content/themes/woodmart/css/parts/mod-sticky-sidebar-opener.min.css?ver=7.4.3 HTTP/1.1" 200 191 "https://www.shoenation.me/product-category/nike/sb-dunk/?filter_size=37%2C41%2C43&stock_status=instock" "Mozilla/5.0 (compatible; Bytespider; spider-feedback@bytedance.com) AppleWebKit/537.36 (KHTML, like Gecko) Chrome/70.0.0.0 Safari/537.36"
47.128.62.18 - - [15/May/2026:10:04:18 -0400] "GET /wp-content/uploads/2024/03/ShoeNation-Logo.png HTTP/1.1" 200 0 "https://www.shoenation.me/product-category/nike/sb-dunk/?filter_size=37%2C41%2C43&stock_status=instock" "Mozilla/5.0 (compatible; Bytespider; spider-feedback@bytedance.com) AppleWebKit/537.36 (KHTML, like Gecko) Chrome/70.0.0.0 Safari/537.36"
47.128.62.18 - - [15/May/2026:10:04:18 -0400] "GET /wp-content/uploads/2025/02/IMG_0260-150x150.jpeg HTTP/1.1" 200 0 "https://www.shoenation.me/product-category/nike/sb-dunk/?filter_size=37%2C41%2C43&stock_status=instock" "Mozilla/5.0 (compatible; Bytespider; spider-feedback@bytedance.com) AppleWebKit/537.36 (KHTML, like Gecko) Chrome/70.0.0.0 Safari/537.36"
47.128.62.18 - - [15/May/2026:10:04:18 -0400] "GET /wp-content/uploads/2025/02/new-balance-530-miu-miu-v0-0p61tlqcrp2d1-150x150.webp HTTP/1.1" 200 0 "https://www.shoenation.me/product-category/nike/sb-dunk/?filter_size=37%2C41%2C43&stock_status=instock" "Mozilla/5.0 (compatible; Bytespider; spider-feedback@bytedance.com) AppleWebKit/537.36 (KHTML, like Gecko) Chrome/70.0.0.0 Safari/537.36"
47.128.62.18 - - [15/May/2026:10:04:18 -0400] "GET /wp-content/uploads/2025/02/download-150x150.jpg HTTP/1.1" 200 0 "https://www.shoenation.me/product-category/nike/sb-dunk/?filter_size=37%2C41%2C43&stock_status=instock" "Mozilla/5.0 (compatible; Bytespider; spider-feedback@bytedance.com) AppleWebKit/537.36 (KHTML, like Gecko) Chrome/70.0.0.0 Safari/537.36"
47.128.62.18 - - [15/May/2026:10:04:19 -0400] "GET /wp-content/uploads/2024/06/5ef42a4788df9cdaaf135d9583f2228b-1-150x150.jpg HTTP/1.1" 200 0 "https://www.shoenation.me/product-category/nike/sb-dunk/?filter_size=37%2C41%2C43&stock_status=instock" "Mozilla/5.0 (compatible; Bytespider; spider-feedback@bytedance.com) AppleWebKit/537.36 (KHTML, like Gecko) Chrome/70.0.0.0 Safari/537.36"
47.128.62.18 - - [15/May/2026:10:04:19 -0400] "GET /wp-content/uploads/2024/06/63922ed58580f70019f80ea5-1-150x150.webp HTTP/1.1" 200 0 "https://www.shoenation.me/product-category/nike/sb-dunk/?filter_size=37%2C41%2C43&stock_status=instock" "Mozilla/5.0 (compatible; Bytespider; spider-feedback@bytedance.com) AppleWebKit/537.36 (KHTML, like Gecko) Chrome/70.0.0.0 Safari/537.36"
47.128.62.18 - - [15/May/2026:10:04:19 -0400] "GET /wp-content/uploads/2024/06/3423897250m8_zm-1-150x150.jpg HTTP/1.1" 200 0 "https://www.shoenation.me/product-category/nike/sb-dunk/?filter_size=37%2C41%2C43&stock_status=instock" "Mozilla/5.0 (compatible; Bytespider; spider-feedback@bytedance.com) AppleWebKit/537.36 (KHTML, like Gecko) Chrome/70.0.0.0 Safari/537.36"
47.128.62.18 - - [15/May/2026:10:04:19 -0400] "GET /wp-content/uploads/2025/02/614b4079e84ea91f6aa9d9919838a0d6.jpg_720x720q80-150x150.jpg HTTP/1.1" 200 0 "https://www.shoenation.me/product-category/nike/sb-dunk/?filter_size=37%2C41%2C43&stock_status=instock" "Mozilla/5.0 (compatible; Bytespider; spider-feedback@bytedance.com) AppleWebKit/537.36 (KHTML, like Gecko) Chrome/70.0.0.0 Safari/537.36"
47.128.62.18 - - [15/May/2026:10:04:19 -0400] "GET /wp-content/uploads/2024/06/ca089c0521d61637a52311e4c5c83f0f-150x150.jpg HTTP/1.1" 200 0 "https://www.shoenation.me/product-category/nike/sb-dunk/?filter_size=37%2C41%2C43&stock_status=instock" "Mozilla/5.0 (compatible; Bytespider; spider-feedback@bytedance.com) AppleWebKit/537.36 (KHTML, like Gecko) Chrome/70.0.0.0 Safari/537.36"
47.128.62.18 - - [15/May/2026:10:04:19 -0400] "GET /wp-content/uploads/2024/06/product-jpeg-500x500-1-150x150.webp HTTP/1.1" 200 0 "https://www.shoenation.me/product-category/nike/sb-dunk/?filter_size=37%2C41%2C43&stock_status=instock" "Mozilla/5.0 (compatible; Bytespider; spider-feedback@bytedance.com) AppleWebKit/537.36 (KHTML, like Gecko) Chrome/70.0.0.0 Safari/537.36"
47.128.62.18 - - [15/May/2026:10:04:19 -0400] "GET /wp-content/uploads/2024/06/17-best-nike-running-shoes-15275-150x150.webp HTTP/1.1" 200 0 "https://www.shoenation.me/product-category/nike/sb-dunk/?filter_size=37%2C41%2C43&stock_status=instock" "Mozilla/5.0 (compatible; Bytespider; spider-feedback@bytedance.com) AppleWebKit/537.36 (KHTML, like Gecko) Chrome/70.0.0.0 Safari/537.36"
47.128.62.18 - - [15/May/2026:10:04:19 -0400] "GET /wp-content/uploads/2024/03/OUDU0159-2-430x430.png HTTP/1.1" 200 0 "https://www.shoenation.me/product-category/nike/sb-dunk/?filter_size=37%2C41%2C43&stock_status=instock" "Mozilla/5.0 (compatible; Bytespider; spider-feedback@bytedance.com) AppleWebKit/537.36 (KHTML, like Gecko) Chrome/70.0.0.0 Safari/537.36"
47.128.62.18 - - [15/May/2026:10:04:19 -0400] "GET /wp-content/uploads/2024/03/OUDU0159-1-430x430.png HTTP/1.1" 200 0 "https://www.shoenation.me/product-category/nike/sb-dunk/?filter_size=37%2C41%2C43&stock_status=instock" "Mozilla/5.0 (compatible; Bytespider; spider-feedback@bytedance.com) AppleWebKit/537.36 (KHTML, like Gecko) Chrome/70.0.0.0 Safari/537.36"
47.128.62.18 - - [15/May/2026:10:04:19 -0400] "GET /wp-content/uploads/2024/05/GyXtxDOe9eBxBoUp2oOV8C6jStqg2fSwAbMZRFsr-430x430.webp HTTP/1.1" 200 0 "https://www.shoenation.me/product-category/nike/sb-dunk/?filter_size=37%2C41%2C43&stock_status=instock" "Mozilla/5.0 (compatible; Bytespider; spider-feedback@bytedance.com) AppleWebKit/537.36 (KHTML, like Gecko) Chrome/70.0.0.0 Safari/537.36"
47.128.62.18 - - [15/May/2026:10:04:19 -0400] "GET /wp-content/uploads/2024/05/CXxmX51S0q4dh2GEkfhm42rGuXpYfELSmhmdh8tU-430x430.webp HTTP/1.1" 200 0 "https://www.shoenation.me/product-category/nike/sb-dunk/?filter_size=37%2C41%2C43&stock_status=instock" "Mozilla/5.0 (compatible; Bytespider; spider-feedback@bytedance.com) AppleWebKit/537.36 (KHTML, like Gecko) Chrome/70.0.0.0 Safari/537.36"
47.128.62.18 - - [15/May/2026:10:04:19 -0400] "GET /wp-content/uploads/2024/05/cb72f78fd8042dd273a28a45a838e8ca_1653077427-430x430.jpeg HTTP/1.1" 200 0 "https://www.shoenation.me/product-category/nike/sb-dunk/?filter_size=37%2C41%2C43&stock_status=instock" "Mozilla/5.0 (compatible; Bytespider; spider-feedback@bytedance.com) AppleWebKit/537.36 (KHTML, like Gecko) Chrome/70.0.0.0 Safari/537.36"
47.128.62.18 - - [15/May/2026:10:04:19 -0400] "GET /wp-content/uploads/2024/05/23fd66ac4b160d6904613145b49389ad_1653077430-430x430.jpeg HTTP/1.1" 200 0 "https://www.shoenation.me/product-category/nike/sb-dunk/?filter_size=37%2C41%2C43&stock_status=instock" "Mozilla/5.0 (compatible; Bytespider; spider-feedback@bytedance.com) AppleWebKit/537.36 (KHTML, like Gecko) Chrome/70.0.0.0 Safari/537.36"
47.128.62.18 - - [15/May/2026:10:04:19 -0400] "GET /wp-content/uploads/2024/03/OUDU0169-3-430x430.png HTTP/1.1" 200 0 "https://www.shoenation.me/product-category/nike/sb-dunk/?filter_size=37%2C41%2C43&stock_status=instock" "Mozilla/5.0 (compatible; Bytespider; spider-feedback@bytedance.com) AppleWebKit/537.36 (KHTML, like Gecko) Chrome/70.0.0.0 Safari/537.36"
47.128.62.18 - - [15/May/2026:10:04:19 -0400] "GET /wp-content/uploads/2024/03/OUDU0169-1-430x430.png HTTP/1.1" 200 0 "https://www.shoenation.me/product-category/nike/sb-dunk/?filter_size=37%2C41%2C43&stock_status=instock" "Mozilla/5.0 (compatible; Bytespider; spider-feedback@bytedance.com) AppleWebKit/537.36 (KHTML, like Gecko) Chrome/70.0.0.0 Safari/537.36"
47.128.62.18 - - [15/May/2026:10:04:19 -0400] "GET /wp-content/uploads/2024/03/OUDU0163-3-430x430.png HTTP/1.1" 200 0 "https://www.shoenation.me/product-category/nike/sb-dunk/?filter_size=37%2C41%2C43&stock_status=instock" "Mozilla/5.0 (compatible; Bytespider; spider-feedback@bytedance.com) AppleWebKit/537.36 (KHTML, like Gecko) Chrome/70.0.0.0 Safari/537.36"
47.128.62.18 - - [15/May/2026:10:04:19 -0400] "GET /wp-content/uploads/2024/03/OUDU0163-1-430x430.png HTTP/1.1" 200 0 "https://www.shoenation.me/product-category/nike/sb-dunk/?filter_size=37%2C41%2C43&stock_status=instock" "Mozilla/5.0 (compatible; Bytespider; spider-feedback@bytedance.com) AppleWebKit/537.36 (KHTML, like Gecko) Chrome/70.0.0.0 Safari/537.36"
47.128.62.18 - - [15/May/2026:10:04:19 -0400] "GET /wp-content/uploads/2024/05/NIKEDUNKLOWSPCLOTCORK-e1716318255425-1-430x376.webp HTTP/1.1" 200 0 "https://www.shoenation.me/product-category/nike/sb-dunk/?filter_size=37%2C41%2C43&stock_status=instock" "Mozilla/5.0 (compatible; Bytespider; spider-feedback@bytedance.com) AppleWebKit/537.36 (KHTML, like Gecko) Chrome/70.0.0.0 Safari/537.36"
47.128.62.18 - - [15/May/2026:10:04:19 -0400] "GET /wp-content/uploads/2024/05/1_14c3d3b0-3479-447d-828c-7aed3e788c7b-430x430.webp HTTP/1.1" 200 0 "https://www.shoenation.me/product-category/nike/sb-dunk/?filter_size=37%2C41%2C43&stock_status=instock" "Mozilla/5.0 (compatible; Bytespider; spider-feedback@bytedance.com) AppleWebKit/537.36 (KHTML, like Gecko) Chrome/70.0.0.0 Safari/537.36"
47.128.62.18 - - [15/May/2026:10:04:19 -0400] "GET /wp-content/uploads/2024/03/OUDU0181-3-430x430.png HTTP/1.1" 200 0 "https://www.shoenation.me/product-category/nike/sb-dunk/?filter_size=37%2C41%2C43&stock_status=instock" "Mozilla/5.0 (compatible; Bytespider; spider-feedback@bytedance.com) AppleWebKit/537.36 (KHTML, like Gecko) Chrome/70.0.0.0 Safari/537.36"
47.128.62.18 - - [15/May/2026:10:04:19 -0400] "GET /wp-content/uploads/2024/03/OUDU0181-1-430x430.png HTTP/1.1" 200 0 "https://www.shoenation.me/product-category/nike/sb-dunk/?filter_size=37%2C41%2C43&stock_status=instock" "Mozilla/5.0 (compatible; Bytespider; spider-feedback@bytedance.com) AppleWebKit/537.36 (KHTML, like Gecko) Chrome/70.0.0.0 Safari/537.36"
47.128.62.18 - - [15/May/2026:10:04:19 -0400] "GET /wp-content/uploads/2024/05/OUDU0145-2-430x430.png HTTP/1.1" 200 0 "https://www.shoenation.me/product-category/nike/sb-dunk/?filter_size=37%2C41%2C43&stock_status=instock" "Mozilla/5.0 (compatible; Bytespider; spider-feedback@bytedance.com) AppleWebKit/537.36 (KHTML, like Gecko) Chrome/70.0.0.0 Safari/537.36"
47.128.62.18 - - [15/May/2026:10:04:19 -0400] "GET /wp-content/uploads/2024/05/OUDU0145-1-430x430.png HTTP/1.1" 200 0 "https://www.shoenation.me/product-category/nike/sb-dunk/?filter_size=37%2C41%2C43&stock_status=instock" "Mozilla/5.0 (compatible; Bytespider; spider-feedback@bytedance.com) AppleWebKit/537.36 (KHTML, like Gecko) Chrome/70.0.0.0 Safari/537.36"
47.128.62.18 - - [15/May/2026:10:04:38 -0400] "GET /wp-content/uploads/2024/03/OUDU0175-3-430x430.png HTTP/1.1" 200 0 "https://www.shoenation.me/product-category/nike/sb-dunk/?filter_size=37%2C41%2C43&stock_status=instock" "Mozilla/5.0 (compatible; Bytespider; spider-feedback@bytedance.com) AppleWebKit/537.36 (KHTML, like Gecko) Chrome/70.0.0.0 Safari/537.36"
47.128.62.18 - - [15/May/2026:10:04:38 -0400] "GET /wp-content/uploads/2024/03/OUDU0175-1-430x430.png HTTP/1.1" 200 0 "https://www.shoenation.me/product-category/nike/sb-dunk/?filter_size=37%2C41%2C43&stock_status=instock" "Mozilla/5.0 (compatible; Bytespider; spider-feedback@bytedance.com) AppleWebKit/537.36 (KHTML, like Gecko) Chrome/70.0.0.0 Safari/537.36"
47.128.62.18 - - [15/May/2026:10:04:38 -0400] "GET /wp-content/uploads/2024/03/OUDU0190-2-430x430.png HTTP/1.1" 200 0 "https://www.shoenation.me/product-category/nike/sb-dunk/?filter_size=37%2C41%2C43&stock_status=instock" "Mozilla/5.0 (compatible; Bytespider; spider-feedback@bytedance.com) AppleWebKit/537.36 (KHTML, like Gecko) Chrome/70.0.0.0 Safari/537.36"
47.128.62.18 - - [15/May/2026:10:04:38 -0400] "GET /wp-content/uploads/2024/03/OUDU0190-1-430x430.png HTTP/1.1" 200 0 "https://www.shoenation.me/product-category/nike/sb-dunk/?filter_size=37%2C41%2C43&stock_status=instock" "Mozilla/5.0 (compatible; Bytespider; spider-feedback@bytedance.com) AppleWebKit/537.36 (KHTML, like Gecko) Chrome/70.0.0.0 Safari/537.36"
47.128.62.18 - - [15/May/2026:10:04:38 -0400] "GET /wp-content/uploads/2024/03/OUDU0149-2-430x430.png HTTP/1.1" 200 0 "https://www.shoenation.me/product-category/nike/sb-dunk/?filter_size=37%2C41%2C43&stock_status=instock" "Mozilla/5.0 (compatible; Bytespider; spider-feedback@bytedance.com) AppleWebKit/537.36 (KHTML, like Gecko) Chrome/70.0.0.0 Safari/537.36"
47.128.62.18 - - [15/May/2026:10:04:38 -0400] "GET /wp-content/uploads/2024/03/OUDU0149-1-430x430.png HTTP/1.1" 200 0 "https://www.shoenation.me/product-category/nike/sb-dunk/?filter_size=37%2C41%2C43&stock_status=instock" "Mozilla/5.0 (compatible; Bytespider; spider-feedback@bytedance.com) AppleWebKit/537.36 (KHTML, like Gecko) Chrome/70.0.0.0 Safari/537.36"
47.128.62.18 - - [15/May/2026:10:04:38 -0400] "GET /wp-content/uploads/2024/03/OUDU0193-2-430x430.png HTTP/1.1" 200 0 "https://www.shoenation.me/product-category/nike/sb-dunk/?filter_size=37%2C41%2C43&stock_status=instock" "Mozilla/5.0 (compatible; Bytespider; spider-feedback@bytedance.com) AppleWebKit/537.36 (KHTML, like Gecko) Chrome/70.0.0.0 Safari/537.36"
47.128.62.18 - - [15/May/2026:10:04:38 -0400] "GET /wp-content/uploads/2024/03/OUDU0193-1-430x430.png HTTP/1.1" 200 0 "https://www.shoenation.me/product-category/nike/sb-dunk/?filter_size=37%2C41%2C43&stock_status=instock" "Mozilla/5.0 (compatible; Bytespider; spider-feedback@bytedance.com) AppleWebKit/537.36 (KHTML, like Gecko) Chrome/70.0.0.0 Safari/537.36"
47.128.62.18 - - [15/May/2026:10:04:38 -0400] "GET /wp-content/uploads/2024/03/wd-envelope-dark.svg HTTP/1.1" 200 0 "https://www.shoenation.me/product-category/nike/sb-dunk/?filter_size=37%2C41%2C43&stock_status=instock" "Mozilla/5.0 (compatible; Bytespider; spider-feedback@bytedance.com) AppleWebKit/537.36 (KHTML, like Gecko) Chrome/70.0.0.0 Safari/537.36"
67.223.118.104 - - [15/May/2026:10:04:55 -0400] "POST /wp-cron.php?doing_wp_cron=1778853895.2384159564971923828125 HTTP/1.1" 200 0 "-" "WordPress/6.9.4; https://www.shoenation.me"
66.249.73.72 - - [15/May/2026:10:05:00 -0400] "GET /?product_cat=on-running&filter_size=38,43,47 HTTP/1.1" 200 25275 "-" "Mozilla/5.0 (Linux; Android 6.0.1; Nexus 5X Build/MMB29P) AppleWebKit/537.36 (KHTML, like Gecko) Chrome/148.0.7778.96 Mobile Safari/537.36 (compatible; Googlebot/2.1; +http://www.google.com/bot.html)"
94.103.87.20 - - [15/May/2026:10:04:22 -0400] "GET /?product_cat=9060&filter_size=38,40&per_page=12&paged=2 HTTP/1.1" 301 0 "-" "Mozilla/5.0 (compatible; MJ12bot/v1.4.8; http://mj12bot.com/)"
94.103.87.20 - - [15/May/2026:10:05:04 -0400] "GET /?product_cat=9060&filter_size=38,40,42,44&stock_status=instock,onsale&paged=2 HTTP/1.1" 301 0 "-" "Mozilla/5.0 (compatible; MJ12bot/v1.4.8; http://mj12bot.com/)"
94.103.87.20 - - [15/May/2026:10:05:17 -0400] "GET /product-category/new-balance/9060/page/2/?filter_size=38%2C40%2C42%2C44&stock_status=instock%2Consale HTTP/1.1" 200 51372 "-" "Mozilla/5.0 (compatible; MJ12bot/v1.4.8; http://mj12bot.com/)"
94.103.87.20 - - [15/May/2026:10:05:37 -0400] "GET /?product_cat=9060&filter_size=38,40,42,44&stock_status=instock,onsale&paged=3 HTTP/1.1" 301 0 "-" "Mozilla/5.0 (compatible; MJ12bot/v1.4.8; http://mj12bot.com/)"
94.103.87.20 - - [15/May/2026:10:05:41 -0400] "GET /product-category/new-balance/9060/page/3/?filter_size=38%2C40%2C42%2C44&stock_status=instock%2Consale HTTP/1.1" 200 50689 "-" "Mozilla/5.0 (compatible; MJ12bot/v1.4.8; http://mj12bot.com/)"
66.249.73.72 - - [15/May/2026:10:05:53 -0400] "GET /shop.php?products/6717384 HTTP/1.1" 200 26177 "-" "Mozilla/5.0 (Linux; Android 6.0.1; Nexus 5X Build/MMB29P) AppleWebKit/537.36 (KHTML, like Gecko) Chrome/148.0.7778.96 Mobile Safari/537.36 (compatible; Googlebot/2.1; +http://www.google.com/bot.html)"
94.103.87.20 - - [15/May/2026:10:05:51 -0400] "GET /?product_cat=9060&filter_size=38,40,42,44&stock_status=onsale HTTP/1.1" 301 0 "-" "Mozilla/5.0 (compatible; MJ12bot/v1.4.8; http://mj12bot.com/)"
66.249.73.71 - - [15/May/2026:10:05:54 -0400] "GET /?detail/483119923 HTTP/1.1" 200 23981 "-" "Mozilla/5.0 (Linux; Android 6.0.1; Nexus 5X Build/MMB29P) AppleWebKit/537.36 (KHTML, like Gecko) Chrome/148.0.7778.96 Mobile Safari/537.36 (compatible; Googlebot/2.1; +http://www.google.com/bot.html)"
67.223.118.104 - - [15/May/2026:10:06:03 -0400] "POST /wp-cron.php?doing_wp_cron=1778853963.7365839481353759765625 HTTP/1.1" 200 0 "-" "WordPress/6.9.4; https://www.shoenation.me"
94.103.87.20 - - [15/May/2026:10:05:57 -0400] "GET /product-category/new-balance/9060/?filter_size=38%2C40%2C42%2C44&stock_status=onsale HTTP/1.1" 200 47092 "-" "Mozilla/5.0 (compatible; MJ12bot/v1.4.8; http://mj12bot.com/)"
94.103.87.20 - - [15/May/2026:10:06:06 -0400] "GET /?product_cat=9060&filter_size=38,40,42,44,45&per_page=12 HTTP/1.1" 301 0 "-" "Mozilla/5.0 (compatible; MJ12bot/v1.4.8; http://mj12bot.com/)"
67.223.118.104 - - [15/May/2026:10:06:20 -0400] "POST /wp-cron.php?doing_wp_cron=1778853980.5444729328155517578125 HTTP/1.1" 200 0 "-" "WordPress/6.9.4; https://www.shoenation.me"
94.103.87.20 - - [15/May/2026:10:06:12 -0400] "GET /product-category/new-balance/9060/?filter_size=38%2C40%2C42%2C44%2C45&per_page=12 HTTP/1.1" 200 51628 "-" "Mozilla/5.0 (compatible; MJ12bot/v1.4.8; http://mj12bot.com/)"
94.103.87.20 - - [15/May/2026:10:06:23 -0400] "GET /?product_cat=9060&filter_size=38,40,42,44,45&per_page=12&paged=2 HTTP/1.1" 301 0 "-" "Mozilla/5.0 (compatible; MJ12bot/v1.4.8; http://mj12bot.com/)"
94.103.87.20 - - [15/May/2026:10:06:30 -0400] "GET /product-category/new-balance/9060/page/2/?filter_size=38%2C40%2C42%2C44%2C45&per_page=12 HTTP/1.1" 200 51295 "-" "Mozilla/5.0 (compatible; MJ12bot/v1.4.8; http://mj12bot.com/)"
94.103.87.20 - - [15/May/2026:10:06:48 -0400] "GET /?product_cat=9060&filter_size=38,40,43,44&per_page=12 HTTP/1.1" 301 0 "-" "Mozilla/5.0 (compatible; MJ12bot/v1.4.8; http://mj12bot.com/)"
67.223.118.104 - - [15/May/2026:10:07:01 -0400] "POST /wp-cron.php?doing_wp_cron=1778854021.0574491024017333984375 HTTP/1.1" 200 0 "-" "WordPress/6.9.4; https://www.shoenation.me"
94.103.87.20 - - [15/May/2026:10:06:53 -0400] "GET /product-category/new-balance/9060/?filter_size=38%2C40%2C43%2C44&per_page=12 HTTP/1.1" 200 51562 "-" "Mozilla/5.0 (compatible; MJ12bot/v1.4.8; http://mj12bot.com/)"
94.103.87.20 - - [15/May/2026:10:07:03 -0400] "GET /?product_cat=9060&filter_size=38,40,43,44&per_page=12&paged=2 HTTP/1.1" 301 0 "-" "Mozilla/5.0 (compatible; MJ12bot/v1.4.8; http://mj12bot.com/)"
67.223.118.104 - - [15/May/2026:10:07:18 -0400] "POST /wp-cron.php?doing_wp_cron=1778854038.7502660751342773437500 HTTP/1.1" 200 0 "-" "WordPress/6.9.4; https://www.shoenation.me"
94.103.87.20 - - [15/May/2026:10:07:09 -0400] "GET /product-category/new-balance/9060/page/2/?filter_size=38%2C40%2C43%2C44&per_page=12 HTTP/1.1" 200 51316 "-" "Mozilla/5.0 (compatible; MJ12bot/v1.4.8; http://mj12bot.com/)"
94.103.87.20 - - [15/May/2026:10:07:21 -0400] "GET /?product_cat=9060&filter_size=38,40,43,44&per_page=24 HTTP/1.1" 301 0 "-" "Mozilla/5.0 (compatible; MJ12bot/v1.4.8; http://mj12bot.com/)"
94.103.87.20 - - [15/May/2026:10:07:27 -0400] "GET /product-category/new-balance/9060/?filter_size=38%2C40%2C43%2C44&per_page=24 HTTP/1.1" 200 53675 "-" "Mozilla/5.0 (compatible; MJ12bot/v1.4.8; http://mj12bot.com/)"
94.103.87.20 - - [15/May/2026:10:07:39 -0400] "GET /?product_cat=9060&filter_size=38,40,43,44&per_page=24&paged=2 HTTP/1.1" 301 0 "-" "Mozilla/5.0 (compatible; MJ12bot/v1.4.8; http://mj12bot.com/)"
94.103.87.20 - - [15/May/2026:10:07:45 -0400] "GET /product-category/new-balance/9060/page/2/?filter_size=38%2C40%2C43%2C44&per_page=24 HTTP/1.1" 200 50768 "-" "Mozilla/5.0 (compatible; MJ12bot/v1.4.8; http://mj12bot.com/)"
47.128.62.198 - - [15/May/2026:10:08:02 -0400] "GET /?product=new-balance-2002r-gray-sneaker-nnnn HTTP/1.1" 200 52409 "-" "Mozilla/5.0 (compatible; Bytespider; spider-feedback@bytedance.com) AppleWebKit/537.36 (KHTML, like Gecko) Chrome/70.0.0.0 Safari/537.36"
47.128.62.198 - - [15/May/2026:10:08:09 -0400] "GET /wp-content/themes/woodmart-child/style.css?ver=7.4.3 HTTP/1.1" 200 196 "https://www.shoenation.me/?product=new-balance-2002r-gray-sneaker-nnnn" "Mozilla/5.0 (compatible; Bytespider; spider-feedback@bytedance.com) AppleWebKit/537.36 (KHTML, like Gecko) Chrome/70.0.0.0 Safari/537.36"
47.128.62.198 - - [15/May/2026:10:08:10 -0400] "GET /wp-content/themes/woodmart/css/parts/lib-photoswipe.min.css?ver=7.4.3 HTTP/1.1" 200 1704 "https://www.shoenation.me/?product=new-balance-2002r-gray-sneaker-nnnn" "Mozilla/5.0 (compatible; Bytespider; spider-feedback@bytedance.com) AppleWebKit/537.36 (KHTML, like Gecko) Chrome/70.0.0.0 Safari/537.36"
47.128.62.198 - - [15/May/2026:10:08:10 -0400] "GET /wp-content/themes/woodmart/css/parts/woo-mod-swatches-dis-style-1.min.css?ver=7.4.3 HTTP/1.1" 200 88 "https://www.shoenation.me/?product=new-balance-2002r-gray-sneaker-nnnn" "Mozilla/5.0 (compatible; Bytespider; spider-feedback@bytedance.com) AppleWebKit/537.36 (KHTML, like Gecko) Chrome/70.0.0.0 Safari/537.36"
47.128.62.198 - - [15/May/2026:10:08:10 -0400] "GET /wp-content/themes/woodmart/css/parts/woo-single-prod-and-quick-view-predefined.min.css?ver=7.4.3 HTTP/1.1" 200 465 "https://www.shoenation.me/?product=new-balance-2002r-gray-sneaker-nnnn" "Mozilla/5.0 (compatible; Bytespider; spider-feedback@bytedance.com) AppleWebKit/537.36 (KHTML, like Gecko) Chrome/70.0.0.0 Safari/537.36"
47.128.62.198 - - [15/May/2026:10:08:10 -0400] "GET /wp-content/themes/woodmart/css/parts/lib-swiper.min.css?ver=7.4.3 HTTP/1.1" 200 509 "https://www.shoenation.me/?product=new-balance-2002r-gray-sneaker-nnnn" "Mozilla/5.0 (compatible; Bytespider; spider-feedback@bytedance.com) AppleWebKit/537.36 (KHTML, like Gecko) Chrome/70.0.0.0 Safari/537.36"
47.128.62.198 - - [15/May/2026:10:08:10 -0400] "GET /wp-content/themes/woodmart/css/parts/el-list.min.css?ver=7.4.3 HTTP/1.1" 200 406 "https://www.shoenation.me/?product=new-balance-2002r-gray-sneaker-nnnn" "Mozilla/5.0 (compatible; Bytespider; spider-feedback@bytedance.com) AppleWebKit/537.36 (KHTML, like Gecko) Chrome/70.0.0.0 Safari/537.36"
47.128.62.198 - - [15/May/2026:10:08:10 -0400] "GET /wp-content/themes/woodmart/css/parts/opt-widget-collapse.min.css?ver=7.4.3 HTTP/1.1" 200 349 "https://www.shoenation.me/?product=new-balance-2002r-gray-sneaker-nnnn" "Mozilla/5.0 (compatible; Bytespider; spider-feedback@bytedance.com) AppleWebKit/537.36 (KHTML, like Gecko) Chrome/70.0.0.0 Safari/537.36"
47.128.62.198 - - [15/May/2026:10:08:10 -0400] "GET /wp-content/themes/woodmart/css/parts/woo-single-prod-el-tabs-opt-layout-tabs.min.css?ver=7.4.3 HTTP/1.1" 200 176 "https://www.shoenation.me/?product=new-balance-2002r-gray-sneaker-nnnn" "Mozilla/5.0 (compatible; Bytespider; spider-feedback@bytedance.com) AppleWebKit/537.36 (KHTML, like Gecko) Chrome/70.0.0.0 Safari/537.36"
47.128.62.198 - - [15/May/2026:10:08:10 -0400] "GET /wp-content/themes/woodmart/css/parts/opt-scrolltotop.min.css?ver=7.4.3 HTTP/1.1" 200 345 "https://www.shoenation.me/?product=new-balance-2002r-gray-sneaker-nnnn" "Mozilla/5.0 (compatible; Bytespider; spider-feedback@bytedance.com) AppleWebKit/537.36 (KHTML, like Gecko) Chrome/70.0.0.0 Safari/537.36"
47.128.62.198 - - [15/May/2026:10:08:10 -0400] "GET /wp-content/themes/woodmart/css/parts/header-el-search-fullscreen-1.min.css?ver=7.4.3 HTTP/1.1" 200 1028 "https://www.shoenation.me/?product=new-balance-2002r-gray-sneaker-nnnn" "Mozilla/5.0 (compatible; Bytespider; spider-feedback@bytedance.com) AppleWebKit/537.36 (KHTML, like Gecko) Chrome/70.0.0.0 Safari/537.36"
107.189.29.201 - - [15/May/2026:10:08:18 -0400] "GET /wp-login.php HTTP/1.1" 200 0 "-" "Mozilla/5.0 (X11; Linux x86_64; rv:31.0) Gecko/20100101 Firefox/31.0"
85.208.96.194 - - [15/May/2026:10:08:23 -0400] "GET /robots.txt HTTP/1.1" 200 71 "-" "Mozilla/5.0 (compatible; SemrushBot/7~bl; +http://www.semrush.com/bot.html)"
67.223.118.104 - - [15/May/2026:10:08:33 -0400] "POST /wp-cron.php?doing_wp_cron=1778854113.5378820896148681640625 HTTP/1.1" 200 0 "-" "WordPress/6.9.4; https://www.shoenation.me"
47.128.62.198 - - [15/May/2026:10:08:11 -0400] "GET /wp-content/uploads/2024/03/OUNB0042-2-150x150.png HTTP/1.1" 404 178458 "https://www.shoenation.me/?product=new-balance-2002r-gray-sneaker-nnnn" "Mozilla/5.0 (compatible; Bytespider; spider-feedback@bytedance.com) AppleWebKit/537.36 (KHTML, like Gecko) Chrome/70.0.0.0 Safari/537.36"
47.128.62.198 - - [15/May/2026:10:08:11 -0400] "GET /wp-content/uploads/2024/03/OUNB0042-1-150x150.png HTTP/1.1" 404 178458 "https://www.shoenation.me/?product=new-balance-2002r-gray-sneaker-nnnn" "Mozilla/5.0 (compatible; Bytespider; spider-feedback@bytedance.com) AppleWebKit/537.36 (KHTML, like Gecko) Chrome/70.0.0.0 Safari/537.36"
47.128.62.198 - - [15/May/2026:10:08:10 -0400] "GET /wp-content/uploads/2025/02/download-150x150.jpg HTTP/1.1" 404 178452 "https://www.shoenation.me/?product=new-balance-2002r-gray-sneaker-nnnn" "Mozilla/5.0 (compatible; Bytespider; spider-feedback@bytedance.com) AppleWebKit/537.36 (KHTML, like Gecko) Chrome/70.0.0.0 Safari/537.36"
47.128.62.198 - - [15/May/2026:10:08:10 -0400] "GET /wp-content/uploads/2025/02/new-balance-530-miu-miu-v0-0p61tlqcrp2d1-150x150.webp HTTP/1.1" 404 178551 "https://www.shoenation.me/?product=new-balance-2002r-gray-sneaker-nnnn" "Mozilla/5.0 (compatible; Bytespider; spider-feedback@bytedance.com) AppleWebKit/537.36 (KHTML, like Gecko) Chrome/70.0.0.0 Safari/537.36"
47.128.62.198 - - [15/May/2026:10:08:11 -0400] "GET /wp-content/uploads/2024/03/OUNB0062-1-430x430.png HTTP/1.1" 404 178458 "https://www.shoenation.me/?product=new-balance-2002r-gray-sneaker-nnnn" "Mozilla/5.0 (compatible; Bytespider; spider-feedback@bytedance.com) AppleWebKit/537.36 (KHTML, like Gecko) Chrome/70.0.0.0 Safari/537.36"
47.128.62.198 - - [15/May/2026:10:08:10 -0400] "GET /wp-content/uploads/2024/03/ShoeNation-Logo.png HTTP/1.1" 404 178449 "https://www.shoenation.me/?product=new-balance-2002r-gray-sneaker-nnnn" "Mozilla/5.0 (compatible; Bytespider; spider-feedback@bytedance.com) AppleWebKit/537.36 (KHTML, like Gecko) Chrome/70.0.0.0 Safari/537.36"
47.128.62.198 - - [15/May/2026:10:08:11 -0400] "GET /wp-content/uploads/2024/03/OUNB0062-3-430x430.png HTTP/1.1" 404 178458 "https://www.shoenation.me/?product=new-balance-2002r-gray-sneaker-nnnn" "Mozilla/5.0 (compatible; Bytespider; spider-feedback@bytedance.com) AppleWebKit/537.36 (KHTML, like Gecko) Chrome/70.0.0.0 Safari/537.36"
47.128.62.198 - - [15/May/2026:10:08:11 -0400] "GET /wp-content/uploads/2024/03/OUNB0041-3-430x430.png HTTP/1.1" 404 178458 "https://www.shoenation.me/?product=new-balance-2002r-gray-sneaker-nnnn" "Mozilla/5.0 (compatible; Bytespider; spider-feedback@bytedance.com) AppleWebKit/537.36 (KHTML, like Gecko) Chrome/70.0.0.0 Safari/537.36"
47.128.62.198 - - [15/May/2026:10:08:11 -0400] "GET /wp-content/uploads/2024/03/OUNB0041-1-430x430.png HTTP/1.1" 404 178458 "https://www.shoenation.me/?product=new-balance-2002r-gray-sneaker-nnnn" "Mozilla/5.0 (compatible; Bytespider; spider-feedback@bytedance.com) AppleWebKit/537.36 (KHTML, like Gecko) Chrome/70.0.0.0 Safari/537.36"
47.128.62.198 - - [15/May/2026:10:08:11 -0400] "GET /wp-content/uploads/2024/03/wd-envelope-dark.svg HTTP/1.1" 404 178452 "https://www.shoenation.me/?product=new-balance-2002r-gray-sneaker-nnnn" "Mozilla/5.0 (compatible; Bytespider; spider-feedback@bytedance.com) AppleWebKit/537.36 (KHTML, like Gecko) Chrome/70.0.0.0 Safari/537.36"
47.128.62.198 - - [15/May/2026:10:08:11 -0400] "GET /wp-content/uploads/2024/03/OUNB0042-3-150x150.png HTTP/1.1" 404 178458 "https://www.shoenation.me/?product=new-balance-2002r-gray-sneaker-nnnn" "Mozilla/5.0 (compatible; Bytespider; spider-feedback@bytedance.com) AppleWebKit/537.36 (KHTML, like Gecko) Chrome/70.0.0.0 Safari/537.36"
47.128.62.198 - - [15/May/2026:10:08:11 -0400] "GET /wp-content/uploads/2024/03/OUNB0064-1-430x430.png HTTP/1.1" 404 178458 "https://www.shoenation.me/?product=new-balance-2002r-gray-sneaker-nnnn" "Mozilla/5.0 (compatible; Bytespider; spider-feedback@bytedance.com) AppleWebKit/537.36 (KHTML, like Gecko) Chrome/70.0.0.0 Safari/537.36"
47.128.62.198 - - [15/May/2026:10:08:11 -0400] "GET /wp-content/uploads/2024/03/OUNB0042-1-700x700.png HTTP/1.1" 404 178458 "https://www.shoenation.me/?product=new-balance-2002r-gray-sneaker-nnnn" "Mozilla/5.0 (compatible; Bytespider; spider-feedback@bytedance.com) AppleWebKit/537.36 (KHTML, like Gecko) Chrome/70.0.0.0 Safari/537.36"
47.128.62.198 - - [15/May/2026:10:08:10 -0400] "GET /wp-content/uploads/2025/02/IMG_0260-150x150.jpeg HTTP/1.1" 404 178455 "https://www.shoenation.me/?product=new-balance-2002r-gray-sneaker-nnnn" "Mozilla/5.0 (compatible; Bytespider; spider-feedback@bytedance.com) AppleWebKit/537.36 (KHTML, like Gecko) Chrome/70.0.0.0 Safari/537.36"
47.128.62.198 - - [15/May/2026:10:08:11 -0400] "GET /wp-content/uploads/2024/03/OUNB0072-2-430x430.png HTTP/1.1" 404 178458 "https://www.shoenation.me/?product=new-balance-2002r-gray-sneaker-nnnn" "Mozilla/5.0 (compatible; Bytespider; spider-feedback@bytedance.com) AppleWebKit/537.36 (KHTML, like Gecko) Chrome/70.0.0.0 Safari/537.36"
47.128.62.198 - - [15/May/2026:10:08:11 -0400] "GET /wp-content/uploads/2024/03/OUNB0072-1-430x430.png HTTP/1.1" 404 178458 "https://www.shoenation.me/?product=new-balance-2002r-gray-sneaker-nnnn" "Mozilla/5.0 (compatible; Bytespider; spider-feedback@bytedance.com) AppleWebKit/537.36 (KHTML, like Gecko) Chrome/70.0.0.0 Safari/537.36"
47.128.62.198 - - [15/May/2026:10:08:11 -0400] "GET /wp-content/uploads/2024/03/OUNB0032-2-430x430.png HTTP/1.1" 404 178458 "https://www.shoenation.me/?product=new-balance-2002r-gray-sneaker-nnnn" "Mozilla/5.0 (compatible; Bytespider; spider-feedback@bytedance.com) AppleWebKit/537.36 (KHTML, like Gecko) Chrome/70.0.0.0 Safari/537.36"
47.128.62.198 - - [15/May/2026:10:08:11 -0400] "GET /wp-content/uploads/2024/03/OUNB0032-1-430x430.png HTTP/1.1" 404 178458 "https://www.shoenation.me/?product=new-balance-2002r-gray-sneaker-nnnn" "Mozilla/5.0 (compatible; Bytespider; spider-feedback@bytedance.com) AppleWebKit/537.36 (KHTML, like Gecko) Chrome/70.0.0.0 Safari/537.36"
67.223.118.104 - - [15/May/2026:10:08:44 -0400] "POST /wp-cron.php?doing_wp_cron=1778854124.3458919525146484375000 HTTP/1.1" 200 0 "-" "WordPress/6.9.4; https://www.shoenation.me"
185.191.171.13 - - [15/May/2026:10:08:23 -0400] "GET /?product=on-cloudnova-undyed-white-heather HTTP/1.1" 200 63905 "-" "Mozilla/5.0 (compatible; SemrushBot/7~bl; +http://www.semrush.com/bot.html)"
185.191.171.3 - - [15/May/2026:10:08:46 -0400] "GET /?product=air-jordan-1-low-bordeaux-sneakers HTTP/1.1" 200 62560 "-" "Mozilla/5.0 (compatible; SemrushBot/7~bl; +http://www.semrush.com/bot.html)"
85.208.96.208 - - [15/May/2026:10:08:53 -0400] "GET /product/air-jordan-1-low-bordeaux-sneakers/ HTTP/1.1" 200 63707 "-" "Mozilla/5.0 (compatible; SemrushBot/7~bl; +http://www.semrush.com/bot.html)"
85.208.96.210 - - [15/May/2026:10:08:59 -0400] "GET /product/on-cloudnova-undyed-white-heather/ HTTP/1.1" 200 63759 "-" "Mozilla/5.0 (compatible; SemrushBot/7~bl; +http://www.semrush.com/bot.html)"
66.249.73.71 - - [15/May/2026:10:09:34 -0400] "GET /?detail/159340380 HTTP/1.1" 200 24150 "-" "Mozilla/5.0 (Linux; Android 6.0.1; Nexus 5X Build/MMB29P) AppleWebKit/537.36 (KHTML, like Gecko) Chrome/148.0.7778.96 Mobile Safari/537.36 (compatible; Googlebot/2.1; +http://www.google.com/bot.html)"
67.223.118.104 - - [15/May/2026:10:12:22 -0400] "POST /wp-cron.php?doing_wp_cron=1778854342.7572550773620605468750 HTTP/1.1" 200 0 "-" "WordPress/6.9.4; https://www.shoenation.me"
47.128.62.124 - - [15/May/2026:10:12:03 -0400] "GET /?filter_size=37%2C38%2C39%2C40&per_page=18&per_row=3&product_cat=j4&shop_view=grid HTTP/1.1" 301 0 "-" "Mozilla/5.0 (compatible; Bytespider; spider-feedback@bytedance.com) AppleWebKit/537.36 (KHTML, like Gecko) Chrome/70.0.0.0 Safari/537.36"
47.128.62.124 - - [15/May/2026:10:12:23 -0400] "GET /product-category/nike/j4/?filter_size=37%2C38%2C39%2C40&per_page=18&per_row=3&shop_view=grid HTTP/1.1" 200 51941 "-" "Mozilla/5.0 (compatible; Bytespider; spider-feedback@bytedance.com) AppleWebKit/537.36 (KHTML, like Gecko) Chrome/70.0.0.0 Safari/537.36"
47.128.62.124 - - [15/May/2026:10:12:31 -0400] "GET /wp-content/themes/woodmart/css/parts/woo-mod-swatches-filter.min.css?ver=7.4.3 HTTP/1.1" 200 751 "https://www.shoenation.me/product-category/nike/j4/?filter_size=37%2C38%2C39%2C40&per_page=18&per_row=3&shop_view=grid" "Mozilla/5.0 (compatible; Bytespider; spider-feedback@bytedance.com) AppleWebKit/537.36 (KHTML, like Gecko) Chrome/70.0.0.0 Safari/537.36"
47.128.62.124 - - [15/May/2026:10:12:32 -0400] "GET /wp-content/themes/woodmart/css/parts/int-elem-base.min.css?ver=7.4.3 HTTP/1.1" 200 1045 "https://www.shoenation.me/product-category/nike/j4/?filter_size=37%2C38%2C39%2C40&per_page=18&per_row=3&shop_view=grid" "Mozilla/5.0 (compatible; Bytespider; spider-feedback@bytedance.com) AppleWebKit/537.36 (KHTML, like Gecko) Chrome/70.0.0.0 Safari/537.36"
47.128.62.124 - - [15/May/2026:10:12:32 -0400] "GET /wp-content/themes/woodmart/css/parts/woo-widget-active-filters.min.css?ver=7.4.3 HTTP/1.1" 200 165 "https://www.shoenation.me/product-category/nike/j4/?filter_size=37%2C38%2C39%2C40&per_page=18&per_row=3&shop_view=grid" "Mozilla/5.0 (compatible; Bytespider; spider-feedback@bytedance.com) AppleWebKit/537.36 (KHTML, like Gecko) Chrome/70.0.0.0 Safari/537.36"
47.128.62.124 - - [15/May/2026:10:12:32 -0400] "GET /wp-content/themes/woodmart-child/style.css?ver=7.4.3 HTTP/1.1" 200 196 "https://www.shoenation.me/product-category/nike/j4/?filter_size=37%2C38%2C39%2C40&per_page=18&per_row=3&shop_view=grid" "Mozilla/5.0 (compatible; Bytespider; spider-feedback@bytedance.com) AppleWebKit/537.36 (KHTML, like Gecko) Chrome/70.0.0.0 Safari/537.36"
47.128.62.124 - - [15/May/2026:10:12:32 -0400] "GET /wp-content/themes/woodmart/css/parts/woo-shop-el-order-by.min.css?ver=7.4.3 HTTP/1.1" 200 413 "https://www.shoenation.me/product-category/nike/j4/?filter_size=37%2C38%2C39%2C40&per_page=18&per_row=3&shop_view=grid" "Mozilla/5.0 (compatible; Bytespider; spider-feedback@bytedance.com) AppleWebKit/537.36 (KHTML, like Gecko) Chrome/70.0.0.0 Safari/537.36"
47.128.62.124 - - [15/May/2026:10:12:32 -0400] "GET /wp-content/themes/woodmart/css/parts/header-el-search.min.css?ver=7.4.3 HTTP/1.1" 200 326 "https://www.shoenation.me/product-category/nike/j4/?filter_size=37%2C38%2C39%2C40&per_page=18&per_row=3&shop_view=grid" "Mozilla/5.0 (compatible; Bytespider; spider-feedback@bytedance.com) AppleWebKit/537.36 (KHTML, like Gecko) Chrome/70.0.0.0 Safari/537.36"
47.128.62.124 - - [15/May/2026:10:12:33 -0400] "GET /wp-content/themes/woodmart/css/parts/mod-sticky-loader.min.css?ver=7.4.3 HTTP/1.1" 200 177 "https://www.shoenation.me/product-category/nike/j4/?filter_size=37%2C38%2C39%2C40&per_page=18&per_row=3&shop_view=grid" "Mozilla/5.0 (compatible; Bytespider; spider-feedback@bytedance.com) AppleWebKit/537.36 (KHTML, like Gecko) Chrome/70.0.0.0 Safari/537.36"
47.128.62.124 - - [15/May/2026:10:12:34 -0400] "GET /wp-content/plugins/elementor/assets/css/widget-heading.min.css?ver=4.0.8 HTTP/1.1" 200 126 "https://www.shoenation.me/product-category/nike/j4/?filter_size=37%2C38%2C39%2C40&per_page=18&per_row=3&shop_view=grid" "Mozilla/5.0 (compatible; Bytespider; spider-feedback@bytedance.com) AppleWebKit/537.36 (KHTML, like Gecko) Chrome/70.0.0.0 Safari/537.36"
47.128.62.124 - - [15/May/2026:10:12:35 -0400] "GET /wp-content/uploads/2024/03/OUJO0127-3-430x430.jpg HTTP/1.1" 200 0 "https://www.shoenation.me/product-category/nike/j4/?filter_size=37%2C38%2C39%2C40&per_page=18&per_row=3&shop_view=grid" "Mozilla/5.0 (compatible; Bytespider; spider-feedback@bytedance.com) AppleWebKit/537.36 (KHTML, like Gecko) Chrome/70.0.0.0 Safari/537.36"
47.128.62.124 - - [15/May/2026:10:12:34 -0400] "GET /wp-content/uploads/2024/03/OUJO0379-1-430x430.png HTTP/1.1" 200 0 "https://www.shoenation.me/product-category/nike/j4/?filter_size=37%2C38%2C39%2C40&per_page=18&per_row=3&shop_view=grid" "Mozilla/5.0 (compatible; Bytespider; spider-feedback@bytedance.com) AppleWebKit/537.36 (KHTML, like Gecko) Chrome/70.0.0.0 Safari/537.36"
47.128.62.124 - - [15/May/2026:10:12:34 -0400] "GET /wp-content/uploads/2024/04/OUJO0245-3-430x430.png HTTP/1.1" 200 0 "https://www.shoenation.me/product-category/nike/j4/?filter_size=37%2C38%2C39%2C40&per_page=18&per_row=3&shop_view=grid" "Mozilla/5.0 (compatible; Bytespider; spider-feedback@bytedance.com) AppleWebKit/537.36 (KHTML, like Gecko) Chrome/70.0.0.0 Safari/537.36"
47.128.62.124 - - [15/May/2026:10:12:34 -0400] "GET /wp-content/uploads/2025/02/download-150x150.jpg HTTP/1.1" 200 0 "https://www.shoenation.me/product-category/nike/j4/?filter_size=37%2C38%2C39%2C40&per_page=18&per_row=3&shop_view=grid" "Mozilla/5.0 (compatible; Bytespider; spider-feedback@bytedance.com) AppleWebKit/537.36 (KHTML, like Gecko) Chrome/70.0.0.0 Safari/537.36"
47.128.62.124 - - [15/May/2026:10:12:33 -0400] "GET /wp-content/uploads/2025/02/new-balance-530-miu-miu-v0-0p61tlqcrp2d1-150x150.webp HTTP/1.1" 200 0 "https://www.shoenation.me/product-category/nike/j4/?filter_size=37%2C38%2C39%2C40&per_page=18&per_row=3&shop_view=grid" "Mozilla/5.0 (compatible; Bytespider; spider-feedback@bytedance.com) AppleWebKit/537.36 (KHTML, like Gecko) Chrome/70.0.0.0 Safari/537.36"
47.128.62.124 - - [15/May/2026:10:12:34 -0400] "GET /wp-content/uploads/2024/04/OUJO0247-1-430x430.png HTTP/1.1" 200 0 "https://www.shoenation.me/product-category/nike/j4/?filter_size=37%2C38%2C39%2C40&per_page=18&per_row=3&shop_view=grid" "Mozilla/5.0 (compatible; Bytespider; spider-feedback@bytedance.com) AppleWebKit/537.36 (KHTML, like Gecko) Chrome/70.0.0.0 Safari/537.36"
47.128.62.124 - - [15/May/2026:10:12:34 -0400] "GET /wp-content/uploads/2024/04/OUJO0245-1-430x430.png HTTP/1.1" 200 0 "https://www.shoenation.me/product-category/nike/j4/?filter_size=37%2C38%2C39%2C40&per_page=18&per_row=3&shop_view=grid" "Mozilla/5.0 (compatible; Bytespider; spider-feedback@bytedance.com) AppleWebKit/537.36 (KHTML, like Gecko) Chrome/70.0.0.0 Safari/537.36"
47.128.62.124 - - [15/May/2026:10:12:33 -0400] "GET /wp-content/uploads/2025/02/IMG_0260-150x150.jpeg HTTP/1.1" 200 0 "https://www.shoenation.me/product-category/nike/j4/?filter_size=37%2C38%2C39%2C40&per_page=18&per_row=3&shop_view=grid" "Mozilla/5.0 (compatible; Bytespider; spider-feedback@bytedance.com) AppleWebKit/537.36 (KHTML, like Gecko) Chrome/70.0.0.0 Safari/537.36"
47.128.62.124 - - [15/May/2026:10:12:34 -0400] "GET /wp-content/uploads/2024/06/5ef42a4788df9cdaaf135d9583f2228b-1-150x150.jpg HTTP/1.1" 200 0 "https://www.shoenation.me/product-category/nike/j4/?filter_size=37%2C38%2C39%2C40&per_page=18&per_row=3&shop_view=grid" "Mozilla/5.0 (compatible; Bytespider; spider-feedback@bytedance.com) AppleWebKit/537.36 (KHTML, like Gecko) Chrome/70.0.0.0 Safari/537.36"
47.128.62.124 - - [15/May/2026:10:12:34 -0400] "GET /wp-content/uploads/2025/02/614b4079e84ea91f6aa9d9919838a0d6.jpg_720x720q80-150x150.jpg HTTP/1.1" 200 0 "https://www.shoenation.me/product-category/nike/j4/?filter_size=37%2C38%2C39%2C40&per_page=18&per_row=3&shop_view=grid" "Mozilla/5.0 (compatible; Bytespider; spider-feedback@bytedance.com) AppleWebKit/537.36 (KHTML, like Gecko) Chrome/70.0.0.0 Safari/537.36"
47.128.62.124 - - [15/May/2026:10:12:48 -0400] "GET /wp-content/uploads/2024/04/OUJO0119-2-430x430.jpg HTTP/1.1" 200 0 "https://www.shoenation.me/product-category/nike/j4/?filter_size=37%2C38%2C39%2C40&per_page=18&per_row=3&shop_view=grid" "Mozilla/5.0 (compatible; Bytespider; spider-feedback@bytedance.com) AppleWebKit/537.36 (KHTML, like Gecko) Chrome/70.0.0.0 Safari/537.36"
47.128.62.124 - - [15/May/2026:10:12:47 -0400] "GET /wp-content/uploads/2024/04/OUJO0163-3-430x430.png HTTP/1.1" 200 0 "https://www.shoenation.me/product-category/nike/j4/?filter_size=37%2C38%2C39%2C40&per_page=18&per_row=3&shop_view=grid" "Mozilla/5.0 (compatible; Bytespider; spider-feedback@bytedance.com) AppleWebKit/537.36 (KHTML, like Gecko) Chrome/70.0.0.0 Safari/537.36"
47.128.62.124 - - [15/May/2026:10:12:48 -0400] "GET /wp-content/uploads/2024/03/OUJO0424-1-430x430.png HTTP/1.1" 200 0 "https://www.shoenation.me/product-category/nike/j4/?filter_size=37%2C38%2C39%2C40&per_page=18&per_row=3&shop_view=grid" "Mozilla/5.0 (compatible; Bytespider; spider-feedback@bytedance.com) AppleWebKit/537.36 (KHTML, like Gecko) Chrome/70.0.0.0 Safari/537.36"
47.128.62.124 - - [15/May/2026:10:12:48 -0400] "GET /wp-content/uploads/2024/04/OUJO0249-1-430x430.png HTTP/1.1" 200 0 "https://www.shoenation.me/product-category/nike/j4/?filter_size=37%2C38%2C39%2C40&per_page=18&per_row=3&shop_view=grid" "Mozilla/5.0 (compatible; Bytespider; spider-feedback@bytedance.com) AppleWebKit/537.36 (KHTML, like Gecko) Chrome/70.0.0.0 Safari/537.36"
47.128.62.124 - - [15/May/2026:10:12:48 -0400] "GET /wp-content/uploads/2024/04/OUJO0428-1-430x430.png HTTP/1.1" 200 0 "https://www.shoenation.me/product-category/nike/j4/?filter_size=37%2C38%2C39%2C40&per_page=18&per_row=3&shop_view=grid" "Mozilla/5.0 (compatible; Bytespider; spider-feedback@bytedance.com) AppleWebKit/537.36 (KHTML, like Gecko) Chrome/70.0.0.0 Safari/537.36"
47.128.62.124 - - [15/May/2026:10:12:48 -0400] "GET /wp-content/uploads/2024/03/OUJO0424-3-430x430.png HTTP/1.1" 200 0 "https://www.shoenation.me/product-category/nike/j4/?filter_size=37%2C38%2C39%2C40&per_page=18&per_row=3&shop_view=grid" "Mozilla/5.0 (compatible; Bytespider; spider-feedback@bytedance.com) AppleWebKit/537.36 (KHTML, like Gecko) Chrome/70.0.0.0 Safari/537.36"
47.128.62.124 - - [15/May/2026:10:12:47 -0400] "GET /wp-content/uploads/2024/04/OUJO0286-3-430x430.png HTTP/1.1" 200 0 "https://www.shoenation.me/product-category/nike/j4/?filter_size=37%2C38%2C39%2C40&per_page=18&per_row=3&shop_view=grid" "Mozilla/5.0 (compatible; Bytespider; spider-feedback@bytedance.com) AppleWebKit/537.36 (KHTML, like Gecko) Chrome/70.0.0.0 Safari/537.36"
47.128.62.124 - - [15/May/2026:10:12:48 -0400] "GET /wp-content/uploads/2024/04/OUJO0428-2-430x430.png HTTP/1.1" 200 0 "https://www.shoenation.me/product-category/nike/j4/?filter_size=37%2C38%2C39%2C40&per_page=18&per_row=3&shop_view=grid" "Mozilla/5.0 (compatible; Bytespider; spider-feedback@bytedance.com) AppleWebKit/537.36 (KHTML, like Gecko) Chrome/70.0.0.0 Safari/537.36"
47.128.62.124 - - [15/May/2026:10:12:47 -0400] "GET /wp-content/uploads/2024/03/OUJO0426-1-430x430.png HTTP/1.1" 200 0 "https://www.shoenation.me/product-category/nike/j4/?filter_size=37%2C38%2C39%2C40&per_page=18&per_row=3&shop_view=grid" "Mozilla/5.0 (compatible; Bytespider; spider-feedback@bytedance.com) AppleWebKit/537.36 (KHTML, like Gecko) Chrome/70.0.0.0 Safari/537.36"
47.128.62.124 - - [15/May/2026:10:12:47 -0400] "GET /wp-content/uploads/2024/03/OUJO0426-2-430x430.png HTTP/1.1" 200 0 "https://www.shoenation.me/product-category/nike/j4/?filter_size=37%2C38%2C39%2C40&per_page=18&per_row=3&shop_view=grid" "Mozilla/5.0 (compatible; Bytespider; spider-feedback@bytedance.com) AppleWebKit/537.36 (KHTML, like Gecko) Chrome/70.0.0.0 Safari/537.36"
47.128.62.124 - - [15/May/2026:10:12:34 -0400] "GET /wp-content/uploads/2024/06/ca089c0521d61637a52311e4c5c83f0f-150x150.jpg HTTP/1.1" 200 0 "https://www.shoenation.me/product-category/nike/j4/?filter_size=37%2C38%2C39%2C40&per_page=18&per_row=3&shop_view=grid" "Mozilla/5.0 (compatible; Bytespider; spider-feedback@bytedance.com) AppleWebKit/537.36 (KHTML, like Gecko) Chrome/70.0.0.0 Safari/537.36"
47.128.62.124 - - [15/May/2026:10:12:34 -0400] "GET /wp-content/uploads/2024/06/product-jpeg-500x500-1-150x150.webp HTTP/1.1" 200 0 "https://www.shoenation.me/product-category/nike/j4/?filter_size=37%2C38%2C39%2C40&per_page=18&per_row=3&shop_view=grid" "Mozilla/5.0 (compatible; Bytespider; spider-feedback@bytedance.com) AppleWebKit/537.36 (KHTML, like Gecko) Chrome/70.0.0.0 Safari/537.36"
47.128.62.124 - - [15/May/2026:10:12:34 -0400] "GET /wp-content/uploads/2024/06/63922ed58580f70019f80ea5-1-150x150.webp HTTP/1.1" 200 0 "https://www.shoenation.me/product-category/nike/j4/?filter_size=37%2C38%2C39%2C40&per_page=18&per_row=3&shop_view=grid" "Mozilla/5.0 (compatible; Bytespider; spider-feedback@bytedance.com) AppleWebKit/537.36 (KHTML, like Gecko) Chrome/70.0.0.0 Safari/537.36"
47.128.62.124 - - [15/May/2026:10:12:33 -0400] "GET /wp-content/uploads/2024/03/ShoeNation-Logo.png HTTP/1.1" 200 0 "https://www.shoenation.me/product-category/nike/j4/?filter_size=37%2C38%2C39%2C40&per_page=18&per_row=3&shop_view=grid" "Mozilla/5.0 (compatible; Bytespider; spider-feedback@bytedance.com) AppleWebKit/537.36 (KHTML, like Gecko) Chrome/70.0.0.0 Safari/537.36"
47.128.62.124 - - [15/May/2026:10:12:35 -0400] "GET /wp-content/uploads/2024/03/OUJO0127-1-430x430.jpg HTTP/1.1" 200 0 "https://www.shoenation.me/product-category/nike/j4/?filter_size=37%2C38%2C39%2C40&per_page=18&per_row=3&shop_view=grid" "Mozilla/5.0 (compatible; Bytespider; spider-feedback@bytedance.com) AppleWebKit/537.36 (KHTML, like Gecko) Chrome/70.0.0.0 Safari/537.36"
47.128.62.124 - - [15/May/2026:10:12:35 -0400] "GET /wp-content/uploads/2024/03/OUJO0458-3-430x430.png HTTP/1.1" 200 0 "https://www.shoenation.me/product-category/nike/j4/?filter_size=37%2C38%2C39%2C40&per_page=18&per_row=3&shop_view=grid" "Mozilla/5.0 (compatible; Bytespider; spider-feedback@bytedance.com) AppleWebKit/537.36 (KHTML, like Gecko) Chrome/70.0.0.0 Safari/537.36"
47.128.62.124 - - [15/May/2026:10:12:34 -0400] "GET /wp-content/uploads/2024/04/OUJO0199-3-430x430.png HTTP/1.1" 200 0 "https://www.shoenation.me/product-category/nike/j4/?filter_size=37%2C38%2C39%2C40&per_page=18&per_row=3&shop_view=grid" "Mozilla/5.0 (compatible; Bytespider; spider-feedback@bytedance.com) AppleWebKit/537.36 (KHTML, like Gecko) Chrome/70.0.0.0 Safari/537.36"
47.128.62.124 - - [15/May/2026:10:12:34 -0400] "GET /wp-content/uploads/2024/06/17-best-nike-running-shoes-15275-150x150.webp HTTP/1.1" 200 0 "https://www.shoenation.me/product-category/nike/j4/?filter_size=37%2C38%2C39%2C40&per_page=18&per_row=3&shop_view=grid" "Mozilla/5.0 (compatible; Bytespider; spider-feedback@bytedance.com) AppleWebKit/537.36 (KHTML, like Gecko) Chrome/70.0.0.0 Safari/537.36"
47.128.62.124 - - [15/May/2026:10:12:34 -0400] "GET /wp-content/uploads/2024/06/3423897250m8_zm-1-150x150.jpg HTTP/1.1" 200 0 "https://www.shoenation.me/product-category/nike/j4/?filter_size=37%2C38%2C39%2C40&per_page=18&per_row=3&shop_view=grid" "Mozilla/5.0 (compatible; Bytespider; spider-feedback@bytedance.com) AppleWebKit/537.36 (KHTML, like Gecko) Chrome/70.0.0.0 Safari/537.36"
