67.223.118.104 - - [15/May/2026:08:10:29 -0400] "POST /wp-cron.php?doing_wp_cron=1778847029.9432508945465087890625 HTTP/1.1" 200 0 "-" "WordPress/6.9.4; https://www.shoenation.me"
135.181.213.219 - - [15/May/2026:08:10:19 -0400] "GET /?post_type=product&filter_size=37,43,45,46&per_page=9 HTTP/1.1" 200 50970 "-" "Mozilla/5.0 (compatible; MJ12bot/v1.4.8; http://mj12bot.com/)"
135.181.213.219 - - [15/May/2026:08:10:32 -0400] "GET /?post_type=product&filter_size=37,43,45,46&shop_view=grid&per_row=2 HTTP/1.1" 200 51421 "-" "Mozilla/5.0 (compatible; MJ12bot/v1.4.8; http://mj12bot.com/)"
135.181.213.219 - - [15/May/2026:08:10:42 -0400] "GET /?post_type=product&filter_size=37,43,45,46&shop_view=grid&per_row=3 HTTP/1.1" 200 51559 "-" "Mozilla/5.0 (compatible; MJ12bot/v1.4.8; http://mj12bot.com/)"
135.181.213.219 - - [15/May/2026:08:10:55 -0400] "GET /?post_type=product&filter_size=37,43,45,46&shop_view=grid&per_row=4 HTTP/1.1" 200 51505 "-" "Mozilla/5.0 (compatible; MJ12bot/v1.4.8; http://mj12bot.com/)"
135.181.213.219 - - [15/May/2026:08:11:03 -0400] "GET /?post_type=product&filter_size=37,43,45,46&stock_status=instock HTTP/1.1" 200 51467 "-" "Mozilla/5.0 (compatible; MJ12bot/v1.4.8; http://mj12bot.com/)"
135.181.213.219 - - [15/May/2026:08:11:10 -0400] "GET /?post_type=product&filter_size=37,43,45,46&stock_status=onsale HTTP/1.1" 200 47081 "-" "Mozilla/5.0 (compatible; MJ12bot/v1.4.8; http://mj12bot.com/)"
67.223.118.104 - - [15/May/2026:08:11:23 -0400] "POST /wp-cron.php?doing_wp_cron=1778847083.5350139141082763671875 HTTP/1.1" 200 0 "-" "WordPress/6.9.4; https://www.shoenation.me"
135.181.213.219 - - [15/May/2026:08:11:17 -0400] "GET /?post_type=product&filter_size=37,43,45,46,47&per_page=12 HTTP/1.1" 200 49658 "-" "Mozilla/5.0 (compatible; MJ12bot/v1.4.8; http://mj12bot.com/)"
135.181.213.219 - - [15/May/2026:08:11:26 -0400] "GET /?post_type=product&filter_size=37,43,45,46,47&per_page=18 HTTP/1.1" 200 49714 "-" "Mozilla/5.0 (compatible; MJ12bot/v1.4.8; http://mj12bot.com/)"
135.181.213.219 - - [15/May/2026:08:11:34 -0400] "GET /?post_type=product&filter_size=37,43,45,46,47&per_page=24 HTTP/1.1" 200 49685 "-" "Mozilla/5.0 (compatible; MJ12bot/v1.4.8; http://mj12bot.com/)"
135.181.213.219 - - [15/May/2026:08:11:42 -0400] "GET /?post_type=product&filter_size=37,43,45,46,47&per_page=9 HTTP/1.1" 200 49686 "-" "Mozilla/5.0 (compatible; MJ12bot/v1.4.8; http://mj12bot.com/)"
67.223.118.104 - - [15/May/2026:08:11:54 -0400] "POST /wp-cron.php?doing_wp_cron=1778847114.1446580886840820312500 HTTP/1.1" 200 0 "-" "WordPress/6.9.4; https://www.shoenation.me"
135.181.213.219 - - [15/May/2026:08:11:49 -0400] "GET /?post_type=product&filter_size=37,43,45,46,47&shop_view=grid&per_row=2 HTTP/1.1" 200 49748 "-" "Mozilla/5.0 (compatible; MJ12bot/v1.4.8; http://mj12bot.com/)"
107.189.5.104 - - [15/May/2026:08:12:00 -0400] "GET /wp-login.php HTTP/1.1" 200 0 "-" "Mozilla/5.0 (X11; Linux x86_64) AppleWebKit/537.36 (KHTML, like Gecko) Ubuntu Chromium/36.0.1985.125 Chrome/36.0.1985.125 Safari/537.36"
66.249.73.72 - - [15/May/2026:08:12:07 -0400] "GET /?detail/801309558 HTTP/1.1" 200 23706 "-" "Mozilla/5.0 (Linux; Android 6.0.1; Nexus 5X Build/MMB29P) AppleWebKit/537.36 (KHTML, like Gecko) Chrome/148.0.7778.96 Mobile Safari/537.36 (compatible; Googlebot/2.1; +http://www.google.com/bot.html)"
67.223.118.104 - - [15/May/2026:08:12:22 -0400] "POST /wp-cron.php?doing_wp_cron=1778847142.7528018951416015625000 HTTP/1.1" 200 0 "-" "WordPress/6.9.4; https://www.shoenation.me"
44.205.120.22 - - [15/May/2026:08:12:19 -0400] "GET /index.php?rest_route=/wp/v2/product/22338 HTTP/1.1" 200 2230 "-" "Mozilla/5.0 AppleWebKit/537.36 (KHTML, like Gecko; compatible; Amazonbot/0.1; +https://developer.amazon.com/support/amazonbot) Chrome/119.0.6045.214 Safari/537.36"
175.29.193.52 - - [15/May/2026:08:13:01 -0400] "GET /?filter_size=39&paged=2&product_cat=nb2002r HTTP/1.1" 301 0 "-" "Mozilla/5.0 (Macintosh; Intel Mac OS X 10_8_3) AppleWebKit/537.36 (KHTML, like Gecko) Chrome/27.0.1453.93 Safari/537.36"
175.29.193.52 - - [15/May/2026:08:13:04 -0400] "GET /product-category/new-balance/nb2002r/page/2/?filter_size=39 HTTP/1.1" 200 56088 "-" "Mozilla/5.0 (Macintosh; Intel Mac OS X 10_8_3) AppleWebKit/537.36 (KHTML, like Gecko) Chrome/27.0.1453.93 Safari/537.36"
66.249.73.72 - - [15/May/2026:08:13:25 -0400] "GET /?product=adidas-campus-00s-beige-sneakers HTTP/1.1" 200 25095 "-" "Mozilla/5.0 (Linux; Android 6.0.1; Nexus 5X Build/MMB29P) AppleWebKit/537.36 (KHTML, like Gecko) Chrome/148.0.7778.96 Mobile Safari/537.36 (compatible; Googlebot/2.1; +http://www.google.com/bot.html)"
67.223.118.104 - - [15/May/2026:08:13:47 -0400] "POST /wp-cron.php?doing_wp_cron=1778847227.0507020950317382812500 HTTP/1.1" 200 0 "-" "WordPress/6.9.4; https://www.shoenation.me"
43.164.190.124 - - [15/May/2026:08:13:43 -0400] "GET /contact-us/ HTTP/1.1" 200 52599 "-" "Mozilla/5.0 (iPhone; CPU iPhone OS 13_2_3 like Mac OS X) AppleWebKit/605.1.15 (KHTML, like Gecko) Version/13.0.3 Mobile/15E148 Safari/604.1"
66.249.73.72 - - [15/May/2026:08:14:23 -0400] "GET /?detail/130947652 HTTP/1.1" 200 24072 "-" "Mozilla/5.0 (Linux; Android 6.0.1; Nexus 5X Build/MMB29P) AppleWebKit/537.36 (KHTML, like Gecko) Chrome/148.0.7778.96 Mobile Safari/537.36 (compatible; Googlebot/2.1; +http://www.google.com/bot.html)"
67.223.118.104 - - [15/May/2026:08:14:56 -0400] "POST /wp-cron.php?doing_wp_cron=1778847296.0513949394226074218750 HTTP/1.1" 200 0 "-" "WordPress/6.9.4; https://www.shoenation.me"
187.191.36.69 - - [15/May/2026:08:14:53 -0400] "GET /?per_row=3&product_cat=nike&shop_view=grid&stock_status=onsale HTTP/1.1" 301 0 "-" "Mozilla/5.0 (Macintosh; Intel Mac OS X 10_15_4) AppleWebKit/537.36 (KHTML, like Gecko) Chrome/98.0.4758.80 Safari/537.36"
187.191.36.69 - - [15/May/2026:08:14:56 -0400] "GET /product-category/nike/?per_row=3&shop_view=grid&stock_status=onsale HTTP/1.1" 200 54113 "-" "Mozilla/5.0 (Macintosh; Intel Mac OS X 10_15_4) AppleWebKit/537.36 (KHTML, like Gecko) Chrome/98.0.4758.80 Safari/537.36"
46.105.48.30 - - [15/May/2026:08:15:41 -0400] "GET /robots.txt HTTP/1.1" 200 71 "-" "Mozilla/5.0 (compatible; MJ12bot/v2.0.5; http://mj12bot.com/)"
67.223.118.104 - - [15/May/2026:08:15:55 -0400] "POST /wp-cron.php?doing_wp_cron=1778847355.4603109359741210937500 HTTP/1.1" 200 0 "-" "WordPress/6.9.4; https://www.shoenation.me"
46.105.48.30 - - [15/May/2026:08:15:48 -0400] "GET / HTTP/1.1" 200 54580 "-" "Mozilla/5.0 (compatible; MJ12bot/v2.0.5; http://mj12bot.com/)"
47.128.62.142 - - [15/May/2026:08:15:56 -0400] "GET /?product_cat=new-balance&stock_status=onsale&filter_size=36,37,40,41,45 HTTP/1.1" 301 0 "-" "Mozilla/5.0 (compatible; Bytespider; spider-feedback@bytedance.com) AppleWebKit/537.36 (KHTML, like Gecko) Chrome/70.0.0.0 Safari/537.36"
47.128.62.142 - - [15/May/2026:08:15:59 -0400] "GET /product-category/new-balance/?stock_status=onsale&filter_size=36%2C37%2C40%2C41%2C45 HTTP/1.1" 200 47165 "-" "Mozilla/5.0 (compatible; Bytespider; spider-feedback@bytedance.com) AppleWebKit/537.36 (KHTML, like Gecko) Chrome/70.0.0.0 Safari/537.36"
67.223.118.104 - - [15/May/2026:08:16:29 -0400] "POST /wp-cron.php?doing_wp_cron=1778847389.1383309364318847656250 HTTP/1.1" 200 0 "-" "WordPress/6.9.4; https://www.shoenation.me"
47.128.62.142 - - [15/May/2026:08:16:11 -0400] "GET /wp-content/uploads/2024/03/ShoeNation-Logo.png HTTP/1.1" 404 178449 "https://www.shoenation.me/product-category/new-balance/?stock_status=onsale&filter_size=36%2C37%2C40%2C41%2C45" "Mozilla/5.0 (compatible; Bytespider; spider-feedback@bytedance.com) AppleWebKit/537.36 (KHTML, like Gecko) Chrome/70.0.0.0 Safari/537.36"
47.128.62.142 - - [15/May/2026:08:16:11 -0400] "GET /wp-content/uploads/2025/02/IMG_0260-150x150.jpeg HTTP/1.1" 404 178455 "https://www.shoenation.me/product-category/new-balance/?stock_status=onsale&filter_size=36%2C37%2C40%2C41%2C45" "Mozilla/5.0 (compatible; Bytespider; spider-feedback@bytedance.com) AppleWebKit/537.36 (KHTML, like Gecko) Chrome/70.0.0.0 Safari/537.36"
47.128.62.142 - - [15/May/2026:08:16:12 -0400] "GET /wp-content/uploads/2024/06/ca089c0521d61637a52311e4c5c83f0f-150x150.jpg HTTP/1.1" 404 178524 "https://www.shoenation.me/product-category/new-balance/?stock_status=onsale&filter_size=36%2C37%2C40%2C41%2C45" "Mozilla/5.0 (compatible; Bytespider; spider-feedback@bytedance.com) AppleWebKit/537.36 (KHTML, like Gecko) Chrome/70.0.0.0 Safari/537.36"
47.128.62.142 - - [15/May/2026:08:16:12 -0400] "GET /wp-content/uploads/2025/02/new-balance-530-miu-miu-v0-0p61tlqcrp2d1-150x150.webp HTTP/1.1" 404 178551 "https://www.shoenation.me/product-category/new-balance/?stock_status=onsale&filter_size=36%2C37%2C40%2C41%2C45" "Mozilla/5.0 (compatible; Bytespider; spider-feedback@bytedance.com) AppleWebKit/537.36 (KHTML, like Gecko) Chrome/70.0.0.0 Safari/537.36"
47.128.62.142 - - [15/May/2026:08:16:12 -0400] "GET /wp-content/uploads/2024/06/3423897250m8_zm-1-150x150.jpg HTTP/1.1" 404 178479 "https://www.shoenation.me/product-category/new-balance/?stock_status=onsale&filter_size=36%2C37%2C40%2C41%2C45" "Mozilla/5.0 (compatible; Bytespider; spider-feedback@bytedance.com) AppleWebKit/537.36 (KHTML, like Gecko) Chrome/70.0.0.0 Safari/537.36"
47.128.62.142 - - [15/May/2026:08:16:12 -0400] "GET /wp-content/uploads/2024/06/63922ed58580f70019f80ea5-1-150x150.webp HTTP/1.1" 404 178509 "https://www.shoenation.me/product-category/new-balance/?stock_status=onsale&filter_size=36%2C37%2C40%2C41%2C45" "Mozilla/5.0 (compatible; Bytespider; spider-feedback@bytedance.com) AppleWebKit/537.36 (KHTML, like Gecko) Chrome/70.0.0.0 Safari/537.36"
47.128.62.142 - - [15/May/2026:08:16:12 -0400] "GET /wp-content/uploads/2024/03/wd-envelope-dark.svg HTTP/1.1" 404 178452 "https://www.shoenation.me/product-category/new-balance/?stock_status=onsale&filter_size=36%2C37%2C40%2C41%2C45" "Mozilla/5.0 (compatible; Bytespider; spider-feedback@bytedance.com) AppleWebKit/537.36 (KHTML, like Gecko) Chrome/70.0.0.0 Safari/537.36"
47.128.62.142 - - [15/May/2026:08:16:12 -0400] "GET /wp-content/uploads/2024/06/product-jpeg-500x500-1-150x150.webp HTTP/1.1" 404 178497 "https://www.shoenation.me/product-category/new-balance/?stock_status=onsale&filter_size=36%2C37%2C40%2C41%2C45" "Mozilla/5.0 (compatible; Bytespider; spider-feedback@bytedance.com) AppleWebKit/537.36 (KHTML, like Gecko) Chrome/70.0.0.0 Safari/537.36"
47.128.62.142 - - [15/May/2026:08:16:12 -0400] "GET /wp-content/uploads/2024/06/17-best-nike-running-shoes-15275-150x150.webp HTTP/1.1" 404 178527 "https://www.shoenation.me/product-category/new-balance/?stock_status=onsale&filter_size=36%2C37%2C40%2C41%2C45" "Mozilla/5.0 (compatible; Bytespider; spider-feedback@bytedance.com) AppleWebKit/537.36 (KHTML, like Gecko) Chrome/70.0.0.0 Safari/537.36"
47.128.62.142 - - [15/May/2026:08:16:12 -0400] "GET /wp-content/uploads/2024/06/5ef42a4788df9cdaaf135d9583f2228b-1-150x150.jpg HTTP/1.1" 404 178530 "https://www.shoenation.me/product-category/new-balance/?stock_status=onsale&filter_size=36%2C37%2C40%2C41%2C45" "Mozilla/5.0 (compatible; Bytespider; spider-feedback@bytedance.com) AppleWebKit/537.36 (KHTML, like Gecko) Chrome/70.0.0.0 Safari/537.36"
47.128.62.142 - - [15/May/2026:08:16:12 -0400] "GET /wp-content/uploads/2025/02/614b4079e84ea91f6aa9d9919838a0d6.jpg_720x720q80-150x150.jpg HTTP/1.1" 404 178569 "https://www.shoenation.me/product-category/new-balance/?stock_status=onsale&filter_size=36%2C37%2C40%2C41%2C45" "Mozilla/5.0 (compatible; Bytespider; spider-feedback@bytedance.com) AppleWebKit/537.36 (KHTML, like Gecko) Chrome/70.0.0.0 Safari/537.36"
47.128.62.142 - - [15/May/2026:08:16:12 -0400] "GET /wp-content/uploads/2025/02/download-150x150.jpg HTTP/1.1" 404 178452 "https://www.shoenation.me/product-category/new-balance/?stock_status=onsale&filter_size=36%2C37%2C40%2C41%2C45" "Mozilla/5.0 (compatible; Bytespider; spider-feedback@bytedance.com) AppleWebKit/537.36 (KHTML, like Gecko) Chrome/70.0.0.0 Safari/537.36"
103.73.102.238 - - [15/May/2026:08:16:35 -0400] "GET /?product=nike-air-force-1-low-white-black-sole-sneakers HTTP/1.1" 200 62978 "-" "Mozilla/5.0 (Macintosh; Intel Mac OS X 10_13_6) AppleWebKit/537.36 (KHTML, like Gecko) Chrome/89.0.4389.114 Safari/537.36"
34.233.219.155 - - [15/May/2026:08:16:39 -0400] "GET /wp-content/uploads/2024/03/OUNB0133-2-2-700x700.png HTTP/1.1" 404 48168 "-" "Mozilla/5.0 AppleWebKit/537.36 (KHTML, like Gecko; compatible; Amazonbot/0.1; +https://developer.amazon.com/support/amazonbot) Chrome/119.0.6045.214 Safari/537.36"
66.249.73.72 - - [15/May/2026:08:17:13 -0400] "GET /goods.php?item/r354295756 HTTP/1.1" 200 25772 "-" "Mozilla/5.0 (Linux; Android 6.0.1; Nexus 5X Build/MMB29P) AppleWebKit/537.36 (KHTML, like Gecko) Chrome/148.0.7778.96 Mobile Safari/537.36 (compatible; Googlebot/2.1; +http://www.google.com/bot.html)"
66.249.73.73 - - [15/May/2026:08:18:32 -0400] "GET /?detail/680030062 HTTP/1.1" 200 23865 "-" "Mozilla/5.0 (Linux; Android 6.0.1; Nexus 5X Build/MMB29P) AppleWebKit/537.36 (KHTML, like Gecko) Chrome/148.0.7778.96 Mobile Safari/537.36 (compatible; Googlebot/2.1; +http://www.google.com/bot.html)"
216.244.66.248 - - [15/May/2026:08:19:02 -0400] "GET /robots.txt HTTP/1.1" 200 71 "-" "Mozilla/5.0 (compatible; DotBot/1.2; +https://opensiteexplorer.org/dotbot; help@moz.com)"
67.223.118.104 - - [15/May/2026:08:19:27 -0400] "POST /wp-cron.php?doing_wp_cron=1778847567.5455789566040039062500 HTTP/1.1" 200 0 "-" "WordPress/6.9.4; https://www.shoenation.me"
162.62.213.187 - - [15/May/2026:08:19:23 -0400] "GET /wp-json/wp/v2/product_cat/114 HTTP/1.1" 200 783 "-" "Mozilla/5.0 (iPhone; CPU iPhone OS 13_2_3 like Mac OS X) AppleWebKit/605.1.15 (KHTML, like Gecko) Version/13.0.3 Mobile/15E148 Safari/604.1"
47.128.62.141 - - [15/May/2026:08:19:56 -0400] "GET /?filter_size=36%2C37%2C40%2C44&per_row=2&product_cat=new-balance-327&shop_view=grid&stock_status=instock%2Consale HTTP/1.1" 301 0 "-" "Mozilla/5.0 (compatible; Bytespider; spider-feedback@bytedance.com) AppleWebKit/537.36 (KHTML, like Gecko) Chrome/70.0.0.0 Safari/537.36"
47.128.62.141 - - [15/May/2026:08:19:59 -0400] "GET /product-category/new-balance/new-balance-327/?filter_size=36%2C37%2C40%2C44&per_row=2&shop_view=grid&stock_status=instock%2Consale HTTP/1.1" 200 49502 "-" "Mozilla/5.0 (compatible; Bytespider; spider-feedback@bytedance.com) AppleWebKit/537.36 (KHTML, like Gecko) Chrome/70.0.0.0 Safari/537.36"
47.128.62.141 - - [15/May/2026:08:20:10 -0400] "GET /wp-content/uploads/2024/06/63922ed58580f70019f80ea5-1-150x150.webp HTTP/1.1" 404 178509 "https://www.shoenation.me/product-category/new-balance/new-balance-327/?filter_size=36%2C37%2C40%2C44&per_row=2&shop_view=grid&stock_status=instock%2Consale" "Mozilla/5.0 (compatible; Bytespider; spider-feedback@bytedance.com) AppleWebKit/537.36 (KHTML, like Gecko) Chrome/70.0.0.0 Safari/537.36"
47.128.62.141 - - [15/May/2026:08:20:10 -0400] "GET /wp-content/uploads/2025/02/new-balance-530-miu-miu-v0-0p61tlqcrp2d1-150x150.webp HTTP/1.1" 404 178551 "https://www.shoenation.me/product-category/new-balance/new-balance-327/?filter_size=36%2C37%2C40%2C44&per_row=2&shop_view=grid&stock_status=instock%2Consale" "Mozilla/5.0 (compatible; Bytespider; spider-feedback@bytedance.com) AppleWebKit/537.36 (KHTML, like Gecko) Chrome/70.0.0.0 Safari/537.36"
47.128.62.141 - - [15/May/2026:08:20:10 -0400] "GET /wp-content/uploads/2024/03/new_balance_327_trainers_light_a.jpg HTTP/1.1" 404 178500 "https://www.shoenation.me/product-category/new-balance/new-balance-327/?filter_size=36%2C37%2C40%2C44&per_row=2&shop_view=grid&stock_status=instock%2Consale" "Mozilla/5.0 (compatible; Bytespider; spider-feedback@bytedance.com) AppleWebKit/537.36 (KHTML, like Gecko) Chrome/70.0.0.0 Safari/537.36"
47.128.62.141 - - [15/May/2026:08:20:10 -0400] "GET /wp-content/uploads/2025/02/614b4079e84ea91f6aa9d9919838a0d6.jpg_720x720q80-150x150.jpg HTTP/1.1" 404 178569 "https://www.shoenation.me/product-category/new-balance/new-balance-327/?filter_size=36%2C37%2C40%2C44&per_row=2&shop_view=grid&stock_status=instock%2Consale" "Mozilla/5.0 (compatible; Bytespider; spider-feedback@bytedance.com) AppleWebKit/537.36 (KHTML, like Gecko) Chrome/70.0.0.0 Safari/537.36"
47.128.62.141 - - [15/May/2026:08:20:10 -0400] "GET /wp-content/uploads/2025/02/download-150x150.jpg HTTP/1.1" 404 178452 "https://www.shoenation.me/product-category/new-balance/new-balance-327/?filter_size=36%2C37%2C40%2C44&per_row=2&shop_view=grid&stock_status=instock%2Consale" "Mozilla/5.0 (compatible; Bytespider; spider-feedback@bytedance.com) AppleWebKit/537.36 (KHTML, like Gecko) Chrome/70.0.0.0 Safari/537.36"
47.128.62.141 - - [15/May/2026:08:20:10 -0400] "GET /wp-content/uploads/2024/06/product-jpeg-500x500-1-150x150.webp HTTP/1.1" 404 178497 "https://www.shoenation.me/product-category/new-balance/new-balance-327/?filter_size=36%2C37%2C40%2C44&per_row=2&shop_view=grid&stock_status=instock%2Consale" "Mozilla/5.0 (compatible; Bytespider; spider-feedback@bytedance.com) AppleWebKit/537.36 (KHTML, like Gecko) Chrome/70.0.0.0 Safari/537.36"
47.128.62.141 - - [15/May/2026:08:20:10 -0400] "GET /wp-content/uploads/2024/03/3131-231-430x430.png HTTP/1.1" 404 178452 "https://www.shoenation.me/product-category/new-balance/new-balance-327/?filter_size=36%2C37%2C40%2C44&per_row=2&shop_view=grid&stock_status=instock%2Consale" "Mozilla/5.0 (compatible; Bytespider; spider-feedback@bytedance.com) AppleWebKit/537.36 (KHTML, like Gecko) Chrome/70.0.0.0 Safari/537.36"
47.128.62.141 - - [15/May/2026:08:20:10 -0400] "GET /wp-content/uploads/2024/03/OUNB0142-3-430x430.png HTTP/1.1" 404 178458 "https://www.shoenation.me/product-category/new-balance/new-balance-327/?filter_size=36%2C37%2C40%2C44&per_row=2&shop_view=grid&stock_status=instock%2Consale" "Mozilla/5.0 (compatible; Bytespider; spider-feedback@bytedance.com) AppleWebKit/537.36 (KHTML, like Gecko) Chrome/70.0.0.0 Safari/537.36"
47.128.62.141 - - [15/May/2026:08:20:10 -0400] "GET /wp-content/uploads/2024/06/ca089c0521d61637a52311e4c5c83f0f-150x150.jpg HTTP/1.1" 404 178524 "https://www.shoenation.me/product-category/new-balance/new-balance-327/?filter_size=36%2C37%2C40%2C44&per_row=2&shop_view=grid&stock_status=instock%2Consale" "Mozilla/5.0 (compatible; Bytespider; spider-feedback@bytedance.com) AppleWebKit/537.36 (KHTML, like Gecko) Chrome/70.0.0.0 Safari/537.36"
47.128.62.141 - - [15/May/2026:08:20:10 -0400] "GET /wp-content/uploads/2024/03/3131-430x430.png HTTP/1.1" 404 178440 "https://www.shoenation.me/product-category/new-balance/new-balance-327/?filter_size=36%2C37%2C40%2C44&per_row=2&shop_view=grid&stock_status=instock%2Consale" "Mozilla/5.0 (compatible; Bytespider; spider-feedback@bytedance.com) AppleWebKit/537.36 (KHTML, like Gecko) Chrome/70.0.0.0 Safari/537.36"
47.128.62.141 - - [15/May/2026:08:20:10 -0400] "GET /wp-content/uploads/2025/02/IMG_0260-150x150.jpeg HTTP/1.1" 404 178455 "https://www.shoenation.me/product-category/new-balance/new-balance-327/?filter_size=36%2C37%2C40%2C44&per_row=2&shop_view=grid&stock_status=instock%2Consale" "Mozilla/5.0 (compatible; Bytespider; spider-feedback@bytedance.com) AppleWebKit/537.36 (KHTML, like Gecko) Chrome/70.0.0.0 Safari/537.36"
47.128.62.141 - - [15/May/2026:08:20:10 -0400] "GET /wp-content/uploads/2024/06/17-best-nike-running-shoes-15275-150x150.webp HTTP/1.1" 404 178527 "https://www.shoenation.me/product-category/new-balance/new-balance-327/?filter_size=36%2C37%2C40%2C44&per_row=2&shop_view=grid&stock_status=instock%2Consale" "Mozilla/5.0 (compatible; Bytespider; spider-feedback@bytedance.com) AppleWebKit/537.36 (KHTML, like Gecko) Chrome/70.0.0.0 Safari/537.36"
47.128.62.141 - - [15/May/2026:08:20:10 -0400] "GET /wp-content/uploads/2024/06/3423897250m8_zm-1-150x150.jpg HTTP/1.1" 404 178479 "https://www.shoenation.me/product-category/new-balance/new-balance-327/?filter_size=36%2C37%2C40%2C44&per_row=2&shop_view=grid&stock_status=instock%2Consale" "Mozilla/5.0 (compatible; Bytespider; spider-feedback@bytedance.com) AppleWebKit/537.36 (KHTML, like Gecko) Chrome/70.0.0.0 Safari/537.36"
47.128.62.141 - - [15/May/2026:08:20:09 -0400] "GET /wp-content/uploads/2024/03/ShoeNation-Logo.png HTTP/1.1" 404 178449 "https://www.shoenation.me/product-category/new-balance/new-balance-327/?filter_size=36%2C37%2C40%2C44&per_row=2&shop_view=grid&stock_status=instock%2Consale" "Mozilla/5.0 (compatible; Bytespider; spider-feedback@bytedance.com) AppleWebKit/537.36 (KHTML, like Gecko) Chrome/70.0.0.0 Safari/537.36"
47.128.62.141 - - [15/May/2026:08:20:10 -0400] "GET /wp-content/uploads/2024/06/5ef42a4788df9cdaaf135d9583f2228b-1-150x150.jpg HTTP/1.1" 404 178530 "https://www.shoenation.me/product-category/new-balance/new-balance-327/?filter_size=36%2C37%2C40%2C44&per_row=2&shop_view=grid&stock_status=instock%2Consale" "Mozilla/5.0 (compatible; Bytespider; spider-feedback@bytedance.com) AppleWebKit/537.36 (KHTML, like Gecko) Chrome/70.0.0.0 Safari/537.36"
47.128.62.141 - - [15/May/2026:08:20:10 -0400] "GET /wp-content/uploads/2024/03/OUNB0142-1-430x430.png HTTP/1.1" 404 178458 "https://www.shoenation.me/product-category/new-balance/new-balance-327/?filter_size=36%2C37%2C40%2C44&per_row=2&shop_view=grid&stock_status=instock%2Consale" "Mozilla/5.0 (compatible; Bytespider; spider-feedback@bytedance.com) AppleWebKit/537.36 (KHTML, like Gecko) Chrome/70.0.0.0 Safari/537.36"
67.223.118.104 - - [15/May/2026:08:20:32 -0400] "POST /wp-cron.php?doing_wp_cron=1778847631.4378829002380371093750 HTTP/1.1" 200 0 "-" "WordPress/6.9.4; https://www.shoenation.me"
47.128.62.141 - - [15/May/2026:08:20:30 -0400] "GET /wp-content/uploads/2024/03/OSHSN0613-2-430x430.png HTTP/1.1" 200 0 "https://www.shoenation.me/product-category/new-balance/new-balance-327/?filter_size=36%2C37%2C40%2C44&per_row=2&shop_view=grid&stock_status=instock%2Consale" "Mozilla/5.0 (compatible; Bytespider; spider-feedback@bytedance.com) AppleWebKit/537.36 (KHTML, like Gecko) Chrome/70.0.0.0 Safari/537.36"
47.128.62.141 - - [15/May/2026:08:20:30 -0400] "GET /wp-content/uploads/2024/03/OSHSN0613-1-430x430.png HTTP/1.1" 200 0 "https://www.shoenation.me/product-category/new-balance/new-balance-327/?filter_size=36%2C37%2C40%2C44&per_row=2&shop_view=grid&stock_status=instock%2Consale" "Mozilla/5.0 (compatible; Bytespider; spider-feedback@bytedance.com) AppleWebKit/537.36 (KHTML, like Gecko) Chrome/70.0.0.0 Safari/537.36"
47.128.62.141 - - [15/May/2026:08:20:30 -0400] "GET /wp-content/uploads/2024/03/OSHSN0612-2-1-430x430.png HTTP/1.1" 200 0 "https://www.shoenation.me/product-category/new-balance/new-balance-327/?filter_size=36%2C37%2C40%2C44&per_row=2&shop_view=grid&stock_status=instock%2Consale" "Mozilla/5.0 (compatible; Bytespider; spider-feedback@bytedance.com) AppleWebKit/537.36 (KHTML, like Gecko) Chrome/70.0.0.0 Safari/537.36"
47.128.62.141 - - [15/May/2026:08:20:30 -0400] "GET /wp-content/uploads/2024/03/OSHSN0612-1-1-430x430.png HTTP/1.1" 200 0 "https://www.shoenation.me/product-category/new-balance/new-balance-327/?filter_size=36%2C37%2C40%2C44&per_row=2&shop_view=grid&stock_status=instock%2Consale" "Mozilla/5.0 (compatible; Bytespider; spider-feedback@bytedance.com) AppleWebKit/537.36 (KHTML, like Gecko) Chrome/70.0.0.0 Safari/537.36"
47.128.62.141 - - [15/May/2026:08:20:30 -0400] "GET /wp-content/uploads/2024/03/OUNB0139-3-430x430.png HTTP/1.1" 200 0 "https://www.shoenation.me/product-category/new-balance/new-balance-327/?filter_size=36%2C37%2C40%2C44&per_row=2&shop_view=grid&stock_status=instock%2Consale" "Mozilla/5.0 (compatible; Bytespider; spider-feedback@bytedance.com) AppleWebKit/537.36 (KHTML, like Gecko) Chrome/70.0.0.0 Safari/537.36"
47.128.62.141 - - [15/May/2026:08:20:30 -0400] "GET /wp-content/uploads/2024/03/OUNB0139-1-430x430.png HTTP/1.1" 200 0 "https://www.shoenation.me/product-category/new-balance/new-balance-327/?filter_size=36%2C37%2C40%2C44&per_row=2&shop_view=grid&stock_status=instock%2Consale" "Mozilla/5.0 (compatible; Bytespider; spider-feedback@bytedance.com) AppleWebKit/537.36 (KHTML, like Gecko) Chrome/70.0.0.0 Safari/537.36"
47.128.62.141 - - [15/May/2026:08:20:30 -0400] "GET /wp-content/uploads/2024/03/OUNB0141-2-430x430.png HTTP/1.1" 200 0 "https://www.shoenation.me/product-category/new-balance/new-balance-327/?filter_size=36%2C37%2C40%2C44&per_row=2&shop_view=grid&stock_status=instock%2Consale" "Mozilla/5.0 (compatible; Bytespider; spider-feedback@bytedance.com) AppleWebKit/537.36 (KHTML, like Gecko) Chrome/70.0.0.0 Safari/537.36"
47.128.62.141 - - [15/May/2026:08:20:30 -0400] "GET /wp-content/uploads/2024/03/OUNB0141-1-430x430.png HTTP/1.1" 200 0 "https://www.shoenation.me/product-category/new-balance/new-balance-327/?filter_size=36%2C37%2C40%2C44&per_row=2&shop_view=grid&stock_status=instock%2Consale" "Mozilla/5.0 (compatible; Bytespider; spider-feedback@bytedance.com) AppleWebKit/537.36 (KHTML, like Gecko) Chrome/70.0.0.0 Safari/537.36"
47.128.62.141 - - [15/May/2026:08:20:30 -0400] "GET /wp-content/uploads/2024/03/wd-envelope-dark.svg HTTP/1.1" 200 0 "https://www.shoenation.me/product-category/new-balance/new-balance-327/?filter_size=36%2C37%2C40%2C44&per_row=2&shop_view=grid&stock_status=instock%2Consale" "Mozilla/5.0 (compatible; Bytespider; spider-feedback@bytedance.com) AppleWebKit/537.36 (KHTML, like Gecko) Chrome/70.0.0.0 Safari/537.36"
43.166.130.123 - - [15/May/2026:08:20:22 -0400] "GET / HTTP/1.1" 200 0 "http://www.shoenation.me" "Mozilla/5.0 (iPhone; CPU iPhone OS 13_2_3 like Mac OS X) AppleWebKit/605.1.15 (KHTML, like Gecko) Version/13.0.3 Mobile/15E148 Safari/604.1"
67.223.118.104 - - [15/May/2026:08:20:52 -0400] "POST /wp-cron.php?doing_wp_cron=1778847652.8446080684661865234375 HTTP/1.1" 200 0 "-" "WordPress/6.9.4; https://www.shoenation.me"
66.249.73.73 - - [15/May/2026:08:22:00 -0400] "GET /?detail/891350637 HTTP/1.1" 200 23693 "-" "Mozilla/5.0 (Linux; Android 6.0.1; Nexus 5X Build/MMB29P) AppleWebKit/537.36 (KHTML, like Gecko) Chrome/148.0.7778.96 Mobile Safari/537.36 (compatible; Googlebot/2.1; +http://www.google.com/bot.html)"
66.249.73.71 - - [15/May/2026:08:22:00 -0400] "GET /?detail/907182064 HTTP/1.1" 200 23710 "-" "Mozilla/5.0 (Linux; Android 6.0.1; Nexus 5X Build/MMB29P) AppleWebKit/537.36 (KHTML, like Gecko) Chrome/148.0.7778.96 Mobile Safari/537.36 (compatible; Googlebot/2.1; +http://www.google.com/bot.html)"
67.223.118.104 - - [15/May/2026:08:23:09 -0400] "POST /wp-cron.php?doing_wp_cron=1778847789.1376070976257324218750 HTTP/1.1" 200 0 "-" "WordPress/6.9.4; https://www.shoenation.me"
47.82.9.100 - - [15/May/2026:08:23:03 -0400] "GET /wp-content/uploads/2024/05/Samba_OG_Sporty_and_Rich_Shoes_White_IF5660_05_standard.avif HTTP/1.1" 404 41744 "https://www.shoenation.me/" "Mozilla/5.0 (X11; CrOS x86_64 14541.0.0) AppleWebKit/537.36 (KHTML, like Gecko) Chrome/126.0.0.0 Safari/537.36"
118.101.168.131 - - [15/May/2026:08:23:11 -0400] "GET /wp-content/uploads/2024/07/webimage-8FD868A5-94DF-4CDA-B335E78AA27F786B_720x-430x430.webp HTTP/1.1" 404 41741 "-" "Mozilla/5.0 (Macintosh; Intel Mac OS X 10_7_8 rv:4.0; kok-IN) AppleWebKit/534.12.4 (KHTML, like Gecko) Version/5.0.5 Safari/534.12.4"
66.249.73.73 - - [15/May/2026:08:23:44 -0400] "GET /?detail/955877691 HTTP/1.1" 200 23757 "-" "Mozilla/5.0 (Linux; Android 6.0.1; Nexus 5X Build/MMB29P) AppleWebKit/537.36 (KHTML, like Gecko) Chrome/148.0.7778.96 Mobile Safari/537.36 (compatible; Googlebot/2.1; +http://www.google.com/bot.html)"
66.249.73.72 - - [15/May/2026:08:23:52 -0400] "GET /?product_cat=adidas&stock_status=onsale&filter_size=38%2C41%2C42%2C44&per_page=9 HTTP/1.1" 200 25316 "-" "Mozilla/5.0 (Linux; Android 6.0.1; Nexus 5X Build/MMB29P) AppleWebKit/537.36 (KHTML, like Gecko) Chrome/148.0.7778.96 Mobile Safari/537.36 (compatible; Googlebot/2.1; +http://www.google.com/bot.html)"
67.223.118.104 - - [15/May/2026:08:24:01 -0400] "POST /wp-cron.php?doing_wp_cron=1778847841.4421830177307128906250 HTTP/1.1" 200 0 "-" "WordPress/6.9.4; https://www.shoenation.me"
47.128.62.137 - - [15/May/2026:08:23:57 -0400] "GET /?filter_size=36%2C39%2C40%2C44&per_row=4&product_cat=sp&shop_view=grid HTTP/1.1" 301 0 "-" "Mozilla/5.0 (compatible; Bytespider; spider-feedback@bytedance.com) AppleWebKit/537.36 (KHTML, like Gecko) Chrome/70.0.0.0 Safari/537.36"
47.128.62.137 - - [15/May/2026:08:24:01 -0400] "GET /product-category/adidas/sp/?filter_size=36%2C39%2C40%2C44&per_row=4&shop_view=grid HTTP/1.1" 200 50944 "-" "Mozilla/5.0 (compatible; Bytespider; spider-feedback@bytedance.com) AppleWebKit/537.36 (KHTML, like Gecko) Chrome/70.0.0.0 Safari/537.36"
47.128.62.137 - - [15/May/2026:08:24:11 -0400] "GET /wp-content/uploads/elementor/css/custom-pro-frontend.min.css?ver=1778831080 HTTP/1.1" 200 35735 "https://www.shoenation.me/product-category/adidas/sp/?filter_size=36%2C39%2C40%2C44&per_row=4&shop_view=grid" "Mozilla/5.0 (compatible; Bytespider; spider-feedback@bytedance.com) AppleWebKit/537.36 (KHTML, like Gecko) Chrome/70.0.0.0 Safari/537.36"
47.128.62.137 - - [15/May/2026:08:24:11 -0400] "GET /wp-content/themes/woodmart/css/bootstrap-light.min.css?ver=7.4.3 HTTP/1.1" 200 886 "https://www.shoenation.me/product-category/adidas/sp/?filter_size=36%2C39%2C40%2C44&per_row=4&shop_view=grid" "Mozilla/5.0 (compatible; Bytespider; spider-feedback@bytedance.com) AppleWebKit/537.36 (KHTML, like Gecko) Chrome/70.0.0.0 Safari/537.36"
47.128.62.137 - - [15/May/2026:08:24:11 -0400] "GET /wp-content/themes/woodmart/css/parts/woo-widget-wd-layered-nav.min.css?ver=7.4.3 HTTP/1.1" 200 493 "https://www.shoenation.me/product-category/adidas/sp/?filter_size=36%2C39%2C40%2C44&per_row=4&shop_view=grid" "Mozilla/5.0 (compatible; Bytespider; spider-feedback@bytedance.com) AppleWebKit/537.36 (KHTML, like Gecko) Chrome/70.0.0.0 Safari/537.36"
47.128.62.137 - - [15/May/2026:08:24:11 -0400] "GET /wp-content/themes/woodmart/css/parts/mod-star-rating.min.css?ver=7.4.3 HTTP/1.1" 200 220 "https://www.shoenation.me/product-category/adidas/sp/?filter_size=36%2C39%2C40%2C44&per_row=4&shop_view=grid" "Mozilla/5.0 (compatible; Bytespider; spider-feedback@bytedance.com) AppleWebKit/537.36 (KHTML, like Gecko) Chrome/70.0.0.0 Safari/537.36"
47.128.62.137 - - [15/May/2026:08:24:12 -0400] "GET /wp-content/themes/woodmart/css/parts/woo-categories-loop-nav-mobile-accordion.min.css?ver=7.4.3 HTTP/1.1" 200 386 "https://www.shoenation.me/product-category/adidas/sp/?filter_size=36%2C39%2C40%2C44&per_row=4&shop_view=grid" "Mozilla/5.0 (compatible; Bytespider; spider-feedback@bytedance.com) AppleWebKit/537.36 (KHTML, like Gecko) Chrome/70.0.0.0 Safari/537.36"
47.128.62.137 - - [15/May/2026:08:24:12 -0400] "GET /wp-content/themes/woodmart/css/parts/woo-shop-el-products-per-page.min.css?ver=7.4.3 HTTP/1.1" 200 201 "https://www.shoenation.me/product-category/adidas/sp/?filter_size=36%2C39%2C40%2C44&per_row=4&shop_view=grid" "Mozilla/5.0 (compatible; Bytespider; spider-feedback@bytedance.com) AppleWebKit/537.36 (KHTML, like Gecko) Chrome/70.0.0.0 Safari/537.36"
47.128.62.137 - - [15/May/2026:08:24:12 -0400] "GET /wp-content/themes/woodmart/css/parts/mod-tools.min.css?ver=7.4.3 HTTP/1.1" 200 863 "https://www.shoenation.me/product-category/adidas/sp/?filter_size=36%2C39%2C40%2C44&per_row=4&shop_view=grid" "Mozilla/5.0 (compatible; Bytespider; spider-feedback@bytedance.com) AppleWebKit/537.36 (KHTML, like Gecko) Chrome/70.0.0.0 Safari/537.36"
47.128.62.137 - - [15/May/2026:08:24:12 -0400] "GET /wp-content/themes/woodmart/css/parts/header-el-cart-side.min.css?ver=7.4.3 HTTP/1.1" 200 300 "https://www.shoenation.me/product-category/adidas/sp/?filter_size=36%2C39%2C40%2C44&per_row=4&shop_view=grid" "Mozilla/5.0 (compatible; Bytespider; spider-feedback@bytedance.com) AppleWebKit/537.36 (KHTML, like Gecko) Chrome/70.0.0.0 Safari/537.36"
47.128.62.137 - - [15/May/2026:08:24:13 -0400] "GET /wp-content/themes/woodmart/css/parts/mod-nav-menu-label.min.css?ver=7.4.3 HTTP/1.1" 200 361 "https://www.shoenation.me/product-category/adidas/sp/?filter_size=36%2C39%2C40%2C44&per_row=4&shop_view=grid" "Mozilla/5.0 (compatible; Bytespider; spider-feedback@bytedance.com) AppleWebKit/537.36 (KHTML, like Gecko) Chrome/70.0.0.0 Safari/537.36"
66.249.73.71 - - [15/May/2026:08:24:14 -0400] "GET /?product_cat=yezzy&stock_status=instock&filter_size=36,37,37-5,38,39,41,44,45 HTTP/1.1" 200 24962 "-" "Mozilla/5.0 (Linux; Android 6.0.1; Nexus 5X Build/MMB29P) AppleWebKit/537.36 (KHTML, like Gecko) Chrome/148.0.7778.96 Mobile Safari/537.36 (compatible; Googlebot/2.1; +http://www.google.com/bot.html)"
209.141.52.4 - - [15/May/2026:08:24:31 -0400] "GET /wp-login.php HTTP/1.1" 200 0 "-" "Mozilla/5.0 (Windows NT 6.3; WOW64) AppleWebKit/537.36 (KHTML, like Gecko) Chrome/36.0.1985.125 Safari/537.36"
47.128.62.137 - - [15/May/2026:08:24:13 -0400] "GET /wp-content/uploads/2024/03/ShoeNation-Logo.png HTTP/1.1" 200 0 "https://www.shoenation.me/product-category/adidas/sp/?filter_size=36%2C39%2C40%2C44&per_row=4&shop_view=grid" "Mozilla/5.0 (compatible; Bytespider; spider-feedback@bytedance.com) AppleWebKit/537.36 (KHTML, like Gecko) Chrome/70.0.0.0 Safari/537.36"
67.223.118.104 - - [15/May/2026:08:24:42 -0400] "POST /wp-cron.php?doing_wp_cron=1778847882.2429530620574951171875 HTTP/1.1" 200 0 "-" "WordPress/6.9.4; https://www.shoenation.me"
47.128.62.137 - - [15/May/2026:08:24:13 -0400] "GET /wp-content/uploads/2025/02/IMG_0260-150x150.jpeg HTTP/1.1" 200 0 "https://www.shoenation.me/product-category/adidas/sp/?filter_size=36%2C39%2C40%2C44&per_row=4&shop_view=grid" "Mozilla/5.0 (compatible; Bytespider; spider-feedback@bytedance.com) AppleWebKit/537.36 (KHTML, like Gecko) Chrome/70.0.0.0 Safari/537.36"
47.128.62.137 - - [15/May/2026:08:24:13 -0400] "GET /wp-content/uploads/2025/02/new-balance-530-miu-miu-v0-0p61tlqcrp2d1-150x150.webp HTTP/1.1" 200 0 "https://www.shoenation.me/product-category/adidas/sp/?filter_size=36%2C39%2C40%2C44&per_row=4&shop_view=grid" "Mozilla/5.0 (compatible; Bytespider; spider-feedback@bytedance.com) AppleWebKit/537.36 (KHTML, like Gecko) Chrome/70.0.0.0 Safari/537.36"
47.128.62.137 - - [15/May/2026:08:24:13 -0400] "GET /wp-content/uploads/2024/06/3423897250m8_zm-1.jpg HTTP/1.1" 404 178455 "https://www.shoenation.me/product-category/adidas/sp/?filter_size=36%2C39%2C40%2C44&per_row=4&shop_view=grid" "Mozilla/5.0 (compatible; Bytespider; spider-feedback@bytedance.com) AppleWebKit/537.36 (KHTML, like Gecko) Chrome/70.0.0.0 Safari/537.36"
47.128.62.137 - - [15/May/2026:08:24:14 -0400] "GET /wp-content/uploads/2024/06/5ef42a4788df9cdaaf135d9583f2228b-1-150x150.jpg HTTP/1.1" 200 0 "https://www.shoenation.me/product-category/adidas/sp/?filter_size=36%2C39%2C40%2C44&per_row=4&shop_view=grid" "Mozilla/5.0 (compatible; Bytespider; spider-feedback@bytedance.com) AppleWebKit/537.36 (KHTML, like Gecko) Chrome/70.0.0.0 Safari/537.36"
47.128.62.137 - - [15/May/2026:08:24:14 -0400] "GET /wp-content/uploads/2025/02/download-150x150.jpg HTTP/1.1" 200 0 "https://www.shoenation.me/product-category/adidas/sp/?filter_size=36%2C39%2C40%2C44&per_row=4&shop_view=grid" "Mozilla/5.0 (compatible; Bytespider; spider-feedback@bytedance.com) AppleWebKit/537.36 (KHTML, like Gecko) Chrome/70.0.0.0 Safari/537.36"
47.128.62.137 - - [15/May/2026:08:24:14 -0400] "GET /wp-content/uploads/2024/06/63922ed58580f70019f80ea5-1-150x150.webp HTTP/1.1" 200 0 "https://www.shoenation.me/product-category/adidas/sp/?filter_size=36%2C39%2C40%2C44&per_row=4&shop_view=grid" "Mozilla/5.0 (compatible; Bytespider; spider-feedback@bytedance.com) AppleWebKit/537.36 (KHTML, like Gecko) Chrome/70.0.0.0 Safari/537.36"
47.128.62.137 - - [15/May/2026:08:24:14 -0400] "GET /wp-content/uploads/2024/06/3423897250m8_zm-1-150x150.jpg HTTP/1.1" 200 0 "https://www.shoenation.me/product-category/adidas/sp/?filter_size=36%2C39%2C40%2C44&per_row=4&shop_view=grid" "Mozilla/5.0 (compatible; Bytespider; spider-feedback@bytedance.com) AppleWebKit/537.36 (KHTML, like Gecko) Chrome/70.0.0.0 Safari/537.36"
47.128.62.137 - - [15/May/2026:08:24:14 -0400] "GET /wp-content/uploads/2025/02/614b4079e84ea91f6aa9d9919838a0d6.jpg_720x720q80-150x150.jpg HTTP/1.1" 200 0 "https://www.shoenation.me/product-category/adidas/sp/?filter_size=36%2C39%2C40%2C44&per_row=4&shop_view=grid" "Mozilla/5.0 (compatible; Bytespider; spider-feedback@bytedance.com) AppleWebKit/537.36 (KHTML, like Gecko) Chrome/70.0.0.0 Safari/537.36"
47.128.62.137 - - [15/May/2026:08:24:14 -0400] "GET /wp-content/uploads/2024/06/ca089c0521d61637a52311e4c5c83f0f-150x150.jpg HTTP/1.1" 200 0 "https://www.shoenation.me/product-category/adidas/sp/?filter_size=36%2C39%2C40%2C44&per_row=4&shop_view=grid" "Mozilla/5.0 (compatible; Bytespider; spider-feedback@bytedance.com) AppleWebKit/537.36 (KHTML, like Gecko) Chrome/70.0.0.0 Safari/537.36"
47.128.62.137 - - [15/May/2026:08:24:14 -0400] "GET /wp-content/uploads/2024/06/17-best-nike-running-shoes-15275-150x150.webp HTTP/1.1" 200 0 "https://www.shoenation.me/product-category/adidas/sp/?filter_size=36%2C39%2C40%2C44&per_row=4&shop_view=grid" "Mozilla/5.0 (compatible; Bytespider; spider-feedback@bytedance.com) AppleWebKit/537.36 (KHTML, like Gecko) Chrome/70.0.0.0 Safari/537.36"
47.128.62.137 - - [15/May/2026:08:24:14 -0400] "GET /wp-content/uploads/2024/06/product-jpeg-500x500-1-150x150.webp HTTP/1.1" 200 0 "https://www.shoenation.me/product-category/adidas/sp/?filter_size=36%2C39%2C40%2C44&per_row=4&shop_view=grid" "Mozilla/5.0 (compatible; Bytespider; spider-feedback@bytedance.com) AppleWebKit/537.36 (KHTML, like Gecko) Chrome/70.0.0.0 Safari/537.36"
47.128.62.137 - - [15/May/2026:08:24:14 -0400] "GET /wp-content/uploads/2024/03/OUAD0059-1-430x430.png HTTP/1.1" 200 0 "https://www.shoenation.me/product-category/adidas/sp/?filter_size=36%2C39%2C40%2C44&per_row=4&shop_view=grid" "Mozilla/5.0 (compatible; Bytespider; spider-feedback@bytedance.com) AppleWebKit/537.36 (KHTML, like Gecko) Chrome/70.0.0.0 Safari/537.36"
47.128.62.137 - - [15/May/2026:08:24:14 -0400] "GET /wp-content/uploads/2024/03/OUAD0059-2-430x430.png HTTP/1.1" 200 0 "https://www.shoenation.me/product-category/adidas/sp/?filter_size=36%2C39%2C40%2C44&per_row=4&shop_view=grid" "Mozilla/5.0 (compatible; Bytespider; spider-feedback@bytedance.com) AppleWebKit/537.36 (KHTML, like Gecko) Chrome/70.0.0.0 Safari/537.36"
47.128.62.137 - - [15/May/2026:08:24:14 -0400] "GET /wp-content/uploads/2024/03/OUAD0060-3-430x430.png HTTP/1.1" 200 0 "https://www.shoenation.me/product-category/adidas/sp/?filter_size=36%2C39%2C40%2C44&per_row=4&shop_view=grid" "Mozilla/5.0 (compatible; Bytespider; spider-feedback@bytedance.com) AppleWebKit/537.36 (KHTML, like Gecko) Chrome/70.0.0.0 Safari/537.36"
47.128.62.137 - - [15/May/2026:08:24:14 -0400] "GET /wp-content/uploads/2024/03/OUAD0060-1-430x430.png HTTP/1.1" 200 0 "https://www.shoenation.me/product-category/adidas/sp/?filter_size=36%2C39%2C40%2C44&per_row=4&shop_view=grid" "Mozilla/5.0 (compatible; Bytespider; spider-feedback@bytedance.com) AppleWebKit/537.36 (KHTML, like Gecko) Chrome/70.0.0.0 Safari/537.36"
47.128.62.137 - - [15/May/2026:08:24:14 -0400] "GET /wp-content/uploads/2024/03/Handball_Spezial_Shoes_Beige_IF6562_01_standard.avif HTTP/1.1" 200 0 "https://www.shoenation.me/product-category/adidas/sp/?filter_size=36%2C39%2C40%2C44&per_row=4&shop_view=grid" "Mozilla/5.0 (compatible; Bytespider; spider-feedback@bytedance.com) AppleWebKit/537.36 (KHTML, like Gecko) Chrome/70.0.0.0 Safari/537.36"
47.128.62.137 - - [15/May/2026:08:24:14 -0400] "GET /wp-content/uploads/2024/03/OUAD0048-3-430x430.png HTTP/1.1" 200 0 "https://www.shoenation.me/product-category/adidas/sp/?filter_size=36%2C39%2C40%2C44&per_row=4&shop_view=grid" "Mozilla/5.0 (compatible; Bytespider; spider-feedback@bytedance.com) AppleWebKit/537.36 (KHTML, like Gecko) Chrome/70.0.0.0 Safari/537.36"
47.128.62.137 - - [15/May/2026:08:24:34 -0400] "GET /wp-content/uploads/2024/05/Handball_Spezial_Shoes_Red_FV1227_04_standard.avif HTTP/1.1" 500 2431 "https://www.shoenation.me/product-category/adidas/sp/?filter_size=36%2C39%2C40%2C44&per_row=4&shop_view=grid" "Mozilla/5.0 (compatible; Bytespider; spider-feedback@bytedance.com) AppleWebKit/537.36 (KHTML, like Gecko) Chrome/70.0.0.0 Safari/537.36"
47.128.62.137 - - [15/May/2026:08:24:34 -0400] "GET /wp-content/uploads/2024/05/Handball_Spezial_Shoes_Red_FV1227_01_standard.avif HTTP/1.1" 500 2431 "https://www.shoenation.me/product-category/adidas/sp/?filter_size=36%2C39%2C40%2C44&per_row=4&shop_view=grid" "Mozilla/5.0 (compatible; Bytespider; spider-feedback@bytedance.com) AppleWebKit/537.36 (KHTML, like Gecko) Chrome/70.0.0.0 Safari/537.36"
47.128.62.137 - - [15/May/2026:08:24:34 -0400] "GET /wp-content/uploads/2024/03/wd-envelope-dark.svg HTTP/1.1" 500 2431 "https://www.shoenation.me/product-category/adidas/sp/?filter_size=36%2C39%2C40%2C44&per_row=4&shop_view=grid" "Mozilla/5.0 (compatible; Bytespider; spider-feedback@bytedance.com) AppleWebKit/537.36 (KHTML, like Gecko) Chrome/70.0.0.0 Safari/537.36"
47.128.62.137 - - [15/May/2026:08:24:14 -0400] "GET /wp-content/uploads/2024/03/OUAD0058-1-430x430.png HTTP/1.1" 200 0 "https://www.shoenation.me/product-category/adidas/sp/?filter_size=36%2C39%2C40%2C44&per_row=4&shop_view=grid" "Mozilla/5.0 (compatible; Bytespider; spider-feedback@bytedance.com) AppleWebKit/537.36 (KHTML, like Gecko) Chrome/70.0.0.0 Safari/537.36"
47.128.62.137 - - [15/May/2026:08:24:14 -0400] "GET /wp-content/uploads/2024/03/OUAD0058-3-430x430.png HTTP/1.1" 200 0 "https://www.shoenation.me/product-category/adidas/sp/?filter_size=36%2C39%2C40%2C44&per_row=4&shop_view=grid" "Mozilla/5.0 (compatible; Bytespider; spider-feedback@bytedance.com) AppleWebKit/537.36 (KHTML, like Gecko) Chrome/70.0.0.0 Safari/537.36"
47.128.62.137 - - [15/May/2026:08:24:34 -0400] "GET /wp-content/uploads/2024/11/Handball_Spezial_Shoes_Burgundy_IG1978_04_standard-2-430x430.png HTTP/1.1" 500 2431 "https://www.shoenation.me/product-category/adidas/sp/?filter_size=36%2C39%2C40%2C44&per_row=4&shop_view=grid" "Mozilla/5.0 (compatible; Bytespider; spider-feedback@bytedance.com) AppleWebKit/537.36 (KHTML, like Gecko) Chrome/70.0.0.0 Safari/537.36"
47.128.62.137 - - [15/May/2026:08:24:14 -0400] "GET /wp-content/uploads/2024/05/Handball_Spezial_Shoes_Pink_IF6561_05_standard.avif HTTP/1.1" 200 0 "https://www.shoenation.me/product-category/adidas/sp/?filter_size=36%2C39%2C40%2C44&per_row=4&shop_view=grid" "Mozilla/5.0 (compatible; Bytespider; spider-feedback@bytedance.com) AppleWebKit/537.36 (KHTML, like Gecko) Chrome/70.0.0.0 Safari/537.36"
47.128.62.137 - - [15/May/2026:08:24:14 -0400] "GET /wp-content/uploads/2024/05/Handball_Spezial_Shoes_Pink_IF6561_01_standard.avif HTTP/1.1" 200 0 "https://www.shoenation.me/product-category/adidas/sp/?filter_size=36%2C39%2C40%2C44&per_row=4&shop_view=grid" "Mozilla/5.0 (compatible; Bytespider; spider-feedback@bytedance.com) AppleWebKit/537.36 (KHTML, like Gecko) Chrome/70.0.0.0 Safari/537.36"
47.128.62.137 - - [15/May/2026:08:24:14 -0400] "GET /wp-content/uploads/2024/08/Handball_Spezial_Shoes_Black_IE5897_02_standard_hover-430x430.png HTTP/1.1" 200 0 "https://www.shoenation.me/product-category/adidas/sp/?filter_size=36%2C39%2C40%2C44&per_row=4&shop_view=grid" "Mozilla/5.0 (compatible; Bytespider; spider-feedback@bytedance.com) AppleWebKit/537.36 (KHTML, like Gecko) Chrome/70.0.0.0 Safari/537.36"
47.128.62.137 - - [15/May/2026:08:24:14 -0400] "GET /wp-content/uploads/2024/08/Handball_Spezial_Shoes_Black_IE5897_01_standard-430x430.png HTTP/1.1" 200 0 "https://www.shoenation.me/product-category/adidas/sp/?filter_size=36%2C39%2C40%2C44&per_row=4&shop_view=grid" "Mozilla/5.0 (compatible; Bytespider; spider-feedback@bytedance.com) AppleWebKit/537.36 (KHTML, like Gecko) Chrome/70.0.0.0 Safari/537.36"
47.128.62.137 - - [15/May/2026:08:24:14 -0400] "GET /wp-content/uploads/2024/08/Handball_Spezial_Shoes_White_IE3699_02_standard_hover-430x430.png HTTP/1.1" 200 0 "https://www.shoenation.me/product-category/adidas/sp/?filter_size=36%2C39%2C40%2C44&per_row=4&shop_view=grid" "Mozilla/5.0 (compatible; Bytespider; spider-feedback@bytedance.com) AppleWebKit/537.36 (KHTML, like Gecko) Chrome/70.0.0.0 Safari/537.36"
47.128.62.137 - - [15/May/2026:08:24:14 -0400] "GET /wp-content/uploads/2024/08/Handball_Spezial_Shoes_White_IE3699_01_standard-1-430x430.png HTTP/1.1" 200 0 "https://www.shoenation.me/product-category/adidas/sp/?filter_size=36%2C39%2C40%2C44&per_row=4&shop_view=grid" "Mozilla/5.0 (compatible; Bytespider; spider-feedback@bytedance.com) AppleWebKit/537.36 (KHTML, like Gecko) Chrome/70.0.0.0 Safari/537.36"
47.128.62.137 - - [15/May/2026:08:24:34 -0400] "GET /wp-content/uploads/2024/11/Handball_Spezial_Shoes_Burgundy_IG1978_01_standard-430x430.png HTTP/1.1" 500 2431 "https://www.shoenation.me/product-category/adidas/sp/?filter_size=36%2C39%2C40%2C44&per_row=4&shop_view=grid" "Mozilla/5.0 (compatible; Bytespider; spider-feedback@bytedance.com) AppleWebKit/537.36 (KHTML, like Gecko) Chrome/70.0.0.0 Safari/537.36"
47.128.62.137 - - [15/May/2026:08:24:15 -0400] "GET /wp-content/uploads/2024/07/Handball_Spezial_Shoes_Brown_IF6490_02_standard.avif HTTP/1.1" 200 0 "https://www.shoenation.me/product-category/adidas/sp/?filter_size=36%2C39%2C40%2C44&per_row=4&shop_view=grid" "Mozilla/5.0 (compatible; Bytespider; spider-feedback@bytedance.com) AppleWebKit/537.36 (KHTML, like Gecko) Chrome/70.0.0.0 Safari/537.36"
47.128.62.137 - - [15/May/2026:08:24:15 -0400] "GET /wp-content/uploads/2024/07/Handball_Spezial_Shoes_Brown_IF6490_01_standard-1.avif HTTP/1.1" 200 0 "https://www.shoenation.me/product-category/adidas/sp/?filter_size=36%2C39%2C40%2C44&per_row=4&shop_view=grid" "Mozilla/5.0 (compatible; Bytespider; spider-feedback@bytedance.com) AppleWebKit/537.36 (KHTML, like Gecko) Chrome/70.0.0.0 Safari/537.36"
47.128.62.137 - - [15/May/2026:08:24:34 -0400] "GET /wp-content/uploads/2025/06/Handball_Spezial_Shoes_Blue_IF7087_01_standard-430x430.png HTTP/1.1" 200 0 "https://www.shoenation.me/product-category/adidas/sp/?filter_size=36%2C39%2C40%2C44&per_row=4&shop_view=grid" "Mozilla/5.0 (compatible; Bytespider; spider-feedback@bytedance.com) AppleWebKit/537.36 (KHTML, like Gecko) Chrome/70.0.0.0 Safari/537.36"
47.128.62.137 - - [15/May/2026:08:24:34 -0400] "GET /wp-content/uploads/2025/06/Handball_Spezial_Shoes_Blue_IF7087_03_standard-430x430.png HTTP/1.1" 200 0 "https://www.shoenation.me/product-category/adidas/sp/?filter_size=36%2C39%2C40%2C44&per_row=4&shop_view=grid" "Mozilla/5.0 (compatible; Bytespider; spider-feedback@bytedance.com) AppleWebKit/537.36 (KHTML, like Gecko) Chrome/70.0.0.0 Safari/537.36"
47.128.62.137 - - [15/May/2026:08:24:34 -0400] "GET /wp-content/uploads/2024/07/6db63930-86b1-4d11-9554-94cee4e30196-1000x989-vMKBOWZIFN5y7yE9A5IHs28ylAWUqNptAuz2Iqn3-1-430x425.png HTTP/1.1" 200 0 "https://www.shoenation.me/product-category/adidas/sp/?filter_size=36%2C39%2C40%2C44&per_row=4&shop_view=grid" "Mozilla/5.0 (compatible; Bytespider; spider-feedback@bytedance.com) AppleWebKit/537.36 (KHTML, like Gecko) Chrome/70.0.0.0 Safari/537.36"
66.249.73.72 - - [15/May/2026:08:26:15 -0400] "GET /?product_cat=samba&stock_status=instock&filter_size=36,37,39,41,42,43,46 HTTP/1.1" 200 24716 "-" "Mozilla/5.0 (Linux; Android 6.0.1; Nexus 5X Build/MMB29P) AppleWebKit/537.36 (KHTML, like Gecko) Chrome/148.0.7778.96 Mobile Safari/537.36 (compatible; Googlebot/2.1; +http://www.google.com/bot.html)"
67.223.118.104 - - [15/May/2026:08:26:47 -0400] "POST /wp-cron.php?doing_wp_cron=1778848006.9484829902648925781250 HTTP/1.1" 200 0 "-" "WordPress/6.9.4; https://www.shoenation.me"
43.158.91.71 - - [15/May/2026:08:26:35 -0400] "GET /product-category/adidas/samba/ HTTP/1.1" 200 59167 "-" "Mozilla/5.0 (iPhone; CPU iPhone OS 13_2_3 like Mac OS X) AppleWebKit/605.1.15 (KHTML, like Gecko) Version/13.0.3 Mobile/15E148 Safari/604.1"
66.249.73.72 - - [15/May/2026:08:27:41 -0400] "GET /?product_cat=jordan-3 HTTP/1.1" 200 25538 "-" "Mozilla/5.0 (Linux; Android 6.0.1; Nexus 5X Build/MMB29P) AppleWebKit/537.36 (KHTML, like Gecko) Chrome/148.0.7778.96 Mobile Safari/537.36 (compatible; Googlebot/2.1; +http://www.google.com/bot.html)"
66.249.73.71 - - [15/May/2026:08:27:57 -0400] "GET /?detail/967787475 HTTP/1.1" 200 23976 "-" "Mozilla/5.0 (Linux; Android 6.0.1; Nexus 5X Build/MMB29P) AppleWebKit/537.36 (KHTML, like Gecko) Chrome/148.0.7778.96 Mobile Safari/537.36 (compatible; Googlebot/2.1; +http://www.google.com/bot.html)"
67.223.118.104 - - [15/May/2026:08:28:02 -0400] "POST /wp-cron.php?doing_wp_cron=1778848082.2484838962554931640625 HTTP/1.1" 200 0 "-" "WordPress/6.9.4; https://www.shoenation.me"
47.128.62.161 - - [15/May/2026:08:27:58 -0400] "GET /?filter_size=40%2C41%2C43%2C45&product_cat=nb2002r&stock_status=onsale HTTP/1.1" 301 0 "-" "Mozilla/5.0 (compatible; Bytespider; spider-feedback@bytedance.com) AppleWebKit/537.36 (KHTML, like Gecko) Chrome/70.0.0.0 Safari/537.36"
47.128.62.161 - - [15/May/2026:08:28:02 -0400] "GET /product-category/new-balance/nb2002r/?filter_size=40%2C41%2C43%2C45&stock_status=onsale HTTP/1.1" 200 47005 "-" "Mozilla/5.0 (compatible; Bytespider; spider-feedback@bytedance.com) AppleWebKit/537.36 (KHTML, like Gecko) Chrome/70.0.0.0 Safari/537.36"
47.128.62.161 - - [15/May/2026:08:28:11 -0400] "GET /wp-content/uploads/elementor/css/post-11.css?ver=1778831080 HTTP/1.1" 200 373 "https://www.shoenation.me/product-category/new-balance/nb2002r/?filter_size=40%2C41%2C43%2C45&stock_status=onsale" "Mozilla/5.0 (compatible; Bytespider; spider-feedback@bytedance.com) AppleWebKit/537.36 (KHTML, like Gecko) Chrome/70.0.0.0 Safari/537.36"
47.128.62.161 - - [15/May/2026:08:28:13 -0400] "GET /wp-content/themes/woodmart/css/parts/int-elem-base.min.css?ver=7.4.3 HTTP/1.1" 200 1045 "https://www.shoenation.me/product-category/new-balance/nb2002r/?filter_size=40%2C41%2C43%2C45&stock_status=onsale" "Mozilla/5.0 (compatible; Bytespider; spider-feedback@bytedance.com) AppleWebKit/537.36 (KHTML, like Gecko) Chrome/70.0.0.0 Safari/537.36"
