47.128.62.112 - - [15/May/2026:15:08:41 -0400] "GET /wp-content/uploads/2024/05/OUDU0145-2-430x430.png HTTP/1.1" 500 2431 "https://www.shoenation.me/product-category/nike/sb-dunk/?filter_size=36%2C39%2C40&per_page=12&stock_status=instock%2Consale" "Mozilla/5.0 (compatible; Bytespider; spider-feedback@bytedance.com) AppleWebKit/537.36 (KHTML, like Gecko) Chrome/70.0.0.0 Safari/537.36"
47.128.62.112 - - [15/May/2026:15:08:41 -0400] "GET /wp-content/uploads/2024/03/OUDU0149-1-430x430.png HTTP/1.1" 500 2431 "https://www.shoenation.me/product-category/nike/sb-dunk/?filter_size=36%2C39%2C40&per_page=12&stock_status=instock%2Consale" "Mozilla/5.0 (compatible; Bytespider; spider-feedback@bytedance.com) AppleWebKit/537.36 (KHTML, like Gecko) Chrome/70.0.0.0 Safari/537.36"
47.128.62.112 - - [15/May/2026:15:08:41 -0400] "GET /wp-content/uploads/2024/03/OUDU0149-2-430x430.png HTTP/1.1" 500 2431 "https://www.shoenation.me/product-category/nike/sb-dunk/?filter_size=36%2C39%2C40&per_page=12&stock_status=instock%2Consale" "Mozilla/5.0 (compatible; Bytespider; spider-feedback@bytedance.com) AppleWebKit/537.36 (KHTML, like Gecko) Chrome/70.0.0.0 Safari/537.36"
47.128.62.112 - - [15/May/2026:15:08:41 -0400] "GET /wp-content/uploads/2024/03/OUDU0190-2-430x430.png HTTP/1.1" 500 2431 "https://www.shoenation.me/product-category/nike/sb-dunk/?filter_size=36%2C39%2C40&per_page=12&stock_status=instock%2Consale" "Mozilla/5.0 (compatible; Bytespider; spider-feedback@bytedance.com) AppleWebKit/537.36 (KHTML, like Gecko) Chrome/70.0.0.0 Safari/537.36"
47.128.62.112 - - [15/May/2026:15:08:41 -0400] "GET /wp-content/uploads/2024/03/wd-envelope-dark.svg HTTP/1.1" 500 2431 "https://www.shoenation.me/product-category/nike/sb-dunk/?filter_size=36%2C39%2C40&per_page=12&stock_status=instock%2Consale" "Mozilla/5.0 (compatible; Bytespider; spider-feedback@bytedance.com) AppleWebKit/537.36 (KHTML, like Gecko) Chrome/70.0.0.0 Safari/537.36"
47.128.62.112 - - [15/May/2026:15:08:41 -0400] "GET /wp-content/uploads/2024/03/OUDU0175-3-430x430.png HTTP/1.1" 500 2431 "https://www.shoenation.me/product-category/nike/sb-dunk/?filter_size=36%2C39%2C40&per_page=12&stock_status=instock%2Consale" "Mozilla/5.0 (compatible; Bytespider; spider-feedback@bytedance.com) AppleWebKit/537.36 (KHTML, like Gecko) Chrome/70.0.0.0 Safari/537.36"
47.82.13.75 - - [15/May/2026:15:08:36 -0400] "GET /?filter_size=37%2C38%2C39&per_page=18&per_row=4&product_cat=othermodels&shop_view=grid&stock_status=instock HTTP/1.1" 200 0 "-" "Mozilla/5.0 (Windows NT 10.0; Win64; x64) AppleWebKit/537.36 (KHTML, like Gecko) Chrome/143.0.0.0 Safari/537.36"
47.128.62.112 - - [15/May/2026:15:08:20 -0400] "GET /wp-content/uploads/2024/03/ShoeNation-Logo.png HTTP/1.1" 200 0 "https://www.shoenation.me/product-category/nike/sb-dunk/?filter_size=36%2C39%2C40&per_page=12&stock_status=instock%2Consale" "Mozilla/5.0 (compatible; Bytespider; spider-feedback@bytedance.com) AppleWebKit/537.36 (KHTML, like Gecko) Chrome/70.0.0.0 Safari/537.36"
47.128.62.112 - - [15/May/2026:15:08:21 -0400] "GET /wp-content/uploads/2025/02/IMG_0260-150x150.jpeg HTTP/1.1" 200 0 "https://www.shoenation.me/product-category/nike/sb-dunk/?filter_size=36%2C39%2C40&per_page=12&stock_status=instock%2Consale" "Mozilla/5.0 (compatible; Bytespider; spider-feedback@bytedance.com) AppleWebKit/537.36 (KHTML, like Gecko) Chrome/70.0.0.0 Safari/537.36"
47.128.62.112 - - [15/May/2026:15:08:21 -0400] "GET /wp-content/uploads/2025/02/new-balance-530-miu-miu-v0-0p61tlqcrp2d1-150x150.webp HTTP/1.1" 200 0 "https://www.shoenation.me/product-category/nike/sb-dunk/?filter_size=36%2C39%2C40&per_page=12&stock_status=instock%2Consale" "Mozilla/5.0 (compatible; Bytespider; spider-feedback@bytedance.com) AppleWebKit/537.36 (KHTML, like Gecko) Chrome/70.0.0.0 Safari/537.36"
47.128.62.112 - - [15/May/2026:15:08:21 -0400] "GET /wp-content/uploads/2025/02/download-150x150.jpg HTTP/1.1" 200 0 "https://www.shoenation.me/product-category/nike/sb-dunk/?filter_size=36%2C39%2C40&per_page=12&stock_status=instock%2Consale" "Mozilla/5.0 (compatible; Bytespider; spider-feedback@bytedance.com) AppleWebKit/537.36 (KHTML, like Gecko) Chrome/70.0.0.0 Safari/537.36"
47.128.62.112 - - [15/May/2026:15:08:21 -0400] "GET /wp-content/uploads/2024/06/3423897250m8_zm-1-150x150.jpg HTTP/1.1" 200 0 "https://www.shoenation.me/product-category/nike/sb-dunk/?filter_size=36%2C39%2C40&per_page=12&stock_status=instock%2Consale" "Mozilla/5.0 (compatible; Bytespider; spider-feedback@bytedance.com) AppleWebKit/537.36 (KHTML, like Gecko) Chrome/70.0.0.0 Safari/537.36"
47.128.62.112 - - [15/May/2026:15:08:21 -0400] "GET /wp-content/uploads/2024/06/5ef42a4788df9cdaaf135d9583f2228b-1-150x150.jpg HTTP/1.1" 200 0 "https://www.shoenation.me/product-category/nike/sb-dunk/?filter_size=36%2C39%2C40&per_page=12&stock_status=instock%2Consale" "Mozilla/5.0 (compatible; Bytespider; spider-feedback@bytedance.com) AppleWebKit/537.36 (KHTML, like Gecko) Chrome/70.0.0.0 Safari/537.36"
47.128.62.112 - - [15/May/2026:15:08:21 -0400] "GET /wp-content/uploads/2024/06/ca089c0521d61637a52311e4c5c83f0f-150x150.jpg HTTP/1.1" 200 0 "https://www.shoenation.me/product-category/nike/sb-dunk/?filter_size=36%2C39%2C40&per_page=12&stock_status=instock%2Consale" "Mozilla/5.0 (compatible; Bytespider; spider-feedback@bytedance.com) AppleWebKit/537.36 (KHTML, like Gecko) Chrome/70.0.0.0 Safari/537.36"
47.128.62.112 - - [15/May/2026:15:08:21 -0400] "GET /wp-content/uploads/2024/06/63922ed58580f70019f80ea5-1-150x150.webp HTTP/1.1" 200 0 "https://www.shoenation.me/product-category/nike/sb-dunk/?filter_size=36%2C39%2C40&per_page=12&stock_status=instock%2Consale" "Mozilla/5.0 (compatible; Bytespider; spider-feedback@bytedance.com) AppleWebKit/537.36 (KHTML, like Gecko) Chrome/70.0.0.0 Safari/537.36"
47.128.62.112 - - [15/May/2026:15:08:21 -0400] "GET /wp-content/uploads/2025/02/614b4079e84ea91f6aa9d9919838a0d6.jpg_720x720q80-150x150.jpg HTTP/1.1" 200 0 "https://www.shoenation.me/product-category/nike/sb-dunk/?filter_size=36%2C39%2C40&per_page=12&stock_status=instock%2Consale" "Mozilla/5.0 (compatible; Bytespider; spider-feedback@bytedance.com) AppleWebKit/537.36 (KHTML, like Gecko) Chrome/70.0.0.0 Safari/537.36"
47.128.62.112 - - [15/May/2026:15:08:21 -0400] "GET /wp-content/uploads/2024/06/17-best-nike-running-shoes-15275-150x150.webp HTTP/1.1" 200 0 "https://www.shoenation.me/product-category/nike/sb-dunk/?filter_size=36%2C39%2C40&per_page=12&stock_status=instock%2Consale" "Mozilla/5.0 (compatible; Bytespider; spider-feedback@bytedance.com) AppleWebKit/537.36 (KHTML, like Gecko) Chrome/70.0.0.0 Safari/537.36"
47.128.62.112 - - [15/May/2026:15:08:21 -0400] "GET /wp-content/uploads/2024/06/product-jpeg-500x500-1-150x150.webp HTTP/1.1" 200 0 "https://www.shoenation.me/product-category/nike/sb-dunk/?filter_size=36%2C39%2C40&per_page=12&stock_status=instock%2Consale" "Mozilla/5.0 (compatible; Bytespider; spider-feedback@bytedance.com) AppleWebKit/537.36 (KHTML, like Gecko) Chrome/70.0.0.0 Safari/537.36"
47.128.62.112 - - [15/May/2026:15:08:21 -0400] "GET /wp-content/uploads/2024/03/OUDU0159-2-430x430.png HTTP/1.1" 200 0 "https://www.shoenation.me/product-category/nike/sb-dunk/?filter_size=36%2C39%2C40&per_page=12&stock_status=instock%2Consale" "Mozilla/5.0 (compatible; Bytespider; spider-feedback@bytedance.com) AppleWebKit/537.36 (KHTML, like Gecko) Chrome/70.0.0.0 Safari/537.36"
47.128.62.112 - - [15/May/2026:15:08:21 -0400] "GET /wp-content/uploads/2024/03/OUDU0159-1-430x430.png HTTP/1.1" 200 0 "https://www.shoenation.me/product-category/nike/sb-dunk/?filter_size=36%2C39%2C40&per_page=12&stock_status=instock%2Consale" "Mozilla/5.0 (compatible; Bytespider; spider-feedback@bytedance.com) AppleWebKit/537.36 (KHTML, like Gecko) Chrome/70.0.0.0 Safari/537.36"
47.128.62.112 - - [15/May/2026:15:08:21 -0400] "GET /wp-content/uploads/2024/05/CXxmX51S0q4dh2GEkfhm42rGuXpYfELSmhmdh8tU-430x430.webp HTTP/1.1" 200 0 "https://www.shoenation.me/product-category/nike/sb-dunk/?filter_size=36%2C39%2C40&per_page=12&stock_status=instock%2Consale" "Mozilla/5.0 (compatible; Bytespider; spider-feedback@bytedance.com) AppleWebKit/537.36 (KHTML, like Gecko) Chrome/70.0.0.0 Safari/537.36"
47.128.62.112 - - [15/May/2026:15:08:21 -0400] "GET /wp-content/uploads/2024/05/23fd66ac4b160d6904613145b49389ad_1653077430-430x430.jpeg HTTP/1.1" 200 0 "https://www.shoenation.me/product-category/nike/sb-dunk/?filter_size=36%2C39%2C40&per_page=12&stock_status=instock%2Consale" "Mozilla/5.0 (compatible; Bytespider; spider-feedback@bytedance.com) AppleWebKit/537.36 (KHTML, like Gecko) Chrome/70.0.0.0 Safari/537.36"
47.128.62.112 - - [15/May/2026:15:08:21 -0400] "GET /wp-content/uploads/2024/05/GyXtxDOe9eBxBoUp2oOV8C6jStqg2fSwAbMZRFsr-430x430.webp HTTP/1.1" 200 0 "https://www.shoenation.me/product-category/nike/sb-dunk/?filter_size=36%2C39%2C40&per_page=12&stock_status=instock%2Consale" "Mozilla/5.0 (compatible; Bytespider; spider-feedback@bytedance.com) AppleWebKit/537.36 (KHTML, like Gecko) Chrome/70.0.0.0 Safari/537.36"
47.128.62.112 - - [15/May/2026:15:08:21 -0400] "GET /wp-content/uploads/2024/03/OUDU0169-1-430x430.png HTTP/1.1" 200 0 "https://www.shoenation.me/product-category/nike/sb-dunk/?filter_size=36%2C39%2C40&per_page=12&stock_status=instock%2Consale" "Mozilla/5.0 (compatible; Bytespider; spider-feedback@bytedance.com) AppleWebKit/537.36 (KHTML, like Gecko) Chrome/70.0.0.0 Safari/537.36"
47.128.62.112 - - [15/May/2026:15:08:21 -0400] "GET /wp-content/uploads/2024/05/cb72f78fd8042dd273a28a45a838e8ca_1653077427-430x430.jpeg HTTP/1.1" 200 0 "https://www.shoenation.me/product-category/nike/sb-dunk/?filter_size=36%2C39%2C40&per_page=12&stock_status=instock%2Consale" "Mozilla/5.0 (compatible; Bytespider; spider-feedback@bytedance.com) AppleWebKit/537.36 (KHTML, like Gecko) Chrome/70.0.0.0 Safari/537.36"
47.128.62.112 - - [15/May/2026:15:08:21 -0400] "GET /wp-content/uploads/2024/07/women-s-dunk-low-winter-solstice-do6723%E2%80%93800-release-date-5-430x484.webp HTTP/1.1" 200 0 "https://www.shoenation.me/product-category/nike/sb-dunk/?filter_size=36%2C39%2C40&per_page=12&stock_status=instock%2Consale" "Mozilla/5.0 (compatible; Bytespider; spider-feedback@bytedance.com) AppleWebKit/537.36 (KHTML, like Gecko) Chrome/70.0.0.0 Safari/537.36"
47.128.62.112 - - [15/May/2026:15:08:21 -0400] "GET /wp-content/uploads/2024/03/OUDU0169-3-430x430.png HTTP/1.1" 200 0 "https://www.shoenation.me/product-category/nike/sb-dunk/?filter_size=36%2C39%2C40&per_page=12&stock_status=instock%2Consale" "Mozilla/5.0 (compatible; Bytespider; spider-feedback@bytedance.com) AppleWebKit/537.36 (KHTML, like Gecko) Chrome/70.0.0.0 Safari/537.36"
47.128.62.112 - - [15/May/2026:15:08:21 -0400] "GET /wp-content/uploads/2024/03/OUDU0163-1-430x430.png HTTP/1.1" 200 0 "https://www.shoenation.me/product-category/nike/sb-dunk/?filter_size=36%2C39%2C40&per_page=12&stock_status=instock%2Consale" "Mozilla/5.0 (compatible; Bytespider; spider-feedback@bytedance.com) AppleWebKit/537.36 (KHTML, like Gecko) Chrome/70.0.0.0 Safari/537.36"
47.128.62.112 - - [15/May/2026:15:08:21 -0400] "GET /wp-content/uploads/2024/07/women-s-dunk-low-winter-solstice-do6723%E2%80%93800-release-date-430x484.webp HTTP/1.1" 200 0 "https://www.shoenation.me/product-category/nike/sb-dunk/?filter_size=36%2C39%2C40&per_page=12&stock_status=instock%2Consale" "Mozilla/5.0 (compatible; Bytespider; spider-feedback@bytedance.com) AppleWebKit/537.36 (KHTML, like Gecko) Chrome/70.0.0.0 Safari/537.36"
47.128.62.112 - - [15/May/2026:15:08:21 -0400] "GET /wp-content/uploads/2024/05/1_14c3d3b0-3479-447d-828c-7aed3e788c7b-430x430.webp HTTP/1.1" 200 0 "https://www.shoenation.me/product-category/nike/sb-dunk/?filter_size=36%2C39%2C40&per_page=12&stock_status=instock%2Consale" "Mozilla/5.0 (compatible; Bytespider; spider-feedback@bytedance.com) AppleWebKit/537.36 (KHTML, like Gecko) Chrome/70.0.0.0 Safari/537.36"
47.128.62.112 - - [15/May/2026:15:08:21 -0400] "GET /wp-content/uploads/2024/03/OUDU0163-3-430x430.png HTTP/1.1" 200 0 "https://www.shoenation.me/product-category/nike/sb-dunk/?filter_size=36%2C39%2C40&per_page=12&stock_status=instock%2Consale" "Mozilla/5.0 (compatible; Bytespider; spider-feedback@bytedance.com) AppleWebKit/537.36 (KHTML, like Gecko) Chrome/70.0.0.0 Safari/537.36"
47.128.62.112 - - [15/May/2026:15:08:21 -0400] "GET /wp-content/uploads/2024/03/OUDU0181-1-430x430.png HTTP/1.1" 200 0 "https://www.shoenation.me/product-category/nike/sb-dunk/?filter_size=36%2C39%2C40&per_page=12&stock_status=instock%2Consale" "Mozilla/5.0 (compatible; Bytespider; spider-feedback@bytedance.com) AppleWebKit/537.36 (KHTML, like Gecko) Chrome/70.0.0.0 Safari/537.36"
47.128.62.112 - - [15/May/2026:15:08:21 -0400] "GET /wp-content/uploads/2024/05/NIKEDUNKLOWSPCLOTCORK-e1716318255425-1-430x376.webp HTTP/1.1" 200 0 "https://www.shoenation.me/product-category/nike/sb-dunk/?filter_size=36%2C39%2C40&per_page=12&stock_status=instock%2Consale" "Mozilla/5.0 (compatible; Bytespider; spider-feedback@bytedance.com) AppleWebKit/537.36 (KHTML, like Gecko) Chrome/70.0.0.0 Safari/537.36"
47.128.62.112 - - [15/May/2026:15:08:21 -0400] "GET /wp-content/uploads/2024/03/OUDU0181-3-430x430.png HTTP/1.1" 200 0 "https://www.shoenation.me/product-category/nike/sb-dunk/?filter_size=36%2C39%2C40&per_page=12&stock_status=instock%2Consale" "Mozilla/5.0 (compatible; Bytespider; spider-feedback@bytedance.com) AppleWebKit/537.36 (KHTML, like Gecko) Chrome/70.0.0.0 Safari/537.36"
67.223.118.104 - - [15/May/2026:15:09:00 -0400] "POST /wp-cron.php?doing_wp_cron=1778872140.4398291110992431640625 HTTP/1.1" 200 0 "-" "WordPress/6.9.4; https://www.shoenation.me"
47.82.15.104 - - [15/May/2026:15:09:08 -0400] "GET /?filter_size=37%2C38%2C39%2C40%2C42%2C43%2C44&per_page=9&product_cat=asics&stock_status=instock HTTP/1.1" 301 0 "-" "Mozilla/5.0 (Windows NT 10.0; Win64; x64) AppleWebKit/537.36 (KHTML, like Gecko) Chrome/147.0.0.0 Safari/537.36"
67.223.118.104 - - [15/May/2026:15:09:17 -0400] "POST /wp-cron.php?doing_wp_cron=1778872157.7652668952941894531250 HTTP/1.1" 200 0 "-" "WordPress/6.9.4; https://www.shoenation.me"
47.82.15.104 - - [15/May/2026:15:09:12 -0400] "GET /product-category/asics/?filter_size=37%2C38%2C39%2C40%2C42%2C43%2C44&per_page=9&stock_status=instock HTTP/1.1" 200 58085 "https://www.shoenation.me/?filter_size=37%2C38%2C39%2C40%2C42%2C43%2C44&per_page=9&product_cat=asics&stock_status=instock" "Mozilla/5.0 (Windows NT 10.0; Win64; x64) AppleWebKit/537.36 (KHTML, like Gecko) Chrome/147.0.0.0 Safari/537.36"
91.84.114.150 - - [15/May/2026:15:09:23 -0400] "GET /?page_id=4439 HTTP/1.0" 301 0 "https://www.shoenation.me/?page_id=4439" "Mozilla/5.0 (Windows NT 10.0; Win64; x64) AppleWebKit/537.36 (KHTML, like Gecko) Chrome/130.0.0.0 Safari/537.36"
91.84.114.150 - - [15/May/2026:15:09:26 -0400] "GET /contact-us/ HTTP/1.0" 200 194308 "https://www.shoenation.me/contact-us/" "Mozilla/5.0 (Windows NT 10.0; Win64; x64) AppleWebKit/537.36 (KHTML, like Gecko) Chrome/130.0.0.0 Safari/537.36"
67.223.118.104 - - [15/May/2026:15:10:46 -0400] "POST /wp-cron.php?doing_wp_cron=1778872246.5435559749603271484375 HTTP/1.1" 200 0 "-" "WordPress/6.9.4; https://www.shoenation.me"
47.79.10.56 - - [15/May/2026:15:10:42 -0400] "GET /?filter_size=36%2C37%2C39%2C44%2C46%2C47&per_page=12&per_row=2&product_cat=adidas&shop_view=grid&stock_status=onsale HTTP/1.1" 301 0 "-" "Mozilla/5.0 (Macintosh; Intel Mac OS X 10_15_7) AppleWebKit/537.36 (KHTML, like Gecko) Chrome/143.0.0.0 Safari/537.36"
47.79.10.72 - - [15/May/2026:15:10:42 -0400] "GET /?filter_size=37%2C38%2C39%2C42%2C43%2C44&per_page=12&product_cat=othermodels&stock_status=onsale HTTP/1.1" 301 0 "-" "Mozilla/5.0 (Macintosh; Intel Mac OS X 10_15_7) AppleWebKit/537.36 (KHTML, like Gecko) Chrome/146.0.0.0 Safari/537.36"
47.79.10.72 - - [15/May/2026:15:10:46 -0400] "GET /product-category/nike/othermodels/?filter_size=37%2C38%2C39%2C42%2C43%2C44&per_page=12&stock_status=onsale HTTP/1.1" 200 0 "https://www.shoenation.me/?filter_size=37%2C38%2C39%2C42%2C43%2C44&per_page=12&product_cat=othermodels&stock_status=onsale" "Mozilla/5.0 (Macintosh; Intel Mac OS X 10_15_7) AppleWebKit/537.36 (KHTML, like Gecko) Chrome/146.0.0.0 Safari/537.36"
47.79.10.56 - - [15/May/2026:15:10:46 -0400] "GET /product-category/adidas/?filter_size=36%2C37%2C39%2C44%2C46%2C47&per_page=12&per_row=2&shop_view=grid&stock_status=onsale HTTP/1.1" 200 0 "https://www.shoenation.me/?filter_size=36%2C37%2C39%2C44%2C46%2C47&per_page=12&per_row=2&product_cat=adidas&shop_view=grid&stock_status=onsale" "Mozilla/5.0 (Macintosh; Intel Mac OS X 10_15_7) AppleWebKit/537.36 (KHTML, like Gecko) Chrome/143.0.0.0 Safari/537.36"
47.79.11.227 - - [15/May/2026:15:10:56 -0400] "GET /?filter_size=36%2C37%2C38%2C39%2C40%2C41%2C42%2C45%2C46&per_page=18&product_cat=yezzy HTTP/1.1" 301 0 "-" "Mozilla/5.0 (Windows NT 10.0; Win64; x64) AppleWebKit/537.36 (KHTML, like Gecko) Chrome/141.0.0.0 Safari/537.36"
47.79.11.227 - - [15/May/2026:15:10:56 -0400] "GET /?filter_size=37%2C37-5%2C40%2C43%2C45&per_row=4&product_cat=adidas&shop_view=grid&stock_status=onsale HTTP/1.1" 301 0 "-" "Mozilla/5.0 (Macintosh; Intel Mac OS X 10_15_7) AppleWebKit/537.36 (KHTML, like Gecko) Chrome/146.0.0.0 Safari/537.36"
47.79.11.227 - - [15/May/2026:15:11:01 -0400] "GET /product-category/adidas/?filter_size=37%2C37-5%2C40%2C43%2C45&per_row=4&shop_view=grid&stock_status=onsale HTTP/1.1" 200 0 "https://www.shoenation.me/?filter_size=37%2C37-5%2C40%2C43%2C45&per_row=4&product_cat=adidas&shop_view=grid&stock_status=onsale" "Mozilla/5.0 (Macintosh; Intel Mac OS X 10_15_7) AppleWebKit/537.36 (KHTML, like Gecko) Chrome/146.0.0.0 Safari/537.36"
47.79.11.227 - - [15/May/2026:15:11:01 -0400] "GET /product-category/adidas/yezzy/?filter_size=36%2C37%2C38%2C39%2C40%2C41%2C42%2C45%2C46&per_page=18 HTTP/1.1" 200 0 "https://www.shoenation.me/?filter_size=36%2C37%2C38%2C39%2C40%2C41%2C42%2C45%2C46&per_page=18&product_cat=yezzy" "Mozilla/5.0 (Windows NT 10.0; Win64; x64) AppleWebKit/537.36 (KHTML, like Gecko) Chrome/141.0.0.0 Safari/537.36"
67.223.118.104 - - [15/May/2026:15:11:26 -0400] "POST /wp-cron.php?doing_wp_cron=1778872286.1412060260772705078125 HTTP/1.1" 200 0 "-" "WordPress/6.9.4; https://www.shoenation.me"
111.95.18.221 - - [15/May/2026:15:11:21 -0400] "GET /wp-content/uploads/2024/07/OURU0156-2-800x800.png HTTP/1.1" 404 41716 "-" "Opera/9.72.(Windows NT 5.0; xh-ZA) Presto/2.9.185 Version/10.00"
47.82.13.59 - - [15/May/2026:15:11:22 -0400] "GET /?filter_size=36%2C37%2C38%2C43%2C45&per_row=4&product_cat=yezzy&shop_view=grid HTTP/1.1" 301 0 "-" "Mozilla/5.0 (Macintosh; Intel Mac OS X 10_15_7) AppleWebKit/537.36 (KHTML, like Gecko) Chrome/147.0.0.0 Safari/537.36"
47.82.13.59 - - [15/May/2026:15:11:26 -0400] "GET /product-category/adidas/yezzy/?filter_size=36%2C37%2C38%2C43%2C45&per_row=4&shop_view=grid HTTP/1.1" 200 0 "https://www.shoenation.me/?filter_size=36%2C37%2C38%2C43%2C45&per_row=4&product_cat=yezzy&shop_view=grid" "Mozilla/5.0 (Macintosh; Intel Mac OS X 10_15_7) AppleWebKit/537.36 (KHTML, like Gecko) Chrome/147.0.0.0 Safari/537.36"
67.223.118.104 - - [15/May/2026:15:12:01 -0400] "POST /wp-cron.php?doing_wp_cron=1778872321.1398561000823974609375 HTTP/1.1" 200 0 "-" "WordPress/6.9.4; https://www.shoenation.me"
47.128.62.172 - - [15/May/2026:15:11:57 -0400] "GET /?filter_size=36%2C38%2C39%2C41&product_cat=on-running&stock_status=instock HTTP/1.1" 301 0 "-" "Mozilla/5.0 (compatible; Bytespider; spider-feedback@bytedance.com) AppleWebKit/537.36 (KHTML, like Gecko) Chrome/70.0.0.0 Safari/537.36"
47.128.62.172 - - [15/May/2026:15:12:01 -0400] "GET /product-category/on-running/?filter_size=36%2C38%2C39%2C41&stock_status=instock HTTP/1.1" 200 51280 "-" "Mozilla/5.0 (compatible; Bytespider; spider-feedback@bytedance.com) AppleWebKit/537.36 (KHTML, like Gecko) Chrome/70.0.0.0 Safari/537.36"
47.128.62.172 - - [15/May/2026:15:12:11 -0400] "GET /wp-content/uploads/2024/03/ShoeNation-Logo.png HTTP/1.1" 200 0 "https://www.shoenation.me/product-category/on-running/?filter_size=36%2C38%2C39%2C41&stock_status=instock" "Mozilla/5.0 (compatible; Bytespider; spider-feedback@bytedance.com) AppleWebKit/537.36 (KHTML, like Gecko) Chrome/70.0.0.0 Safari/537.36"
47.128.62.172 - - [15/May/2026:15:12:11 -0400] "GET /wp-content/uploads/2025/02/IMG_0260-150x150.jpeg HTTP/1.1" 200 0 "https://www.shoenation.me/product-category/on-running/?filter_size=36%2C38%2C39%2C41&stock_status=instock" "Mozilla/5.0 (compatible; Bytespider; spider-feedback@bytedance.com) AppleWebKit/537.36 (KHTML, like Gecko) Chrome/70.0.0.0 Safari/537.36"
47.128.62.172 - - [15/May/2026:15:12:11 -0400] "GET /wp-content/uploads/2025/02/new-balance-530-miu-miu-v0-0p61tlqcrp2d1-150x150.webp HTTP/1.1" 200 0 "https://www.shoenation.me/product-category/on-running/?filter_size=36%2C38%2C39%2C41&stock_status=instock" "Mozilla/5.0 (compatible; Bytespider; spider-feedback@bytedance.com) AppleWebKit/537.36 (KHTML, like Gecko) Chrome/70.0.0.0 Safari/537.36"
47.128.62.172 - - [15/May/2026:15:12:11 -0400] "GET /wp-content/uploads/2025/02/download-150x150.jpg HTTP/1.1" 200 0 "https://www.shoenation.me/product-category/on-running/?filter_size=36%2C38%2C39%2C41&stock_status=instock" "Mozilla/5.0 (compatible; Bytespider; spider-feedback@bytedance.com) AppleWebKit/537.36 (KHTML, like Gecko) Chrome/70.0.0.0 Safari/537.36"
47.128.62.172 - - [15/May/2026:15:12:11 -0400] "GET /wp-content/uploads/2024/06/3423897250m8_zm-1-150x150.jpg HTTP/1.1" 200 0 "https://www.shoenation.me/product-category/on-running/?filter_size=36%2C38%2C39%2C41&stock_status=instock" "Mozilla/5.0 (compatible; Bytespider; spider-feedback@bytedance.com) AppleWebKit/537.36 (KHTML, like Gecko) Chrome/70.0.0.0 Safari/537.36"
47.128.62.172 - - [15/May/2026:15:12:11 -0400] "GET /wp-content/uploads/2024/06/5ef42a4788df9cdaaf135d9583f2228b-1-150x150.jpg HTTP/1.1" 200 0 "https://www.shoenation.me/product-category/on-running/?filter_size=36%2C38%2C39%2C41&stock_status=instock" "Mozilla/5.0 (compatible; Bytespider; spider-feedback@bytedance.com) AppleWebKit/537.36 (KHTML, like Gecko) Chrome/70.0.0.0 Safari/537.36"
47.128.62.172 - - [15/May/2026:15:12:11 -0400] "GET /wp-content/uploads/2024/06/ca089c0521d61637a52311e4c5c83f0f-150x150.jpg HTTP/1.1" 200 0 "https://www.shoenation.me/product-category/on-running/?filter_size=36%2C38%2C39%2C41&stock_status=instock" "Mozilla/5.0 (compatible; Bytespider; spider-feedback@bytedance.com) AppleWebKit/537.36 (KHTML, like Gecko) Chrome/70.0.0.0 Safari/537.36"
47.128.62.172 - - [15/May/2026:15:12:11 -0400] "GET /wp-content/uploads/2024/06/63922ed58580f70019f80ea5-1-150x150.webp HTTP/1.1" 200 0 "https://www.shoenation.me/product-category/on-running/?filter_size=36%2C38%2C39%2C41&stock_status=instock" "Mozilla/5.0 (compatible; Bytespider; spider-feedback@bytedance.com) AppleWebKit/537.36 (KHTML, like Gecko) Chrome/70.0.0.0 Safari/537.36"
47.128.62.172 - - [15/May/2026:15:12:11 -0400] "GET /wp-content/uploads/2024/06/product-jpeg-500x500-1-150x150.webp HTTP/1.1" 200 0 "https://www.shoenation.me/product-category/on-running/?filter_size=36%2C38%2C39%2C41&stock_status=instock" "Mozilla/5.0 (compatible; Bytespider; spider-feedback@bytedance.com) AppleWebKit/537.36 (KHTML, like Gecko) Chrome/70.0.0.0 Safari/537.36"
47.128.62.172 - - [15/May/2026:15:12:11 -0400] "GET /wp-content/uploads/2025/02/614b4079e84ea91f6aa9d9919838a0d6.jpg_720x720q80-150x150.jpg HTTP/1.1" 200 0 "https://www.shoenation.me/product-category/on-running/?filter_size=36%2C38%2C39%2C41&stock_status=instock" "Mozilla/5.0 (compatible; Bytespider; spider-feedback@bytedance.com) AppleWebKit/537.36 (KHTML, like Gecko) Chrome/70.0.0.0 Safari/537.36"
47.128.62.172 - - [15/May/2026:15:12:11 -0400] "GET /wp-content/uploads/2024/07/OURU0158-1-430x430.png HTTP/1.1" 200 0 "https://www.shoenation.me/product-category/on-running/?filter_size=36%2C38%2C39%2C41&stock_status=instock" "Mozilla/5.0 (compatible; Bytespider; spider-feedback@bytedance.com) AppleWebKit/537.36 (KHTML, like Gecko) Chrome/70.0.0.0 Safari/537.36"
47.128.62.172 - - [15/May/2026:15:12:11 -0400] "GET /wp-content/uploads/2024/06/17-best-nike-running-shoes-15275-150x150.webp HTTP/1.1" 200 0 "https://www.shoenation.me/product-category/on-running/?filter_size=36%2C38%2C39%2C41&stock_status=instock" "Mozilla/5.0 (compatible; Bytespider; spider-feedback@bytedance.com) AppleWebKit/537.36 (KHTML, like Gecko) Chrome/70.0.0.0 Safari/537.36"
47.128.62.172 - - [15/May/2026:15:12:11 -0400] "GET /wp-content/uploads/2024/07/OURU0156-1-430x430.png HTTP/1.1" 200 0 "https://www.shoenation.me/product-category/on-running/?filter_size=36%2C38%2C39%2C41&stock_status=instock" "Mozilla/5.0 (compatible; Bytespider; spider-feedback@bytedance.com) AppleWebKit/537.36 (KHTML, like Gecko) Chrome/70.0.0.0 Safari/537.36"
47.128.62.172 - - [15/May/2026:15:12:11 -0400] "GET /wp-content/uploads/2024/07/OURU0158-2-430x430.png HTTP/1.1" 200 0 "https://www.shoenation.me/product-category/on-running/?filter_size=36%2C38%2C39%2C41&stock_status=instock" "Mozilla/5.0 (compatible; Bytespider; spider-feedback@bytedance.com) AppleWebKit/537.36 (KHTML, like Gecko) Chrome/70.0.0.0 Safari/537.36"
47.128.62.172 - - [15/May/2026:15:12:11 -0400] "GET /wp-content/uploads/2024/07/OURU0157-1-430x430.png HTTP/1.1" 200 0 "https://www.shoenation.me/product-category/on-running/?filter_size=36%2C38%2C39%2C41&stock_status=instock" "Mozilla/5.0 (compatible; Bytespider; spider-feedback@bytedance.com) AppleWebKit/537.36 (KHTML, like Gecko) Chrome/70.0.0.0 Safari/537.36"
47.128.62.172 - - [15/May/2026:15:12:11 -0400] "GET /wp-content/uploads/2024/07/OURU0156-2-430x430.png HTTP/1.1" 200 0 "https://www.shoenation.me/product-category/on-running/?filter_size=36%2C38%2C39%2C41&stock_status=instock" "Mozilla/5.0 (compatible; Bytespider; spider-feedback@bytedance.com) AppleWebKit/537.36 (KHTML, like Gecko) Chrome/70.0.0.0 Safari/537.36"
47.128.62.172 - - [15/May/2026:15:12:12 -0400] "GET /wp-content/uploads/2024/07/OURU0154-1-430x430.png HTTP/1.1" 200 0 "https://www.shoenation.me/product-category/on-running/?filter_size=36%2C38%2C39%2C41&stock_status=instock" "Mozilla/5.0 (compatible; Bytespider; spider-feedback@bytedance.com) AppleWebKit/537.36 (KHTML, like Gecko) Chrome/70.0.0.0 Safari/537.36"
47.128.62.172 - - [15/May/2026:15:12:12 -0400] "GET /wp-content/uploads/2024/07/OURU0157-2-430x430.png HTTP/1.1" 200 0 "https://www.shoenation.me/product-category/on-running/?filter_size=36%2C38%2C39%2C41&stock_status=instock" "Mozilla/5.0 (compatible; Bytespider; spider-feedback@bytedance.com) AppleWebKit/537.36 (KHTML, like Gecko) Chrome/70.0.0.0 Safari/537.36"
47.128.62.172 - - [15/May/2026:15:12:12 -0400] "GET /wp-content/uploads/2024/07/OURU0155-1-430x430.png HTTP/1.1" 200 0 "https://www.shoenation.me/product-category/on-running/?filter_size=36%2C38%2C39%2C41&stock_status=instock" "Mozilla/5.0 (compatible; Bytespider; spider-feedback@bytedance.com) AppleWebKit/537.36 (KHTML, like Gecko) Chrome/70.0.0.0 Safari/537.36"
47.128.62.172 - - [15/May/2026:15:12:12 -0400] "GET /wp-content/uploads/2024/07/OURU0154-2-430x430.png HTTP/1.1" 200 0 "https://www.shoenation.me/product-category/on-running/?filter_size=36%2C38%2C39%2C41&stock_status=instock" "Mozilla/5.0 (compatible; Bytespider; spider-feedback@bytedance.com) AppleWebKit/537.36 (KHTML, like Gecko) Chrome/70.0.0.0 Safari/537.36"
47.128.62.172 - - [15/May/2026:15:12:12 -0400] "GET /wp-content/uploads/2024/05/wmgq12bobk2bfyzqz8qb_1080x-430x430.jpg HTTP/1.1" 200 0 "https://www.shoenation.me/product-category/on-running/?filter_size=36%2C38%2C39%2C41&stock_status=instock" "Mozilla/5.0 (compatible; Bytespider; spider-feedback@bytedance.com) AppleWebKit/537.36 (KHTML, like Gecko) Chrome/70.0.0.0 Safari/537.36"
47.128.62.172 - - [15/May/2026:15:12:12 -0400] "GET /wp-content/uploads/2024/07/OURU0155-2-430x430.png HTTP/1.1" 200 0 "https://www.shoenation.me/product-category/on-running/?filter_size=36%2C38%2C39%2C41&stock_status=instock" "Mozilla/5.0 (compatible; Bytespider; spider-feedback@bytedance.com) AppleWebKit/537.36 (KHTML, like Gecko) Chrome/70.0.0.0 Safari/537.36"
47.128.62.172 - - [15/May/2026:15:12:12 -0400] "GET /wp-content/uploads/2024/07/webimage-8FD868A5-94DF-4CDA-B335E78AA27F786B_720x-430x430.webp HTTP/1.1" 200 0 "https://www.shoenation.me/product-category/on-running/?filter_size=36%2C38%2C39%2C41&stock_status=instock" "Mozilla/5.0 (compatible; Bytespider; spider-feedback@bytedance.com) AppleWebKit/537.36 (KHTML, like Gecko) Chrome/70.0.0.0 Safari/537.36"
47.128.62.172 - - [15/May/2026:15:12:12 -0400] "GET /wp-content/uploads/2024/05/oz9wzymvydoih0j2x2cb_1080x-430x430.jpg HTTP/1.1" 200 0 "https://www.shoenation.me/product-category/on-running/?filter_size=36%2C38%2C39%2C41&stock_status=instock" "Mozilla/5.0 (compatible; Bytespider; spider-feedback@bytedance.com) AppleWebKit/537.36 (KHTML, like Gecko) Chrome/70.0.0.0 Safari/537.36"
47.128.62.172 - - [15/May/2026:15:12:12 -0400] "GET /wp-content/uploads/2024/07/on-running-cloud-x-3-trainers_19517912_45244376_1000-e1721668345900-430x429.jpg HTTP/1.1" 200 0 "https://www.shoenation.me/product-category/on-running/?filter_size=36%2C38%2C39%2C41&stock_status=instock" "Mozilla/5.0 (compatible; Bytespider; spider-feedback@bytedance.com) AppleWebKit/537.36 (KHTML, like Gecko) Chrome/70.0.0.0 Safari/537.36"
47.128.62.172 - - [15/May/2026:15:12:12 -0400] "GET /wp-content/uploads/2024/07/webimage-9A81D2C0-85B3-4B54-A5493FF1FC631BF6_2048x-430x430.webp HTTP/1.1" 200 0 "https://www.shoenation.me/product-category/on-running/?filter_size=36%2C38%2C39%2C41&stock_status=instock" "Mozilla/5.0 (compatible; Bytespider; spider-feedback@bytedance.com) AppleWebKit/537.36 (KHTML, like Gecko) Chrome/70.0.0.0 Safari/537.36"
47.128.62.172 - - [15/May/2026:15:12:31 -0400] "GET /wp-content/uploads/2024/11/c5a5b1266d5147f597acb87dc018c813-430x430.webp HTTP/1.1" 200 0 "https://www.shoenation.me/product-category/on-running/?filter_size=36%2C38%2C39%2C41&stock_status=instock" "Mozilla/5.0 (compatible; Bytespider; spider-feedback@bytedance.com) AppleWebKit/537.36 (KHTML, like Gecko) Chrome/70.0.0.0 Safari/537.36"
47.128.62.172 - - [15/May/2026:15:12:12 -0400] "GET /wp-content/uploads/2024/07/on-running-cloud-x-3-trainers_19517912_45244407_600-430x489.jpg HTTP/1.1" 200 0 "https://www.shoenation.me/product-category/on-running/?filter_size=36%2C38%2C39%2C41&stock_status=instock" "Mozilla/5.0 (compatible; Bytespider; spider-feedback@bytedance.com) AppleWebKit/537.36 (KHTML, like Gecko) Chrome/70.0.0.0 Safari/537.36"
47.128.62.172 - - [15/May/2026:15:12:31 -0400] "GET /wp-content/uploads/2024/07/on-cloudnova-black-white-oreo-2699265-1-430x430.jpg HTTP/1.1" 200 0 "https://www.shoenation.me/product-category/on-running/?filter_size=36%2C38%2C39%2C41&stock_status=instock" "Mozilla/5.0 (compatible; Bytespider; spider-feedback@bytedance.com) AppleWebKit/537.36 (KHTML, like Gecko) Chrome/70.0.0.0 Safari/537.36"
47.128.62.172 - - [15/May/2026:15:12:31 -0400] "GET /wp-content/uploads/2024/11/51c0bcf0d4204a119cd272809b29a51d-430x430.webp HTTP/1.1" 200 0 "https://www.shoenation.me/product-category/on-running/?filter_size=36%2C38%2C39%2C41&stock_status=instock" "Mozilla/5.0 (compatible; Bytespider; spider-feedback@bytedance.com) AppleWebKit/537.36 (KHTML, like Gecko) Chrome/70.0.0.0 Safari/537.36"
47.128.62.172 - - [15/May/2026:15:12:31 -0400] "GET /wp-content/uploads/2024/07/Cloudnova-Black-Eclipse4-430x430.webp HTTP/1.1" 200 0 "https://www.shoenation.me/product-category/on-running/?filter_size=36%2C38%2C39%2C41&stock_status=instock" "Mozilla/5.0 (compatible; Bytespider; spider-feedback@bytedance.com) AppleWebKit/537.36 (KHTML, like Gecko) Chrome/70.0.0.0 Safari/537.36"
47.128.62.172 - - [15/May/2026:15:12:31 -0400] "GET /wp-content/uploads/2024/07/4283401158_sl1-430x376.webp HTTP/1.1" 200 0 "https://www.shoenation.me/product-category/on-running/?filter_size=36%2C38%2C39%2C41&stock_status=instock" "Mozilla/5.0 (compatible; Bytespider; spider-feedback@bytedance.com) AppleWebKit/537.36 (KHTML, like Gecko) Chrome/70.0.0.0 Safari/537.36"
47.128.62.172 - - [15/May/2026:15:12:31 -0400] "GET /wp-content/uploads/2024/05/ONR-WZ102_V1-430x457.jpg HTTP/1.1" 200 0 "https://www.shoenation.me/product-category/on-running/?filter_size=36%2C38%2C39%2C41&stock_status=instock" "Mozilla/5.0 (compatible; Bytespider; spider-feedback@bytedance.com) AppleWebKit/537.36 (KHTML, like Gecko) Chrome/70.0.0.0 Safari/537.36"
47.128.62.172 - - [15/May/2026:15:12:31 -0400] "GET /wp-content/uploads/2024/07/26-99814_blk_3-430x645.png HTTP/1.1" 200 0 "https://www.shoenation.me/product-category/on-running/?filter_size=36%2C38%2C39%2C41&stock_status=instock" "Mozilla/5.0 (compatible; Bytespider; spider-feedback@bytedance.com) AppleWebKit/537.36 (KHTML, like Gecko) Chrome/70.0.0.0 Safari/537.36"
47.128.62.172 - - [15/May/2026:15:12:31 -0400] "GET /wp-content/uploads/2024/05/ONR-WZ102_V1.avif HTTP/1.1" 200 0 "https://www.shoenation.me/product-category/on-running/?filter_size=36%2C38%2C39%2C41&stock_status=instock" "Mozilla/5.0 (compatible; Bytespider; spider-feedback@bytedance.com) AppleWebKit/537.36 (KHTML, like Gecko) Chrome/70.0.0.0 Safari/537.36"
47.128.62.172 - - [15/May/2026:15:12:31 -0400] "GET /wp-content/uploads/2024/03/wd-envelope-dark.svg HTTP/1.1" 200 0 "https://www.shoenation.me/product-category/on-running/?filter_size=36%2C38%2C39%2C41&stock_status=instock" "Mozilla/5.0 (compatible; Bytespider; spider-feedback@bytedance.com) AppleWebKit/537.36 (KHTML, like Gecko) Chrome/70.0.0.0 Safari/537.36"
67.223.118.104 - - [15/May/2026:15:12:44 -0400] "POST /wp-cron.php?doing_wp_cron=1778872363.6395769119262695312500 HTTP/1.1" 200 0 "-" "WordPress/6.9.4; https://www.shoenation.me"
66.249.73.72 - - [15/May/2026:15:13:53 -0400] "GET /shop.php?products/37293235 HTTP/1.1" 200 24966 "-" "Mozilla/5.0 (Linux; Android 6.0.1; Nexus 5X Build/MMB29P) AppleWebKit/537.36 (KHTML, like Gecko) Chrome/148.0.7778.96 Mobile Safari/537.36 (compatible; Googlebot/2.1; +http://www.google.com/bot.html)"
67.223.118.104 - - [15/May/2026:15:15:54 -0400] "POST /wp-cron.php?doing_wp_cron=1778872553.9500799179077148437500 HTTP/1.1" 200 0 "-" "WordPress/6.9.4; https://www.shoenation.me"
43.157.38.228 - - [15/May/2026:15:15:38 -0400] "GET /comments/feed/ HTTP/1.1" 200 399 "-" "Mozilla/5.0 (iPhone; CPU iPhone OS 13_2_3 like Mac OS X) AppleWebKit/605.1.15 (KHTML, like Gecko) Version/13.0.3 Mobile/15E148 Safari/604.1"
47.128.62.12 - - [15/May/2026:15:15:58 -0400] "GET /?filter_size=41%2C42%2C43&per_page=24&per_row=4&product_cat=new-balance&shop_view=grid&stock_status=instock%2Consale HTTP/1.1" 301 0 "-" "Mozilla/5.0 (Linux; Android 5.0) AppleWebKit/537.36 (KHTML, like Gecko) Mobile Safari/537.36 (compatible; Bytespider; spider-feedback@bytedance.com)"
47.128.62.12 - - [15/May/2026:15:16:00 -0400] "GET /product-category/new-balance/?filter_size=41%2C42%2C43&per_page=24&per_row=4&shop_view=grid&stock_status=instock%2Consale HTTP/1.1" 200 52712 "-" "Mozilla/5.0 (Linux; Android 5.0) AppleWebKit/537.36 (KHTML, like Gecko) Mobile Safari/537.36 (compatible; Bytespider; spider-feedback@bytedance.com)"
67.223.118.104 - - [15/May/2026:15:16:25 -0400] "POST /wp-cron.php?doing_wp_cron=1778872585.2388179302215576171875 HTTP/1.1" 200 0 "-" "WordPress/6.9.4; https://www.shoenation.me"
47.128.62.12 - - [15/May/2026:15:16:13 -0400] "GET /wp-content/uploads/2025/02/download-150x150.jpg HTTP/1.1" 404 178452 "https://www.shoenation.me/product-category/new-balance/?filter_size=41%2C42%2C43&per_page=24&per_row=4&shop_view=grid&stock_status=instock%2Consale" "Mozilla/5.0 (Linux; Android 5.0) AppleWebKit/537.36 (KHTML, like Gecko) Mobile Safari/537.36 (compatible; Bytespider; spider-feedback@bytedance.com)"
47.128.62.12 - - [15/May/2026:15:16:13 -0400] "GET /wp-content/uploads/2024/08/1-400x285.jpg HTTP/1.1" 404 178431 "https://www.shoenation.me/product-category/new-balance/?filter_size=41%2C42%2C43&per_page=24&per_row=4&shop_view=grid&stock_status=instock%2Consale" "Mozilla/5.0 (Linux; Android 5.0) AppleWebKit/537.36 (KHTML, like Gecko) Mobile Safari/537.36 (compatible; Bytespider; spider-feedback@bytedance.com)"
47.128.62.12 - - [15/May/2026:15:16:12 -0400] "GET /wp-content/uploads/2025/02/new-balance-530-miu-miu-v0-0p61tlqcrp2d1-150x150.webp HTTP/1.1" 404 178551 "https://www.shoenation.me/product-category/new-balance/?filter_size=41%2C42%2C43&per_page=24&per_row=4&shop_view=grid&stock_status=instock%2Consale" "Mozilla/5.0 (Linux; Android 5.0) AppleWebKit/537.36 (KHTML, like Gecko) Mobile Safari/537.36 (compatible; Bytespider; spider-feedback@bytedance.com)"
47.128.62.12 - - [15/May/2026:15:16:12 -0400] "GET /wp-content/uploads/2024/03/ShoeNation-Logo.png HTTP/1.1" 404 178449 "https://www.shoenation.me/product-category/new-balance/?filter_size=41%2C42%2C43&per_page=24&per_row=4&shop_view=grid&stock_status=instock%2Consale" "Mozilla/5.0 (Linux; Android 5.0) AppleWebKit/537.36 (KHTML, like Gecko) Mobile Safari/537.36 (compatible; Bytespider; spider-feedback@bytedance.com)"
47.128.62.12 - - [15/May/2026:15:16:12 -0400] "GET /wp-content/uploads/2025/02/IMG_0260-150x150.jpeg HTTP/1.1" 404 178455 "https://www.shoenation.me/product-category/new-balance/?filter_size=41%2C42%2C43&per_page=24&per_row=4&shop_view=grid&stock_status=instock%2Consale" "Mozilla/5.0 (Linux; Android 5.0) AppleWebKit/537.36 (KHTML, like Gecko) Mobile Safari/537.36 (compatible; Bytespider; spider-feedback@bytedance.com)"
47.128.62.12 - - [15/May/2026:15:16:13 -0400] "GET /wp-content/uploads/2024/03/OUNB0069-1-430x430.png HTTP/1.1" 404 178458 "https://www.shoenation.me/product-category/new-balance/?filter_size=41%2C42%2C43&per_page=24&per_row=4&shop_view=grid&stock_status=instock%2Consale" "Mozilla/5.0 (Linux; Android 5.0) AppleWebKit/537.36 (KHTML, like Gecko) Mobile Safari/537.36 (compatible; Bytespider; spider-feedback@bytedance.com)"
47.128.62.12 - - [15/May/2026:15:16:13 -0400] "GET /wp-content/uploads/2024/03/OUNB0045-1-430x430.png HTTP/1.1" 404 178458 "https://www.shoenation.me/product-category/new-balance/?filter_size=41%2C42%2C43&per_page=24&per_row=4&shop_view=grid&stock_status=instock%2Consale" "Mozilla/5.0 (Linux; Android 5.0) AppleWebKit/537.36 (KHTML, like Gecko) Mobile Safari/537.36 (compatible; Bytespider; spider-feedback@bytedance.com)"
47.128.62.12 - - [15/May/2026:15:16:13 -0400] "GET /wp-content/uploads/2025/02/IMG_28142-430x424.webp HTTP/1.1" 404 178458 "https://www.shoenation.me/product-category/new-balance/?filter_size=41%2C42%2C43&per_page=24&per_row=4&shop_view=grid&stock_status=instock%2Consale" "Mozilla/5.0 (Linux; Android 5.0) AppleWebKit/537.36 (KHTML, like Gecko) Mobile Safari/537.36 (compatible; Bytespider; spider-feedback@bytedance.com)"
47.128.62.12 - - [15/May/2026:15:16:27 -0400] "GET /wp-content/uploads/2024/03/OUNB0072-1-430x430.png HTTP/1.1" 200 0 "https://www.shoenation.me/product-category/new-balance/?filter_size=41%2C42%2C43&per_page=24&per_row=4&shop_view=grid&stock_status=instock%2Consale" "Mozilla/5.0 (Linux; Android 5.0) AppleWebKit/537.36 (KHTML, like Gecko) Mobile Safari/537.36 (compatible; Bytespider; spider-feedback@bytedance.com)"
47.128.62.12 - - [15/May/2026:15:16:27 -0400] "GET /wp-content/uploads/2024/03/OUNB0064-1-430x430.png HTTP/1.1" 200 0 "https://www.shoenation.me/product-category/new-balance/?filter_size=41%2C42%2C43&per_page=24&per_row=4&shop_view=grid&stock_status=instock%2Consale" "Mozilla/5.0 (Linux; Android 5.0) AppleWebKit/537.36 (KHTML, like Gecko) Mobile Safari/537.36 (compatible; Bytespider; spider-feedback@bytedance.com)"
47.128.62.12 - - [15/May/2026:15:16:27 -0400] "GET /wp-content/uploads/2024/03/OUNB0055-1-430x430.png HTTP/1.1" 200 0 "https://www.shoenation.me/product-category/new-balance/?filter_size=41%2C42%2C43&per_page=24&per_row=4&shop_view=grid&stock_status=instock%2Consale" "Mozilla/5.0 (Linux; Android 5.0) AppleWebKit/537.36 (KHTML, like Gecko) Mobile Safari/537.36 (compatible; Bytespider; spider-feedback@bytedance.com)"
47.128.62.12 - - [15/May/2026:15:16:27 -0400] "GET /wp-content/uploads/2025/02/m1906rer_nb_05_i-430x430.webp HTTP/1.1" 200 0 "https://www.shoenation.me/product-category/new-balance/?filter_size=41%2C42%2C43&per_page=24&per_row=4&shop_view=grid&stock_status=instock%2Consale" "Mozilla/5.0 (Linux; Android 5.0) AppleWebKit/537.36 (KHTML, like Gecko) Mobile Safari/537.36 (compatible; Bytespider; spider-feedback@bytedance.com)"
47.128.62.12 - - [15/May/2026:15:16:27 -0400] "GET /wp-content/uploads/2024/03/OUNB0042-1-430x430.png HTTP/1.1" 200 0 "https://www.shoenation.me/product-category/new-balance/?filter_size=41%2C42%2C43&per_page=24&per_row=4&shop_view=grid&stock_status=instock%2Consale" "Mozilla/5.0 (Linux; Android 5.0) AppleWebKit/537.36 (KHTML, like Gecko) Mobile Safari/537.36 (compatible; Bytespider; spider-feedback@bytedance.com)"
47.128.62.12 - - [15/May/2026:15:16:27 -0400] "GET /wp-content/uploads/2024/04/OUNB0060-1-430x430.png HTTP/1.1" 200 0 "https://www.shoenation.me/product-category/new-balance/?filter_size=41%2C42%2C43&per_page=24&per_row=4&shop_view=grid&stock_status=instock%2Consale" "Mozilla/5.0 (Linux; Android 5.0) AppleWebKit/537.36 (KHTML, like Gecko) Mobile Safari/537.36 (compatible; Bytespider; spider-feedback@bytedance.com)"
47.128.62.12 - - [15/May/2026:15:16:27 -0400] "GET /wp-content/uploads/2024/03/OUNB0073-1-430x430.png HTTP/1.1" 200 0 "https://www.shoenation.me/product-category/new-balance/?filter_size=41%2C42%2C43&per_page=24&per_row=4&shop_view=grid&stock_status=instock%2Consale" "Mozilla/5.0 (Linux; Android 5.0) AppleWebKit/537.36 (KHTML, like Gecko) Mobile Safari/537.36 (compatible; Bytespider; spider-feedback@bytedance.com)"
47.128.62.12 - - [15/May/2026:15:16:27 -0400] "GET /wp-content/uploads/2024/03/OUNB0032-1-430x430.png HTTP/1.1" 200 0 "https://www.shoenation.me/product-category/new-balance/?filter_size=41%2C42%2C43&per_page=24&per_row=4&shop_view=grid&stock_status=instock%2Consale" "Mozilla/5.0 (Linux; Android 5.0) AppleWebKit/537.36 (KHTML, like Gecko) Mobile Safari/537.36 (compatible; Bytespider; spider-feedback@bytedance.com)"
67.223.118.104 - - [15/May/2026:15:17:15 -0400] "POST /wp-cron.php?doing_wp_cron=1778872635.1716549396514892578125 HTTP/1.1" 200 0 "-" "WordPress/6.9.4; https://www.shoenation.me"
103.137.202.28 - - [15/May/2026:15:17:14 -0400] "GET /wp-content/uploads/2025/05/Speedcat-Ballet-Metallic-Shoes-Women-e1748459040201-150x150.png HTTP/1.1" 404 41720 "-" "Mozilla/5.0 (Windows NT 5.0; the-NP; rv:1.9.1.20) Gecko/6059-12-01 14:15:56.773743 Firefox/3.6.9"
66.249.73.72 - - [15/May/2026:15:17:26 -0400] "GET /?product_cat=asics&stock_status=instock%2Consale&filter_size=36%2C37%2C38%2C42%2C43%2C47&per_page=12 HTTP/1.1" 200 24871 "-" "Mozilla/5.0 (Linux; Android 6.0.1; Nexus 5X Build/MMB29P) AppleWebKit/537.36 (KHTML, like Gecko) Chrome/148.0.7778.96 Mobile Safari/537.36 (compatible; Googlebot/2.1; +http://www.google.com/bot.html)"
67.223.118.104 - - [15/May/2026:15:20:20 -0400] "POST /wp-cron.php?doing_wp_cron=1778872820.3403489589691162109375 HTTP/1.1" 200 0 "-" "WordPress/6.9.4; https://www.shoenation.me"
47.128.62.132 - - [15/May/2026:15:19:59 -0400] "GET /?filter_size=40%2C41%2C43%2C44&product_cat=converse&stock_status=onsale HTTP/1.1" 301 0 "-" "Mozilla/5.0 (Linux; Android 5.0) AppleWebKit/537.36 (KHTML, like Gecko) Mobile Safari/537.36 (compatible; Bytespider; spider-feedback@bytedance.com)"
47.128.62.132 - - [15/May/2026:15:20:20 -0400] "GET /product-category/converse/?filter_size=40%2C41%2C43%2C44&stock_status=onsale HTTP/1.1" 200 47185 "-" "Mozilla/5.0 (Linux; Android 5.0) AppleWebKit/537.36 (KHTML, like Gecko) Mobile Safari/537.36 (compatible; Bytespider; spider-feedback@bytedance.com)"
47.128.62.132 - - [15/May/2026:15:20:29 -0400] "GET /wp-content/uploads/2024/03/ShoeNation-Logo.png HTTP/1.1" 404 178449 "https://www.shoenation.me/product-category/converse/?filter_size=40%2C41%2C43%2C44&stock_status=onsale" "Mozilla/5.0 (Linux; Android 5.0) AppleWebKit/537.36 (KHTML, like Gecko) Mobile Safari/537.36 (compatible; Bytespider; spider-feedback@bytedance.com)"
47.128.62.132 - - [15/May/2026:15:20:29 -0400] "GET /wp-content/uploads/2025/02/new-balance-530-miu-miu-v0-0p61tlqcrp2d1-150x150.webp HTTP/1.1" 404 178551 "https://www.shoenation.me/product-category/converse/?filter_size=40%2C41%2C43%2C44&stock_status=onsale" "Mozilla/5.0 (Linux; Android 5.0) AppleWebKit/537.36 (KHTML, like Gecko) Mobile Safari/537.36 (compatible; Bytespider; spider-feedback@bytedance.com)"
47.128.62.132 - - [15/May/2026:15:20:29 -0400] "GET /wp-content/uploads/2024/03/200579539-1-black-1.webp HTTP/1.1" 404 178464 "https://www.shoenation.me/product-category/converse/?filter_size=40%2C41%2C43%2C44&stock_status=onsale" "Mozilla/5.0 (Linux; Android 5.0) AppleWebKit/537.36 (KHTML, like Gecko) Mobile Safari/537.36 (compatible; Bytespider; spider-feedback@bytedance.com)"
47.128.62.132 - - [15/May/2026:15:20:29 -0400] "GET /wp-content/uploads/2025/02/IMG_0260-150x150.jpeg HTTP/1.1" 404 178455 "https://www.shoenation.me/product-category/converse/?filter_size=40%2C41%2C43%2C44&stock_status=onsale" "Mozilla/5.0 (Linux; Android 5.0) AppleWebKit/537.36 (KHTML, like Gecko) Mobile Safari/537.36 (compatible; Bytespider; spider-feedback@bytedance.com)"
47.128.62.132 - - [15/May/2026:15:20:30 -0400] "GET /wp-content/uploads/2025/02/download-150x150.jpg HTTP/1.1" 404 178452 "https://www.shoenation.me/product-category/converse/?filter_size=40%2C41%2C43%2C44&stock_status=onsale" "Mozilla/5.0 (Linux; Android 5.0) AppleWebKit/537.36 (KHTML, like Gecko) Mobile Safari/537.36 (compatible; Bytespider; spider-feedback@bytedance.com)"
47.128.62.132 - - [15/May/2026:15:20:39 -0400] "GET /wp-content/uploads/2024/03/wd-envelope-dark.svg HTTP/1.1" 404 178452 "https://www.shoenation.me/product-category/converse/?filter_size=40%2C41%2C43%2C44&stock_status=onsale" "Mozilla/5.0 (Linux; Android 5.0) AppleWebKit/537.36 (KHTML, like Gecko) Mobile Safari/537.36 (compatible; Bytespider; spider-feedback@bytedance.com)"
67.223.118.104 - - [15/May/2026:15:21:14 -0400] "POST /wp-cron.php?doing_wp_cron=1778872874.9468050003051757812500 HTTP/1.1" 200 0 "-" "WordPress/6.9.4; https://www.shoenation.me"
212.237.119.63 - - [15/May/2026:15:21:12 -0400] "GET /?filter_size=41%2C44&product_cat=brooks HTTP/1.1" 301 0 "-" "Mozilla/5.0 (Windows NT 6.1; Win64; x64) AppleWebKit/537.36 (KHTML, like Gecko) Chrome/84.0.4147.135 Safari/537.36"
212.237.119.63 - - [15/May/2026:15:21:15 -0400] "GET /product-category/brooks/?filter_size=41%2C44 HTTP/1.1" 200 57031 "-" "Mozilla/5.0 (Windows NT 6.1; Win64; x64) AppleWebKit/537.36 (KHTML, like Gecko) Chrome/84.0.4147.135 Safari/537.36"
47.82.11.80 - - [15/May/2026:15:23:23 -0400] "GET /?product=nike-air-force-1-low-x-ambush-pine-green HTTP/1.1" 200 0 "https://www.shoenation.me/" "Mozilla/5.0 (Windows NT 10.0; Win64; x64) AppleWebKit/537.36 (KHTML, like Gecko) Chrome/135.0.0.0 Safari/537.36"
67.223.118.104 - - [15/May/2026:15:23:39 -0400] "POST /wp-cron.php?doing_wp_cron=1778873019.9421799182891845703125 HTTP/1.1" 200 0 "-" "WordPress/6.9.4; https://www.shoenation.me"
47.128.62.146 - - [15/May/2026:15:24:00 -0400] "GET /?filter_size=38%2C41%2C47&per_row=4&product_cat=air-jordan&shop_view=grid&stock_status=onsale HTTP/1.1" 301 0 "-" "Mozilla/5.0 (Linux; Android 5.0) AppleWebKit/537.36 (KHTML, like Gecko) Mobile Safari/537.36 (compatible; Bytespider; spider-feedback@bytedance.com)"
47.128.62.146 - - [15/May/2026:15:24:02 -0400] "GET /product-category/nike/air-jordan/?filter_size=38%2C41%2C47&per_row=4&shop_view=grid&stock_status=onsale HTTP/1.1" 200 47294 "-" "Mozilla/5.0 (Linux; Android 5.0) AppleWebKit/537.36 (KHTML, like Gecko) Mobile Safari/537.36 (compatible; Bytespider; spider-feedback@bytedance.com)"
47.128.62.146 - - [15/May/2026:15:24:08 -0400] "GET /wp-content/uploads/2025/02/IMG_0260-150x150.jpeg HTTP/1.1" 404 178455 "https://www.shoenation.me/product-category/nike/air-jordan/?filter_size=38%2C41%2C47&per_row=4&shop_view=grid&stock_status=onsale" "Mozilla/5.0 (Linux; Android 5.0) AppleWebKit/537.36 (KHTML, like Gecko) Mobile Safari/537.36 (compatible; Bytespider; spider-feedback@bytedance.com)"
47.128.62.146 - - [15/May/2026:15:24:08 -0400] "GET /wp-content/uploads/2024/03/ShoeNation-Logo.png HTTP/1.1" 404 178449 "https://www.shoenation.me/product-category/nike/air-jordan/?filter_size=38%2C41%2C47&per_row=4&shop_view=grid&stock_status=onsale" "Mozilla/5.0 (Linux; Android 5.0) AppleWebKit/537.36 (KHTML, like Gecko) Mobile Safari/537.36 (compatible; Bytespider; spider-feedback@bytedance.com)"
47.128.62.146 - - [15/May/2026:15:24:08 -0400] "GET /wp-content/uploads/2024/03/wd-envelope-dark.svg HTTP/1.1" 404 178452 "https://www.shoenation.me/product-category/nike/air-jordan/?filter_size=38%2C41%2C47&per_row=4&shop_view=grid&stock_status=onsale" "Mozilla/5.0 (Linux; Android 5.0) AppleWebKit/537.36 (KHTML, like Gecko) Mobile Safari/537.36 (compatible; Bytespider; spider-feedback@bytedance.com)"
47.128.62.146 - - [15/May/2026:15:24:08 -0400] "GET /wp-content/uploads/2025/02/download-150x150.jpg HTTP/1.1" 404 178452 "https://www.shoenation.me/product-category/nike/air-jordan/?filter_size=38%2C41%2C47&per_row=4&shop_view=grid&stock_status=onsale" "Mozilla/5.0 (Linux; Android 5.0) AppleWebKit/537.36 (KHTML, like Gecko) Mobile Safari/537.36 (compatible; Bytespider; spider-feedback@bytedance.com)"
47.128.62.146 - - [15/May/2026:15:24:08 -0400] "GET /wp-content/uploads/2025/02/new-balance-530-miu-miu-v0-0p61tlqcrp2d1-150x150.webp HTTP/1.1" 404 178551 "https://www.shoenation.me/product-category/nike/air-jordan/?filter_size=38%2C41%2C47&per_row=4&shop_view=grid&stock_status=onsale" "Mozilla/5.0 (Linux; Android 5.0) AppleWebKit/537.36 (KHTML, like Gecko) Mobile Safari/537.36 (compatible; Bytespider; spider-feedback@bytedance.com)"
67.223.118.104 - - [15/May/2026:15:25:35 -0400] "POST /wp-cron.php?doing_wp_cron=1778873135.2434339523315429687500 HTTP/1.1" 200 0 "-" "WordPress/6.9.4; https://www.shoenation.me"
