47.128.62.156 - - [15/May/2026:14:28:22 -0400] "GET /wp-content/uploads/2024/06/63922ed58580f70019f80ea5-1-150x150.webp HTTP/1.1" 404 178509 "https://www.shoenation.me/product-category/nike/jordan-3/?per_row=3&shop_view=grid" "Mozilla/5.0 (compatible; Bytespider; spider-feedback@bytedance.com) AppleWebKit/537.36 (KHTML, like Gecko) Chrome/70.0.0.0 Safari/537.36"
47.128.62.156 - - [15/May/2026:14:28:22 -0400] "GET /wp-content/uploads/2024/06/ca089c0521d61637a52311e4c5c83f0f-150x150.jpg HTTP/1.1" 404 178524 "https://www.shoenation.me/product-category/nike/jordan-3/?per_row=3&shop_view=grid" "Mozilla/5.0 (compatible; Bytespider; spider-feedback@bytedance.com) AppleWebKit/537.36 (KHTML, like Gecko) Chrome/70.0.0.0 Safari/537.36"
47.128.62.156 - - [15/May/2026:14:28:22 -0400] "GET /wp-content/uploads/2025/02/download-150x150.jpg HTTP/1.1" 200 0 "https://www.shoenation.me/product-category/nike/jordan-3/?per_row=3&shop_view=grid" "Mozilla/5.0 (compatible; Bytespider; spider-feedback@bytedance.com) AppleWebKit/537.36 (KHTML, like Gecko) Chrome/70.0.0.0 Safari/537.36"
47.128.62.156 - - [15/May/2026:14:28:22 -0400] "GET /wp-content/uploads/2025/02/614b4079e84ea91f6aa9d9919838a0d6.jpg_720x720q80-150x150.jpg HTTP/1.1" 200 0 "https://www.shoenation.me/product-category/nike/jordan-3/?per_row=3&shop_view=grid" "Mozilla/5.0 (compatible; Bytespider; spider-feedback@bytedance.com) AppleWebKit/537.36 (KHTML, like Gecko) Chrome/70.0.0.0 Safari/537.36"
47.128.62.156 - - [15/May/2026:14:28:22 -0400] "GET /wp-content/uploads/2024/06/5ef42a4788df9cdaaf135d9583f2228b-1-150x150.jpg HTTP/1.1" 404 178530 "https://www.shoenation.me/product-category/nike/jordan-3/?per_row=3&shop_view=grid" "Mozilla/5.0 (compatible; Bytespider; spider-feedback@bytedance.com) AppleWebKit/537.36 (KHTML, like Gecko) Chrome/70.0.0.0 Safari/537.36"
47.128.62.156 - - [15/May/2026:14:28:23 -0400] "GET /wp-content/uploads/2024/06/17-best-nike-running-shoes-15275-150x150.webp HTTP/1.1" 200 0 "https://www.shoenation.me/product-category/nike/jordan-3/?per_row=3&shop_view=grid" "Mozilla/5.0 (compatible; Bytespider; spider-feedback@bytedance.com) AppleWebKit/537.36 (KHTML, like Gecko) Chrome/70.0.0.0 Safari/537.36"
47.128.62.156 - - [15/May/2026:14:28:23 -0400] "GET /wp-content/uploads/2024/09/air-jordan-3-retro-x-nina-chanel-abney-bicoastal-and-malachite-fz7974-300-release-date-430x484.webp HTTP/1.1" 200 0 "https://www.shoenation.me/product-category/nike/jordan-3/?per_row=3&shop_view=grid" "Mozilla/5.0 (compatible; Bytespider; spider-feedback@bytedance.com) AppleWebKit/537.36 (KHTML, like Gecko) Chrome/70.0.0.0 Safari/537.36"
47.128.62.156 - - [15/May/2026:14:28:42 -0400] "GET /wp-content/uploads/2024/03/wd-envelope-dark.svg HTTP/1.1" 200 0 "https://www.shoenation.me/product-category/nike/jordan-3/?per_row=3&shop_view=grid" "Mozilla/5.0 (compatible; Bytespider; spider-feedback@bytedance.com) AppleWebKit/537.36 (KHTML, like Gecko) Chrome/70.0.0.0 Safari/537.36"
67.223.118.104 - - [15/May/2026:14:28:49 -0400] "POST /wp-cron.php?doing_wp_cron=1778869729.2367980480194091796875 HTTP/1.1" 200 0 "-" "WordPress/6.9.4; https://www.shoenation.me"
67.223.118.104 - - [15/May/2026:14:28:49 -0400] "POST /wp-cron.php?doing_wp_cron=1778869729.1360540390014648437500 HTTP/1.1" 200 0 "-" "WordPress/6.9.4; https://www.shoenation.me"
67.223.118.104 - - [15/May/2026:14:28:49 -0400] "POST /wp-cron.php?doing_wp_cron=1778869729.3351790904998779296875 HTTP/1.1" 200 0 "-" "WordPress/6.9.4; https://www.shoenation.me"
67.223.118.104 - - [15/May/2026:14:28:50 -0400] "POST /wp-cron.php?doing_wp_cron=1778869729.9382278919219970703125 HTTP/1.1" 200 0 "-" "WordPress/6.9.4; https://www.shoenation.me"
67.223.118.104 - - [15/May/2026:14:28:50 -0400] "POST /wp-cron.php?doing_wp_cron=1778869730.1346449851989746093750 HTTP/1.1" 200 0 "-" "WordPress/6.9.4; https://www.shoenation.me"
47.79.11.92 - - [15/May/2026:14:28:45 -0400] "GET /?filter_size=40%2C42%2C44%2C45&per_page=24&product_cat=adidas&stock_status=onsale HTTP/1.1" 200 0 "-" "Mozilla/5.0 (Macintosh; Intel Mac OS X 10_15_7) AppleWebKit/537.36 (KHTML, like Gecko) Chrome/140.0.0.0 Safari/537.36"
47.79.11.92 - - [15/May/2026:14:28:45 -0400] "GET /?filter_size=37%2C38%2C41&product_cat=gazelle&stock_status=instock%2Consale HTTP/1.1" 200 0 "-" "Mozilla/5.0 (Windows NT 10.0; Win64; x64) AppleWebKit/537.36 (KHTML, like Gecko) Chrome/143.0.0.0 Safari/537.36"
67.223.118.104 - - [15/May/2026:14:29:05 -0400] "POST /wp-cron.php?doing_wp_cron=1778869745.5431408882141113281250 HTTP/1.1" 200 0 "-" "WordPress/6.9.4; https://www.shoenation.me"
67.223.118.104 - - [15/May/2026:14:29:51 -0400] "POST /wp-cron.php?doing_wp_cron=1778869791.5357038974761962890625 HTTP/1.1" 200 0 "-" "WordPress/6.9.4; https://www.shoenation.me"
47.82.14.29 - - [15/May/2026:14:29:47 -0400] "GET /?filter_size=37%2C38%2C41%2C43%2C45&per_row=2&product_cat=yezzy&shop_view=grid HTTP/1.1" 301 0 "-" "Mozilla/5.0 (Macintosh; Intel Mac OS X 10_15_7) AppleWebKit/537.36 (KHTML, like Gecko) Chrome/142.0.0.0 Safari/537.36"
47.82.14.139 - - [15/May/2026:14:29:47 -0400] "GET /?filter_size=36%2C38%2C41%2C43&per_page=9&per_row=4&product_cat=othermodels&shop_view=grid&stock_status=onsale HTTP/1.1" 301 0 "-" "Mozilla/5.0 (Macintosh; Intel Mac OS X 10_15_7) AppleWebKit/537.36 (KHTML, like Gecko) Chrome/139.0.0.0 Safari/537.36"
47.82.14.139 - - [15/May/2026:14:29:51 -0400] "GET /product-category/nike/othermodels/?filter_size=36%2C38%2C41%2C43&per_page=9&per_row=4&shop_view=grid&stock_status=onsale HTTP/1.1" 200 0 "https://www.shoenation.me/?filter_size=36%2C38%2C41%2C43&per_page=9&per_row=4&product_cat=othermodels&shop_view=grid&stock_status=onsale" "Mozilla/5.0 (Macintosh; Intel Mac OS X 10_15_7) AppleWebKit/537.36 (KHTML, like Gecko) Chrome/139.0.0.0 Safari/537.36"
47.82.14.29 - - [15/May/2026:14:29:51 -0400] "GET /product-category/adidas/yezzy/?filter_size=37%2C38%2C41%2C43%2C45&per_row=2&shop_view=grid HTTP/1.1" 200 0 "https://www.shoenation.me/?filter_size=37%2C38%2C41%2C43%2C45&per_row=2&product_cat=yezzy&shop_view=grid" "Mozilla/5.0 (Macintosh; Intel Mac OS X 10_15_7) AppleWebKit/537.36 (KHTML, like Gecko) Chrome/142.0.0.0 Safari/537.36"
34.206.193.60 - - [15/May/2026:14:29:57 -0400] "GET /?product_cat=adizero HTTP/1.1" 301 0 "-" "Mozilla/5.0 AppleWebKit/537.36 (KHTML, like Gecko; compatible; Amazonbot/0.1; +https://developer.amazon.com/support/amazonbot) Chrome/119.0.6045.214 Safari/537.36"
67.223.118.104 - - [15/May/2026:14:30:09 -0400] "POST /wp-cron.php?doing_wp_cron=1778869809.7388250827789306640625 HTTP/1.1" 200 0 "-" "WordPress/6.9.4; https://www.shoenation.me"
52.73.6.26 - - [15/May/2026:14:30:01 -0400] "GET /?feed=rss2&p=19921 HTTP/1.1" 301 0 "-" "Mozilla/5.0 AppleWebKit/537.36 (KHTML, like Gecko; compatible; Amazonbot/0.1; +https://developer.amazon.com/support/amazonbot) Chrome/119.0.6045.214 Safari/537.36"
34.206.193.60 - - [15/May/2026:14:30:02 -0400] "GET /product-category/adidas/adizero/ HTTP/1.1" 200 0 "-" "Mozilla/5.0 AppleWebKit/537.36 (KHTML, like Gecko; compatible; Amazonbot/0.1; +https://developer.amazon.com/support/amazonbot) Chrome/119.0.6045.214 Safari/537.36"
47.79.11.214 - - [15/May/2026:14:30:05 -0400] "GET /?filter_size=36%2C37%2C38%2C39%2C41%2C43%2C44&product_cat=adidas&stock_status=onsale HTTP/1.1" 200 0 "-" "Mozilla/5.0 (Macintosh; Intel Mac OS X 10_15_7) AppleWebKit/537.36 (KHTML, like Gecko) Chrome/141.0.0.0 Safari/537.36"
47.79.11.214 - - [15/May/2026:14:30:05 -0400] "GET /?filter_size=36%2C37%2C45%2C46&per_page=9&product_cat=adidas HTTP/1.1" 200 0 "-" "Mozilla/5.0 (Macintosh; Intel Mac OS X 10_15_7) AppleWebKit/537.36 (KHTML, like Gecko) Chrome/139.0.0.0 Safari/537.36"
78.46.165.9 - - [15/May/2026:14:30:10 -0400] "GET / HTTP/1.1" 200 0 "-" "Mozilla/5.0 (Windows NT 10.0; Win64; x64) AppleWebKit/537.36 (KHTML, like Gecko) Chrome/116.0.0.0 Safari/537.36"
44.215.235.20 - - [15/May/2026:14:30:10 -0400] "GET /product/air-jordan-4-retro-purple-metallic/feed/ HTTP/1.1" 200 445 "-" "Mozilla/5.0 AppleWebKit/537.36 (KHTML, like Gecko; compatible; Amazonbot/0.1; +https://developer.amazon.com/support/amazonbot) Chrome/119.0.6045.214 Safari/537.36"
47.79.51.218 - - [15/May/2026:14:30:18 -0400] "GET /?filter_size=37%2C37-5%2C38%2C41%2C44&product_cat=yezzy HTTP/1.1" 301 0 "-" "Mozilla/5.0 (Windows NT 10.0; Win64; x64) AppleWebKit/537.36 (KHTML, like Gecko) Chrome/146.0.0.0 Safari/537.36"
47.79.51.218 - - [15/May/2026:14:30:18 -0400] "GET /?filter_size=40%2C42%2C43%2C44&per_page=18&per_row=4&product_cat=asics&shop_view=grid HTTP/1.1" 301 0 "-" "Mozilla/5.0 (Macintosh; Intel Mac OS X 10_15_7) AppleWebKit/537.36 (KHTML, like Gecko) Chrome/146.0.0.0 Safari/537.36"
47.79.51.218 - - [15/May/2026:14:30:26 -0400] "GET /product-category/asics/?filter_size=40%2C42%2C43%2C44&per_page=18&per_row=4&shop_view=grid HTTP/1.1" 200 0 "https://www.shoenation.me/?filter_size=40%2C42%2C43%2C44&per_page=18&per_row=4&product_cat=asics&shop_view=grid" "Mozilla/5.0 (Macintosh; Intel Mac OS X 10_15_7) AppleWebKit/537.36 (KHTML, like Gecko) Chrome/146.0.0.0 Safari/537.36"
47.79.51.218 - - [15/May/2026:14:30:26 -0400] "GET /product-category/adidas/yezzy/?filter_size=37%2C37-5%2C38%2C41%2C44 HTTP/1.1" 200 0 "https://www.shoenation.me/?filter_size=37%2C37-5%2C38%2C41%2C44&product_cat=yezzy" "Mozilla/5.0 (Windows NT 10.0; Win64; x64) AppleWebKit/537.36 (KHTML, like Gecko) Chrome/146.0.0.0 Safari/537.36"
67.223.118.104 - - [15/May/2026:14:30:33 -0400] "POST /wp-cron.php?doing_wp_cron=1778869832.8410999774932861328125 HTTP/1.1" 200 0 "-" "WordPress/6.9.4; https://www.shoenation.me"
47.82.15.182 - - [15/May/2026:14:30:37 -0400] "GET /?filter_size=36%2C37%2C43%2C44%2C46&per_page=9&per_row=3&product_cat=j4&shop_view=grid&stock_status=instock HTTP/1.1" 301 0 "-" "Mozilla/5.0 (Windows NT 10.0; Win64; x64) AppleWebKit/537.36 (KHTML, like Gecko) Chrome/144.0.0.0 Safari/537.36"
47.79.10.56 - - [15/May/2026:14:30:37 -0400] "GET /?filter_size=36%2C37%2C38%2C39%2C45&product_cat=nb530 HTTP/1.1" 301 0 "-" "Mozilla/5.0 (Macintosh; Intel Mac OS X 10_15_7) AppleWebKit/537.36 (KHTML, like Gecko) Chrome/142.0.0.0 Safari/537.36"
47.79.10.56 - - [15/May/2026:14:30:44 -0400] "GET /product-category/new-balance/nb530/?filter_size=36%2C37%2C38%2C39%2C45 HTTP/1.1" 200 0 "https://www.shoenation.me/?filter_size=36%2C37%2C38%2C39%2C45&product_cat=nb530" "Mozilla/5.0 (Macintosh; Intel Mac OS X 10_15_7) AppleWebKit/537.36 (KHTML, like Gecko) Chrome/142.0.0.0 Safari/537.36"
47.82.15.182 - - [15/May/2026:14:30:44 -0400] "GET /product-category/nike/j4/?filter_size=36%2C37%2C43%2C44%2C46&per_page=9&per_row=3&shop_view=grid&stock_status=instock HTTP/1.1" 200 0 "https://www.shoenation.me/?filter_size=36%2C37%2C43%2C44%2C46&per_page=9&per_row=3&product_cat=j4&shop_view=grid&stock_status=instock" "Mozilla/5.0 (Windows NT 10.0; Win64; x64) AppleWebKit/537.36 (KHTML, like Gecko) Chrome/144.0.0.0 Safari/537.36"
47.79.10.229 - - [15/May/2026:14:30:52 -0400] "GET /?filter_size=36%2C41&per_page=24&product_cat=miu-miu HTTP/1.1" 301 0 "-" "Mozilla/5.0 (Windows NT 10.0; Win64; x64) AppleWebKit/537.36 (KHTML, like Gecko) Chrome/141.0.0.0 Safari/537.36"
47.79.10.229 - - [15/May/2026:14:30:55 -0400] "GET /product-category/new-balance/miu-miu/?filter_size=36%2C41&per_page=24 HTTP/1.1" 200 57019 "https://www.shoenation.me/?filter_size=36%2C41&per_page=24&product_cat=miu-miu" "Mozilla/5.0 (Windows NT 10.0; Win64; x64) AppleWebKit/537.36 (KHTML, like Gecko) Chrome/141.0.0.0 Safari/537.36"
66.249.73.72 - - [15/May/2026:14:31:00 -0400] "GET /goods.php?item/y682564216 HTTP/1.1" 200 25374 "-" "Mozilla/5.0 (Linux; Android 6.0.1; Nexus 5X Build/MMB29P) AppleWebKit/537.36 (KHTML, like Gecko) Chrome/148.0.7778.96 Mobile Safari/537.36 (compatible; Googlebot/2.1; +http://www.google.com/bot.html)"
52.21.94.88 - - [15/May/2026:14:31:11 -0400] "HEAD /?product_cat=adizero HTTP/1.1" 301 0 "-" "Mozilla/5.0 AppleWebKit/605.1.15 (KHTML, like Gecko) Chrome/139.0.0.0 Safari/605.1.15"
47.79.10.206 - - [15/May/2026:14:31:12 -0400] "GET /?filter_size=36%2C37%2C42%2C43%2C45%2C47&per_page=18&per_row=4&product_cat=j4&shop_view=grid&stock_status=instock HTTP/1.1" 301 0 "-" "Mozilla/5.0 (Windows NT 10.0; Win64; x64) AppleWebKit/537.36 (KHTML, like Gecko) Chrome/147.0.0.0 Safari/537.36"
34.234.80.242 - - [15/May/2026:14:31:15 -0400] "HEAD /product-category/adidas/adizero/ HTTP/1.1" 200 0 "-" "Mozilla/5.0 AppleWebKit/605.1.15 (KHTML, like Gecko) Chrome/139.0.0.0 Safari/605.1.15"
47.79.10.206 - - [15/May/2026:14:31:16 -0400] "GET /product-category/nike/j4/?filter_size=36%2C37%2C42%2C43%2C45%2C47&per_page=18&per_row=4&shop_view=grid&stock_status=instock HTTP/1.1" 200 0 "https://www.shoenation.me/?filter_size=36%2C37%2C42%2C43%2C45%2C47&per_page=18&per_row=4&product_cat=j4&shop_view=grid&stock_status=instock" "Mozilla/5.0 (Windows NT 10.0; Win64; x64) AppleWebKit/537.36 (KHTML, like Gecko) Chrome/147.0.0.0 Safari/537.36"
67.223.118.104 - - [15/May/2026:14:31:36 -0400] "POST /wp-cron.php?doing_wp_cron=1778869895.9430599212646484375000 HTTP/1.1" 200 0 "-" "WordPress/6.9.4; https://www.shoenation.me"
47.82.15.241 - - [15/May/2026:14:31:31 -0400] "GET /?filter_size=37%2C38%2C39%2C42%2C43&product_cat=new-balance&stock_status=onsale HTTP/1.1" 301 0 "-" "Mozilla/5.0 (Windows NT 10.0; Win64; x64) AppleWebKit/537.36 (KHTML, like Gecko) Chrome/138.0.0.0 Safari/537.36"
47.82.15.241 - - [15/May/2026:14:31:36 -0400] "GET /product-category/new-balance/?filter_size=37%2C38%2C39%2C42%2C43&stock_status=onsale HTTP/1.1" 200 0 "https://www.shoenation.me/?filter_size=37%2C38%2C39%2C42%2C43&product_cat=new-balance&stock_status=onsale" "Mozilla/5.0 (Windows NT 10.0; Win64; x64) AppleWebKit/537.36 (KHTML, like Gecko) Chrome/138.0.0.0 Safari/537.36"
67.223.118.104 - - [15/May/2026:14:32:09 -0400] "POST /wp-cron.php?doing_wp_cron=1778869929.1453509330749511718750 HTTP/1.1" 200 0 "-" "WordPress/6.9.4; https://www.shoenation.me"
47.128.62.162 - - [15/May/2026:14:32:03 -0400] "GET /?filter_size=38%2C39%2C41%2C42%2C43%2C44&per_page=9&per_row=4&product_cat=on-running&shop_view=grid&stock_status=instock%2Consale HTTP/1.1" 301 0 "-" "Mozilla/5.0 (compatible; Bytespider; spider-feedback@bytedance.com) AppleWebKit/537.36 (KHTML, like Gecko) Chrome/70.0.0.0 Safari/537.36"
47.128.62.162 - - [15/May/2026:14:32:09 -0400] "GET /product-category/on-running/?filter_size=38%2C39%2C41%2C42%2C43%2C44&per_page=9&per_row=4&shop_view=grid&stock_status=instock%2Consale HTTP/1.1" 200 50780 "-" "Mozilla/5.0 (compatible; Bytespider; spider-feedback@bytedance.com) AppleWebKit/537.36 (KHTML, like Gecko) Chrome/70.0.0.0 Safari/537.36"
67.223.118.104 - - [15/May/2026:14:32:52 -0400] "POST /wp-cron.php?doing_wp_cron=1778869970.9407470226287841796875 HTTP/1.1" 200 0 "-" "WordPress/6.9.4; https://www.shoenation.me"
47.128.62.162 - - [15/May/2026:14:32:22 -0400] "GET /wp-content/uploads/2024/03/ShoeNation-Logo.png HTTP/1.1" 200 0 "https://www.shoenation.me/product-category/on-running/?filter_size=38%2C39%2C41%2C42%2C43%2C44&per_page=9&per_row=4&shop_view=grid&stock_status=instock%2Consale" "Mozilla/5.0 (compatible; Bytespider; spider-feedback@bytedance.com) AppleWebKit/537.36 (KHTML, like Gecko) Chrome/70.0.0.0 Safari/537.36"
47.128.62.162 - - [15/May/2026:14:32:22 -0400] "GET /wp-content/uploads/2025/02/IMG_0260-150x150.jpeg HTTP/1.1" 200 0 "https://www.shoenation.me/product-category/on-running/?filter_size=38%2C39%2C41%2C42%2C43%2C44&per_page=9&per_row=4&shop_view=grid&stock_status=instock%2Consale" "Mozilla/5.0 (compatible; Bytespider; spider-feedback@bytedance.com) AppleWebKit/537.36 (KHTML, like Gecko) Chrome/70.0.0.0 Safari/537.36"
47.128.62.162 - - [15/May/2026:14:32:22 -0400] "GET /wp-content/uploads/2025/02/new-balance-530-miu-miu-v0-0p61tlqcrp2d1-150x150.webp HTTP/1.1" 200 0 "https://www.shoenation.me/product-category/on-running/?filter_size=38%2C39%2C41%2C42%2C43%2C44&per_page=9&per_row=4&shop_view=grid&stock_status=instock%2Consale" "Mozilla/5.0 (compatible; Bytespider; spider-feedback@bytedance.com) AppleWebKit/537.36 (KHTML, like Gecko) Chrome/70.0.0.0 Safari/537.36"
47.128.62.162 - - [15/May/2026:14:32:22 -0400] "GET /wp-content/uploads/2024/07/OURU0158-1-430x430.png HTTP/1.1" 404 178458 "https://www.shoenation.me/product-category/on-running/?filter_size=38%2C39%2C41%2C42%2C43%2C44&per_page=9&per_row=4&shop_view=grid&stock_status=instock%2Consale" "Mozilla/5.0 (compatible; Bytespider; spider-feedback@bytedance.com) AppleWebKit/537.36 (KHTML, like Gecko) Chrome/70.0.0.0 Safari/537.36"
47.128.62.162 - - [15/May/2026:14:32:22 -0400] "GET /wp-content/uploads/2024/06/5ef42a4788df9cdaaf135d9583f2228b-1-150x150.jpg HTTP/1.1" 200 0 "https://www.shoenation.me/product-category/on-running/?filter_size=38%2C39%2C41%2C42%2C43%2C44&per_page=9&per_row=4&shop_view=grid&stock_status=instock%2Consale" "Mozilla/5.0 (compatible; Bytespider; spider-feedback@bytedance.com) AppleWebKit/537.36 (KHTML, like Gecko) Chrome/70.0.0.0 Safari/537.36"
47.128.62.162 - - [15/May/2026:14:32:22 -0400] "GET /wp-content/uploads/2025/02/download-150x150.jpg HTTP/1.1" 200 0 "https://www.shoenation.me/product-category/on-running/?filter_size=38%2C39%2C41%2C42%2C43%2C44&per_page=9&per_row=4&shop_view=grid&stock_status=instock%2Consale" "Mozilla/5.0 (compatible; Bytespider; spider-feedback@bytedance.com) AppleWebKit/537.36 (KHTML, like Gecko) Chrome/70.0.0.0 Safari/537.36"
47.128.62.162 - - [15/May/2026:14:32:22 -0400] "GET /wp-content/uploads/2024/06/63922ed58580f70019f80ea5-1-150x150.webp HTTP/1.1" 200 0 "https://www.shoenation.me/product-category/on-running/?filter_size=38%2C39%2C41%2C42%2C43%2C44&per_page=9&per_row=4&shop_view=grid&stock_status=instock%2Consale" "Mozilla/5.0 (compatible; Bytespider; spider-feedback@bytedance.com) AppleWebKit/537.36 (KHTML, like Gecko) Chrome/70.0.0.0 Safari/537.36"
47.128.62.162 - - [15/May/2026:14:32:22 -0400] "GET /wp-content/uploads/2024/06/3423897250m8_zm-1-150x150.jpg HTTP/1.1" 200 0 "https://www.shoenation.me/product-category/on-running/?filter_size=38%2C39%2C41%2C42%2C43%2C44&per_page=9&per_row=4&shop_view=grid&stock_status=instock%2Consale" "Mozilla/5.0 (compatible; Bytespider; spider-feedback@bytedance.com) AppleWebKit/537.36 (KHTML, like Gecko) Chrome/70.0.0.0 Safari/537.36"
47.128.62.162 - - [15/May/2026:14:32:22 -0400] "GET /wp-content/uploads/2025/02/614b4079e84ea91f6aa9d9919838a0d6.jpg_720x720q80-150x150.jpg HTTP/1.1" 200 0 "https://www.shoenation.me/product-category/on-running/?filter_size=38%2C39%2C41%2C42%2C43%2C44&per_page=9&per_row=4&shop_view=grid&stock_status=instock%2Consale" "Mozilla/5.0 (compatible; Bytespider; spider-feedback@bytedance.com) AppleWebKit/537.36 (KHTML, like Gecko) Chrome/70.0.0.0 Safari/537.36"
47.128.62.162 - - [15/May/2026:14:32:22 -0400] "GET /wp-content/uploads/2024/06/ca089c0521d61637a52311e4c5c83f0f-150x150.jpg HTTP/1.1" 200 0 "https://www.shoenation.me/product-category/on-running/?filter_size=38%2C39%2C41%2C42%2C43%2C44&per_page=9&per_row=4&shop_view=grid&stock_status=instock%2Consale" "Mozilla/5.0 (compatible; Bytespider; spider-feedback@bytedance.com) AppleWebKit/537.36 (KHTML, like Gecko) Chrome/70.0.0.0 Safari/537.36"
47.128.62.162 - - [15/May/2026:14:32:22 -0400] "GET /wp-content/uploads/2024/06/17-best-nike-running-shoes-15275-150x150.webp HTTP/1.1" 200 0 "https://www.shoenation.me/product-category/on-running/?filter_size=38%2C39%2C41%2C42%2C43%2C44&per_page=9&per_row=4&shop_view=grid&stock_status=instock%2Consale" "Mozilla/5.0 (compatible; Bytespider; spider-feedback@bytedance.com) AppleWebKit/537.36 (KHTML, like Gecko) Chrome/70.0.0.0 Safari/537.36"
47.128.62.162 - - [15/May/2026:14:32:22 -0400] "GET /wp-content/uploads/2024/06/product-jpeg-500x500-1-150x150.webp HTTP/1.1" 200 0 "https://www.shoenation.me/product-category/on-running/?filter_size=38%2C39%2C41%2C42%2C43%2C44&per_page=9&per_row=4&shop_view=grid&stock_status=instock%2Consale" "Mozilla/5.0 (compatible; Bytespider; spider-feedback@bytedance.com) AppleWebKit/537.36 (KHTML, like Gecko) Chrome/70.0.0.0 Safari/537.36"
47.128.62.162 - - [15/May/2026:14:32:22 -0400] "GET /wp-content/uploads/2024/07/OURU0158-2-430x430.png HTTP/1.1" 200 0 "https://www.shoenation.me/product-category/on-running/?filter_size=38%2C39%2C41%2C42%2C43%2C44&per_page=9&per_row=4&shop_view=grid&stock_status=instock%2Consale" "Mozilla/5.0 (compatible; Bytespider; spider-feedback@bytedance.com) AppleWebKit/537.36 (KHTML, like Gecko) Chrome/70.0.0.0 Safari/537.36"
47.128.62.162 - - [15/May/2026:14:32:22 -0400] "GET /wp-content/uploads/2024/07/OURU0156-2-430x430.png HTTP/1.1" 200 0 "https://www.shoenation.me/product-category/on-running/?filter_size=38%2C39%2C41%2C42%2C43%2C44&per_page=9&per_row=4&shop_view=grid&stock_status=instock%2Consale" "Mozilla/5.0 (compatible; Bytespider; spider-feedback@bytedance.com) AppleWebKit/537.36 (KHTML, like Gecko) Chrome/70.0.0.0 Safari/537.36"
47.128.62.162 - - [15/May/2026:14:32:22 -0400] "GET /wp-content/uploads/2024/07/OURU0156-1-430x430.png HTTP/1.1" 200 0 "https://www.shoenation.me/product-category/on-running/?filter_size=38%2C39%2C41%2C42%2C43%2C44&per_page=9&per_row=4&shop_view=grid&stock_status=instock%2Consale" "Mozilla/5.0 (compatible; Bytespider; spider-feedback@bytedance.com) AppleWebKit/537.36 (KHTML, like Gecko) Chrome/70.0.0.0 Safari/537.36"
47.128.62.162 - - [15/May/2026:14:32:23 -0400] "GET /wp-content/uploads/2024/07/OURU0157-1-430x430.png HTTP/1.1" 200 0 "https://www.shoenation.me/product-category/on-running/?filter_size=38%2C39%2C41%2C42%2C43%2C44&per_page=9&per_row=4&shop_view=grid&stock_status=instock%2Consale" "Mozilla/5.0 (compatible; Bytespider; spider-feedback@bytedance.com) AppleWebKit/537.36 (KHTML, like Gecko) Chrome/70.0.0.0 Safari/537.36"
47.128.62.162 - - [15/May/2026:14:32:24 -0400] "GET /wp-content/uploads/2024/07/OURU0154-1-430x430.png HTTP/1.1" 200 0 "https://www.shoenation.me/product-category/on-running/?filter_size=38%2C39%2C41%2C42%2C43%2C44&per_page=9&per_row=4&shop_view=grid&stock_status=instock%2Consale" "Mozilla/5.0 (compatible; Bytespider; spider-feedback@bytedance.com) AppleWebKit/537.36 (KHTML, like Gecko) Chrome/70.0.0.0 Safari/537.36"
47.128.62.162 - - [15/May/2026:14:32:23 -0400] "GET /wp-content/uploads/2024/07/OURU0157-2-430x430.png HTTP/1.1" 200 0 "https://www.shoenation.me/product-category/on-running/?filter_size=38%2C39%2C41%2C42%2C43%2C44&per_page=9&per_row=4&shop_view=grid&stock_status=instock%2Consale" "Mozilla/5.0 (compatible; Bytespider; spider-feedback@bytedance.com) AppleWebKit/537.36 (KHTML, like Gecko) Chrome/70.0.0.0 Safari/537.36"
47.128.62.162 - - [15/May/2026:14:32:23 -0400] "GET /wp-content/uploads/2024/07/OURU0154-2-430x430.png HTTP/1.1" 200 0 "https://www.shoenation.me/product-category/on-running/?filter_size=38%2C39%2C41%2C42%2C43%2C44&per_page=9&per_row=4&shop_view=grid&stock_status=instock%2Consale" "Mozilla/5.0 (compatible; Bytespider; spider-feedback@bytedance.com) AppleWebKit/537.36 (KHTML, like Gecko) Chrome/70.0.0.0 Safari/537.36"
47.128.62.162 - - [15/May/2026:14:32:24 -0400] "GET /wp-content/uploads/2024/07/OURU0155-2-430x430.png HTTP/1.1" 200 0 "https://www.shoenation.me/product-category/on-running/?filter_size=38%2C39%2C41%2C42%2C43%2C44&per_page=9&per_row=4&shop_view=grid&stock_status=instock%2Consale" "Mozilla/5.0 (compatible; Bytespider; spider-feedback@bytedance.com) AppleWebKit/537.36 (KHTML, like Gecko) Chrome/70.0.0.0 Safari/537.36"
47.128.62.162 - - [15/May/2026:14:32:24 -0400] "GET /wp-content/uploads/2024/07/OURU0155-1-430x430.png HTTP/1.1" 200 0 "https://www.shoenation.me/product-category/on-running/?filter_size=38%2C39%2C41%2C42%2C43%2C44&per_page=9&per_row=4&shop_view=grid&stock_status=instock%2Consale" "Mozilla/5.0 (compatible; Bytespider; spider-feedback@bytedance.com) AppleWebKit/537.36 (KHTML, like Gecko) Chrome/70.0.0.0 Safari/537.36"
47.128.62.162 - - [15/May/2026:14:32:24 -0400] "GET /wp-content/uploads/2024/05/oz9wzymvydoih0j2x2cb_1080x-430x430.jpg HTTP/1.1" 200 0 "https://www.shoenation.me/product-category/on-running/?filter_size=38%2C39%2C41%2C42%2C43%2C44&per_page=9&per_row=4&shop_view=grid&stock_status=instock%2Consale" "Mozilla/5.0 (compatible; Bytespider; spider-feedback@bytedance.com) AppleWebKit/537.36 (KHTML, like Gecko) Chrome/70.0.0.0 Safari/537.36"
47.128.62.162 - - [15/May/2026:14:32:24 -0400] "GET /wp-content/uploads/2024/05/wmgq12bobk2bfyzqz8qb_1080x-430x430.jpg HTTP/1.1" 200 0 "https://www.shoenation.me/product-category/on-running/?filter_size=38%2C39%2C41%2C42%2C43%2C44&per_page=9&per_row=4&shop_view=grid&stock_status=instock%2Consale" "Mozilla/5.0 (compatible; Bytespider; spider-feedback@bytedance.com) AppleWebKit/537.36 (KHTML, like Gecko) Chrome/70.0.0.0 Safari/537.36"
47.128.62.162 - - [15/May/2026:14:32:24 -0400] "GET /wp-content/uploads/2024/07/webimage-9A81D2C0-85B3-4B54-A5493FF1FC631BF6_2048x-430x430.webp HTTP/1.1" 200 0 "https://www.shoenation.me/product-category/on-running/?filter_size=38%2C39%2C41%2C42%2C43%2C44&per_page=9&per_row=4&shop_view=grid&stock_status=instock%2Consale" "Mozilla/5.0 (compatible; Bytespider; spider-feedback@bytedance.com) AppleWebKit/537.36 (KHTML, like Gecko) Chrome/70.0.0.0 Safari/537.36"
47.128.62.162 - - [15/May/2026:14:32:24 -0400] "GET /wp-content/uploads/2024/07/webimage-8FD868A5-94DF-4CDA-B335E78AA27F786B_720x-430x430.webp HTTP/1.1" 200 0 "https://www.shoenation.me/product-category/on-running/?filter_size=38%2C39%2C41%2C42%2C43%2C44&per_page=9&per_row=4&shop_view=grid&stock_status=instock%2Consale" "Mozilla/5.0 (compatible; Bytespider; spider-feedback@bytedance.com) AppleWebKit/537.36 (KHTML, like Gecko) Chrome/70.0.0.0 Safari/537.36"
47.128.62.162 - - [15/May/2026:14:32:24 -0400] "GET /wp-content/uploads/2024/07/on-running-cloud-x-3-trainers_19517912_45244407_600-430x489.jpg HTTP/1.1" 200 0 "https://www.shoenation.me/product-category/on-running/?filter_size=38%2C39%2C41%2C42%2C43%2C44&per_page=9&per_row=4&shop_view=grid&stock_status=instock%2Consale" "Mozilla/5.0 (compatible; Bytespider; spider-feedback@bytedance.com) AppleWebKit/537.36 (KHTML, like Gecko) Chrome/70.0.0.0 Safari/537.36"
47.128.62.162 - - [15/May/2026:14:32:24 -0400] "GET /wp-content/uploads/2024/07/on-running-cloud-x-3-trainers_19517912_45244376_1000-e1721668345900-430x429.jpg HTTP/1.1" 200 0 "https://www.shoenation.me/product-category/on-running/?filter_size=38%2C39%2C41%2C42%2C43%2C44&per_page=9&per_row=4&shop_view=grid&stock_status=instock%2Consale" "Mozilla/5.0 (compatible; Bytespider; spider-feedback@bytedance.com) AppleWebKit/537.36 (KHTML, like Gecko) Chrome/70.0.0.0 Safari/537.36"
47.128.62.162 - - [15/May/2026:14:32:42 -0400] "GET /wp-content/uploads/2024/11/51c0bcf0d4204a119cd272809b29a51d-430x430.webp HTTP/1.1" 200 0 "https://www.shoenation.me/product-category/on-running/?filter_size=38%2C39%2C41%2C42%2C43%2C44&per_page=9&per_row=4&shop_view=grid&stock_status=instock%2Consale" "Mozilla/5.0 (compatible; Bytespider; spider-feedback@bytedance.com) AppleWebKit/537.36 (KHTML, like Gecko) Chrome/70.0.0.0 Safari/537.36"
47.128.62.162 - - [15/May/2026:14:32:43 -0400] "GET /wp-content/uploads/2024/11/c5a5b1266d5147f597acb87dc018c813-430x430.webp HTTP/1.1" 200 0 "https://www.shoenation.me/product-category/on-running/?filter_size=38%2C39%2C41%2C42%2C43%2C44&per_page=9&per_row=4&shop_view=grid&stock_status=instock%2Consale" "Mozilla/5.0 (compatible; Bytespider; spider-feedback@bytedance.com) AppleWebKit/537.36 (KHTML, like Gecko) Chrome/70.0.0.0 Safari/537.36"
47.128.62.162 - - [15/May/2026:14:32:43 -0400] "GET /wp-content/uploads/2024/03/wd-envelope-dark.svg HTTP/1.1" 200 0 "https://www.shoenation.me/product-category/on-running/?filter_size=38%2C39%2C41%2C42%2C43%2C44&per_page=9&per_row=4&shop_view=grid&stock_status=instock%2Consale" "Mozilla/5.0 (compatible; Bytespider; spider-feedback@bytedance.com) AppleWebKit/537.36 (KHTML, like Gecko) Chrome/70.0.0.0 Safari/537.36"
47.79.10.78 - - [15/May/2026:14:32:49 -0400] "GET /?filter_size=42%2C43%2C45%2C47&per_row=2&product_cat=yezzy&shop_view=grid HTTP/1.1" 200 0 "-" "Mozilla/5.0 (Windows NT 10.0; Win64; x64) AppleWebKit/537.36 (KHTML, like Gecko) Chrome/142.0.0.0 Safari/537.36"
47.82.14.128 - - [15/May/2026:14:32:49 -0400] "GET /?filter_size=38%2C39%2C40%2C41%2C42%2C43%2C45&product_cat=j4 HTTP/1.1" 200 0 "-" "Mozilla/5.0 (Macintosh; Intel Mac OS X 10_15_7) AppleWebKit/537.36 (KHTML, like Gecko) Chrome/141.0.0.0 Safari/537.36"
47.79.11.168 - - [15/May/2026:14:33:05 -0400] "GET /?filter_size=37%2C38%2C40%2C41%2C45&product_cat=othermodels&stock_status=instock HTTP/1.1" 301 0 "-" "Mozilla/5.0 (Macintosh; Intel Mac OS X 10_15_7) AppleWebKit/537.36 (KHTML, like Gecko) Chrome/140.0.0.0 Safari/537.36"
47.79.11.168 - - [15/May/2026:14:33:05 -0400] "GET /?filter_size=39&per_page=24&per_row=3&product_cat=othermodels&shop_view=grid HTTP/1.1" 301 0 "-" "Mozilla/5.0 (Windows NT 10.0; Win64; x64) AppleWebKit/537.36 (KHTML, like Gecko) Chrome/142.0.0.0 Safari/537.36"
47.79.11.168 - - [15/May/2026:14:33:12 -0400] "GET /product-category/nike/othermodels/?filter_size=37%2C38%2C40%2C41%2C45&stock_status=instock HTTP/1.1" 200 0 "https://www.shoenation.me/?filter_size=37%2C38%2C40%2C41%2C45&product_cat=othermodels&stock_status=instock" "Mozilla/5.0 (Macintosh; Intel Mac OS X 10_15_7) AppleWebKit/537.36 (KHTML, like Gecko) Chrome/140.0.0.0 Safari/537.36"
47.79.11.168 - - [15/May/2026:14:33:12 -0400] "GET /product-category/nike/othermodels/?filter_size=39&per_page=24&per_row=3&shop_view=grid HTTP/1.1" 200 0 "https://www.shoenation.me/?filter_size=39&per_page=24&per_row=3&product_cat=othermodels&shop_view=grid" "Mozilla/5.0 (Windows NT 10.0; Win64; x64) AppleWebKit/537.36 (KHTML, like Gecko) Chrome/142.0.0.0 Safari/537.36"
47.79.11.11 - - [15/May/2026:14:33:17 -0400] "GET /?filter_size=37%2C38%2C42%2C43%2C44%2C46&per_page=12&per_row=3&product_cat=j4&shop_view=grid&stock_status=onsale HTTP/1.1" 301 0 "-" "Mozilla/5.0 (Macintosh; Intel Mac OS X 10_15_7) AppleWebKit/537.36 (KHTML, like Gecko) Chrome/141.0.0.0 Safari/537.36"
47.79.11.11 - - [15/May/2026:14:33:19 -0400] "GET /product-category/nike/j4/?filter_size=37%2C38%2C42%2C43%2C44%2C46&per_page=12&per_row=3&shop_view=grid&stock_status=onsale HTTP/1.1" 200 54612 "https://www.shoenation.me/?filter_size=37%2C38%2C42%2C43%2C44%2C46&per_page=12&per_row=3&product_cat=j4&shop_view=grid&stock_status=onsale" "Mozilla/5.0 (Macintosh; Intel Mac OS X 10_15_7) AppleWebKit/537.36 (KHTML, like Gecko) Chrome/141.0.0.0 Safari/537.36"
67.223.118.104 - - [15/May/2026:14:34:21 -0400] "POST /wp-cron.php?doing_wp_cron=1778870061.7390151023864746093750 HTTP/1.1" 200 0 "-" "WordPress/6.9.4; https://www.shoenation.me"
67.223.118.104 - - [15/May/2026:14:34:21 -0400] "POST /wp-cron.php?doing_wp_cron=1778870061.8380079269409179687500 HTTP/1.1" 200 0 "-" "WordPress/6.9.4; https://www.shoenation.me"
47.79.10.234 - - [15/May/2026:14:34:15 -0400] "GET /?filter_size=38%2C41%2C42&per_page=24&per_row=2&product_cat=asics&shop_view=grid&stock_status=instock%2Consale HTTP/1.1" 301 0 "-" "Mozilla/5.0 (Windows NT 10.0; Win64; x64) AppleWebKit/537.36 (KHTML, like Gecko) Chrome/145.0.0.0 Safari/537.36"
47.82.15.115 - - [15/May/2026:14:34:15 -0400] "GET /?filter_size=36%2C37%2C39%2C41%2C42%2C43%2C45&product_cat=yezzy&stock_status=onsale HTTP/1.1" 301 0 "-" "Mozilla/5.0 (Macintosh; Intel Mac OS X 10_15_7) AppleWebKit/537.36 (KHTML, like Gecko) Chrome/147.0.0.0 Safari/537.36"
47.82.15.115 - - [15/May/2026:14:34:22 -0400] "GET /product-category/adidas/yezzy/?filter_size=36%2C37%2C39%2C41%2C42%2C43%2C45&stock_status=onsale HTTP/1.1" 200 0 "https://www.shoenation.me/?filter_size=36%2C37%2C39%2C41%2C42%2C43%2C45&product_cat=yezzy&stock_status=onsale" "Mozilla/5.0 (Macintosh; Intel Mac OS X 10_15_7) AppleWebKit/537.36 (KHTML, like Gecko) Chrome/147.0.0.0 Safari/537.36"
47.79.10.234 - - [15/May/2026:14:34:22 -0400] "GET /product-category/asics/?filter_size=38%2C41%2C42&per_page=24&per_row=2&shop_view=grid&stock_status=instock%2Consale HTTP/1.1" 200 0 "https://www.shoenation.me/?filter_size=38%2C41%2C42&per_page=24&per_row=2&product_cat=asics&shop_view=grid&stock_status=instock%2Consale" "Mozilla/5.0 (Windows NT 10.0; Win64; x64) AppleWebKit/537.36 (KHTML, like Gecko) Chrome/145.0.0.0 Safari/537.36"
47.79.51.225 - - [15/May/2026:14:34:35 -0400] "GET /?filter_size=36%2C37%2C38%2C40%2C41%2C44&per_page=12&per_row=3&product_cat=yezzy&shop_view=grid HTTP/1.1" 301 0 "-" "Mozilla/5.0 (Windows NT 10.0; Win64; x64) AppleWebKit/537.36 (KHTML, like Gecko) Chrome/139.0.0.0 Safari/537.36"
47.79.51.225 - - [15/May/2026:14:34:35 -0400] "GET /?filter_size=36%2C40%2C41%2C44%2C45%2C46&per_page=12&product_cat=yezzy HTTP/1.1" 301 0 "-" "Mozilla/5.0 (Macintosh; Intel Mac OS X 10_15_7) AppleWebKit/537.36 (KHTML, like Gecko) Chrome/141.0.0.0 Safari/537.36"
47.79.51.225 - - [15/May/2026:14:34:38 -0400] "GET /product-category/adidas/yezzy/?filter_size=36%2C37%2C38%2C40%2C41%2C44&per_page=12&per_row=3&shop_view=grid HTTP/1.1" 200 0 "https://www.shoenation.me/?filter_size=36%2C37%2C38%2C40%2C41%2C44&per_page=12&per_row=3&product_cat=yezzy&shop_view=grid" "Mozilla/5.0 (Windows NT 10.0; Win64; x64) AppleWebKit/537.36 (KHTML, like Gecko) Chrome/139.0.0.0 Safari/537.36"
47.79.51.225 - - [15/May/2026:14:34:38 -0400] "GET /product-category/adidas/yezzy/?filter_size=36%2C40%2C41%2C44%2C45%2C46&per_page=12 HTTP/1.1" 200 0 "https://www.shoenation.me/?filter_size=36%2C40%2C41%2C44%2C45%2C46&per_page=12&product_cat=yezzy" "Mozilla/5.0 (Macintosh; Intel Mac OS X 10_15_7) AppleWebKit/537.36 (KHTML, like Gecko) Chrome/141.0.0.0 Safari/537.36"
47.82.15.12 - - [15/May/2026:14:34:49 -0400] "GET /?filter_size=41%2C42&per_page=18&per_row=3&product_cat=sp&shop_view=grid&stock_status=onsale HTTP/1.1" 301 0 "-" "Mozilla/5.0 (Macintosh; Intel Mac OS X 10_15_7) AppleWebKit/537.36 (KHTML, like Gecko) Chrome/140.0.0.0 Safari/537.36"
47.82.15.12 - - [15/May/2026:14:34:52 -0400] "GET /product-category/adidas/sp/?filter_size=41%2C42&per_page=18&per_row=3&shop_view=grid&stock_status=onsale HTTP/1.1" 200 54131 "https://www.shoenation.me/?filter_size=41%2C42&per_page=18&per_row=3&product_cat=sp&shop_view=grid&stock_status=onsale" "Mozilla/5.0 (Macintosh; Intel Mac OS X 10_15_7) AppleWebKit/537.36 (KHTML, like Gecko) Chrome/140.0.0.0 Safari/537.36"
67.223.118.104 - - [15/May/2026:14:35:56 -0400] "POST /wp-cron.php?doing_wp_cron=1778870156.6404480934143066406250 HTTP/1.1" 200 0 "-" "WordPress/6.9.4; https://www.shoenation.me"
47.82.14.41 - - [15/May/2026:14:35:53 -0400] "GET /?filter_size=39%2C40&per_page=18&product_cat=nb530 HTTP/1.1" 301 0 "-" "Mozilla/5.0 (Windows NT 10.0; Win64; x64) AppleWebKit/537.36 (KHTML, like Gecko) Chrome/142.0.0.0 Safari/537.36"
47.82.8.46 - - [15/May/2026:14:35:53 -0400] "GET /?filter_size=37%2C39%2C40%2C41%2C42&per_row=4&product_cat=othermodels&shop_view=grid&stock_status=instock HTTP/1.1" 301 0 "-" "Mozilla/5.0 (Macintosh; Intel Mac OS X 10_15_7) AppleWebKit/537.36 (KHTML, like Gecko) Chrome/143.0.0.0 Safari/537.36"
47.128.62.142 - - [15/May/2026:14:35:55 -0400] "GET /?filter_size=36%2C37&per_page=24&per_row=4&product_cat=sb-dunk&shop_view=grid&stock_status=instock%2Consale HTTP/1.1" 301 0 "-" "Mozilla/5.0 (Linux; Android 5.0) AppleWebKit/537.36 (KHTML, like Gecko) Mobile Safari/537.36 (compatible; Bytespider; spider-feedback@bytedance.com)"
47.82.14.41 - - [15/May/2026:14:35:57 -0400] "GET /product-category/new-balance/nb530/?filter_size=39%2C40&per_page=18 HTTP/1.1" 200 0 "https://www.shoenation.me/?filter_size=39%2C40&per_page=18&product_cat=nb530" "Mozilla/5.0 (Windows NT 10.0; Win64; x64) AppleWebKit/537.36 (KHTML, like Gecko) Chrome/142.0.0.0 Safari/537.36"
47.82.8.46 - - [15/May/2026:14:35:57 -0400] "GET /product-category/nike/othermodels/?filter_size=37%2C39%2C40%2C41%2C42&per_row=4&shop_view=grid&stock_status=instock HTTP/1.1" 200 0 "https://www.shoenation.me/?filter_size=37%2C39%2C40%2C41%2C42&per_row=4&product_cat=othermodels&shop_view=grid&stock_status=instock" "Mozilla/5.0 (Macintosh; Intel Mac OS X 10_15_7) AppleWebKit/537.36 (KHTML, like Gecko) Chrome/143.0.0.0 Safari/537.36"
47.128.62.139 - - [15/May/2026:14:36:03 -0400] "GET /?filter_size=36%2C39%2C40%2C45&per_page=9&product_cat=9060&stock_status=instock%2Consale HTTP/1.1" 301 0 "-" "Mozilla/5.0 (Linux; Android 5.0) AppleWebKit/537.36 (KHTML, like Gecko) Mobile Safari/537.36 (compatible; Bytespider; spider-feedback@bytedance.com)"
47.128.62.142 - - [15/May/2026:14:36:00 -0400] "GET /product-category/nike/sb-dunk/?filter_size=36%2C37&per_page=24&per_row=4&shop_view=grid&stock_status=instock%2Consale HTTP/1.1" 200 53719 "-" "Mozilla/5.0 (Linux; Android 5.0) AppleWebKit/537.36 (KHTML, like Gecko) Mobile Safari/537.36 (compatible; Bytespider; spider-feedback@bytedance.com)"
67.223.118.104 - - [15/May/2026:14:36:18 -0400] "POST /wp-cron.php?doing_wp_cron=1778870177.9500250816345214843750 HTTP/1.1" 200 0 "-" "WordPress/6.9.4; https://www.shoenation.me"
47.128.62.139 - - [15/May/2026:14:36:09 -0400] "GET /product-category/new-balance/9060/?filter_size=36%2C39%2C40%2C45&per_page=9&stock_status=instock%2Consale HTTP/1.1" 200 51023 "-" "Mozilla/5.0 (Linux; Android 5.0) AppleWebKit/537.36 (KHTML, like Gecko) Mobile Safari/537.36 (compatible; Bytespider; spider-feedback@bytedance.com)"
47.128.62.139 - - [15/May/2026:14:36:19 -0400] "GET /wp-content/uploads/2024/06/38cf7661e72745bb94d5991ef45f5aa2-scaled-e1719158046751-430x430.webp HTTP/1.1" 404 178593 "https://www.shoenation.me/product-category/new-balance/9060/?filter_size=36%2C39%2C40%2C45&per_page=9&stock_status=instock%2Consale" "Mozilla/5.0 (Linux; Android 5.0) AppleWebKit/537.36 (KHTML, like Gecko) Mobile Safari/537.36 (compatible; Bytespider; spider-feedback@bytedance.com)"
47.128.62.139 - - [15/May/2026:14:36:19 -0400] "GET /wp-content/uploads/2025/02/new-balance-530-miu-miu-v0-0p61tlqcrp2d1-150x150.webp HTTP/1.1" 404 178551 "https://www.shoenation.me/product-category/new-balance/9060/?filter_size=36%2C39%2C40%2C45&per_page=9&stock_status=instock%2Consale" "Mozilla/5.0 (Linux; Android 5.0) AppleWebKit/537.36 (KHTML, like Gecko) Mobile Safari/537.36 (compatible; Bytespider; spider-feedback@bytedance.com)"
47.128.62.139 - - [15/May/2026:14:36:19 -0400] "GET /wp-content/uploads/2024/03/OUNB0135-1-430x430.png HTTP/1.1" 404 178458 "https://www.shoenation.me/product-category/new-balance/9060/?filter_size=36%2C39%2C40%2C45&per_page=9&stock_status=instock%2Consale" "Mozilla/5.0 (Linux; Android 5.0) AppleWebKit/537.36 (KHTML, like Gecko) Mobile Safari/537.36 (compatible; Bytespider; spider-feedback@bytedance.com)"
47.128.62.139 - - [15/May/2026:14:36:19 -0400] "GET /wp-content/uploads/2025/02/IMG_0260-150x150.jpeg HTTP/1.1" 404 178455 "https://www.shoenation.me/product-category/new-balance/9060/?filter_size=36%2C39%2C40%2C45&per_page=9&stock_status=instock%2Consale" "Mozilla/5.0 (Linux; Android 5.0) AppleWebKit/537.36 (KHTML, like Gecko) Mobile Safari/537.36 (compatible; Bytespider; spider-feedback@bytedance.com)"
47.128.62.139 - - [15/May/2026:14:36:19 -0400] "GET /wp-content/uploads/2024/04/OUNB0128-1-430x430.png HTTP/1.1" 404 178458 "https://www.shoenation.me/product-category/new-balance/9060/?filter_size=36%2C39%2C40%2C45&per_page=9&stock_status=instock%2Consale" "Mozilla/5.0 (Linux; Android 5.0) AppleWebKit/537.36 (KHTML, like Gecko) Mobile Safari/537.36 (compatible; Bytespider; spider-feedback@bytedance.com)"
47.128.62.142 - - [15/May/2026:14:36:19 -0400] "GET /wp-content/uploads/2024/03/ShoeNation-Logo.png HTTP/1.1" 404 178449 "https://www.shoenation.me/product-category/nike/sb-dunk/?filter_size=36%2C37&per_page=24&per_row=4&shop_view=grid&stock_status=instock%2Consale" "Mozilla/5.0 (Linux; Android 5.0) AppleWebKit/537.36 (KHTML, like Gecko) Mobile Safari/537.36 (compatible; Bytespider; spider-feedback@bytedance.com)"
47.128.62.142 - - [15/May/2026:14:36:19 -0400] "GET /wp-content/uploads/2025/02/IMG_0260-150x150.jpeg HTTP/1.1" 200 0 "https://www.shoenation.me/product-category/nike/sb-dunk/?filter_size=36%2C37&per_page=24&per_row=4&shop_view=grid&stock_status=instock%2Consale" "Mozilla/5.0 (Linux; Android 5.0) AppleWebKit/537.36 (KHTML, like Gecko) Mobile Safari/537.36 (compatible; Bytespider; spider-feedback@bytedance.com)"
47.128.62.139 - - [15/May/2026:14:36:19 -0400] "GET /wp-content/uploads/2024/03/ShoeNation-Logo.png HTTP/1.1" 200 0 "https://www.shoenation.me/product-category/new-balance/9060/?filter_size=36%2C39%2C40%2C45&per_page=9&stock_status=instock%2Consale" "Mozilla/5.0 (Linux; Android 5.0) AppleWebKit/537.36 (KHTML, like Gecko) Mobile Safari/537.36 (compatible; Bytespider; spider-feedback@bytedance.com)"
47.128.62.142 - - [15/May/2026:14:36:19 -0400] "GET /wp-content/uploads/2025/02/new-balance-530-miu-miu-v0-0p61tlqcrp2d1-150x150.webp HTTP/1.1" 200 0 "https://www.shoenation.me/product-category/nike/sb-dunk/?filter_size=36%2C37&per_page=24&per_row=4&shop_view=grid&stock_status=instock%2Consale" "Mozilla/5.0 (Linux; Android 5.0) AppleWebKit/537.36 (KHTML, like Gecko) Mobile Safari/537.36 (compatible; Bytespider; spider-feedback@bytedance.com)"
47.128.62.142 - - [15/May/2026:14:36:19 -0400] "GET /wp-content/uploads/2024/03/OUDU0159-1-430x430.png HTTP/1.1" 200 0 "https://www.shoenation.me/product-category/nike/sb-dunk/?filter_size=36%2C37&per_page=24&per_row=4&shop_view=grid&stock_status=instock%2Consale" "Mozilla/5.0 (Linux; Android 5.0) AppleWebKit/537.36 (KHTML, like Gecko) Mobile Safari/537.36 (compatible; Bytespider; spider-feedback@bytedance.com)"
47.128.62.142 - - [15/May/2026:14:36:19 -0400] "GET /wp-content/uploads/2024/05/CXxmX51S0q4dh2GEkfhm42rGuXpYfELSmhmdh8tU-430x430.webp HTTP/1.1" 200 0 "https://www.shoenation.me/product-category/nike/sb-dunk/?filter_size=36%2C37&per_page=24&per_row=4&shop_view=grid&stock_status=instock%2Consale" "Mozilla/5.0 (Linux; Android 5.0) AppleWebKit/537.36 (KHTML, like Gecko) Mobile Safari/537.36 (compatible; Bytespider; spider-feedback@bytedance.com)"
47.128.62.142 - - [15/May/2026:14:36:19 -0400] "GET /wp-content/uploads/2024/03/OUDU0169-1-430x430.png HTTP/1.1" 404 178458 "https://www.shoenation.me/product-category/nike/sb-dunk/?filter_size=36%2C37&per_page=24&per_row=4&shop_view=grid&stock_status=instock%2Consale" "Mozilla/5.0 (Linux; Android 5.0) AppleWebKit/537.36 (KHTML, like Gecko) Mobile Safari/537.36 (compatible; Bytespider; spider-feedback@bytedance.com)"
47.128.62.142 - - [15/May/2026:14:36:19 -0400] "GET /wp-content/uploads/2024/05/23fd66ac4b160d6904613145b49389ad_1653077430-430x430.jpeg HTTP/1.1" 200 0 "https://www.shoenation.me/product-category/nike/sb-dunk/?filter_size=36%2C37&per_page=24&per_row=4&shop_view=grid&stock_status=instock%2Consale" "Mozilla/5.0 (Linux; Android 5.0) AppleWebKit/537.36 (KHTML, like Gecko) Mobile Safari/537.36 (compatible; Bytespider; spider-feedback@bytedance.com)"
47.128.62.142 - - [15/May/2026:14:36:34 -0400] "GET /wp-content/uploads/2024/03/OUDU0163-1-430x430.png HTTP/1.1" 200 0 "https://www.shoenation.me/product-category/nike/sb-dunk/?filter_size=36%2C37&per_page=24&per_row=4&shop_view=grid&stock_status=instock%2Consale" "Mozilla/5.0 (Linux; Android 5.0) AppleWebKit/537.36 (KHTML, like Gecko) Mobile Safari/537.36 (compatible; Bytespider; spider-feedback@bytedance.com)"
47.128.62.142 - - [15/May/2026:14:36:34 -0400] "GET /wp-content/uploads/2024/07/women-s-dunk-low-winter-solstice-do6723%E2%80%93800-release-date-5-430x484.webp HTTP/1.1" 200 0 "https://www.shoenation.me/product-category/nike/sb-dunk/?filter_size=36%2C37&per_page=24&per_row=4&shop_view=grid&stock_status=instock%2Consale" "Mozilla/5.0 (Linux; Android 5.0) AppleWebKit/537.36 (KHTML, like Gecko) Mobile Safari/537.36 (compatible; Bytespider; spider-feedback@bytedance.com)"
47.128.62.142 - - [15/May/2026:14:36:39 -0400] "GET /wp-content/uploads/2024/03/OUDU0181-1-430x430.png HTTP/1.1" 200 0 "https://www.shoenation.me/product-category/nike/sb-dunk/?filter_size=36%2C37&per_page=24&per_row=4&shop_view=grid&stock_status=instock%2Consale" "Mozilla/5.0 (Linux; Android 5.0) AppleWebKit/537.36 (KHTML, like Gecko) Mobile Safari/537.36 (compatible; Bytespider; spider-feedback@bytedance.com)"
47.128.62.142 - - [15/May/2026:14:36:39 -0400] "GET /wp-content/uploads/2024/05/1_14c3d3b0-3479-447d-828c-7aed3e788c7b-430x430.webp HTTP/1.1" 200 0 "https://www.shoenation.me/product-category/nike/sb-dunk/?filter_size=36%2C37&per_page=24&per_row=4&shop_view=grid&stock_status=instock%2Consale" "Mozilla/5.0 (Linux; Android 5.0) AppleWebKit/537.36 (KHTML, like Gecko) Mobile Safari/537.36 (compatible; Bytespider; spider-feedback@bytedance.com)"
47.128.62.142 - - [15/May/2026:14:36:39 -0400] "GET /wp-content/uploads/2024/03/OUDU0175-1-430x430.png HTTP/1.1" 200 0 "https://www.shoenation.me/product-category/nike/sb-dunk/?filter_size=36%2C37&per_page=24&per_row=4&shop_view=grid&stock_status=instock%2Consale" "Mozilla/5.0 (Linux; Android 5.0) AppleWebKit/537.36 (KHTML, like Gecko) Mobile Safari/537.36 (compatible; Bytespider; spider-feedback@bytedance.com)"
47.128.62.142 - - [15/May/2026:14:36:39 -0400] "GET /wp-content/uploads/2024/05/OUDU0145-1-430x430.png HTTP/1.1" 200 0 "https://www.shoenation.me/product-category/nike/sb-dunk/?filter_size=36%2C37&per_page=24&per_row=4&shop_view=grid&stock_status=instock%2Consale" "Mozilla/5.0 (Linux; Android 5.0) AppleWebKit/537.36 (KHTML, like Gecko) Mobile Safari/537.36 (compatible; Bytespider; spider-feedback@bytedance.com)"
47.128.62.142 - - [15/May/2026:14:36:39 -0400] "GET /wp-content/uploads/2024/03/OUDU0149-1-430x430.png HTTP/1.1" 200 0 "https://www.shoenation.me/product-category/nike/sb-dunk/?filter_size=36%2C37&per_page=24&per_row=4&shop_view=grid&stock_status=instock%2Consale" "Mozilla/5.0 (Linux; Android 5.0) AppleWebKit/537.36 (KHTML, like Gecko) Mobile Safari/537.36 (compatible; Bytespider; spider-feedback@bytedance.com)"
47.128.62.142 - - [15/May/2026:14:36:39 -0400] "GET /wp-content/uploads/2024/03/OUDU0190-1-430x430.png HTTP/1.1" 200 0 "https://www.shoenation.me/product-category/nike/sb-dunk/?filter_size=36%2C37&per_page=24&per_row=4&shop_view=grid&stock_status=instock%2Consale" "Mozilla/5.0 (Linux; Android 5.0) AppleWebKit/537.36 (KHTML, like Gecko) Mobile Safari/537.36 (compatible; Bytespider; spider-feedback@bytedance.com)"
47.128.62.142 - - [15/May/2026:14:36:39 -0400] "GET /wp-content/uploads/2024/03/OUDU0193-1-430x430.png HTTP/1.1" 200 0 "https://www.shoenation.me/product-category/nike/sb-dunk/?filter_size=36%2C37&per_page=24&per_row=4&shop_view=grid&stock_status=instock%2Consale" "Mozilla/5.0 (Linux; Android 5.0) AppleWebKit/537.36 (KHTML, like Gecko) Mobile Safari/537.36 (compatible; Bytespider; spider-feedback@bytedance.com)"
47.128.62.139 - - [15/May/2026:14:36:19 -0400] "GET /wp-content/uploads/2024/03/966192918a2faca2ece5164378f555c7.jpg HTTP/1.1" 200 0 "https://www.shoenation.me/product-category/new-balance/9060/?filter_size=36%2C39%2C40%2C45&per_page=9&stock_status=instock%2Consale" "Mozilla/5.0 (Linux; Android 5.0) AppleWebKit/537.36 (KHTML, like Gecko) Mobile Safari/537.36 (compatible; Bytespider; spider-feedback@bytedance.com)"
47.128.62.142 - - [15/May/2026:14:36:39 -0400] "GET /wp-content/uploads/2024/03/OUDU0177-1-430x430.png HTTP/1.1" 200 0 "https://www.shoenation.me/product-category/nike/sb-dunk/?filter_size=36%2C37&per_page=24&per_row=4&shop_view=grid&stock_status=instock%2Consale" "Mozilla/5.0 (Linux; Android 5.0) AppleWebKit/537.36 (KHTML, like Gecko) Mobile Safari/537.36 (compatible; Bytespider; spider-feedback@bytedance.com)"
47.128.62.142 - - [15/May/2026:14:36:39 -0400] "GET /wp-content/uploads/2024/03/OUDU0157-1-430x430.png HTTP/1.1" 200 0 "https://www.shoenation.me/product-category/nike/sb-dunk/?filter_size=36%2C37&per_page=24&per_row=4&shop_view=grid&stock_status=instock%2Consale" "Mozilla/5.0 (Linux; Android 5.0) AppleWebKit/537.36 (KHTML, like Gecko) Mobile Safari/537.36 (compatible; Bytespider; spider-feedback@bytedance.com)"
47.128.62.142 - - [15/May/2026:14:36:39 -0400] "GET /wp-content/uploads/2024/05/nike-sb-dunk-low-burgundy-crush-fn0619-600-release-date-4-430x484.webp HTTP/1.1" 200 0 "https://www.shoenation.me/product-category/nike/sb-dunk/?filter_size=36%2C37&per_page=24&per_row=4&shop_view=grid&stock_status=instock%2Consale" "Mozilla/5.0 (Linux; Android 5.0) AppleWebKit/537.36 (KHTML, like Gecko) Mobile Safari/537.36 (compatible; Bytespider; spider-feedback@bytedance.com)"
47.128.62.142 - - [15/May/2026:14:36:39 -0400] "GET /wp-content/uploads/2024/10/OSHSN0187-1-430x430.jpg HTTP/1.1" 200 0 "https://www.shoenation.me/product-category/nike/sb-dunk/?filter_size=36%2C37&per_page=24&per_row=4&shop_view=grid&stock_status=instock%2Consale" "Mozilla/5.0 (Linux; Android 5.0) AppleWebKit/537.36 (KHTML, like Gecko) Mobile Safari/537.36 (compatible; Bytespider; spider-feedback@bytedance.com)"
47.128.62.142 - - [15/May/2026:14:36:39 -0400] "GET /wp-content/uploads/2024/03/OUDU0188-1-430x430.png HTTP/1.1" 200 0 "https://www.shoenation.me/product-category/nike/sb-dunk/?filter_size=36%2C37&per_page=24&per_row=4&shop_view=grid&stock_status=instock%2Consale" "Mozilla/5.0 (Linux; Android 5.0) AppleWebKit/537.36 (KHTML, like Gecko) Mobile Safari/537.36 (compatible; Bytespider; spider-feedback@bytedance.com)"
47.128.62.142 - - [15/May/2026:14:36:39 -0400] "GET /wp-content/uploads/2024/03/OUDU0155-1-430x430.png HTTP/1.1" 200 0 "https://www.shoenation.me/product-category/nike/sb-dunk/?filter_size=36%2C37&per_page=24&per_row=4&shop_view=grid&stock_status=instock%2Consale" "Mozilla/5.0 (Linux; Android 5.0) AppleWebKit/537.36 (KHTML, like Gecko) Mobile Safari/537.36 (compatible; Bytespider; spider-feedback@bytedance.com)"
47.128.62.142 - - [15/May/2026:14:36:39 -0400] "GET /wp-content/uploads/2024/03/OUDU0079-1-430x430.png HTTP/1.1" 200 0 "https://www.shoenation.me/product-category/nike/sb-dunk/?filter_size=36%2C37&per_page=24&per_row=4&shop_view=grid&stock_status=instock%2Consale" "Mozilla/5.0 (Linux; Android 5.0) AppleWebKit/537.36 (KHTML, like Gecko) Mobile Safari/537.36 (compatible; Bytespider; spider-feedback@bytedance.com)"
